-- Table structure for table `gcahdy_image_type`
--

CREATE TABLE `gcahdy_image_type` (
  `id_image_type` int(10) unsigned NOT NULL AUTO_INCREMENT,
  `name` varchar(64) NOT NULL,
  `width` int(10) unsigned NOT NULL,
  `height` int(10) unsigned NOT NULL,
  `products` tinyint(1) NOT NULL DEFAULT '1',
  `categories` tinyint(1) NOT NULL DEFAULT '1',
  `manufacturers` tinyint(1) NOT NULL DEFAULT '1',
  `suppliers` tinyint(1) NOT NULL DEFAULT '1',
  `scenes` tinyint(1) NOT NULL DEFAULT '1',
  `stores` tinyint(1) NOT NULL DEFAULT '1',
  PRIMARY KEY (`id_image_type`),
  KEY `image_type_name` (`name`)
) ENGINE=InnoDB AUTO_INCREMENT=21 DEFAULT CHARSET=utf8;

--
-- Dumping data for table `gcahdy_image_type`
--

INSERT INTO `gcahdy_image_type` VALUES (10,'cart_default',80,80,1,0,0,0,0,1),(11,'small_default',98,98,1,0,1,1,0,1),(12,'medium_default',125,125,1,1,1,1,0,1),(13,'home_default',250,250,1,0,0,0,0,1),(14,'large_default',458,458,1,0,1,1,0,1),(15,'thickbox_default',800,800,1,0,0,0,0,1),(16,'category_default',161,215,0,1,0,0,0,0),(17,'scene_default',870,270,0,0,0,0,1,1),(18,'m_scene_default',161,58,0,0,0,0,1,1),(19,'category_boutique',421,532,0,1,0,0,0,0),(20,'zoom_default',1600,1600,1,0,0,0,0,0);

--
-- Table structure for table `gcahdy_import_match`
--

CREATE TABLE `gcahdy_import_match` (
  `id_import_match` int(10) NOT NULL AUTO_INCREMENT,
  `name` varchar(32) NOT NULL,
  `match` text NOT NULL,
  `skip` int(2) NOT NULL,
  PRIMARY KEY (`id_import_match`)
) ENGINE=InnoDB DEFAULT CHARSET=utf8;

--
-- Dumping data for table `gcahdy_import_match`
--


--
-- Table structure for table `gcahdy_info`
--

CREATE TABLE `gcahdy_info` (
  `id_info` int(10) unsigned NOT NULL AUTO_INCREMENT,
  `id_shop` int(10) unsigned DEFAULT NULL,
  PRIMARY KEY (`id_info`)
) ENGINE=InnoDB AUTO_INCREMENT=3 DEFAULT CHARSET=utf8;

--
-- Dumping data for table `gcahdy_info`
--

INSERT INTO `gcahdy_info` VALUES (1,1),(2,1);

--
-- Table structure for table `gcahdy_info_lang`
--

CREATE TABLE `gcahdy_info_lang` (
  `id_info` int(10) unsigned NOT NULL,
  `id_lang` int(10) unsigned NOT NULL,
  `text` text NOT NULL,
  PRIMARY KEY (`id_info`,`id_lang`)
) ENGINE=InnoDB DEFAULT CHARSET=utf8;

--
-- Dumping data for table `gcahdy_info_lang`
--

INSERT INTO `gcahdy_info_lang` VALUES (1,1,'<ul>\n<li><em class=\"icon-truck\" id=\"icon-truck\"></em>\n<div class=\"type-text\">\n<h3>Lorem Ipsum</h3>\n<p>Lorem ipsum dolor sit amet conse ctetur voluptate velit esse cillum dolore eu</p>\n</div>\n</li>\n<li><em class=\"icon-phone\" id=\"icon-phone\"></em>\n<div class=\"type-text\">\n<h3>Dolor Sit Amet</h3>\n<p>Lorem ipsum dolor sit amet conse ctetur voluptate velit esse cillum dolore eu</p>\n</div>\n</li>\n<li><em class=\"icon-credit-card\" id=\"icon-credit-card\"></em>\n<div class=\"type-text\">\n<h3>Ctetur Voluptate</h3>\n<p>Lorem ipsum dolor sit amet conse ctetur voluptate velit esse cillum dolore eu</p>\n</div>\n</li>\n</ul>'),(1,2,'<ul>\n<li><em class=\"icon-truck\" id=\"icon-truck\"></em>\n<div class=\"type-text\">\n<h3>Lorem Ipsum</h3>\n<p>Lorem ipsum dolor sit amet conse ctetur voluptate velit esse cillum dolore eu</p>\n</div>\n</li>\n<li><em class=\"icon-phone\" id=\"icon-phone\"></em>\n<div class=\"type-text\">\n<h3>Dolor Sit Amet</h3>\n<p>Lorem ipsum dolor sit amet conse ctetur voluptate velit esse cillum dolore eu</p>\n</div>\n</li>\n<li><em class=\"icon-credit-card\" id=\"icon-credit-card\"></em>\n<div class=\"type-text\">\n<h3>Ctetur Voluptate</h3>\n<p>Lorem ipsum dolor sit amet conse ctetur voluptate velit esse cillum dolore eu</p>\n</div>\n</li>\n</ul>'),(2,1,'<h3>Custom Block</h3>\n<p><strong class=\"dark\">Lorem ipsum dolor sit amet conse ctetu</strong></p>\n<p>Sit amet conse ctetur adipisicing elit, sed do eiusmod tempor incididunt ut labore et dolore magna aliqua. Ut enim ad minim veniam, quis nostrud exercitation ullamco laboris nisi ut aliquip ex ea commodo consequat. Duis aute irure dolor in reprehenderit.</p>'),(2,2,'<h3>Custom Block</h3>\n<p><strong class=\"dark\">Lorem ipsum dolor sit amet conse ctetu</strong></p>\n<p>Sit amet conse ctetur adipisicing elit, sed do eiusmod tempor incididunt ut labore et dolore magna aliqua. Ut enim ad minim veniam, quis nostrud exercitation ullamco laboris nisi ut aliquip ex ea commodo consequat. Duis aute irure dolor in reprehenderit.</p>');

--
-- Table structure for table `gcahdy_lang`
--

CREATE TABLE `gcahdy_lang` (
  `id_lang` int(10) unsigned NOT NULL AUTO_INCREMENT,
  `name` varchar(32) NOT NULL,
  `active` tinyint(3) unsigned NOT NULL DEFAULT '0',
  `iso_code` char(2) NOT NULL,
  `language_code` char(5) NOT NULL,
  `date_format_lite` char(32) NOT NULL DEFAULT 'Y-m-d',
  `date_format_full` char(32) NOT NULL DEFAULT 'Y-m-d H:i:s',
  `is_rtl` tinyint(1) NOT NULL DEFAULT '0',
  PRIMARY KEY (`id_lang`),
  KEY `lang_iso_code` (`iso_code`)
) ENGINE=InnoDB AUTO_INCREMENT=3 DEFAULT CHARSET=utf8;

--
-- Dumping data for table `gcahdy_lang`
--

INSERT INTO `gcahdy_lang` VALUES (1,'Français (French)',1,'fr','fr-fr','d/m/Y','d/m/Y H:i:s',0),(2,'English',1,'en','en-EN','Y-m-d','Y-m-d H:i:s',0);

--
-- Table structure for table `gcahdy_lang_shop`
--

CREATE TABLE `gcahdy_lang_shop` (
  `id_lang` int(11) unsigned NOT NULL,
  `id_shop` int(11) unsigned NOT NULL,
  PRIMARY KEY (`id_lang`,`id_shop`),
  KEY `id_shop` (`id_shop`)
) ENGINE=InnoDB DEFAULT CHARSET=utf8;

--
-- Dumping data for table `gcahdy_lang_shop`
--

INSERT INTO `gcahdy_lang_shop` VALUES (1,1),(2,1);

--
-- Table structure for table `gcahdy_layered_category`
--

CREATE TABLE `gcahdy_layered_category` (
  `id_layered_category` int(10) unsigned NOT NULL AUTO_INCREMENT,
  `id_shop` int(11) unsigned NOT NULL,
  `id_category` int(10) unsigned NOT NULL,
  `id_value` int(10) unsigned DEFAULT '0',
  `type` enum('category','id_feature','id_attribute_group','quantity','condition','manufacturer','weight','price') NOT NULL,
  `position` int(10) unsigned NOT NULL,
  `filter_type` int(10) unsigned NOT NULL DEFAULT '0',
  `filter_show_limit` int(10) unsigned NOT NULL DEFAULT '0',
  PRIMARY KEY (`id_layered_category`),
  KEY `id_category` (`id_category`,`type`)
) ENGINE=InnoDB AUTO_INCREMENT=345 DEFAULT CHARSET=latin1;

--
-- Dumping data for table `gcahdy_layered_category`
--

INSERT INTO `gcahdy_layered_category` VALUES (1,1,8,NULL,'price',1,0,0),(2,1,8,1,'id_attribute_group',2,0,0),(3,1,8,2,'id_attribute_group',3,0,0),(4,1,8,3,'id_attribute_group',4,0,0),(5,1,8,4,'id_attribute_group',5,0,0),(6,1,8,5,'id_attribute_group',6,0,0),(7,1,8,6,'id_attribute_group',7,0,0),(8,1,8,9,'id_attribute_group',8,0,0),(9,1,9,NULL,'price',1,0,0),(10,1,9,1,'id_attribute_group',2,0,0),(11,1,9,2,'id_attribute_group',3,0,0),(12,1,9,3,'id_attribute_group',4,0,0),(13,1,9,4,'id_attribute_group',5,0,0),(14,1,9,5,'id_attribute_group',6,0,0),(15,1,9,6,'id_attribute_group',7,0,0),(16,1,9,9,'id_attribute_group',8,0,0),(17,1,10,NULL,'price',1,0,0),(18,1,10,1,'id_attribute_group',2,0,0),(19,1,10,2,'id_attribute_group',3,0,0),(20,1,10,3,'id_attribute_group',4,0,0),(21,1,10,4,'id_attribute_group',5,0,0),(22,1,10,5,'id_attribute_group',6,0,0),(23,1,10,6,'id_attribute_group',7,0,0),(24,1,10,9,'id_attribute_group',8,0,0),(25,1,11,NULL,'price',1,0,0),(26,1,11,1,'id_attribute_group',2,0,0),(27,1,11,2,'id_attribute_group',3,0,0),(28,1,11,3,'id_attribute_group',4,0,0),(29,1,11,4,'id_attribute_group',5,0,0),(30,1,11,5,'id_attribute_group',6,0,0),(31,1,11,6,'id_attribute_group',7,0,0),(32,1,11,9,'id_attribute_group',8,0,0),(33,1,12,NULL,'price',1,0,0),(34,1,12,1,'id_attribute_group',2,0,0),(35,1,12,2,'id_attribute_group',3,0,0),(36,1,12,3,'id_attribute_group',4,0,0),(37,1,12,4,'id_attribute_group',5,0,0),(38,1,12,5,'id_attribute_group',6,0,0),(39,1,12,6,'id_attribute_group',7,0,0),(40,1,12,9,'id_attribute_group',8,0,0),(41,1,13,NULL,'price',1,0,0),(42,1,13,1,'id_attribute_group',2,0,0),(43,1,13,2,'id_attribute_group',3,0,0),(44,1,13,3,'id_attribute_group',4,0,0),(45,1,13,4,'id_attribute_group',5,0,0),(46,1,13,5,'id_attribute_group',6,0,0),(47,1,13,6,'id_attribute_group',7,0,0),(48,1,13,9,'id_attribute_group',8,0,0),(49,1,14,NULL,'price',1,0,0),(50,1,14,1,'id_attribute_group',2,0,0),(51,1,14,2,'id_attribute_group',3,0,0),(52,1,14,3,'id_attribute_group',4,0,0),(53,1,14,4,'id_attribute_group',5,0,0),(54,1,14,5,'id_attribute_group',6,0,0),(55,1,14,6,'id_attribute_group',7,0,0),(56,1,14,9,'id_attribute_group',8,0,0),(57,1,15,NULL,'price',1,0,0),(58,1,15,1,'id_attribute_group',2,0,0),(59,1,15,2,'id_attribute_group',3,0,0),(60,1,15,3,'id_attribute_group',4,0,0),(61,1,15,4,'id_attribute_group',5,0,0),(62,1,15,5,'id_attribute_group',6,0,0),(63,1,15,6,'id_attribute_group',7,0,0),(64,1,15,9,'id_attribute_group',8,0,0),(65,1,16,NULL,'price',1,0,0),(66,1,16,1,'id_attribute_group',2,0,0),(67,1,16,2,'id_attribute_group',3,0,0),(68,1,16,3,'id_attribute_group',4,0,0),(69,1,16,4,'id_attribute_group',5,0,0),(70,1,16,5,'id_attribute_group',6,0,0),(71,1,16,6,'id_attribute_group',7,0,0),(72,1,16,9,'id_attribute_group',8,0,0),(73,1,17,NULL,'price',1,0,0),(74,1,17,1,'id_attribute_group',2,0,0),(75,1,17,2,'id_attribute_group',3,0,0),(76,1,17,3,'id_attribute_group',4,0,0),(77,1,17,4,'id_attribute_group',5,0,0),(78,1,17,5,'id_attribute_group',6,0,0),(79,1,17,6,'id_attribute_group',7,0,0),(80,1,17,9,'id_attribute_group',8,0,0),(81,1,18,NULL,'price',1,0,0),(82,1,18,1,'id_attribute_group',2,0,0),(83,1,18,2,'id_attribute_group',3,0,0),(84,1,18,3,'id_attribute_group',4,0,0),(85,1,18,4,'id_attribute_group',5,0,0),(86,1,18,5,'id_attribute_group',6,0,0),(87,1,18,6,'id_attribute_group',7,0,0),(88,1,18,9,'id_attribute_group',8,0,0),(89,1,19,NULL,'price',1,0,0),(90,1,19,1,'id_attribute_group',2,0,0),(91,1,19,2,'id_attribute_group',3,0,0),(92,1,19,3,'id_attribute_group',4,0,0),(93,1,19,4,'id_attribute_group',5,0,0),(94,1,19,5,'id_attribute_group',6,0,0),(95,1,19,6,'id_attribute_group',7,0,0),(96,1,19,9,'id_attribute_group',8,0,0),(97,1,20,NULL,'price',1,0,0),(98,1,20,1,'id_attribute_group',2,0,0),(99,1,20,2,'id_attribute_group',3,0,0),(100,1,20,3,'id_attribute_group',4,0,0),(101,1,20,4,'id_attribute_group',5,0,0),(102,1,20,5,'id_attribute_group',6,0,0),(103,1,20,6,'id_attribute_group',7,0,0),(104,1,20,9,'id_attribute_group',8,0,0),(105,1,21,NULL,'price',1,0,0),(106,1,21,1,'id_attribute_group',2,0,0),(107,1,21,2,'id_attribute_group',3,0,0),(108,1,21,3,'id_attribute_group',4,0,0),(109,1,21,4,'id_attribute_group',5,0,0),(110,1,21,5,'id_attribute_group',6,0,0),(111,1,21,6,'id_attribute_group',7,0,0),(112,1,21,9,'id_attribute_group',8,0,0),(113,1,22,NULL,'price',1,0,0),(114,1,22,1,'id_attribute_group',2,0,0),(115,1,22,2,'id_attribute_group',3,0,0),(116,1,22,3,'id_attribute_group',4,0,0),(117,1,22,4,'id_attribute_group',5,0,0),(118,1,22,5,'id_attribute_group',6,0,0),(119,1,22,6,'id_attribute_group',7,0,0),(120,1,22,9,'id_attribute_group',8,0,0),(121,1,23,NULL,'price',1,0,0),(122,1,23,1,'id_attribute_group',2,0,0),(123,1,23,2,'id_attribute_group',3,0,0),(124,1,23,3,'id_attribute_group',4,0,0),(125,1,23,4,'id_attribute_group',5,0,0),(126,1,23,5,'id_attribute_group',6,0,0),(127,1,23,6,'id_attribute_group',7,0,0),(128,1,23,9,'id_attribute_group',8,0,0),(129,1,24,NULL,'price',1,0,0),(130,1,24,1,'id_attribute_group',2,0,0),(131,1,24,2,'id_attribute_group',3,0,0),(132,1,24,3,'id_attribute_group',4,0,0),(133,1,24,4,'id_attribute_group',5,0,0),(134,1,24,5,'id_attribute_group',6,0,0),(135,1,24,6,'id_attribute_group',7,0,0),(136,1,24,9,'id_attribute_group',8,0,0),(137,1,25,NULL,'price',1,0,0),(138,1,25,1,'id_attribute_group',2,0,0),(139,1,25,2,'id_attribute_group',3,0,0),(140,1,25,3,'id_attribute_group',4,0,0),(141,1,25,4,'id_attribute_group',5,0,0),(142,1,25,5,'id_attribute_group',6,0,0),(143,1,25,6,'id_attribute_group',7,0,0),(144,1,25,9,'id_attribute_group',8,0,0),(145,1,26,NULL,'price',1,0,0),(146,1,26,1,'id_attribute_group',2,0,0),(147,1,26,2,'id_attribute_group',3,0,0),(148,1,26,3,'id_attribute_group',4,0,0),(149,1,26,4,'id_attribute_group',5,0,0),(150,1,26,5,'id_attribute_group',6,0,0),(151,1,26,6,'id_attribute_group',7,0,0),(152,1,26,9,'id_attribute_group',8,0,0),(153,1,27,NULL,'price',1,0,0),(154,1,27,1,'id_attribute_group',2,0,0),(155,1,27,2,'id_attribute_group',3,0,0),(156,1,27,3,'id_attribute_group',4,0,0),(157,1,27,4,'id_attribute_group',5,0,0),(158,1,27,5,'id_attribute_group',6,0,0),(159,1,27,6,'id_attribute_group',7,0,0),(160,1,27,9,'id_attribute_group',8,0,0),(161,1,28,NULL,'price',1,0,0),(162,1,28,1,'id_attribute_group',2,0,0),(163,1,28,2,'id_attribute_group',3,0,0),(164,1,28,3,'id_attribute_group',4,0,0),(165,1,28,4,'id_attribute_group',5,0,0),(166,1,28,5,'id_attribute_group',6,0,0),(167,1,28,6,'id_attribute_group',7,0,0),(168,1,28,9,'id_attribute_group',8,0,0),(169,1,29,NULL,'price',1,0,0),(170,1,29,1,'id_attribute_group',2,0,0),(171,1,29,2,'id_attribute_group',3,0,0),(172,1,29,3,'id_attribute_group',4,0,0),(173,1,29,4,'id_attribute_group',5,0,0),(174,1,29,5,'id_attribute_group',6,0,0),(175,1,29,6,'id_attribute_group',7,0,0),(176,1,29,9,'id_attribute_group',8,0,0),(177,1,30,NULL,'price',1,0,0),(178,1,30,1,'id_attribute_group',2,0,0),(179,1,30,2,'id_attribute_group',3,0,0),(180,1,30,3,'id_attribute_group',4,0,0),(181,1,30,4,'id_attribute_group',5,0,0),(182,1,30,5,'id_attribute_group',6,0,0),(183,1,30,6,'id_attribute_group',7,0,0),(184,1,30,9,'id_attribute_group',8,0,0),(185,1,31,NULL,'price',1,0,0),(186,1,31,1,'id_attribute_group',2,0,0),(187,1,31,2,'id_attribute_group',3,0,0),(188,1,31,3,'id_attribute_group',4,0,0),(189,1,31,4,'id_attribute_group',5,0,0),(190,1,31,5,'id_attribute_group',6,0,0),(191,1,31,6,'id_attribute_group',7,0,0),(192,1,31,9,'id_attribute_group',8,0,0),(193,1,32,NULL,'price',1,0,0),(194,1,32,1,'id_attribute_group',2,0,0),(195,1,32,2,'id_attribute_group',3,0,0),(196,1,32,3,'id_attribute_group',4,0,0),(197,1,32,4,'id_attribute_group',5,0,0),(198,1,32,5,'id_attribute_group',6,0,0),(199,1,32,6,'id_attribute_group',7,0,0),(200,1,32,9,'id_attribute_group',8,0,0),(201,1,33,NULL,'price',1,0,0),(202,1,33,1,'id_attribute_group',2,0,0),(203,1,33,2,'id_attribute_group',3,0,0),(204,1,33,3,'id_attribute_group',4,0,0),(205,1,33,4,'id_attribute_group',5,0,0),(206,1,33,5,'id_attribute_group',6,0,0),(207,1,33,6,'id_attribute_group',7,0,0),(208,1,33,9,'id_attribute_group',8,0,0),(209,1,34,NULL,'price',1,0,0),(210,1,34,1,'id_attribute_group',2,0,0),(211,1,34,2,'id_attribute_group',3,0,0),(212,1,34,3,'id_attribute_group',4,0,0),(213,1,34,4,'id_attribute_group',5,0,0),(214,1,34,5,'id_attribute_group',6,0,0),(215,1,34,6,'id_attribute_group',7,0,0),(216,1,34,9,'id_attribute_group',8,0,0),(217,1,35,NULL,'price',1,0,0),(218,1,35,1,'id_attribute_group',2,0,0),(219,1,35,2,'id_attribute_group',3,0,0),(220,1,35,3,'id_attribute_group',4,0,0),(221,1,35,4,'id_attribute_group',5,0,0),(222,1,35,5,'id_attribute_group',6,0,0),(223,1,35,6,'id_attribute_group',7,0,0),(224,1,35,9,'id_attribute_group',8,0,0),(225,1,36,NULL,'price',1,0,0),(226,1,36,1,'id_attribute_group',2,0,0),(227,1,36,2,'id_attribute_group',3,0,0),(228,1,36,3,'id_attribute_group',4,0,0),(229,1,36,4,'id_attribute_group',5,0,0),(230,1,36,5,'id_attribute_group',6,0,0),(231,1,36,6,'id_attribute_group',7,0,0),(232,1,36,9,'id_attribute_group',8,0,0),(233,1,37,NULL,'price',1,0,0),(234,1,37,1,'id_attribute_group',2,0,0),(235,1,37,2,'id_attribute_group',3,0,0),(236,1,37,3,'id_attribute_group',4,0,0),(237,1,37,4,'id_attribute_group',5,0,0),(238,1,37,5,'id_attribute_group',6,0,0),(239,1,37,6,'id_attribute_group',7,0,0),(240,1,37,9,'id_attribute_group',8,0,0),(241,1,38,NULL,'price',1,0,0),(242,1,38,1,'id_attribute_group',2,0,0),(243,1,38,2,'id_attribute_group',3,0,0),(244,1,38,3,'id_attribute_group',4,0,0),(245,1,38,4,'id_attribute_group',5,0,0),(246,1,38,5,'id_attribute_group',6,0,0),(247,1,38,6,'id_attribute_group',7,0,0),(248,1,38,9,'id_attribute_group',8,0,0),(249,1,39,NULL,'price',1,0,0),(250,1,39,1,'id_attribute_group',2,0,0),(251,1,39,2,'id_attribute_group',3,0,0),(252,1,39,3,'id_attribute_group',4,0,0),(253,1,39,4,'id_attribute_group',5,0,0),(254,1,39,5,'id_attribute_group',6,0,0),(255,1,39,6,'id_attribute_group',7,0,0),(256,1,39,9,'id_attribute_group',8,0,0),(257,1,40,NULL,'price',1,0,0),(258,1,40,1,'id_attribute_group',2,0,0),(259,1,40,2,'id_attribute_group',3,0,0),(260,1,40,3,'id_attribute_group',4,0,0),(261,1,40,4,'id_attribute_group',5,0,0),(262,1,40,5,'id_attribute_group',6,0,0),(263,1,40,6,'id_attribute_group',7,0,0),(264,1,40,9,'id_attribute_group',8,0,0),(265,1,41,NULL,'price',1,0,0),(266,1,41,1,'id_attribute_group',2,0,0),(267,1,41,2,'id_attribute_group',3,0,0),(268,1,41,3,'id_attribute_group',4,0,0),(269,1,41,4,'id_attribute_group',5,0,0),(270,1,41,5,'id_attribute_group',6,0,0),(271,1,41,6,'id_attribute_group',7,0,0),(272,1,41,9,'id_attribute_group',8,0,0),(273,1,42,NULL,'price',1,0,0),(274,1,42,1,'id_attribute_group',2,0,0),(275,1,42,2,'id_attribute_group',3,0,0),(276,1,42,3,'id_attribute_group',4,0,0),(277,1,42,4,'id_attribute_group',5,0,0),(278,1,42,5,'id_attribute_group',6,0,0),(279,1,42,6,'id_attribute_group',7,0,0),(280,1,42,9,'id_attribute_group',8,0,0),(281,1,43,NULL,'price',1,0,0),(282,1,43,1,'id_attribute_group',2,0,0),(283,1,43,2,'id_attribute_group',3,0,0),(284,1,43,3,'id_attribute_group',4,0,0),(285,1,43,4,'id_attribute_group',5,0,0),(286,1,43,5,'id_attribute_group',6,0,0),(287,1,43,6,'id_attribute_group',7,0,0),(288,1,43,9,'id_attribute_group',8,0,0),(289,1,44,NULL,'price',1,0,0),(290,1,44,1,'id_attribute_group',2,0,0),(291,1,44,2,'id_attribute_group',3,0,0),(292,1,44,3,'id_attribute_group',4,0,0),(293,1,44,4,'id_attribute_group',5,0,0),(294,1,44,5,'id_attribute_group',6,0,0),(295,1,44,6,'id_attribute_group',7,0,0),(296,1,44,9,'id_attribute_group',8,0,0),(297,1,45,NULL,'price',1,0,0),(298,1,45,1,'id_attribute_group',2,0,0),(299,1,45,2,'id_attribute_group',3,0,0),(300,1,45,3,'id_attribute_group',4,0,0),(301,1,45,4,'id_attribute_group',5,0,0),(302,1,45,5,'id_attribute_group',6,0,0),(303,1,45,6,'id_attribute_group',7,0,0),(304,1,45,9,'id_attribute_group',8,0,0),(305,1,46,NULL,'price',1,0,0),(306,1,46,1,'id_attribute_group',2,0,0),(307,1,46,2,'id_attribute_group',3,0,0),(308,1,46,3,'id_attribute_group',4,0,0),(309,1,46,4,'id_attribute_group',5,0,0),(310,1,46,5,'id_attribute_group',6,0,0),(311,1,46,6,'id_attribute_group',7,0,0),(312,1,46,9,'id_attribute_group',8,0,0),(313,1,47,NULL,'price',1,0,0),(314,1,47,1,'id_attribute_group',2,0,0),(315,1,47,2,'id_attribute_group',3,0,0),(316,1,47,3,'id_attribute_group',4,0,0),(317,1,47,4,'id_attribute_group',5,0,0),(318,1,47,5,'id_attribute_group',6,0,0),(319,1,47,6,'id_attribute_group',7,0,0),(320,1,47,9,'id_attribute_group',8,0,0),(321,1,48,NULL,'price',1,0,0),(322,1,48,1,'id_attribute_group',2,0,0),(323,1,48,2,'id_attribute_group',3,0,0),(324,1,48,3,'id_attribute_group',4,0,0),(325,1,48,4,'id_attribute_group',5,0,0),(326,1,48,5,'id_attribute_group',6,0,0),(327,1,48,6,'id_attribute_group',7,0,0),(328,1,48,9,'id_attribute_group',8,0,0),(329,1,49,NULL,'price',1,0,0),(330,1,49,1,'id_attribute_group',2,0,0),(331,1,49,2,'id_attribute_group',3,0,0),(332,1,49,3,'id_attribute_group',4,0,0),(333,1,49,4,'id_attribute_group',5,0,0),(334,1,49,5,'id_attribute_group',6,0,0),(335,1,49,6,'id_attribute_group',7,0,0),(336,1,49,9,'id_attribute_group',8,0,0),(337,1,50,NULL,'price',1,0,0),(338,1,50,1,'id_attribute_group',2,0,0),(339,1,50,2,'id_attribute_group',3,0,0),(340,1,50,3,'id_attribute_group',4,0,0),(341,1,50,4,'id_attribute_group',5,0,0),(342,1,50,5,'id_attribute_group',6,0,0),(343,1,50,6,'id_attribute_group',7,0,0),(344,1,50,9,'id_attribute_group',8,0,0);

--
-- Table structure for table `gcahdy_layered_filter`
--

CREATE TABLE `gcahdy_layered_filter` (
  `id_layered_filter` int(10) unsigned NOT NULL AUTO_INCREMENT,
  `name` varchar(64) NOT NULL,
  `filters` text,
  `n_categories` int(10) unsigned NOT NULL,
  `date_add` datetime NOT NULL,
  PRIMARY KEY (`id_layered_filter`)
) ENGINE=InnoDB AUTO_INCREMENT=2 DEFAULT CHARSET=utf8;

--
-- Dumping data for table `gcahdy_layered_filter`
--

INSERT INTO `gcahdy_layered_filter` VALUES (1,'Param principal','a:10:{s:10:\"categories\";a:43:{i:0;i:8;i:1;i:9;i:2;i:10;i:3;i:11;i:4;i:12;i:5;i:13;i:6;i:14;i:7;i:15;i:8;i:16;i:9;i:17;i:10;i:18;i:11;i:19;i:12;i:20;i:13;i:21;i:14;i:22;i:15;i:23;i:16;i:24;i:17;i:25;i:18;i:26;i:19;i:27;i:20;i:28;i:21;i:29;i:22;i:30;i:23;i:31;i:24;i:32;i:25;i:33;i:26;i:34;i:27;i:35;i:28;i:36;i:29;i:37;i:30;i:38;i:31;i:39;i:32;i:40;i:33;i:41;i:34;i:42;i:35;i:43;i:36;i:44;i:37;i:45;i:38;i:46;i:39;i:47;i:40;i:48;i:41;i:49;i:42;i:50;}s:9:\"shop_list\";a:1:{i:0;i:1;}s:30:\"layered_selection_price_slider\";a:2:{s:11:\"filter_type\";i:0;s:17:\"filter_show_limit\";i:0;}s:22:\"layered_selection_ag_1\";a:2:{s:11:\"filter_type\";i:0;s:17:\"filter_show_limit\";i:0;}s:22:\"layered_selection_ag_2\";a:2:{s:11:\"filter_type\";i:0;s:17:\"filter_show_limit\";i:0;}s:22:\"layered_selection_ag_3\";a:2:{s:11:\"filter_type\";i:0;s:17:\"filter_show_limit\";i:0;}s:22:\"layered_selection_ag_4\";a:2:{s:11:\"filter_type\";i:0;s:17:\"filter_show_limit\";i:0;}s:22:\"layered_selection_ag_5\";a:2:{s:11:\"filter_type\";i:0;s:17:\"filter_show_limit\";i:0;}s:22:\"layered_selection_ag_6\";a:2:{s:11:\"filter_type\";i:0;s:17:\"filter_show_limit\";i:0;}s:22:\"layered_selection_ag_9\";a:2:{s:11:\"filter_type\";i:0;s:17:\"filter_show_limit\";i:0;}}',43,'2018-04-23 16:53:11');

--
-- Table structure for table `gcahdy_layered_filter_shop`
--

CREATE TABLE `gcahdy_layered_filter_shop` (
  `id_layered_filter` int(10) unsigned NOT NULL,
  `id_shop` int(11) unsigned NOT NULL,
  PRIMARY KEY (`id_layered_filter`,`id_shop`),
  KEY `id_shop` (`id_shop`)
) ENGINE=InnoDB DEFAULT CHARSET=utf8;

--
-- Dumping data for table `gcahdy_layered_filter_shop`
--


--
-- Table structure for table `gcahdy_layered_friendly_url`
--

CREATE TABLE `gcahdy_layered_friendly_url` (
  `id_layered_friendly_url` int(11) NOT NULL AUTO_INCREMENT,
  `url_key` varchar(32) NOT NULL,
  `data` varchar(200) NOT NULL,
  `id_lang` int(11) NOT NULL,
  PRIMARY KEY (`id_layered_friendly_url`),
  KEY `id_lang` (`id_lang`),
  KEY `url_key` (`url_key`(5))
) ENGINE=InnoDB AUTO_INCREMENT=179 DEFAULT CHARSET=utf8;

--
-- Dumping data for table `gcahdy_layered_friendly_url`
--

INSERT INTO `gcahdy_layered_friendly_url` VALUES (1,'62c37a4e4a4949047d6486b06ac867b7','a:1:{s:18:\"id_attribute_group\";a:1:{i:1;s:3:\"1_1\";}}',1),(2,'ac4470623869de1153c5602c54e8a512','a:1:{s:18:\"id_attribute_group\";a:1:{i:2;s:3:\"1_2\";}}',1),(3,'1184795467e1c2c6f6fe5a978914bbb8','a:1:{s:18:\"id_attribute_group\";a:1:{i:3;s:3:\"1_3\";}}',1),(4,'83555f5af77ff5f03c92b5eafb88acb9','a:1:{s:18:\"id_attribute_group\";a:1:{i:4;s:3:\"1_4\";}}',1),(5,'754eedd803623db865ef3c49428f59cf','a:1:{s:18:\"id_attribute_group\";a:1:{i:5;s:3:\"1_5\";}}',1),(6,'ec7852d91b4146e0926ec6dc282f5497','a:1:{s:18:\"id_attribute_group\";a:1:{i:6;s:3:\"1_6\";}}',1),(7,'6af79b7750a6ca18d24064e53a449a5d','a:1:{s:18:\"id_attribute_group\";a:1:{i:7;s:3:\"1_7\";}}',1),(8,'8f9e3eddcd5c0691417c8d0c2af454a4','a:1:{s:18:\"id_attribute_group\";a:1:{i:8;s:3:\"1_8\";}}',1),(9,'68bbe7f03f4fd062c6cf71a616a57e55','a:1:{s:18:\"id_attribute_group\";a:1:{i:9;s:3:\"1_9\";}}',1),(10,'442b7920eee293370c68a441543dea61','a:1:{s:18:\"id_attribute_group\";a:1:{i:10;s:4:\"1_10\";}}',1),(11,'960650a832159606af4881cfc72da370','a:1:{s:18:\"id_attribute_group\";a:1:{i:11;s:4:\"1_11\";}}',1),(12,'f3a4a1245a7ae375e0341a68db8db2ef','a:1:{s:18:\"id_attribute_group\";a:1:{i:12;s:4:\"1_12\";}}',1),(13,'4d97be7d7509e3f8d7f81216fa65808a','a:1:{s:18:\"id_attribute_group\";a:1:{i:18;s:4:\"1_18\";}}',1),(14,'db11ab66b8e15085800fbd1ebf0ecf22','a:1:{s:18:\"id_attribute_group\";a:1:{i:19;s:4:\"1_19\";}}',1),(15,'a1b8c630a2424c98525aae72c3d820c9','a:1:{s:18:\"id_attribute_group\";a:1:{i:20;s:4:\"1_20\";}}',1),(16,'dd7b6f9ea415708410c59aabfb6186db','a:1:{s:18:\"id_attribute_group\";a:1:{i:21;s:4:\"1_21\";}}',1),(17,'a2a97ec45cd6cd2b4efd97dd9adb066a','a:1:{s:18:\"id_attribute_group\";a:1:{i:22;s:4:\"1_22\";}}',1),(18,'9139b394a55813bbdbc70be7659303ff','a:1:{s:18:\"id_attribute_group\";a:1:{i:23;s:4:\"1_23\";}}',1),(19,'2477e46f2bf0e65f6d46b5d5df1238db','a:1:{s:18:\"id_attribute_group\";a:1:{i:83;s:4:\"1_83\";}}',1),(20,'e7fd1d3f77a3bb8018e09e4681e755c7','a:1:{s:18:\"id_attribute_group\";a:1:{i:89;s:4:\"1_89\";}}',1),(21,'80c1ef4689c75950119a1375c7fbb248','a:1:{s:18:\"id_attribute_group\";a:1:{i:100;s:5:\"1_100\";}}',1),(22,'71cecdd96ae5c527b5152117a4f9d6a7','a:1:{s:18:\"id_attribute_group\";a:1:{i:101;s:5:\"1_101\";}}',1),(23,'2f1560cad827ff328ec41bd456d9d27e','a:1:{s:18:\"id_attribute_group\";a:1:{i:102;s:5:\"1_102\";}}',1),(24,'0593649148aaf080cd08f9c44a622f3d','a:1:{s:18:\"id_attribute_group\";a:1:{i:104;s:5:\"1_104\";}}',1),(25,'6cc7c3e6b9ea3791b586fb3b1f37a11e','a:1:{s:18:\"id_attribute_group\";a:1:{i:24;s:4:\"2_24\";}}',1),(26,'ed95034938be7a35e8e7966f41cd726e','a:1:{s:18:\"id_attribute_group\";a:1:{i:25;s:4:\"2_25\";}}',1),(27,'8f629bdcae4da3ff4642f6d579216a43','a:1:{s:18:\"id_attribute_group\";a:1:{i:26;s:4:\"2_26\";}}',1),(28,'ded154ca8a1542e865dfd0b0d15159fd','a:1:{s:18:\"id_attribute_group\";a:1:{i:27;s:4:\"2_27\";}}',1),(29,'3bc3b4537abfbae7521c16ea4ab8065a','a:1:{s:18:\"id_attribute_group\";a:1:{i:28;s:4:\"2_28\";}}',1),(30,'c0c128c69acc0750d4bb916400657d72','a:1:{s:18:\"id_attribute_group\";a:1:{i:29;s:4:\"2_29\";}}',1),(31,'801cf0f773b3b4437289d58306125e96','a:1:{s:18:\"id_attribute_group\";a:1:{i:30;s:4:\"2_30\";}}',1),(32,'f793485da799892d996425f4e6a9cc7b','a:1:{s:18:\"id_attribute_group\";a:1:{i:31;s:4:\"2_31\";}}',1),(33,'25ccd6fcdbf9891a8adb054acb1a8b4f','a:1:{s:18:\"id_attribute_group\";a:1:{i:32;s:4:\"2_32\";}}',1),(34,'1cf0e9bcb68d53533f11e01a1b02b482','a:1:{s:18:\"id_attribute_group\";a:1:{i:33;s:4:\"2_33\";}}',1),(35,'17d1f79d79170e065a691ace4371ca1d','a:1:{s:18:\"id_attribute_group\";a:1:{i:34;s:4:\"2_34\";}}',1),(36,'a942d9501031f1bf0be4052ca3e4bcb8','a:1:{s:18:\"id_attribute_group\";a:1:{i:84;s:4:\"2_84\";}}',1),(37,'1e94986ecd1ab2c4cc134ad8efa624c5','a:1:{s:18:\"id_attribute_group\";a:1:{i:94;s:4:\"2_94\";}}',1),(38,'e22549440e673ba0dd7c5c3738b9c9d3','a:1:{s:18:\"id_attribute_group\";a:1:{i:36;s:4:\"3_36\";}}',1),(39,'cf35a5998ea050db1c3354172918195e','a:1:{s:18:\"id_attribute_group\";a:1:{i:37;s:4:\"3_37\";}}',1),(40,'7fbe1e73793db668d980b745b16eb587','a:1:{s:18:\"id_attribute_group\";a:1:{i:38;s:4:\"3_38\";}}',1),(41,'c246ba2c4e2d33443dd6282152209d55','a:1:{s:18:\"id_attribute_group\";a:1:{i:39;s:4:\"3_39\";}}',1),(42,'fb6c3d832f3ce79745f8e0a56af6f32c','a:1:{s:18:\"id_attribute_group\";a:1:{i:40;s:4:\"3_40\";}}',1),(43,'f221239bc22409fe505e9d8ee423af59','a:1:{s:18:\"id_attribute_group\";a:1:{i:41;s:4:\"3_41\";}}',1),(44,'972ebbfb4d6323a0e56c47178fffd31a','a:1:{s:18:\"id_attribute_group\";a:1:{i:42;s:4:\"3_42\";}}',1),(45,'7c772e9903a0b1a556429d0549e7979d','a:1:{s:18:\"id_attribute_group\";a:1:{i:43;s:4:\"3_43\";}}',1),(46,'80318da7eddd7166fdf6d7849f61cf86','a:1:{s:18:\"id_attribute_group\";a:1:{i:44;s:4:\"3_44\";}}',1),(47,'919d396d8c5b41e8d34e01a948999d9f','a:1:{s:18:\"id_attribute_group\";a:1:{i:45;s:4:\"3_45\";}}',1),(48,'2445f26e017c954dcbe7d74c867aebbb','a:1:{s:18:\"id_attribute_group\";a:1:{i:46;s:4:\"3_46\";}}',1),(49,'315e654278f171cac3e19ab4e6b8841b','a:1:{s:18:\"id_attribute_group\";a:1:{i:47;s:4:\"3_47\";}}',1),(50,'8628b190a89af9f2c9bc8e69177f3fdb','a:1:{s:18:\"id_attribute_group\";a:1:{i:48;s:4:\"3_48\";}}',1),(51,'33df9131c18d19b13615d7f43b336ad8','a:1:{s:18:\"id_attribute_group\";a:1:{i:49;s:4:\"3_49\";}}',1),(52,'330f77d73679038d95eb66a6a3a7d161','a:1:{s:18:\"id_attribute_group\";a:1:{i:50;s:4:\"3_50\";}}',1),(53,'b8d02ee260017e58b40f714b5d75b93f','a:1:{s:18:\"id_attribute_group\";a:1:{i:51;s:4:\"3_51\";}}',1),(54,'b2c131bf282e277f8c30430c4078233a','a:1:{s:18:\"id_attribute_group\";a:1:{i:52;s:4:\"3_52\";}}',1),(55,'b961dbde6ad997d5baaba06bde4d5c6b','a:1:{s:18:\"id_attribute_group\";a:1:{i:53;s:4:\"3_53\";}}',1),(56,'42afcac8f01272603da332ac8fc93e49','a:1:{s:18:\"id_attribute_group\";a:1:{i:54;s:4:\"3_54\";}}',1),(57,'2ed6bc7bbbd9582fa7cb55f0bb5aa3fb','a:1:{s:18:\"id_attribute_group\";a:1:{i:55;s:4:\"3_55\";}}',1),(58,'2ddf805f94c9bf7e33cd96750188bbf2','a:1:{s:18:\"id_attribute_group\";a:1:{i:56;s:4:\"3_56\";}}',1),(59,'ddf3bfea28370828a6aaa5deb7c24977','a:1:{s:18:\"id_attribute_group\";a:1:{i:57;s:4:\"3_57\";}}',1),(60,'cc375dca34800d579a489ac2f328fc5d','a:1:{s:18:\"id_attribute_group\";a:1:{i:58;s:4:\"3_58\";}}',1),(61,'4f1d13ed780c6a1b314972eccd5a60af','a:1:{s:18:\"id_attribute_group\";a:1:{i:59;s:4:\"3_59\";}}',1),(62,'c243cec4c040dda521576513d804c995','a:1:{s:18:\"id_attribute_group\";a:1:{i:88;s:4:\"3_88\";}}',1),(63,'15ad329357787e823fa564eaa84e110f','a:1:{s:18:\"id_attribute_group\";a:1:{i:98;s:4:\"3_98\";}}',1),(64,'cc752ef9d9a6e97ca933d4958a473394','a:1:{s:18:\"id_attribute_group\";a:1:{i:60;s:4:\"4_60\";}}',1),(65,'e6cfd1b6a719bb055527b2193fe57b55','a:1:{s:18:\"id_attribute_group\";a:1:{i:61;s:4:\"4_61\";}}',1),(66,'5d1a73bd2fd8e34ca1c101216157d7c1','a:1:{s:18:\"id_attribute_group\";a:1:{i:62;s:4:\"4_62\";}}',1),(67,'7c4fa85d871f66432bc7c7239aaa813b','a:1:{s:18:\"id_attribute_group\";a:1:{i:63;s:4:\"4_63\";}}',1),(68,'9c857daa7e7070522c52a5220c81b2f2','a:1:{s:18:\"id_attribute_group\";a:1:{i:85;s:4:\"4_85\";}}',1),(69,'b5658ae6e76c1fab93a8f2e28b350ca4','a:1:{s:18:\"id_attribute_group\";a:1:{i:90;s:4:\"4_90\";}}',1),(70,'71e2f03d6300e50814aa9aff36c8cc6c','a:1:{s:18:\"id_attribute_group\";a:1:{i:91;s:4:\"4_91\";}}',1),(71,'1dfd25e6f06cca019bf4f41b4e99563c','a:1:{s:18:\"id_attribute_group\";a:1:{i:92;s:4:\"4_92\";}}',1),(72,'3a17496eff5a62e3c7b3156a3aa538fb','a:1:{s:18:\"id_attribute_group\";a:1:{i:99;s:4:\"4_99\";}}',1),(73,'a27eaf8bd64a944063a7d0fa51f2c0e0','a:1:{s:18:\"id_attribute_group\";a:1:{i:64;s:4:\"5_64\";}}',1),(74,'bbb189a4ce1a3bf8f3b8971930b9f2f3','a:1:{s:18:\"id_attribute_group\";a:1:{i:65;s:4:\"5_65\";}}',1),(75,'ea29cf5561c130d726715317462784c1','a:1:{s:18:\"id_attribute_group\";a:1:{i:66;s:4:\"5_66\";}}',1),(76,'a5333079863384b6ed1b69c9456fcda7','a:1:{s:18:\"id_attribute_group\";a:1:{i:13;s:4:\"6_13\";}}',1),(77,'3df99adaa8bd334a15a59e671366f2cc','a:1:{s:18:\"id_attribute_group\";a:1:{i:14;s:4:\"6_14\";}}',1),(78,'64e2ffc0bcfcdca570ed625f7e56e4dc','a:1:{s:18:\"id_attribute_group\";a:1:{i:15;s:4:\"6_15\";}}',1),(79,'08fe16a4d817f5db0318d2b04c04f62b','a:1:{s:18:\"id_attribute_group\";a:1:{i:16;s:4:\"6_16\";}}',1),(80,'b751933aa201257decac36f05b8187d3','a:1:{s:18:\"id_attribute_group\";a:1:{i:17;s:4:\"6_17\";}}',1),(81,'11af4ba1cae70c1c0742800b151ab150','a:1:{s:18:\"id_attribute_group\";a:1:{i:67;s:4:\"6_67\";}}',1),(82,'258562522eecbe2798265b337f649885','a:1:{s:18:\"id_attribute_group\";a:1:{i:76;s:4:\"9_76\";}}',1),(83,'f97cdace7ad2cfd67365e9697598c2a1','a:1:{s:18:\"id_attribute_group\";a:1:{i:77;s:4:\"9_77\";}}',1),(84,'30658cfe8862ee9cbef4d8353629da5c','a:1:{s:18:\"id_attribute_group\";a:1:{i:78;s:4:\"9_78\";}}',1),(85,'77016bac263d6fe0737d2fd62cc82266','a:1:{s:18:\"id_attribute_group\";a:1:{i:79;s:4:\"9_79\";}}',1),(86,'97972e2a8598ced2b97a85616a7ecf67','a:1:{s:18:\"id_attribute_group\";a:1:{i:80;s:4:\"9_80\";}}',1),(87,'c1b5535b88fc0fe42322db393e920965','a:1:{s:18:\"id_attribute_group\";a:1:{i:81;s:4:\"9_81\";}}',1),(88,'51a686bf2775ca1772573238ecacd77a','a:1:{s:18:\"id_attribute_group\";a:1:{i:82;s:4:\"9_82\";}}',1),(89,'de0d9c0ea0e396fa4092e0cde4ecd6e7','a:1:{s:18:\"id_attribute_group\";a:1:{i:103;s:5:\"9_103\";}}',1),(90,'f5b973a4abafc914b0eea12d904594e9','a:1:{s:18:\"id_attribute_group\";a:1:{i:1;s:3:\"1_1\";}}',2),(91,'77fe17226ca0e4f8ca5bf36c553cfc88','a:1:{s:18:\"id_attribute_group\";a:1:{i:2;s:3:\"1_2\";}}',2),(92,'2c4efa83778d1e8c4934b377ddf6b573','a:1:{s:18:\"id_attribute_group\";a:1:{i:3;s:3:\"1_3\";}}',2),(93,'66e97e6607d8d676baf95972b1a47774','a:1:{s:18:\"id_attribute_group\";a:1:{i:4;s:3:\"1_4\";}}',2),(94,'8c10b720cfe20aa89591a08365332a08','a:1:{s:18:\"id_attribute_group\";a:1:{i:5;s:3:\"1_5\";}}',2),(95,'ea2b51add0ebb9c7255f00ba31b4f79b','a:1:{s:18:\"id_attribute_group\";a:1:{i:6;s:3:\"1_6\";}}',2),(96,'503bae903a4c8fa82edd56c5401d0f79','a:1:{s:18:\"id_attribute_group\";a:1:{i:7;s:3:\"1_7\";}}',2),(97,'9719acdc85aacbfa06261f3100a7353f','a:1:{s:18:\"id_attribute_group\";a:1:{i:8;s:3:\"1_8\";}}',2),(98,'4ead686f5388d65a3e46f226ba0984ca','a:1:{s:18:\"id_attribute_group\";a:1:{i:9;s:3:\"1_9\";}}',2),(99,'407b89fb19a5780f82e54146534634b3','a:1:{s:18:\"id_attribute_group\";a:1:{i:10;s:4:\"1_10\";}}',2),(100,'2ebebc05d6656cbf5d863266f8b7d3fb','a:1:{s:18:\"id_attribute_group\";a:1:{i:11;s:4:\"1_11\";}}',2),(101,'c52928e0aa099b6bbf758dd0ace4a1e7','a:1:{s:18:\"id_attribute_group\";a:1:{i:12;s:4:\"1_12\";}}',2),(102,'5149f90d563cd91af3ece4e7d56b7635','a:1:{s:18:\"id_attribute_group\";a:1:{i:18;s:4:\"1_18\";}}',2),(103,'5b9665031a59d23fbc1e0bd4cd5587bc','a:1:{s:18:\"id_attribute_group\";a:1:{i:19;s:4:\"1_19\";}}',2),(104,'74bb31be6ac572e638c390abb0aeaa28','a:1:{s:18:\"id_attribute_group\";a:1:{i:20;s:4:\"1_20\";}}',2),(105,'e553c55daba32de6e1965d0f82d682fc','a:1:{s:18:\"id_attribute_group\";a:1:{i:21;s:4:\"1_21\";}}',2),(106,'ddee763fbb0677c5ee91dcfb63c31509','a:1:{s:18:\"id_attribute_group\";a:1:{i:22;s:4:\"1_22\";}}',2),(107,'cbd52b3f520702e1874fbe77a27f9ce0','a:1:{s:18:\"id_attribute_group\";a:1:{i:23;s:4:\"1_23\";}}',2),(108,'2cbe18edbe5a0490813188df46d565e5','a:1:{s:18:\"id_attribute_group\";a:1:{i:83;s:4:\"1_83\";}}',2),(109,'910fc69b2e6eb3ef0ad5e780e214aadb','a:1:{s:18:\"id_attribute_group\";a:1:{i:89;s:4:\"1_89\";}}',2),(110,'1c365c937e55a63faa2d35aabae13438','a:1:{s:18:\"id_attribute_group\";a:1:{i:100;s:5:\"1_100\";}}',2),(111,'539de005b5dceb9158ccea67db649e67','a:1:{s:18:\"id_attribute_group\";a:1:{i:101;s:5:\"1_101\";}}',2),(112,'2a291802956a8c785a49e41f4992264a','a:1:{s:18:\"id_attribute_group\";a:1:{i:102;s:5:\"1_102\";}}',2),(113,'8911da566948fe5f51fb7a9f2dcf305c','a:1:{s:18:\"id_attribute_group\";a:1:{i:104;s:5:\"1_104\";}}',2),(114,'5843bb3f9ccfb6da6ad08c0370e116a8','a:1:{s:18:\"id_attribute_group\";a:1:{i:24;s:4:\"2_24\";}}',2),(115,'67f2e6bbfb7ce6cd4215484baa9caae6','a:1:{s:18:\"id_attribute_group\";a:1:{i:25;s:4:\"2_25\";}}',2),(116,'614a0b17d915ef43f67a3e4ae086546c','a:1:{s:18:\"id_attribute_group\";a:1:{i:26;s:4:\"2_26\";}}',2),(117,'6bc11ee01d49f9468e26933c6493323a','a:1:{s:18:\"id_attribute_group\";a:1:{i:27;s:4:\"2_27\";}}',2),(118,'2d2d786768ee395aa59646a46862256e','a:1:{s:18:\"id_attribute_group\";a:1:{i:28;s:4:\"2_28\";}}',2),(119,'c769a830572605807b2a2b51e8f9d3f7','a:1:{s:18:\"id_attribute_group\";a:1:{i:29;s:4:\"2_29\";}}',2),(120,'48d80f432134228b86ae05e308bf53f6','a:1:{s:18:\"id_attribute_group\";a:1:{i:30;s:4:\"2_30\";}}',2),(121,'81b5181a2964807cef53fab8dda67ae0','a:1:{s:18:\"id_attribute_group\";a:1:{i:31;s:4:\"2_31\";}}',2),(122,'036bd836d72457d872230a8fdbb76862','a:1:{s:18:\"id_attribute_group\";a:1:{i:32;s:4:\"2_32\";}}',2),(123,'42b63dc6df26c896d619fa916dd20615','a:1:{s:18:\"id_attribute_group\";a:1:{i:33;s:4:\"2_33\";}}',2),(124,'98de1da3de7468b2dca7aee3cf5ca724','a:1:{s:18:\"id_attribute_group\";a:1:{i:34;s:4:\"2_34\";}}',2),(125,'c133e4695728f7b4d630118d46eb32c3','a:1:{s:18:\"id_attribute_group\";a:1:{i:84;s:4:\"2_84\";}}',2),(126,'638e0c3cd937d3410864cb18e71b19f4','a:1:{s:18:\"id_attribute_group\";a:1:{i:94;s:4:\"2_94\";}}',2),(127,'942705bf174cded4fe273ced4bed4d4a','a:1:{s:18:\"id_attribute_group\";a:1:{i:36;s:4:\"3_36\";}}',2),(128,'4ca2c4c0a9769f57a27a66e0095f3eb4','a:1:{s:18:\"id_attribute_group\";a:1:{i:37;s:4:\"3_37\";}}',2),(129,'c5e8d1b8978b6d5b77793bbdada9db4a','a:1:{s:18:\"id_attribute_group\";a:1:{i:38;s:4:\"3_38\";}}',2),(130,'641c8fae843f552ee0158988f8ffca24','a:1:{s:18:\"id_attribute_group\";a:1:{i:39;s:4:\"3_39\";}}',2),(131,'ec8ae5090fe7d2cb6f6ed71738731159','a:1:{s:18:\"id_attribute_group\";a:1:{i:40;s:4:\"3_40\";}}',2),(132,'0fa100049d0747a24e8f2036d108bcfb','a:1:{s:18:\"id_attribute_group\";a:1:{i:41;s:4:\"3_41\";}}',2),(133,'fde101cff3c3af0d187704c7de279718','a:1:{s:18:\"id_attribute_group\";a:1:{i:42;s:4:\"3_42\";}}',2),(134,'263fb89434a196ab140ba8f98c4815bc','a:1:{s:18:\"id_attribute_group\";a:1:{i:43;s:4:\"3_43\";}}',2),(135,'0c459f7cd573745f5efee15672e26e5f','a:1:{s:18:\"id_attribute_group\";a:1:{i:44;s:4:\"3_44\";}}',2),(136,'6b3482384bcfb0f0b630e5ff8d562827','a:1:{s:18:\"id_attribute_group\";a:1:{i:45;s:4:\"3_45\";}}',2),(137,'b7c2339822ddab3c60f8b604a4f55fc2','a:1:{s:18:\"id_attribute_group\";a:1:{i:46;s:4:\"3_46\";}}',2),(138,'d343a0121ae1ebce9548ca57cc2b4882','a:1:{s:18:\"id_attribute_group\";a:1:{i:47;s:4:\"3_47\";}}',2),(139,'4d6f79bbf35119be74d1520dce607d57','a:1:{s:18:\"id_attribute_group\";a:1:{i:48;s:4:\"3_48\";}}',2),(140,'9f720ebb228fd14bcfd057447e722b2e','a:1:{s:18:\"id_attribute_group\";a:1:{i:49;s:4:\"3_49\";}}',2),(141,'f029ab3051ed6f32f78451358df4d7ee','a:1:{s:18:\"id_attribute_group\";a:1:{i:50;s:4:\"3_50\";}}',2),(142,'4a8e7abd1d8d263e4247863a42c530c7','a:1:{s:18:\"id_attribute_group\";a:1:{i:51;s:4:\"3_51\";}}',2),(143,'a01acc900b5cf70096c277f5f12e913b','a:1:{s:18:\"id_attribute_group\";a:1:{i:52;s:4:\"3_52\";}}',2),(144,'c80259f3608645457788dad492d69f05','a:1:{s:18:\"id_attribute_group\";a:1:{i:53;s:4:\"3_53\";}}',2),(145,'2e189deb0c4777ea916ddc2251247672','a:1:{s:18:\"id_attribute_group\";a:1:{i:54;s:4:\"3_54\";}}',2),(146,'aa44dd4092c0f9b97ceb26e48d8b2a1a','a:1:{s:18:\"id_attribute_group\";a:1:{i:55;s:4:\"3_55\";}}',2),(147,'ee575e497bd00224401d136844b69fd5','a:1:{s:18:\"id_attribute_group\";a:1:{i:56;s:4:\"3_56\";}}',2),(148,'3850d6709c11e0efc6130c76d3416df2','a:1:{s:18:\"id_attribute_group\";a:1:{i:57;s:4:\"3_57\";}}',2),(149,'63dd77af83aa4288f011f351459f1b56','a:1:{s:18:\"id_attribute_group\";a:1:{i:58;s:4:\"3_58\";}}',2),(150,'199f372997196193dc891b69cfa67dbe','a:1:{s:18:\"id_attribute_group\";a:1:{i:59;s:4:\"3_59\";}}',2),(151,'dde30ebfe153e26a1eadf4aa6fc141be','a:1:{s:18:\"id_attribute_group\";a:1:{i:88;s:4:\"3_88\";}}',2),(152,'f1bc16c102d1f46191e66c18e424a47e','a:1:{s:18:\"id_attribute_group\";a:1:{i:98;s:4:\"3_98\";}}',2),(153,'cc752ef9d9a6e97ca933d4958a473394','a:1:{s:18:\"id_attribute_group\";a:1:{i:60;s:4:\"4_60\";}}',2),(154,'e6cfd1b6a719bb055527b2193fe57b55','a:1:{s:18:\"id_attribute_group\";a:1:{i:61;s:4:\"4_61\";}}',2),(155,'5d1a73bd2fd8e34ca1c101216157d7c1','a:1:{s:18:\"id_attribute_group\";a:1:{i:62;s:4:\"4_62\";}}',2),(156,'7c4fa85d871f66432bc7c7239aaa813b','a:1:{s:18:\"id_attribute_group\";a:1:{i:63;s:4:\"4_63\";}}',2),(157,'9c857daa7e7070522c52a5220c81b2f2','a:1:{s:18:\"id_attribute_group\";a:1:{i:85;s:4:\"4_85\";}}',2),(158,'01d2ac75a1f64dc0115509b42abd7bb5','a:1:{s:18:\"id_attribute_group\";a:1:{i:90;s:4:\"4_90\";}}',2),(159,'1d94c5e7bcbebdb5226552a8782c1ffc','a:1:{s:18:\"id_attribute_group\";a:1:{i:91;s:4:\"4_91\";}}',2),(160,'c3a81cecfd32da7e8a85559a6542bd3a','a:1:{s:18:\"id_attribute_group\";a:1:{i:92;s:4:\"4_92\";}}',2),(161,'da3634bf01ca0cd994fef3e79f44ba66','a:1:{s:18:\"id_attribute_group\";a:1:{i:99;s:4:\"4_99\";}}',2),(162,'8b17376744287e374027ff8e2fbccf66','a:1:{s:18:\"id_attribute_group\";a:1:{i:64;s:4:\"5_64\";}}',2),(163,'33f4e4389985f545b0e65ab8ec1e1748','a:1:{s:18:\"id_attribute_group\";a:1:{i:65;s:4:\"5_65\";}}',2),(164,'f4c84297826a246876b856be1ec5623d','a:1:{s:18:\"id_attribute_group\";a:1:{i:66;s:4:\"5_66\";}}',2),(165,'504b36f60f2b555aab1802f250f0490e','a:1:{s:18:\"id_attribute_group\";a:1:{i:13;s:4:\"6_13\";}}',2),(166,'cdc26cb464d56d0a018328decc0f935f','a:1:{s:18:\"id_attribute_group\";a:1:{i:14;s:4:\"6_14\";}}',2),(167,'295e00bf2d2f9513684d57fbc15d184a','a:1:{s:18:\"id_attribute_group\";a:1:{i:15;s:4:\"6_15\";}}',2),(168,'b09b65e293e1908318d8ade95aa094de','a:1:{s:18:\"id_attribute_group\";a:1:{i:16;s:4:\"6_16\";}}',2),(169,'72b14840ecff43e8418be8c7ce208e30','a:1:{s:18:\"id_attribute_group\";a:1:{i:17;s:4:\"6_17\";}}',2),(170,'7d14d30fdc410b3e9fad74cb9ec4140d','a:1:{s:18:\"id_attribute_group\";a:1:{i:67;s:4:\"6_67\";}}',2),(171,'81b2e23ce5b4a6071853eb9fd5621a43','a:1:{s:18:\"id_attribute_group\";a:1:{i:76;s:4:\"9_76\";}}',2),(172,'93d85018a4eabdd8204edcfe84d73197','a:1:{s:18:\"id_attribute_group\";a:1:{i:77;s:4:\"9_77\";}}',2),(173,'ca2fca34c30754f7fea0580dd0eba25b','a:1:{s:18:\"id_attribute_group\";a:1:{i:78;s:4:\"9_78\";}}',2),(174,'88f28b3892cf8028aff2b07b58ab9ccd','a:1:{s:18:\"id_attribute_group\";a:1:{i:79;s:4:\"9_79\";}}',2),(175,'9ceb140b244e8ac72a65b159733e6b26','a:1:{s:18:\"id_attribute_group\";a:1:{i:80;s:4:\"9_80\";}}',2),(176,'95444f9748f3cdd2fde18a574fc5f679','a:1:{s:18:\"id_attribute_group\";a:1:{i:81;s:4:\"9_81\";}}',2),(177,'024772a1ddee2c1ef3df8cfab9c22802','a:1:{s:18:\"id_attribute_group\";a:1:{i:82;s:4:\"9_82\";}}',2),(178,'db9ae77e20fd3a17af2948ac63022673','a:1:{s:18:\"id_attribute_group\";a:1:{i:103;s:5:\"9_103\";}}',2);

--
-- Table structure for table `gcahdy_layered_indexable_attribute_group`
--

CREATE TABLE `gcahdy_layered_indexable_attribute_group` (
  `id_attribute_group` int(11) NOT NULL,
  `indexable` tinyint(1) NOT NULL DEFAULT '0',
  PRIMARY KEY (`id_attribute_group`)
) ENGINE=InnoDB DEFAULT CHARSET=utf8;

--
-- Dumping data for table `gcahdy_layered_indexable_attribute_group`
--

INSERT INTO `gcahdy_layered_indexable_attribute_group` VALUES (1,1),(2,1),(3,1),(4,1),(5,1),(6,1),(7,1),(8,1),(9,1);

--
-- Table structure for table `gcahdy_layered_indexable_attribute_group_lang_value`
--

CREATE TABLE `gcahdy_layered_indexable_attribute_group_lang_value` (
  `id_attribute_group` int(11) NOT NULL,
  `id_lang` int(11) NOT NULL,
  `url_name` varchar(128) DEFAULT NULL,
  `meta_title` varchar(128) DEFAULT NULL,
  PRIMARY KEY (`id_attribute_group`,`id_lang`)
) ENGINE=InnoDB DEFAULT CHARSET=utf8;

--
-- Dumping data for table `gcahdy_layered_indexable_attribute_group_lang_value`
--

INSERT INTO `gcahdy_layered_indexable_attribute_group_lang_value` VALUES (1,1,'manche-bois',''),(1,2,'wood-handle',''),(2,1,'manche-corne',''),(2,2,'horn-handle',''),(3,1,'manche-acrylique',''),(3,2,'acrylic-handle',''),(4,1,'inclusion',''),(4,2,'',''),(5,1,'finition-manche-inox',''),(5,2,'',''),(6,1,'composite',''),(6,2,'miscellaneous',''),(7,1,'finition',''),(7,2,'finition',''),(8,1,'matiere-hauts-de-couverts',''),(8,2,'matiere-hauts-de-couverts',''),(9,1,'unite',''),(9,2,'unite','');

--
-- Table structure for table `gcahdy_layered_indexable_attribute_lang_value`
--

CREATE TABLE `gcahdy_layered_indexable_attribute_lang_value` (
  `id_attribute` int(11) NOT NULL,
  `id_lang` int(11) NOT NULL,
  `url_name` varchar(128) DEFAULT NULL,
  `meta_title` varchar(128) DEFAULT NULL,
  PRIMARY KEY (`id_attribute`,`id_lang`)
) ENGINE=InnoDB DEFAULT CHARSET=utf8;

--
-- Dumping data for table `gcahdy_layered_indexable_attribute_lang_value`
--

INSERT INTO `gcahdy_layered_indexable_attribute_lang_value` VALUES (1,1,'pistachier',''),(1,2,'pistachier',''),(2,1,'olivier',''),(2,2,'olivier',''),(3,1,'wenge',''),(3,2,'wenge',''),(4,1,'buis',''),(4,2,'buis',''),(5,1,'cade',''),(5,2,'cade',''),(6,1,'serpent',''),(6,2,'serpent',''),(7,1,'amourette',''),(7,2,'amourette',''),(8,1,'violette',''),(8,2,'violette',''),(9,1,'rose',''),(9,2,'rose',''),(10,1,'ebene',''),(10,2,'ebene',''),(11,1,'bouleau',''),(11,2,'bouleau',''),(12,1,'thuya',''),(12,2,'thuya',''),(13,1,'paperstone',''),(13,2,'paperstone',''),(14,1,'paperstone-gris',''),(14,2,'paperstone-gris',''),(15,1,'paperstone-sable',''),(15,2,'paperstone-sable',''),(16,1,'paperstone-denim',''),(16,2,'paperstone-denim',''),(17,1,'paperstone-moka',''),(17,2,'paperstone-moka',''),(18,1,'bois-assortis',''),(18,2,'bois-assortis',''),(19,1,'chene',''),(19,2,'chene',''),(20,1,'ronce-de-noyer',''),(20,2,'ronce-de-noyer',''),(21,1,'duo-violette-rose',''),(21,2,'duo-violette-rose',''),(22,1,'duo-ebene-buis',''),(22,2,'duo-ebene-buis',''),(23,1,'marqueterie',''),(23,2,'marqueterie',''),(24,1,'pointe-de-corne',''),(24,2,'pointe-de-corne',''),(25,1,'buffle-noir',''),(25,2,'buffle-noir',''),(26,1,'bois-de-cerf',''),(26,2,'bois-de-cerf',''),(27,1,'corne-de-belier',''),(27,2,'corne-de-belier',''),(28,1,'ivoire-de-phacochere',''),(28,2,'ivoire-de-phacochere',''),(29,1,'os-de-girafe',''),(29,2,'os-de-girafe',''),(30,1,'pulpe-mammouth',''),(30,2,'pulpe-mammouth',''),(31,1,'molaire-mammouth',''),(31,2,'molaire-mammouth',''),(32,1,'corail-rouge-tigre',''),(32,2,'corail-rouge',''),(33,1,'mammouth-naturel',''),(33,2,'mammouth-naturel',''),(34,1,'croute-mammouth',''),(34,2,'croute-mammouth',''),(35,1,'ivoire',''),(35,2,'ivoire',''),(36,1,'ivoire-uni',''),(36,2,'ivoire-uni',''),(37,1,'rouge',''),(37,2,'rouge',''),(38,1,'pastello-gris-anthracite',''),(38,2,'pastello-gris-anthracite',''),(39,1,'pastello-ficelle',''),(39,2,'pastello-ficelle',''),(40,1,'pastello-aubergine',''),(40,2,'pastello-aubergine',''),(41,1,'pastello-mastic',''),(41,2,'pastello-mastic',''),(42,1,'pastello-asperge',''),(42,2,'pastello-asperge',''),(43,1,'pastello-gris-bleu',''),(43,2,'pastello-gris-bleu',''),(44,1,'assortiment-pastello',''),(44,2,'assortiment-pastello',''),(45,1,'nacre-bleu-lavande',''),(45,2,'nacre-bleu-lavande',''),(46,1,'nacre-vert-anis',''),(46,2,'nacre-vert-anis',''),(47,1,'nacre-fuschia',''),(47,2,'nacre-fuschia',''),(48,1,'nacre-jaune',''),(48,2,'nacre-jaune',''),(49,1,'nacre-orange',''),(49,2,'nacre-orange',''),(50,1,'nacre-saumon',''),(50,2,'nacre-saumon',''),(51,1,'nacre-gris',''),(51,2,'nacre-gris',''),(52,1,'nacre-bleu-nuit',''),(52,2,'nacre-bleu-nuit',''),(53,1,'nacre-cerise',''),(53,2,'nacre-cerise',''),(54,1,'nacre-noir',''),(54,2,'nacre-noir',''),(55,1,'nacre-rouge-orange',''),(55,2,'nacre-rouge-orange',''),(56,1,'nacre-champagne',''),(56,2,'nacre-champagne',''),(57,1,'assortiment-de-couleurs-nacrees',''),(57,2,'assortiment-de-couleurs-nacrees',''),(58,1,'assortiment-de-couleurs-automne',''),(58,2,'assortiment-de-couleurs-automne',''),(59,1,'assortiment-de-couleurs-nougat',''),(59,2,'assortiment-de-couleurs-nougat',''),(60,1,'or',''),(60,2,'or',''),(61,1,'argent',''),(61,2,'argent',''),(62,1,'copeaux-corne',''),(62,2,'copeaux-corne',''),(63,1,'plume',''),(63,2,'plume',''),(64,1,'brillant',''),(64,2,'brillant',''),(65,1,'sable',''),(65,2,'sable',''),(66,1,'brosse',''),(66,2,'brosse',''),(67,1,'fibre-de-carbone',''),(67,2,'fibre-de-carbone',''),(68,1,'mat',''),(68,2,'',''),(69,1,'brillant',''),(69,2,'',''),(70,1,'acier-inox-x46cr13',''),(70,2,'',''),(71,1,'acier-inox-18-10',''),(71,2,'',''),(72,1,'acier-inox-12c27',''),(72,2,'',''),(73,1,'acier-damas-inox',''),(73,2,'',''),(74,1,'acier-damas-carbone',''),(74,2,'',''),(75,1,'acier-carbone-xc75',''),(75,2,'',''),(76,1,'a-l-unite',''),(76,2,'',''),(77,1,'en-coffret-de-2',''),(77,2,'',''),(78,1,'en-coffret-de-6',''),(78,2,'',''),(79,1,'en-coffret-de-8',''),(79,2,'',''),(80,1,'en-coffret-de-12',''),(80,2,'',''),(81,1,'en-menagere-de-12',''),(81,2,'',''),(82,1,'en-menagere-de-24',''),(82,2,'',''),(83,1,'frene',''),(83,2,'frene',''),(84,1,'corail-tigre',''),(84,2,'corail-tigre',''),(85,1,'chasse',''),(85,2,'chasse',''),(87,1,'acier-inox-x50crmov15',''),(87,2,'acier-inox-x50crmov15','');

--
-- Table structure for table `gcahdy_layered_indexable_feature`
--

CREATE TABLE `gcahdy_layered_indexable_feature` (
  `id_feature` int(11) NOT NULL,
  `indexable` tinyint(1) NOT NULL DEFAULT '0',
  PRIMARY KEY (`id_feature`)
) ENGINE=InnoDB DEFAULT CHARSET=utf8;

--
-- Dumping data for table `gcahdy_layered_indexable_feature`
--

INSERT INTO `gcahdy_layered_indexable_feature` VALUES (1,1),(2,1);

--
-- Table structure for table `gcahdy_layered_indexable_feature_lang_value`
--

CREATE TABLE `gcahdy_layered_indexable_feature_lang_value` (
  `id_feature` int(11) NOT NULL,
  `id_lang` int(11) NOT NULL,
  `url_name` varchar(128) NOT NULL,
  `meta_title` varchar(128) DEFAULT NULL,
  PRIMARY KEY (`id_feature`,`id_lang`)
) ENGINE=InnoDB DEFAULT CHARSET=utf8;

--
-- Dumping data for table `gcahdy_layered_indexable_feature_lang_value`
--

INSERT INTO `gcahdy_layered_indexable_feature_lang_value` VALUES (1,1,'caracteristique-1',''),(2,1,'caracteristique-2','');

--
-- Table structure for table `gcahdy_layered_indexable_feature_value_lang_value`
--

CREATE TABLE `gcahdy_layered_indexable_feature_value_lang_value` (
  `id_feature_value` int(11) NOT NULL,
  `id_lang` int(11) NOT NULL,
  `url_name` varchar(128) DEFAULT NULL,
  `meta_title` varchar(128) DEFAULT NULL,
  PRIMARY KEY (`id_feature_value`,`id_lang`)
) ENGINE=InnoDB DEFAULT CHARSET=utf8;

--
-- Dumping data for table `gcahdy_layered_indexable_feature_value_lang_value`
--

INSERT INTO `gcahdy_layered_indexable_feature_value_lang_value` VALUES (1,1,'',''),(2,1,'',''),(3,1,'',''),(4,1,'',''),(5,1,'',''),(6,1,'',''),(7,1,'',''),(8,1,'','');

--
-- Table structure for table `gcahdy_layered_price_index`
--

CREATE TABLE `gcahdy_layered_price_index` (
  `id_product` int(11) NOT NULL,
  `id_currency` int(11) NOT NULL,
  `id_shop` int(11) NOT NULL,
  `price_min` int(11) NOT NULL,
  `price_max` int(11) NOT NULL,
  PRIMARY KEY (`id_product`,`id_currency`,`id_shop`),
  KEY `id_currency` (`id_currency`),
  KEY `price_min` (`price_min`),
  KEY `price_max` (`price_max`)
) ENGINE=InnoDB DEFAULT CHARSET=utf8;

--
-- Dumping data for table `gcahdy_layered_price_index`
--

INSERT INTO `gcahdy_layered_price_index` VALUES (1,1,1,53,54),(2,1,1,290,290),(3,1,1,333,333),(4,1,1,437,455),(5,1,1,164,164),(6,1,1,229,458),(7,1,1,284,402),(8,1,1,125,150),(10,1,1,276,332),(12,1,1,36,36),(13,1,1,30,36),(15,1,1,67,74),(16,1,1,112,112),(17,1,1,149,199),(18,1,1,73,88),(19,1,1,700,840),(20,1,1,825,990),(23,1,1,167,167),(24,1,1,331,333),(25,1,1,437,485),(26,1,1,229,229),(27,1,1,284,338),(28,1,1,759,759),(29,1,1,252,252),(30,1,1,167,167),(31,1,1,377,433),(34,1,1,167,167),(35,1,1,167,167),(36,1,1,167,167),(37,1,1,190,190),(38,1,1,468,534),(39,1,1,306,360),(40,1,1,111,111),(41,1,1,87,87),(42,1,1,85,85),(43,1,1,148,148),(44,1,1,94,94),(45,1,1,167,167),(46,1,1,-167,167),(47,1,1,167,167),(48,1,1,190,190),(49,1,1,190,190),(50,1,1,190,190),(51,1,1,664,664),(52,1,1,664,664),(53,1,1,1326,1326),(54,1,1,331,331),(55,1,1,475,475),(56,1,1,331,331),(57,1,1,355,422),(58,1,1,342,342),(59,1,1,759,759),(60,1,1,664,664),(62,1,1,332,332),(63,1,1,331,331),(64,1,1,331,331),(65,1,1,618,618),(66,1,1,922,922),(67,1,1,922,922),(68,1,1,1819,1819),(69,1,1,922,922),(70,1,1,1819,1819),(72,1,1,491,562),(73,1,1,793,793),(74,1,1,252,252),(75,1,1,1122,1335),(76,1,1,77,77),(78,1,1,77,77),(79,1,1,81,81),(80,1,1,85,85),(81,1,1,85,85),(82,1,1,101,101),(83,1,1,101,101),(84,1,1,128,128),(85,1,1,117,117),(86,1,1,102,102),(87,1,1,112,112),(88,1,1,98,98),(89,1,1,121,121),(90,1,1,114,114),(91,1,1,85,85),(92,1,1,157,157),(93,1,1,157,157),(94,1,1,132,132),(95,1,1,313,313),(96,1,1,350,350),(97,1,1,59,59),(98,1,1,64,64),(99,1,1,64,64),(100,1,1,71,71),(101,1,1,73,73),(102,1,1,75,75),(103,1,1,75,75),(104,1,1,78,78),(105,1,1,106,106),(106,1,1,87,87),(107,1,1,108,108),(108,1,1,103,103),(109,1,1,85,85),(110,1,1,89,89),(111,1,1,89,89),(112,1,1,103,103),(113,1,1,101,101),(114,1,1,164,164),(115,1,1,106,106),(116,1,1,106,106),(117,1,1,108,108),(118,1,1,164,164),(119,1,1,150,150),(120,1,1,164,164),(121,1,1,52,52),(122,1,1,52,52),(123,1,1,56,56),(124,1,1,60,60),(125,1,1,60,60),(126,1,1,74,74),(127,1,1,102,102),(128,1,1,75,75),(129,1,1,76,76),(130,1,1,89,89),(131,1,1,72,72),(132,1,1,95,95),(133,1,1,94,94),(134,1,1,63,63),(135,1,1,132,132),(136,1,1,92,92),(137,1,1,104,104),(138,1,1,89,89),(139,1,1,138,138),(140,1,1,0,0),(141,1,1,34,34),(142,1,1,128,128),(143,1,1,71,95),(144,1,1,144,144),(145,1,1,161,161),(146,1,1,210,210),(147,1,1,199,199),(148,1,1,124,174),(149,1,1,160,160),(150,1,1,174,174),(151,1,1,89,110),(152,1,1,75,75),(153,1,1,124,124),(154,1,1,141,141),(155,1,1,160,380),(156,1,1,174,174),(157,1,1,149,149),(158,1,1,185,405),(159,1,1,199,199),(160,1,1,160,160),(161,1,1,185,185),(166,1,1,485,485),(167,1,1,485,1167),(168,1,1,485,1167),(169,1,1,990,990),(170,1,1,1447,1447),(171,1,1,840,840),(173,1,1,485,485),(174,1,1,691,691),(175,1,1,712,712),(178,1,1,734,734),(179,1,1,734,734),(180,1,1,992,992),(181,1,1,939,939),(182,1,1,485,485),(183,1,1,485,485),(184,1,1,691,691),(185,1,1,712,712),(187,1,1,75,75),(188,1,1,186,186),(189,1,1,331,332),(191,1,1,333,333),(192,1,1,192,192),(193,1,1,124,174),(194,1,1,284,284),(195,1,1,284,284),(196,1,1,278,278),(197,1,1,468,505),(198,1,1,287,287),(200,1,1,539,597),(201,1,1,10,10),(202,1,1,637,637),(203,1,1,332,332),(204,1,1,67,74),(206,1,1,77,77),(207,1,1,69,114),(208,1,1,71,114),(209,1,1,67,67),(210,1,1,69,95),(211,1,1,110,110),(212,1,1,118,118),(213,1,1,95,114),(217,1,1,174,174),(218,1,1,181,181),(219,1,1,181,181),(220,1,1,342,342),(221,1,1,115,115),(222,1,1,113,113),(223,1,1,121,121),(224,1,1,140,140),(225,1,1,121,121),(226,1,1,115,115),(227,1,1,121,121),(228,1,1,127,127),(229,1,1,127,127),(230,1,1,161,161),(242,1,1,124,124),(244,1,1,126,126),(245,1,1,134,134),(246,1,1,128,128),(247,1,1,128,128),(248,1,1,134,134),(249,1,1,134,134),(250,1,1,141,141),(251,1,1,141,141),(252,1,1,156,156),(253,1,1,174,174),(254,1,1,156,156),(255,1,1,180,180),(256,1,1,188,188),(257,1,1,192,192),(258,1,1,380,380),(260,1,1,185,185),(261,1,1,204,204),(262,1,1,210,210),(263,1,1,405,405),(264,1,1,166,166),(272,1,1,159,159),(275,1,1,153,153),(276,1,1,153,153),(278,1,1,159,159),(279,1,1,149,149),(280,1,1,150,150),(281,1,1,159,159),(282,1,1,166,166),(284,1,1,181,181),(285,1,1,199,199),(286,1,1,181,181),(288,1,1,105,105),(289,1,1,98,98),(290,1,1,92,92),(291,1,1,98,98),(292,1,1,92,92),(294,1,1,92,92),(295,1,1,98,98),(297,1,1,89,89),(301,1,1,188,188),(302,1,1,180,180),(303,1,1,188,188),(304,1,1,380,380),(305,1,1,204,204),(306,1,1,210,210),(307,1,1,210,210),(308,1,1,405,405),(310,1,1,134,134),(312,1,1,128,128),(313,1,1,128,128),(314,1,1,134,134),(315,1,1,124,124),(316,1,1,126,126),(318,1,1,134,134),(319,1,1,128,128),(320,1,1,156,156),(321,1,1,174,174),(322,1,1,174,174),(323,1,1,160,160),(324,1,1,180,180),(325,1,1,188,188),(326,1,1,188,188),(327,1,1,380,380),(328,1,1,166,166),(329,1,1,159,159),(330,1,1,153,153),(331,1,1,153,153),(332,1,1,159,159),(333,1,1,150,150),(335,1,1,159,159),(336,1,1,166,166),(337,1,1,184,184),(339,1,1,199,199),(340,1,1,185,185),(341,1,1,199,199),(342,1,1,204,204),(343,1,1,210,210),(344,1,1,210,210),(345,1,1,405,405),(347,1,1,1119,1119),(348,1,1,1269,1269),(349,1,1,1167,1167),(350,1,1,990,990),(351,1,1,840,840),(352,1,1,1167,1167),(355,1,1,1447,1447),(356,1,1,734,734),(357,1,1,1269,1269),(358,1,1,1119,1119),(359,1,1,992,992),(360,1,1,939,939),(361,1,1,734,734),(363,1,1,27,27),(365,1,1,288,288),(366,1,1,391,391),(367,1,1,437,922),(368,1,1,333,333),(369,1,1,355,422),(370,1,1,664,664),(372,1,1,180,180),(373,1,1,505,505),(374,1,1,455,455),(375,1,1,455,455),(376,1,1,922,922),(377,1,1,455,455),(378,1,1,455,455),(379,1,1,922,922),(380,1,1,455,455),(381,1,1,455,455),(382,1,1,922,922),(383,1,1,284,284),(385,1,1,331,331),(386,1,1,331,331),(387,1,1,331,331),(388,1,1,1321,1321),(390,1,1,156,156),(391,1,1,604,604),(392,1,1,2,2),(393,1,1,210,210),(394,1,1,284,284),(395,1,1,568,568),(396,1,1,284,284),(397,1,1,568,568),(398,1,1,278,278),(399,1,1,556,556),(400,1,1,510,510),(401,1,1,67,67),(402,1,1,339,339),(404,1,1,248,248),(405,1,1,568,568),(407,1,1,68,68),(408,1,1,70,70),(410,1,1,0,500),(411,1,1,46,56),(412,1,1,580,580),(413,1,1,290,290),(414,1,1,580,580),(415,1,1,290,290),(416,1,1,203,203),(417,1,1,55,55),(418,1,1,550,550),(420,1,1,134,134),(421,1,1,159,159),(422,1,1,134,134),(423,1,1,159,159),(424,1,1,337,337);

--
-- Table structure for table `gcahdy_layered_product_attribute`
--

CREATE TABLE `gcahdy_layered_product_attribute` (
  `id_attribute` int(10) unsigned NOT NULL,
  `id_product` int(10) unsigned NOT NULL,
  `id_attribute_group` int(10) unsigned NOT NULL DEFAULT '0',
  `id_shop` int(10) unsigned NOT NULL DEFAULT '1',
  PRIMARY KEY (`id_attribute`,`id_product`,`id_shop`),
  UNIQUE KEY `id_attribute_group` (`id_attribute_group`,`id_attribute`,`id_product`,`id_shop`)
) ENGINE=InnoDB DEFAULT CHARSET=utf8;

--
-- Dumping data for table `gcahdy_layered_product_attribute`
--

INSERT INTO `gcahdy_layered_product_attribute` VALUES (1,25,1,1),(1,38,1,1),(1,197,1,1),(1,203,1,1),(1,227,1,1),(1,249,1,1),(1,281,1,1),(1,295,1,1),(1,318,1,1),(1,335,1,1),(1,365,1,1),(1,367,1,1),(2,4,1,1),(2,16,1,1),(2,23,1,1),(2,24,1,1),(2,25,1,1),(2,37,1,1),(2,38,1,1),(2,40,1,1),(2,47,1,1),(2,57,1,1),(2,76,1,1),(2,78,1,1),(2,79,1,1),(2,80,1,1),(2,81,1,1),(2,82,1,1),(2,83,1,1),(2,84,1,1),(2,85,1,1),(2,86,1,1),(2,87,1,1),(2,88,1,1),(2,89,1,1),(2,90,1,1),(2,91,1,1),(2,92,1,1),(2,93,1,1),(2,94,1,1),(2,157,1,1),(2,189,1,1),(2,203,1,1),(2,209,1,1),(2,242,1,1),(2,279,1,1),(2,297,1,1),(2,315,1,1),(2,363,1,1),(2,365,1,1),(2,367,1,1),(2,369,1,1),(2,372,1,1),(2,391,1,1),(3,23,1,1),(3,47,1,1),(3,197,1,1),(3,203,1,1),(4,47,1,1),(4,210,1,1),(4,222,1,1),(4,244,1,1),(4,280,1,1),(4,290,1,1),(4,316,1,1),(4,333,1,1),(5,4,1,1),(5,23,1,1),(5,24,1,1),(5,25,1,1),(5,31,1,1),(5,37,1,1),(5,38,1,1),(5,40,1,1),(5,47,1,1),(5,57,1,1),(5,76,1,1),(5,78,1,1),(5,79,1,1),(5,80,1,1),(5,81,1,1),(5,82,1,1),(5,83,1,1),(5,84,1,1),(5,85,1,1),(5,86,1,1),(5,87,1,1),(5,88,1,1),(5,89,1,1),(5,90,1,1),(5,91,1,1),(5,92,1,1),(5,93,1,1),(5,94,1,1),(5,95,1,1),(5,96,1,1),(5,189,1,1),(5,203,1,1),(5,206,1,1),(5,221,1,1),(5,246,1,1),(5,275,1,1),(5,294,1,1),(5,312,1,1),(5,330,1,1),(5,365,1,1),(5,367,1,1),(5,369,1,1),(7,24,1,1),(7,38,1,1),(7,57,1,1),(7,154,1,1),(7,189,1,1),(7,211,1,1),(7,228,1,1),(7,250,1,1),(7,264,1,1),(7,288,1,1),(7,328,1,1),(7,369,1,1),(8,37,1,1),(8,207,1,1),(8,226,1,1),(8,247,1,1),(8,276,1,1),(8,292,1,1),(8,313,1,1),(8,331,1,1),(8,365,1,1),(9,25,1,1),(9,208,1,1),(9,225,1,1),(9,245,1,1),(9,278,1,1),(9,291,1,1),(9,314,1,1),(9,332,1,1),(9,367,1,1),(10,143,1,1),(10,203,1,1),(10,223,1,1),(10,248,1,1),(10,272,1,1),(10,289,1,1),(10,310,1,1),(10,329,1,1),(10,369,1,1),(11,31,1,1),(11,229,1,1),(11,251,1,1),(11,282,1,1),(11,319,1,1),(11,336,1,1),(18,4,1,1),(18,23,1,1),(18,24,1,1),(18,25,1,1),(18,28,1,1),(18,31,1,1),(18,37,1,1),(18,38,1,1),(18,47,1,1),(18,51,1,1),(18,52,1,1),(18,53,1,1),(18,57,1,1),(18,59,1,1),(18,60,1,1),(18,62,1,1),(18,66,1,1),(18,67,1,1),(18,68,1,1),(18,69,1,1),(18,70,1,1),(18,73,1,1),(18,189,1,1),(18,197,1,1),(18,203,1,1),(18,365,1,1),(18,367,1,1),(18,369,1,1),(18,370,1,1),(18,374,1,1),(18,376,1,1),(18,377,1,1),(18,379,1,1),(18,380,1,1),(18,382,1,1),(18,402,1,1),(19,41,1,1),(19,97,1,1),(19,98,1,1),(19,99,1,1),(19,100,1,1),(19,101,1,1),(19,102,1,1),(19,103,1,1),(19,104,1,1),(19,105,1,1),(19,106,1,1),(19,107,1,1),(19,108,1,1),(19,401,1,1),(20,173,1,1),(20,179,1,1),(20,183,1,1),(20,212,1,1),(20,230,1,1),(20,253,1,1),(20,285,1,1),(20,321,1,1),(20,339,1,1),(20,361,1,1),(21,207,1,1),(21,208,1,1),(21,213,1,1),(22,143,1,1),(22,210,1,1),(22,213,1,1),(23,224,1,1),(23,252,1,1),(23,284,1,1),(23,320,1,1),(23,337,1,1),(89,254,1,1),(89,286,1,1),(100,363,1,1),(100,372,1,1),(100,420,1,1),(100,421,1,1),(100,422,1,1),(100,423,1,1),(101,375,1,1),(101,378,1,1),(101,381,1,1),(102,390,1,1),(104,363,1,1),(104,372,1,1),(24,72,2,1),(24,142,2,1),(24,144,2,1),(24,149,2,1),(24,153,2,1),(24,160,2,1),(24,161,2,1),(24,200,2,1),(24,260,2,1),(24,323,2,1),(24,340,2,1),(24,418,2,1),(25,202,2,1),(25,217,2,1),(25,255,2,1),(25,261,2,1),(25,302,2,1),(25,305,2,1),(25,324,2,1),(25,342,2,1),(26,65,2,1),(26,72,2,1),(26,146,2,1),(26,219,2,1),(26,257,2,1),(26,301,2,1),(26,307,2,1),(26,326,2,1),(26,344,2,1),(27,202,2,1),(27,218,2,1),(27,256,2,1),(27,303,2,1),(27,306,2,1),(27,325,2,1),(27,343,2,1),(28,168,2,1),(28,174,2,1),(28,181,2,1),(28,184,2,1),(28,220,2,1),(28,258,2,1),(28,263,2,1),(28,304,2,1),(28,308,2,1),(28,327,2,1),(28,345,2,1),(28,360,2,1),(29,175,2,1),(29,180,2,1),(29,185,2,1),(29,359,2,1),(31,171,2,1),(31,347,2,1),(31,351,2,1),(31,358,2,1),(33,169,2,1),(33,348,2,1),(33,350,2,1),(33,357,2,1),(34,170,2,1),(34,349,2,1),(34,352,2,1),(34,355,2,1),(94,200,2,1),(36,36,3,1),(36,45,3,1),(36,49,3,1),(36,56,3,1),(36,58,3,1),(36,64,3,1),(37,36,3,1),(37,45,3,1),(37,49,3,1),(37,56,3,1),(37,58,3,1),(44,56,3,1),(44,58,3,1),(44,64,3,1),(56,34,3,1),(56,54,3,1),(56,63,3,1),(56,385,3,1),(56,386,3,1),(56,387,3,1),(56,388,3,1),(57,30,3,1),(57,34,3,1),(57,48,3,1),(57,54,3,1),(57,63,3,1),(58,54,3,1),(59,54,3,1),(88,36,3,1),(88,45,3,1),(88,49,3,1),(88,56,3,1),(88,58,3,1),(88,64,3,1),(88,424,3,1),(62,55,4,1),(63,192,4,1),(85,192,4,1),(90,192,4,1),(91,192,4,1),(92,192,4,1),(99,362,4,1),(99,364,4,1),(64,5,5,1),(64,6,5,1),(64,7,5,1),(64,15,5,1),(64,26,5,1),(64,27,5,1),(64,29,5,1),(64,39,5,1),(64,74,5,1),(64,75,5,1),(64,194,5,1),(64,195,5,1),(64,196,5,1),(64,204,5,1),(64,393,5,1),(64,394,5,1),(64,395,5,1),(64,396,5,1),(64,397,5,1),(64,398,5,1),(64,399,5,1),(64,405,5,1),(64,407,5,1),(64,408,5,1),(64,411,5,1),(64,412,5,1),(64,413,5,1),(64,414,5,1),(64,415,5,1),(64,416,5,1),(65,7,5,1),(65,15,5,1),(65,27,5,1),(65,39,5,1),(65,42,5,1),(65,75,5,1),(65,121,5,1),(65,122,5,1),(65,123,5,1),(65,124,5,1),(65,125,5,1),(65,126,5,1),(65,127,5,1),(65,128,5,1),(65,129,5,1),(65,130,5,1),(65,131,5,1),(65,132,5,1),(65,133,5,1),(65,134,5,1),(65,135,5,1),(65,137,5,1),(65,204,5,1),(65,411,5,1),(65,417,5,1),(66,5,5,1),(66,7,5,1),(66,27,5,1),(66,29,5,1),(66,39,5,1),(66,74,5,1),(66,75,5,1),(66,383,5,1),(66,411,5,1),(13,3,6,1),(13,35,6,1),(13,46,6,1),(13,50,6,1),(13,191,6,1),(13,368,6,1),(13,400,6,1),(14,3,6,1),(14,35,6,1),(14,46,6,1),(14,50,6,1),(14,191,6,1),(14,368,6,1),(15,35,6,1),(15,46,6,1),(15,50,6,1),(15,191,6,1),(15,368,6,1),(17,35,6,1),(17,46,6,1),(17,50,6,1),(67,43,6,1),(67,109,6,1),(67,110,6,1),(67,111,6,1),(67,112,6,1),(67,113,6,1),(67,114,6,1),(67,115,6,1),(67,116,6,1),(67,117,6,1),(67,118,6,1),(67,119,6,1),(67,120,6,1),(67,145,6,1),(67,147,6,1),(67,150,6,1),(67,166,6,1),(67,178,6,1),(67,182,6,1),(67,322,6,1),(67,341,6,1),(67,356,6,1),(67,366,6,1),(68,3,7,1),(68,15,7,1),(68,16,7,1),(68,23,7,1),(68,24,7,1),(68,30,7,1),(68,35,7,1),(68,37,7,1),(68,38,7,1),(68,40,7,1),(68,41,7,1),(68,42,7,1),(68,43,7,1),(68,46,7,1),(68,47,7,1),(68,50,7,1),(68,51,7,1),(68,52,7,1),(68,53,7,1),(68,60,7,1),(68,62,7,1),(68,76,7,1),(68,78,7,1),(68,79,7,1),(68,80,7,1),(68,81,7,1),(68,82,7,1),(68,83,7,1),(68,84,7,1),(68,85,7,1),(68,86,7,1),(68,87,7,1),(68,88,7,1),(68,89,7,1),(68,90,7,1),(68,91,7,1),(68,92,7,1),(68,93,7,1),(68,94,7,1),(68,95,7,1),(68,96,7,1),(68,97,7,1),(68,98,7,1),(68,99,7,1),(68,100,7,1),(68,101,7,1),(68,102,7,1),(68,103,7,1),(68,104,7,1),(68,105,7,1),(68,106,7,1),(68,107,7,1),(68,108,7,1),(68,109,7,1),(68,110,7,1),(68,111,7,1),(68,112,7,1),(68,113,7,1),(68,114,7,1),(68,115,7,1),(68,116,7,1),(68,117,7,1),(68,118,7,1),(68,119,7,1),(68,120,7,1),(68,121,7,1),(68,122,7,1),(68,123,7,1),(68,124,7,1),(68,125,7,1),(68,126,7,1),(68,127,7,1),(68,128,7,1),(68,129,7,1),(68,130,7,1),(68,131,7,1),(68,132,7,1),(68,133,7,1),(68,134,7,1),(68,135,7,1),(68,137,7,1),(68,142,7,1),(68,143,7,1),(68,144,7,1),(68,145,7,1),(68,146,7,1),(68,147,7,1),(68,149,7,1),(68,150,7,1),(68,153,7,1),(68,154,7,1),(68,157,7,1),(68,160,7,1),(68,161,7,1),(68,166,7,1),(68,168,7,1),(68,169,7,1),(68,170,7,1),(68,171,7,1),(68,173,7,1),(68,174,7,1),(68,175,7,1),(68,178,7,1),(68,179,7,1),(68,180,7,1),(68,181,7,1),(68,182,7,1),(68,183,7,1),(68,184,7,1),(68,185,7,1),(68,189,7,1),(68,191,7,1),(68,192,7,1),(68,203,7,1),(68,204,7,1),(68,206,7,1),(68,207,7,1),(68,208,7,1),(68,209,7,1),(68,210,7,1),(68,211,7,1),(68,212,7,1),(68,213,7,1),(68,217,7,1),(68,218,7,1),(68,219,7,1),(68,220,7,1),(68,221,7,1),(68,222,7,1),(68,223,7,1),(68,224,7,1),(68,225,7,1),(68,226,7,1),(68,227,7,1),(68,228,7,1),(68,229,7,1),(68,230,7,1),(68,242,7,1),(68,244,7,1),(68,245,7,1),(68,246,7,1),(68,247,7,1),(68,248,7,1),(68,249,7,1),(68,250,7,1),(68,251,7,1),(68,252,7,1),(68,253,7,1),(68,254,7,1),(68,255,7,1),(68,256,7,1),(68,257,7,1),(68,258,7,1),(68,260,7,1),(68,261,7,1),(68,262,7,1),(68,263,7,1),(68,264,7,1),(68,272,7,1),(68,275,7,1),(68,276,7,1),(68,278,7,1),(68,279,7,1),(68,280,7,1),(68,281,7,1),(68,282,7,1),(68,284,7,1),(68,285,7,1),(68,286,7,1),(68,288,7,1),(68,289,7,1),(68,290,7,1),(68,291,7,1),(68,292,7,1),(68,294,7,1),(68,295,7,1),(68,297,7,1),(68,301,7,1),(68,302,7,1),(68,303,7,1),(68,304,7,1),(68,305,7,1),(68,306,7,1),(68,307,7,1),(68,308,7,1),(68,310,7,1),(68,312,7,1),(68,313,7,1),(68,314,7,1),(68,315,7,1),(68,316,7,1),(68,318,7,1),(68,319,7,1),(68,320,7,1),(68,321,7,1),(68,322,7,1),(68,323,7,1),(68,324,7,1),(68,325,7,1),(68,326,7,1),(68,327,7,1),(68,328,7,1),(68,329,7,1),(68,330,7,1),(68,331,7,1),(68,332,7,1),(68,333,7,1),(68,335,7,1),(68,336,7,1),(68,337,7,1),(68,339,7,1),(68,340,7,1),(68,341,7,1),(68,342,7,1),(68,343,7,1),(68,344,7,1),(68,345,7,1),(68,347,7,1),(68,348,7,1),(68,349,7,1),(68,350,7,1),(68,351,7,1),(68,352,7,1),(68,355,7,1),(68,356,7,1),(68,357,7,1),(68,358,7,1),(68,359,7,1),(68,360,7,1),(68,361,7,1),(68,363,7,1),(68,365,7,1),(68,366,7,1),(68,368,7,1),(68,370,7,1),(68,372,7,1),(68,388,7,1),(68,390,7,1),(68,401,7,1),(68,402,7,1),(68,420,7,1),(68,421,7,1),(68,422,7,1),(68,423,7,1),(69,4,7,1),(69,25,7,1),(69,28,7,1),(69,31,7,1),(69,34,7,1),(69,36,7,1),(69,38,7,1),(69,45,7,1),(69,48,7,1),(69,49,7,1),(69,54,7,1),(69,55,7,1),(69,56,7,1),(69,57,7,1),(69,58,7,1),(69,59,7,1),(69,63,7,1),(69,64,7,1),(69,65,7,1),(69,66,7,1),(69,67,7,1),(69,68,7,1),(69,69,7,1),(69,70,7,1),(69,72,7,1),(69,73,7,1),(69,75,7,1),(69,200,7,1),(69,362,7,1),(69,364,7,1),(69,367,7,1),(69,369,7,1),(69,374,7,1),(69,375,7,1),(69,376,7,1),(69,377,7,1),(69,378,7,1),(69,379,7,1),(69,380,7,1),(69,381,7,1),(69,382,7,1),(69,385,7,1),(69,386,7,1),(69,387,7,1),(69,391,7,1),(69,400,7,1),(69,410,7,1),(69,417,7,1),(69,418,7,1),(69,424,7,1),(93,197,7,1),(93,202,7,1),(70,3,8,1),(70,4,8,1),(70,5,8,1),(70,6,8,1),(70,7,8,1),(70,23,8,1),(70,24,8,1),(70,25,8,1),(70,26,8,1),(70,27,8,1),(70,28,8,1),(70,29,8,1),(70,30,8,1),(70,31,8,1),(70,34,8,1),(70,35,8,1),(70,36,8,1),(70,37,8,1),(70,38,8,1),(70,39,8,1),(70,45,8,1),(70,46,8,1),(70,47,8,1),(70,48,8,1),(70,49,8,1),(70,50,8,1),(70,51,8,1),(70,52,8,1),(70,53,8,1),(70,54,8,1),(70,55,8,1),(70,56,8,1),(70,57,8,1),(70,58,8,1),(70,60,8,1),(70,63,8,1),(70,64,8,1),(70,65,8,1),(70,66,8,1),(70,68,8,1),(70,69,8,1),(70,70,8,1),(70,72,8,1),(70,73,8,1),(70,75,8,1),(70,191,8,1),(70,197,8,1),(70,200,8,1),(70,202,8,1),(70,203,8,1),(70,362,8,1),(70,365,8,1),(70,366,8,1),(70,370,8,1),(70,388,8,1),(70,398,8,1),(70,399,8,1),(70,400,8,1),(70,402,8,1),(70,407,8,1),(70,408,8,1),(70,411,8,1),(70,418,8,1),(71,59,8,1),(71,62,8,1),(71,67,8,1),(71,74,8,1),(71,189,8,1),(71,194,8,1),(71,195,8,1),(71,196,8,1),(71,364,8,1),(71,367,8,1),(71,368,8,1),(71,369,8,1),(71,374,8,1),(71,375,8,1),(71,376,8,1),(71,377,8,1),(71,378,8,1),(71,379,8,1),(71,380,8,1),(71,381,8,1),(71,382,8,1),(71,383,8,1),(71,385,8,1),(71,386,8,1),(71,387,8,1),(71,391,8,1),(71,393,8,1),(71,394,8,1),(71,395,8,1),(71,396,8,1),(71,397,8,1),(71,405,8,1),(71,412,8,1),(71,413,8,1),(71,414,8,1),(71,415,8,1),(71,416,8,1),(71,417,8,1),(71,424,8,1),(72,15,8,1),(72,16,8,1),(72,142,8,1),(72,143,8,1),(72,144,8,1),(72,145,8,1),(72,146,8,1),(72,147,8,1),(72,149,8,1),(72,150,8,1),(72,153,8,1),(72,154,8,1),(72,157,8,1),(72,160,8,1),(72,161,8,1),(72,192,8,1),(72,204,8,1),(72,206,8,1),(72,207,8,1),(72,208,8,1),(72,209,8,1),(72,210,8,1),(72,211,8,1),(72,212,8,1),(72,213,8,1),(72,217,8,1),(72,218,8,1),(72,219,8,1),(72,220,8,1),(72,221,8,1),(72,222,8,1),(72,223,8,1),(72,224,8,1),(72,225,8,1),(72,226,8,1),(72,227,8,1),(72,228,8,1),(72,229,8,1),(72,230,8,1),(72,242,8,1),(72,244,8,1),(72,245,8,1),(72,246,8,1),(72,247,8,1),(72,248,8,1),(72,249,8,1),(72,250,8,1),(72,251,8,1),(72,252,8,1),(72,253,8,1),(72,254,8,1),(72,255,8,1),(72,256,8,1),(72,257,8,1),(72,258,8,1),(72,260,8,1),(72,261,8,1),(72,262,8,1),(72,263,8,1),(72,264,8,1),(72,272,8,1),(72,275,8,1),(72,276,8,1),(72,278,8,1),(72,279,8,1),(72,280,8,1),(72,281,8,1),(72,282,8,1),(72,284,8,1),(72,285,8,1),(72,286,8,1),(72,288,8,1),(72,289,8,1),(72,290,8,1),(72,291,8,1),(72,292,8,1),(72,294,8,1),(72,295,8,1),(72,297,8,1),(72,301,8,1),(72,302,8,1),(72,303,8,1),(72,304,8,1),(72,305,8,1),(72,306,8,1),(72,307,8,1),(72,308,8,1),(72,310,8,1),(72,312,8,1),(72,313,8,1),(72,314,8,1),(72,315,8,1),(72,316,8,1),(72,318,8,1),(72,319,8,1),(72,320,8,1),(72,321,8,1),(72,322,8,1),(72,323,8,1),(72,324,8,1),(72,325,8,1),(72,326,8,1),(72,327,8,1),(72,328,8,1),(72,329,8,1),(72,330,8,1),(72,331,8,1),(72,332,8,1),(72,333,8,1),(72,335,8,1),(72,336,8,1),(72,337,8,1),(72,339,8,1),(72,340,8,1),(72,341,8,1),(72,342,8,1),(72,343,8,1),(72,344,8,1),(72,345,8,1),(72,390,8,1),(72,420,8,1),(72,421,8,1),(72,422,8,1),(72,423,8,1),(73,166,8,1),(73,168,8,1),(73,169,8,1),(73,171,8,1),(73,173,8,1),(73,174,8,1),(73,175,8,1),(73,182,8,1),(73,183,8,1),(73,184,8,1),(73,185,8,1),(73,349,8,1),(73,350,8,1),(73,351,8,1),(73,352,8,1),(73,410,8,1),(74,170,8,1),(74,178,8,1),(74,179,8,1),(74,180,8,1),(74,181,8,1),(74,347,8,1),(74,348,8,1),(74,355,8,1),(74,356,8,1),(74,357,8,1),(74,358,8,1),(74,359,8,1),(74,360,8,1),(74,361,8,1),(87,40,8,1),(87,41,8,1),(87,42,8,1),(87,43,8,1),(87,76,8,1),(87,78,8,1),(87,79,8,1),(87,80,8,1),(87,81,8,1),(87,82,8,1),(87,83,8,1),(87,84,8,1),(87,85,8,1),(87,86,8,1),(87,87,8,1),(87,88,8,1),(87,89,8,1),(87,90,8,1),(87,92,8,1),(87,93,8,1),(87,94,8,1),(87,95,8,1),(87,96,8,1),(87,97,8,1),(87,98,8,1),(87,99,8,1),(87,100,8,1),(87,101,8,1),(87,102,8,1),(87,103,8,1),(87,104,8,1),(87,105,8,1),(87,106,8,1),(87,107,8,1),(87,108,8,1),(87,109,8,1),(87,110,8,1),(87,111,8,1),(87,112,8,1),(87,113,8,1),(87,114,8,1),(87,115,8,1),(87,116,8,1),(87,117,8,1),(87,118,8,1),(87,119,8,1),(87,120,8,1),(87,121,8,1),(87,122,8,1),(87,123,8,1),(87,124,8,1),(87,125,8,1),(87,126,8,1),(87,127,8,1),(87,128,8,1),(87,129,8,1),(87,130,8,1),(87,131,8,1),(87,132,8,1),(87,133,8,1),(87,135,8,1),(87,137,8,1),(97,91,8,1),(97,134,8,1),(97,401,8,1),(105,363,8,1),(105,372,8,1),(76,15,9,1),(76,16,9,1),(76,40,9,1),(76,41,9,1),(76,42,9,1),(76,43,9,1),(76,76,9,1),(76,78,9,1),(76,79,9,1),(76,80,9,1),(76,81,9,1),(76,82,9,1),(76,83,9,1),(76,84,9,1),(76,85,9,1),(76,86,9,1),(76,87,9,1),(76,88,9,1),(76,89,9,1),(76,90,9,1),(76,91,9,1),(76,92,9,1),(76,93,9,1),(76,94,9,1),(76,95,9,1),(76,96,9,1),(76,97,9,1),(76,98,9,1),(76,99,9,1),(76,100,9,1),(76,101,9,1),(76,102,9,1),(76,103,9,1),(76,104,9,1),(76,105,9,1),(76,106,9,1),(76,107,9,1),(76,108,9,1),(76,109,9,1),(76,110,9,1),(76,111,9,1),(76,112,9,1),(76,113,9,1),(76,114,9,1),(76,115,9,1),(76,116,9,1),(76,117,9,1),(76,118,9,1),(76,119,9,1),(76,120,9,1),(76,121,9,1),(76,122,9,1),(76,123,9,1),(76,124,9,1),(76,125,9,1),(76,126,9,1),(76,127,9,1),(76,128,9,1),(76,129,9,1),(76,130,9,1),(76,131,9,1),(76,132,9,1),(76,133,9,1),(76,134,9,1),(76,135,9,1),(76,137,9,1),(76,142,9,1),(76,143,9,1),(76,144,9,1),(76,145,9,1),(76,146,9,1),(76,147,9,1),(76,149,9,1),(76,150,9,1),(76,153,9,1),(76,154,9,1),(76,157,9,1),(76,160,9,1),(76,161,9,1),(76,166,9,1),(76,168,9,1),(76,169,9,1),(76,170,9,1),(76,171,9,1),(76,173,9,1),(76,174,9,1),(76,175,9,1),(76,178,9,1),(76,179,9,1),(76,180,9,1),(76,181,9,1),(76,182,9,1),(76,183,9,1),(76,184,9,1),(76,185,9,1),(76,192,9,1),(76,201,9,1),(76,204,9,1),(76,206,9,1),(76,207,9,1),(76,208,9,1),(76,209,9,1),(76,210,9,1),(76,211,9,1),(76,212,9,1),(76,213,9,1),(76,217,9,1),(76,218,9,1),(76,219,9,1),(76,220,9,1),(76,221,9,1),(76,222,9,1),(76,223,9,1),(76,224,9,1),(76,225,9,1),(76,226,9,1),(76,227,9,1),(76,228,9,1),(76,229,9,1),(76,230,9,1),(76,242,9,1),(76,244,9,1),(76,245,9,1),(76,246,9,1),(76,247,9,1),(76,248,9,1),(76,249,9,1),(76,250,9,1),(76,251,9,1),(76,252,9,1),(76,253,9,1),(76,254,9,1),(76,255,9,1),(76,256,9,1),(76,257,9,1),(76,258,9,1),(76,260,9,1),(76,261,9,1),(76,262,9,1),(76,263,9,1),(76,264,9,1),(76,272,9,1),(76,275,9,1),(76,276,9,1),(76,278,9,1),(76,279,9,1),(76,280,9,1),(76,281,9,1),(76,282,9,1),(76,284,9,1),(76,285,9,1),(76,286,9,1),(76,288,9,1),(76,289,9,1),(76,290,9,1),(76,291,9,1),(76,292,9,1),(76,294,9,1),(76,295,9,1),(76,297,9,1),(76,301,9,1),(76,302,9,1),(76,303,9,1),(76,304,9,1),(76,305,9,1),(76,306,9,1),(76,307,9,1),(76,308,9,1),(76,310,9,1),(76,312,9,1),(76,313,9,1),(76,314,9,1),(76,315,9,1),(76,316,9,1),(76,318,9,1),(76,319,9,1),(76,320,9,1),(76,321,9,1),(76,322,9,1),(76,323,9,1),(76,324,9,1),(76,325,9,1),(76,326,9,1),(76,327,9,1),(76,328,9,1),(76,329,9,1),(76,330,9,1),(76,331,9,1),(76,332,9,1),(76,333,9,1),(76,335,9,1),(76,336,9,1),(76,337,9,1),(76,339,9,1),(76,340,9,1),(76,341,9,1),(76,342,9,1),(76,343,9,1),(76,344,9,1),(76,345,9,1),(76,347,9,1),(76,348,9,1),(76,349,9,1),(76,350,9,1),(76,351,9,1),(76,352,9,1),(76,355,9,1),(76,356,9,1),(76,357,9,1),(76,358,9,1),(76,359,9,1),(76,360,9,1),(76,361,9,1),(76,363,9,1),(76,390,9,1),(76,401,9,1),(76,407,9,1),(76,408,9,1),(76,411,9,1),(76,417,9,1),(76,420,9,1),(76,421,9,1),(76,422,9,1),(76,423,9,1),(77,393,9,1),(77,416,9,1),(78,3,9,1),(78,4,9,1),(78,5,9,1),(78,6,9,1),(78,7,9,1),(78,23,9,1),(78,24,9,1),(78,25,9,1),(78,26,9,1),(78,27,9,1),(78,29,9,1),(78,30,9,1),(78,31,9,1),(78,34,9,1),(78,35,9,1),(78,36,9,1),(78,37,9,1),(78,38,9,1),(78,39,9,1),(78,45,9,1),(78,46,9,1),(78,47,9,1),(78,48,9,1),(78,49,9,1),(78,50,9,1),(78,54,9,1),(78,55,9,1),(78,56,9,1),(78,57,9,1),(78,58,9,1),(78,62,9,1),(78,63,9,1),(78,64,9,1),(78,65,9,1),(78,72,9,1),(78,74,9,1),(78,189,9,1),(78,191,9,1),(78,194,9,1),(78,195,9,1),(78,196,9,1),(78,197,9,1),(78,200,9,1),(78,202,9,1),(78,203,9,1),(78,362,9,1),(78,364,9,1),(78,365,9,1),(78,366,9,1),(78,367,9,1),(78,368,9,1),(78,369,9,1),(78,372,9,1),(78,374,9,1),(78,375,9,1),(78,377,9,1),(78,378,9,1),(78,380,9,1),(78,381,9,1),(78,383,9,1),(78,385,9,1),(78,386,9,1),(78,387,9,1),(78,394,9,1),(78,396,9,1),(78,398,9,1),(78,400,9,1),(78,402,9,1),(78,410,9,1),(78,413,9,1),(78,415,9,1),(78,418,9,1),(78,424,9,1),(79,391,9,1),(80,28,9,1),(80,51,9,1),(80,59,9,1),(80,60,9,1),(80,66,9,1),(80,67,9,1),(80,73,9,1),(80,370,9,1),(80,376,9,1),(80,379,9,1),(80,382,9,1),(81,52,9,1),(81,69,9,1),(82,53,9,1),(82,68,9,1),(82,70,9,1),(82,75,9,1),(82,388,9,1),(103,395,9,1),(103,397,9,1),(103,399,9,1),(103,405,9,1),(103,412,9,1),(103,414,9,1),(107,410,10,1);

--
-- Table structure for table `gcahdy_leoblog_blog`
--

CREATE TABLE `gcahdy_leoblog_blog` (
  `id_leoblog_blog` int(11) NOT NULL AUTO_INCREMENT,
  `id_leoblogcat` int(11) NOT NULL,
  `position` int(11) NOT NULL,
  `date_add` date NOT NULL,
  `active` tinyint(1) NOT NULL,
  `user_id` int(11) NOT NULL,
  `hits` int(11) NOT NULL,
  `image` varchar(255) DEFAULT NULL,
  `date_upd` datetime NOT NULL,
  `video_code` text,
  `params` text,
  `featured` tinyint(1) NOT NULL,
  `indexation` int(11) NOT NULL,
  `id_employee` int(11) NOT NULL,
  `product_ids` varchar(255) DEFAULT NULL,
  `thumb` varchar(255) DEFAULT NULL,
  PRIMARY KEY (`id_leoblog_blog`)
) ENGINE=InnoDB AUTO_INCREMENT=83 DEFAULT CHARSET=utf8;

--
-- Dumping data for table `gcahdy_leoblog_blog`
--

INSERT INTO `gcahdy_leoblog_blog` VALUES (60,25,0,'2018-04-27',1,0,234,'b-festival coutellia.jpg','2018-04-27 17:12:03','',NULL,0,1,3,NULL,''),(61,27,0,'2018-04-27',1,0,257,'b-a_thiers pirou 12cm buis de bout.jpg','2018-09-04 10:56:08','',NULL,0,1,3,NULL,''),(62,25,1,'2018-05-29',1,0,259,'b-20180519_101352pm.jpg','2018-05-29 16:04:12','',NULL,0,1,3,NULL,'b-sans titre 1.jpg'),(63,28,0,'2018-06-04',1,0,226,'b-sans titre 3.jpg','2018-06-15 09:38:23','',NULL,0,1,3,NULL,'b-game fair.jpg'),(65,27,1,'2018-06-15',1,0,258,'b-origines & factory.jpg','2019-03-26 16:54:07','',NULL,0,1,3,NULL,''),(66,29,0,'2018-06-28',1,0,292,'b-la vallée des rouets.jpg','2019-01-17 15:11:47','',NULL,0,0,3,NULL,''),(67,30,0,'2018-07-17',1,0,242,'b-fete du couteau.jpg','2019-04-15 10:21:29','',NULL,0,1,3,NULL,''),(69,32,0,'2018-09-06',1,0,208,'b-img_20180906_104205.jpg','2018-09-06 15:52:23','',NULL,0,1,3,NULL,''),(70,27,2,'2018-09-27',1,0,225,'b-le p tit tradi.jpg','2018-09-27 16:57:01','',NULL,0,1,3,NULL,''),(71,32,1,'2018-10-18',1,0,209,'b-www.schmalhaus.com.jpeg','2018-10-18 14:02:20','',NULL,0,1,3,NULL,''),(72,24,0,'2018-10-25',1,0,184,'b-gembloux.jpg','2018-10-25 10:07:40','',NULL,0,1,3,NULL,''),(73,33,0,'2019-01-23',1,0,140,'b-am_social-media-posts_facebook_giving.jpg','2019-01-23 08:52:03','',NULL,0,1,3,NULL,''),(74,27,3,'2019-02-08',1,0,127,'b-coffret ouvert le p\'tit tradi 1.jpg','2019-02-08 15:12:49','',NULL,0,1,3,NULL,''),(75,71,0,'2019-03-26',1,0,114,'b-couteau.jpg','2019-04-23 11:01:25','',NULL,0,1,3,NULL,''),(77,71,1,'2019-04-19',1,0,118,'b-aiguiser un couteau.jpg','2019-05-14 15:42:42','',NULL,0,1,3,NULL,''),(78,71,2,'2019-04-23',1,0,91,'b-aiguiser son couteau les étapes.jpg','2019-05-14 15:38:04','',NULL,0,1,3,NULL,''),(79,32,2,'2019-05-02',1,0,84,'b-corner boulanger.jpg','2019-05-10 16:59:23','',NULL,0,1,3,NULL,''),(80,32,3,'2019-05-03',1,0,105,'b-clermont-presentation-coutellia-a-polydome_4319272.jpeg','2019-05-03 14:09:04','',NULL,0,1,3,NULL,''),(81,25,2,'2019-05-20',1,0,64,'b-florent pagny.jpg','2019-06-21 14:28:13','',NULL,0,1,3,NULL,''),(82,71,3,'2019-06-21',1,0,55,'b-essuyage.jpg','2019-06-21 14:23:29','',NULL,0,1,3,NULL,'');

--
-- Table structure for table `gcahdy_leoblog_blog_lang`
--

CREATE TABLE `gcahdy_leoblog_blog_lang` (
  `id_leoblog_blog` int(11) NOT NULL,
  `id_lang` int(11) NOT NULL,
  `meta_description` varchar(255) NOT NULL,
  `meta_keywords` varchar(250) NOT NULL,
  `meta_title` varchar(250) NOT NULL,
  `link_rewrite` varchar(255) NOT NULL,
  `content` text NOT NULL,
  `description` text NOT NULL,
  `tags` varchar(255) NOT NULL,
  PRIMARY KEY (`id_leoblog_blog`,`id_lang`)
) ENGINE=InnoDB DEFAULT CHARSET=utf8;

--
-- Dumping data for table `gcahdy_leoblog_blog_lang`
--

INSERT INTO `gcahdy_leoblog_blog_lang` VALUES (60,1,'Retrouvez l\'équipe GOYON-CHAZEAU sur le stand F16 dans le hall 2 du salon Coutellia, du 19 au 20 mai à Thiers','salon, coutellia,coutelia, festival,couteau d\'art,Thiers','GOYON-CHAZEAU participe au Festival COUTELLIA les 19 et 20 mai prochains','goyon-chazeau-participe-au-festival-coutellia-les-19-et-20-mai-prochains','<p>Ce festival international rassemblera les 19 et 20 mai prochains, à Thiers, les passionnés de couteaux d\'arts, de tradition, et de belle coutellerie.</p>\n<p>Venez à la rencontre des meilleurs couteliers d’art et couteliers-fabricants, fournisseurs de matières premières et d’équipements du secteur coutelier;</p>\n<p>Assistez à des démonstrations de forge et à un concours coutelier;</p>\n<p>Montez votre propre couteau;</p>\n<p>Et découvrez la ville de Thiers et son histoire le temps d\'un week-end ! </p>\n<p><a href=\"https://www.coutellia.fr/\">http://www.coutellia.fr</a></p>\n<p>COUTELLIA - Salle polyvalente Jo Cognet<br />Z.I. du Breuil<br />Avenue du Progrès 63300 Thiers</p>\n<div class=\"wpb_text_column wpb_content_element\">\n<div class=\"wpb_wrapper\">\n<p>Coordonnées GPS<br />45°50’55’’N / 3°32’28’’E</p>\n</div>\n</div>','<p>Retrouvez l\'équipe GOYON-CHAZEAU sur le <span style=\"color:#e6361b;\"><strong>stand F16</strong> dans le <strong>hall 2</strong></span> du salon Coutellia.</p>','coutellia,festival,couteau d\'art,coutelia'),(60,2,'Meet GOYON-CHAZEAU team at Coutellia festival on stand F16 in hall 2, from May 19th to 20th in Thiers','coutelia, coutellia, knife, festival, art, Thiers','GOYON-CHAZEAU will participate to COUTELLIA Festival next May 19th and 20th','goyon-chazeau-will-participate-to-coutellia-festival-next-may-19th-and-20th','<p>This international festival will gather art and tradition knives lovers and will exhibit beautiful cutlery, on May 19th and 20th in Thiers.</p>\n<p>Come and meet the best art cutlers, cutlery manufacturers and suppliers (raw materials and equipment);</p>\n<p>Attend forge demonstrations and cutlers competition;</p>\n<p>Manufacture your own knife;</p>\n<p>And discover Thiers city and its history for a weekend!</p>\n<p>More info at : <a href=\"https://www.coutellia.fr/?lang=en\">http://www.coutellia.fr</a></p>\n<p>COUTELLIA - Salle polyvalente Jo Cognet<br />Z.I. du Breuil<br />Avenue du Progrès 63300 Thiers</p>\n<div class=\"wpb_text_column wpb_content_element\">\n<div class=\"wpb_wrapper\">\n<p>GPS coordinates<br />45°50’55’’N / 3°32’28’’E</p>\n</div>\n</div>','<p>Meet GOYON-CHAZEAU team at Coutellia festival on<span style=\"color:#e6361b;\"> <strong>stand F16 in hall 2</strong></span>.</p>','Coutellia,festival,art knife,coutelia,Thiers'),(61,1,'Le Thiers Pirou fermant en buis de bout : une version moderne de la marqueterie','couteau,fermant,poche,thiers,buis de bout','Le Thiers Pirou fermant en buis de bout : une version moderne de la marqueterie','le-thiers-pirou-fermant-en-buis-de-bout-une-version-moderne-de-la-marqueterie','<p>Travaillé en lamelles horizontales, le buis trouve ici de nouvelles lettres de noblesse.<br />Réalisé à partir de morceaux de buis collés puis stabilisés, le buis de bout apporte un brin de modernité et de fantaisie au couteau de poche.</p>\n<p>GOYON-CHAZEAU a choisi de décliner cette nouvelle version de manche bois sur le couteau fermant LE THIERS PIROU afin de souligner les lignes tendues et masculines du modèle.</p>','<p>Nouveauté du printemps 2018, cette nouvelle version de manche apporte au buis une fantaisie qu\'on ne lui connaissait pas!</p>','nouveauté,couteau,fermant,poche,thiers,buis de bout'),(61,2,'Le Thiers Pirou folding knife in grain-end boxwood end: a modern version of marquetry','new, knife, folding,pocket,thiers,pirou,grain-end,boxwood','Le Thiers Pirou folding knife in grain-end boxwood : a modern version of marquetry','le-thiers-pirou-folding-knife-in-grain-end-boxwood-a-modern-version-of-marquetry','<p>Worked in horizontal slats, boxwood finds here new sparkle.<br />Made from boxwood parts glued and stabilized, the grain-end boxwood brings a touch of modernity and fancy to folding knife.</p>\n<p>GOYON-CHAZEAU has decided to decline this new wooden handle on its LE THIERS PIROU folding knife to enhance the tense and masculine lines of the pattern.</p>','<p>New of the spring 2018, this new handle version brings to boxwood an unknown fancy!</p>','new,knife, folding,pocket,le thiers,grain-end,boxwood'),(62,1,'Des nouveautés produits et matières GOYON-CHAZEAU ont été présentées en avant-première sur le Festival Coutellia 2018','Festival,couteallia, 2018,goyon, chazeau,nouveautés,couteau,couteaux','Coutellia 2018 : Un Festival organisé au petit couteau !','coutellia-2018-un-festival-organise-au-petit-couteau-','<p>Le Festival Coutellia 2018 a fermé ses portes. En plus d\'avoir battu son record de fréquentation (6200 visiteurs le temps d\'un week-end !), il nous a permis de rencontrer des amateurs de couteaux du monde entier !</p>\n<p>Vous avez été nombreux à venir nous rendre visite sur notre stand et à partager avec nous vos impressions sur nos nouveautés, présentées en avant-première.</p>\n<p>Merci à vous !</p>','<p>Merci de <strong><span style=\"color:#e6361b;\">votre visite</span></strong> sur notre stand !</p>','Festival, coutellia, couteau, couteaux, goyon,chazeau'),(62,2,'New GOYON-CHAZEAU products and materials presented in preview at Coutellia Festival 2018','Festival, coutellia, 2018,goyon,chazeau,new products, knife, knives','Coutellia 2018 : A well-sharpened Festival !','coutellia-2018-a-well-sharpened-festival-','<p>Coutellia Festival 2018 has closed. It broke its attendance record (6200 visitors for a weekend!), and allowed us to meet knife lovers from all over the world!</p>\n<p>Many of you came to visit us on our booth and have shared their feeling about our new products and materials, presented in preview.</p>\n<p>Thanks for all and see you soon !</p>','<p><span style=\"color:rgb(0,0,0);\">Thank you for<span style=\"color:rgb(230,54,27);\"><strong> your visit</strong></span></span> !</p>','Festival,coutellia,chazeau,goyon,knife, knives'),(63,1,'','','GOYON-CHAZEAU expose au salon Game Fair les 15, 16 et 17 juin prochains, stand I 36','goyon-chazeau-expose-au-salon-game-fair-les-15-16-et-17-juin-prochains-stand-i-36','<p>Le Game Fair est un salon incontournable pour les passionnés de chasse.</p>\n<p>La 37ème édition rassemblera, du 15 au 17 juin prochains, à Lamote Beuvron, plus de 500 exposants couvrant tous les métiers et accessoires autour de la chasse.<br />Des espaces thématiques, des animations, un dîner spectacle et une vente aux enchères... sont également au menu.</p>\n<p>Venez rencontrer l\'équipe <span style=\"color:#e6361b;\"><strong>GOYON-CHAZEAU</strong> <span style=\"color:#000000;\">et découvrir nos articles de coutellerie sur le</span> <strong>stand I 36.</strong></span> </p>\n<p><a href=\"http://www.gamefair.fr/le-game-fair\">http://www.gamefair.fr/le-game-fair</a></p>\n<p>GAME FAIR<br />Parc Equestre Fédéral<br />41600 Lamotte-Beuvron</p>','<p>GOYON-CHAZEAU participe au <strong><span style=\"color:#e6361b;\">Game Fair</span></strong> les 15, 16 et 17 juin prochains, à Lamotte Beuvron en Sologne.</p>\n<p>Venez découvrir nos nouveautés sur le <span style=\"color:#e6361b;\"><strong>stand I 36</strong></span> !</p>',''),(63,2,'','','GOYON-CHAZEAU will exhibit at Game Fair on June 15th, 16th and 17th - stand I36.','goyon-chazeau-will-exhibit-at-game-fair-on-june-15th-16th-and-17th-stand-i36','<p>Thee Game Fair is a must-attend event for hunting enthusiasts.</p>\n<p>The 37th edition will gather, from June 15 to 17, at Lamote Beuvron, more than 500 exhibitors covering all trades and accessories around hunting.<br />Themed spaces, animations, a dinner show and an auction ... are also on the menu.</p>\n<p>Come meet the <span style=\"color:#e6361b;\"><strong>GOYON-CHAZEAU</strong> <span style=\"color:#000000;\">cutlery team and discover our cutlery items on</span> <strong>stand I 36</strong></span>.</p>\n<p>http://www.gamefair.fr/le-game-fair</p>\n<p>GAME FAIR<br />Parc Equestre Fédéral<br />41600 Lamotte-Beuvron</p>','<p>GOYON-CHAZEAU will exhibit at <span style=\"color:#e6361b;\"><strong>Game Fair</strong></span> on June 15th, 16th and 17th in Lamotte Beuvron.</p>\n<p>Several novelties will be presented in this occasion on ous <span style=\"color:#e6361b;\"><strong>stand I36</strong></span>.</p>',''),(65,1,'Avec les lignes STYL\'VER ORIGINES et STYL\'VER FACTORY, la beauté brute de la forge se met au cœur d\'une esthétique résolument inscrite dans notre époque','styl\'ver, forge,forge brute,design industriel,couteau steak,couteaux de table,nouveauté,goyon-chazeau','STYL\'VER FACTORY et STYL\'VER ORIGINES  : la forge brute, source de design','styl-ver-factory-et-styl-ver-origines-la-forge-brute-source-de-design','<p>Héritière d’un savoir-faire ancestral qu\'elle souhaite valoriser plus que jamais, GOYON-CHAZEAU lance deux nouvelles lignes de couteaux de table.<br />Hommage aux savoir-faire de coutelier et de forgeron.</p>\n<p></p>\n<p>ORIGINES et FACTORY revisitent le modèle STYL’VER en valorisant l’essentiel :<strong> design d’inspiration naturelle et instinctive, caractère brut de la forge, matières nobles</strong>.</p>\n<p>Dans ce retour aux sources, de la coutellerie et des matières, <strong><span style=\"color:#e6361b;\">STYL’VER ORIGINES</span></strong> affiche une rusticité stylisée.</p>\n<p><span><em><img src=\"https://goyon-chazeau.com/img/cms/142ORG0105_%20Stylver%20origines_%20Pistachier.jpg\" alt=\"Couteau de table forgé brut STYLVER ORIGINES, pistachier\" width=\"600\" height=\"119\" />STYL\'VER ORIGINE, pistachier</em></span></p>\n<p>La lame et la mitre conservent leur aspect brut de forge ; le manche est travaillé à la main dans un bois sélectionné pour ses riches nuances. Il est frappé d’une rosette qui décore le rivet central.<br />Une double émouture finit le couteau, gage de la qualité GOYON-CHAZEAU pour un tranchant durable d’exception.</p>\n<p></p>\n<p>A l’instar du design industriel, la ligne <strong><span style=\"color:#e6361b;\">STYL’VER FACTORY</span></strong> se veut plus épurée.</p>\n<p><span><em><img src=\"https://goyon-chazeau.com/img/cms/1STYLF0105_%20Stylver%20factory.jpg\" alt=\"Couteau de table forgé brut STYLVER FACTORY\" width=\"600\" height=\"119\" />STYL\'VER FACTORY</em></span></p>\n<p>Chaque couteau est issu d’une barre de l’un des meilleurs aciers inoxydables. Toute l\'esthétique des imperfections naturelles de la forge brute est ensuite minutieusement révélée par le travail manuel des artisans de notre atelier.</p>\n<p><br />Dans la continuité de sa fabrication très haut de gamme, GOYON-CHAZEAU propose ainsi deux nouvelles lignes qui apportent, chacune à sa manière, un supplément d’âme à la coutellerie de table contemporaine.</p>','<p>La beauté brute de la forge se met au cœur d\'une esthétique résolument inscrite dans notre époque</p>','styl\'ver,forge,forge brute,design industriel,couteau,couteaux,couteau de table,goyon-chazeau'),(65,2,'With STYL\'VER ORIGINES & STYL\'VER FACTORY steak knife lines, the raw forge beauty is in the heart of an aesthetic firmly rooted in our time.','Styl\'ver,forge,raw forge,industrial design,knife,knives,table,steak,dinner,new,Goyon-chazeau','STYL\'VER FACTORY & STYL\'VER ORIGINES  : raw forge as a design source','styl-ver-factory-styl-ver-origines-raw-forge-as-a-design-source','<p>Heir to an ancestral know-how that she wishes to value more than ever, GOYON-CHAZEAU launches two new table knives lines. Tribute to the forge and cutler know-how .</p>\n<p>ORIGINES and FACTORY revisit STYL\'VER pattern by highlighting essentials:<strong> instinctive design inspired by nature, raw character of forge, noble materials</strong>.</p>\n<p>In this homecoming to cutlery artwork and pure materials, <strong><span style=\"color:#e6361b;\">STYL\'VER ORIGINES</span></strong> displays a stylized rusticity.</p>\n<p><img src=\"https://goyon-chazeau.com/img/cms/142ORG0105_%20Stylver%20origines_%20Pistachier.jpg\" alt=\"Steak knife STYL\'VER ORIGINES - GOYON-CHAZEAU\" width=\"814\" height=\"162\" style=\"margin-left:auto;margin-right:auto;\" /><em><span>STYL\'VER ORIGINES, Pistachio</span></em></p>\n<p>Its blade and bolster retain their raw forge appearance; the handle is handcrafted in a wood selected for its rich shades. It is struck by a brass cylinder that decorates the central rivet.<br />Guarantee of GOYON-CHAZEAU\'s quality for an exceptional cutting edge, a flat grinding finishes the knife.</p>\n<p></p>\n<p>Following the industrial design way, <span style=\"color:#e6361b;\"><strong>STYL\'VER FACTORY</strong></span> is more refined. </p>\n<p><img src=\"https://goyon-chazeau.com/img/cms/1STYLF0105_%20Stylver%20factory.jpg\" alt=\"Steak knife STYL\'VER FACTORY - GOYON-CHAZEAU\" width=\"827\" height=\"165\" style=\"margin-left:auto;margin-right:auto;\" /><span><em>STYL\'VER FACTORY</em></span></p>\n<p>Each knife comes from one of the best stainless steels bar. All the aesthetics of raw forge natural imperfections are then meticulously revealed by the craftsmen manual work, done in our workshop.</p>\n<p style=\"text-align:left;\"><br />So, in the continuity of its very high-end manufacturing, GOYON-CHAZEAU proposes 2 new lines that bring, each in its own way, a soul supplement to the contemporary table art.</p>','<p>Raw forge beauty is in the heart of an aesthetic firmly rooted in our time</p>','Styl\'ver,forge,raw forge,industrial design,knife, knives,table knife,dinner knives,steak knife,goyon-chazeau,new line'),(66,1,'','','La Vallée des Rouets','la-vallee-des-rouets','<table width=\"841\" style=\"height:1312px;\"><tbody><tr><td colspan=\"3\">Nous ne pouvons pas vous parler de la <span><strong>Vallée des Rouets</strong></span> sans commencer par vous parler de la <strong>Durolle</strong><br /><br /></td>\n</tr><tr><td colspan=\"2\">\n<p>Cette petite rivière prend sa source près de Noirétable, dans la Loire (42). <br />Engorgé de nombreux affluents, et encouragé par une dénivellation de plus en plus vive, son cours acquiert la vigueur nécessaire au bon fonctionnement des rouets près de la commune de Celles sur Durolle (63). <br />De là, et jusqu\'à Thiers, La Durolle a creusé une étroite vallée. </p>\n<p><span>L’énergie de cette rivière canalisée par les hommes, est <strong>à l’origine de la coutellerie thiernoise</strong>. C’est elle qui alimentait les machines nécessaires à la production des couteaux.</span></p>\n<p></p>\n<p><span><br /><span style=\"color:#e6361b;\"><strong>La Vallée des Rouets</strong></span> tire son nom des nombreux <strong>moulins à émoudre</strong> qui l’habitaient (l’émouture étant le rang -ou étape de fabrication- qui donne le tranchant aux lames des couteaux).</span></p>\n<p></p>\n<p></p>\n</td>\n<td style=\"text-align:right;\"><img src=\"https://goyon-chazeau.com/img/cms/La%20Durolle%2C%20la%20rivi%C3%A8re%20de%20la%20Vall%C3%A9e%20des%20rouets%2C%20Thiers%20coutelier.jpg\" alt=\"La Durolle, la rivière de la Vallée des rouets, Thiers coutelier\" width=\"366\" height=\"275\" /></td>\n</tr><tr><td colspan=\"3\">\n<p>Ainsi, sur plus de 20km, nos ancêtres ont façonné les gorges et les rives : chemins d’accès taillés dans les pentes vives, biefs (canaux de dérivation du cours d’eau) construits dans le lit de la rivière et moulins bâtis là où on pouvait.</p>\n<p>Au total, plus de <strong>50 biefs</strong> ont été creusés pour dompter la Durolle et alimenter plus de <strong>80 moulins</strong> fonctionnant à l’énergie hydraulique.</p>\n<p>D’abord construits à proximité de Thiers, les rouets ont peu à peu colonisé les rives de la rivière jusqu’à Celles avec le développement de l’industrie coutelière.</p>\n</td>\n</tr><tr><td colspan=\"2\">\n<p><span><span>C’est à l’intérieur de ces <strong>petits bâtiments de pierres</strong>, éclairés par de <strong>grandes baies à carreaux</strong>, que plusieurs générations de couteliers se sont succédées pour façonner les couteaux qui ont valu à<strong><span style=\"color:#e6361b;\"> Thiers</span> </strong>de devenir la<strong> <span style=\"color:#e6361b;\">Capitale mondiale de la coutellerie</span></strong>. </span></span></p>\n<p></p>\n<p><span>Au rez-de-chaussée du rouets, les <strong>émouleurs</strong> travaillaient côte à côte, en position allongée, sur des planches inclinées surplombant une meule entraînée par le courant. <br />Cette position leur donnait plus de force d’appui pour <strong>émoudre les lames</strong>, c’est-à-dire leur donner du tranchant.</span></p>\n<p>A l’étage, les femmes effectuaient le même geste sur des <strong>polissoirs</strong> (disques de bois garnis de lamelles de cuir) afin de donné aux lames leur fini brillant. </p>\n<p><span>Les enfants en âge d’approcher les machines apprenaient aux côtés de leur mère puis rejoignaient leur père lorsqu’ils avaient acquis suffisamment de force.</span></p>\n<p>A l’extérieur un petit jardin, des aménagements, des ornements qui occupaient les émouleurs quand la Durolle était trop capricieuse pour faire tourner les roues.</p>\n<p></p>\n</td>\n<td><img src=\"https://goyon-chazeau.com/img/cms/D%C3%A9monstration%20%C3%A9mouleur.jpg\" alt=\"Emouleur : démonstration au Musée de la Coutellerie de Thiers\" width=\"266\" height=\"355\" style=\"float:right;\" /></td>\n</tr><tr><td colspan=\"3\">\n<p><span>Au début du 20<sup>ème</sup> siècle, près de <strong>600 personnes</strong> travaillaient encore dans les rouets. </span></p>\n<p>L’arrivée de l’électricité et, avec, la mécanisation des systèmes de production, ont entraîné le déclin de la profession à partir de 1930.</p>\n</td>\n</tr><tr><td colspan=\"2\">\n<p><span>Le dernier émouleur <strong>Georges (Jojo) Lyonnet</strong>, était notre grand-oncle !</span></p>\n<p></p>\n<p><span>Il a fermé son rouet en 1976 et l’a légué avec tout ce qu’il contenait à la ville de Thiers, afin de laisser un témoignage matériel de la vie et du travail dans la <span style=\"color:#e6361b;\"><strong>Vallée des Rouets</strong></span>.</span></p>\n<p>La vallée et le rouet du Lyonnet se visitent aujourd’hui, avec ou sans guide.</p>\n<p></p>\n<p> </p>\n<p></p>\n<p></p>\n<p></p>\n<p></p>\n<p></p>\n<p>Laissés tels quels, les biefs et les rouets se sont peu à peu transformées en ruines lourdes d’histoire. L’atmosphère des lieux est proche de la féérie et empreinte d’une vie passée encore palpable et passionnante. A visiter sans hésiter !</p>\n<p></p>\n<p><strong>Pour en savoir plus sur la Vallée des Rouets : <span style=\"color:#e6361b;\"><a href=\"http://www.ville-thiers.fr/Vallee-des-Rouets\"><span style=\"color:#e6361b;\">http://www.ville-thiers.fr/Vallee-des-Rouets</span></a></span></strong></p>\n</td>\n<td>\n<p><img src=\"https://goyon-chazeau.com/img/cms/Rouet%20du%20Lyonnet%20_%20Le%20dernier%20rouet%20de%20la%20vall%C3%A9e%20des%20rouets%20_%20Thiers%20coutelier.jpg\" alt=\"Rouet du Lyonnet _ Le dernier rouet de la vallée des rouets _ Thiers coutelier\" width=\"378\" height=\"254\" style=\"float:right;\" /><br /><img src=\"https://goyon-chazeau.com/img/cms/Dernier%20rouet%20de%20la%20Vall%C3%A9e.jpg\" alt=\"Le dernier rouet de la vallée\" width=\"380\" height=\"276\" style=\"float:right;\" /></p>\n</td>\n</tr></tbody></table><p></p>','<p>Remonter aux sources de la <span style=\"color:#e6361b;\"><strong>coutellerie thiernoise...</strong></span></p>','vallée des rouets,Thiers,rouet'),(66,2,'','','La Vallée des Rouets (Spinning wheels Valley)','la-vallee-des-rouets-spinning-wheels-valley','<table width=\"889\" style=\"height:1453px;\"><tbody><tr><td colspan=\"3\"><span>The <strong><span style=\"color:#e6361b;\">Vallée des Rouets</span> </strong>(Spinning wheels Valley) presentation can not start without the <span style=\"color:#e6361b;\"><strong>Durolle</strong> </span>in introduction.</span><br /><br /></td>\n</tr><tr><td colspan=\"2\">\n<p><span>This small river has its source near Noirétable, a small city 25km from Thiers.<br /></span>Engorged by many tributaries, and engouraged by a more and more vertical drop, it acquires the vigor necessary for the smooth running of spinning wheels near Celles sur Durolle small town.<br />From there, and up to Thiers, the Durolle has dug a strait valley.</p>\n<p>The energy of this river channeled by men is at <strong>the origin of the cutlery history of Thiers</strong>. It is the durolle which fed the machines necessary for the knives production.</p>\n<p><span>The <strong><span style=\"color:#e6361b;\">Vallée des Rouets</span></strong> takes its name from the many <strong>grinding wheels mills</strong> that were built on its banks (the grinding is the manufacturing step where the knife edge is made).</span></p>\n</td>\n<td><img src=\"https://goyon-chazeau.com/img/cms/La%20Durolle,%20la%20rivi%C3%A8re%20de%20la%20Vall%C3%A9e%20des%20rouets,%20Thiers%20coutelier.jpg\" alt=\"La Durolle, la rivière de la Vallée des rouets, Thiers coutelier\" width=\"377\" height=\"282\" /></td>\n</tr><tr><td colspan=\"3\">\n<p><span>So, over than 20km, our ancestors shaped the gorge and the banks : pathways created into steep slopes, valve channels built in the river bed, and mills built everywhere it was possible.<br /> In total, more than <strong>50 channels</strong> were dug to tame the Durolle and supply more than <strong>80 water mills.</strong> </span></p>\n<p></p>\n<p><span>First built near Thiers, the rouets have, with the cutlery industry development, gradually colonized the river banks until Celles sur Durolle. </span></p>\n<p></p>\n</td>\n</tr><tr><td colspan=\"2\">\n<p><span>Inside these <strong>small stone buildings</strong>, lightened by <strong>large picture windows</strong>, several cutler generations have succeed the ones to the others to grind the knives which have earned <span style=\"color:#e6361b;\"><strong>Thiers to become the capital of cutlery</strong></span>.<br /><!-- [if !supportLineBreakNewLine]--><br /><!--[endif]--></span></p>\n<p><span>On the ground floor of the mill, the <strong>knive grinders</strong> (<em>émouleurs</em> in french) worked side by side, lying down on sloping wooden planks overhanding a wheel driven by the stream. <br />This position gave them more pushing strength<strong> to grind the blades</strong>, that is to say, <strong>give them sharpness</strong>.</span></p>\n<p></p>\n<p><span>Upstairs, women were doing the same gesture on <strong>polishing wheels</strong> (wooden discs trimmed with leather straps) in order to give to the blade their final brilliant finish. <br />Children who were old enough to use the machines were learning near their mother.<br /></span>Then, young boys would joined their father when they were strong enough.</p>\n<p></p>\n<p><span>Outside, a small garden, some arrangements, few ornaments which occupied the knife grinders when the Durolle was too capricious to turn the wheels.</span></p>\n<p></p>\n<p></p>\n</td>\n<td><img src=\"https://goyon-chazeau.com/img/cms/D%C3%A9monstration%20%C3%A9mouleur.jpg\" alt=\"Emouleur : démonstration au Musée de la Coutellerie de Thiers\" width=\"266\" height=\"355\" style=\"float:right;\" /></td>\n</tr><tr><td colspan=\"3\">\n<p><span>At the beginning of the 20th century, about <strong>600 people </strong>were still working in a rouet. </span></p>\n<p></p>\n<p><span>The electricity coming and, with it, the production mecanisation, have led to the decline of the profession from 1930.</span></p>\n<p></p>\n</td>\n</tr><tr><td colspan=\"2\">\n<p><span>The last Knife grinder, <strong>Georges (Jojo) Lyonnet</strong>, was our great-uncle !</span></p>\n<p></p>\n<p></p>\n<p><span>He has closed his rouet in 1976 and bequeathed it, and all inside, to the city of Thiers in order to leave a material testimony of how were life and work in the <span style=\"color:#e6361b;\"><strong>Vallée des Rouets</strong></span>.</span></p>\n<p></p>\n<p><span>Today, it is possible to visit The Valley and the Rouet du Lyonnet with or without guide.</span></p>\n<p></p>\n<p> </p>\n<p></p>\n<p></p>\n<p></p>\n<p></p>\n<p></p>\n<p><span>Abandoned to nature, channels and rouets have softly became ruines, heavy of history. </span></p>\n<p><span>The Valley atmosphere is near from magic and charged by a past life that is still palpable and fascinating. </span></p>\n<p><strong><span style=\"color:#e6361b;\">To visit without any hesitation !</span></strong></p>\n<p><span>To learn more about the Vallée des Rouets : </span><span style=\"color:#e6361b;\"><a href=\"http://www.ville-thiers.fr/Vallee-des-Rouets\"><span style=\"color:#e6361b;\">http://www.ville-thiers.fr/Vallee-des-Rouets</span></a></span></p>\n<p></p>\n<p></p>\n</td>\n<td>\n<p><img src=\"https://goyon-chazeau.com/img/cms/Rouet%20du%20Lyonnet%20_%20Le%20dernier%20rouet%20de%20la%20vall%C3%A9e%20des%20rouets%20_%20Thiers%20coutelier.jpg\" alt=\"Rouet du Lyonnet _ Le dernier rouet de la vallée des rouets _ Thiers coutelier\" width=\"379\" height=\"253\" /><img src=\"https://goyon-chazeau.com/img/cms/Dernier%20rouet%20de%20la%20Vall%C3%A9e.jpg\" alt=\"Le dernier rouet de la vallée\" width=\"380\" height=\"276\" /></p>\n<p></p>\n</td>\n</tr></tbody></table>','<p>Going back to the roots of <span style=\"color:#e6361b;\"><strong>Thiers cutlery industry</strong></span></p>','vallée des rouets,thiers, valley,spiining wheels'),(67,1,'La Coutellerie GOYON-CHAZEAU participe à la FÊTE DU COUTEAU DE NONTRON en Périgord, les 4 et 5 août prochains','coutellerie,goyon-chazeau,fête du couteau,nontron,périgord','La Coutellerie GOYON-CHAZEAU participe à la FÊTE DU COUTEAU DE NONTRON en Périgord, les 4 et 5 août prochains','la-coutellerie-goyon-chazeau-participe-a-la-fete-du-couteau-de-nontron-en-perigord-les-4-et-5-aout-prochains','<p>Ouverte au grand-public, la <a href=\"https://www.nontron.fr/calendrier/363-fete-du-couteau#.W034jdIzaUk\">Fête du couteau de Nontron</a> propose plusieurs espaces d\'exposition, des ateliers, des démonstrations, des stages, autour des couteaux et de la coutellerie.</p>\n<p>L\'équipe de la <strong><span style=\"color:#e6361b;\">Coutellerie GOYON-CHAZEAU</span> </strong>vous présentera son métier, sa collection et ses nouveautés sous le<strong> <span style=\"color:#e6361b;\">chapiteau n°42</span></strong><span style=\"color:#e6361b;\"><span style=\"color:#000000;\">. </span></span><span style=\"color:#000000;\"></span></p>\n<p>Venez \"<em>partager avec nous <span style=\"color:#e6361b;\"><strong>la </strong></span><strong><span style=\"color:#e6361b;\">passion des couteliers</span></strong></em><span style=\"color:#000000;\">\"</span>!</p>\n<p></p>\n<p><a href=\"https://www.nontron.fr/calendrier/363-fete-du-couteau#.W034jdIzaUk\">Site web de la Fête du couteau</a></p>','<p>Pour la 23ème année consécutive, <strong><span style=\"color:#e6361b;\">Nontron </span></strong><span>célèbre les multiples facettes de l’art millénaire de la <strong><span style=\"color:#e6361b;\">coutellerie</span> </strong>!</span></p>','couteau, couteaux, fête du couteau,nontron,périgord,salon'),(67,2,'GOYON-CHAZEAU Cutlery participates to th FÊTE DU COUTEAU de NONTRON, on  August 4th and 5th','goyon-chazeau,notron','GOYON-CHAZEAU Cutlery participates to the FÊTE DU COUTEAU de NONTRON, on  August 4th and 5th','goyon-chazeau-cutlery-participates-to-the-fete-du-couteau-de-nontron-on-august-4th-and-5th','<p>Open to public, the <a href=\"https://www.nontron.fr/calendrier/363-fete-du-couteau#.W034jdIzaUk\"><strong><span style=\"color:#e6361b;\">Nontron Knife Festival</span></strong> (Fête du couteau de Nontron)</a> offers several exhibition spaces, workshops, demonstrations,trainings, around knives and cutlery.</p>\n<p><span style=\"color:#e6361b;\"><strong>GOYON-CHAZEAU Cutlery</strong> <span style=\"color:#000000;\">team will present you its craft, its collection and its new prodcuts under the</span> <strong>marquee n° 42</strong></span>.</p>\n<p>Come \"<strong><span style=\"color:#e6361b;\"><em>share with us the cutlers passion</em></span></strong> \"!</p>\n<p></p>\n<p><a href=\"https://www.nontron.fr/calendrier/363-fete-du-couteau#.W034jdIzaUk\">Fête du couteau de Nontron</a> website</p>','<p>For the 23rd year, <strong><span style=\"color:#e6361b;\">Nontron</span> </strong>celebrates the several facets of the thousand-year-old <span style=\"color:#e6361b;\"><strong>art of cutlery</strong></span>!</p>','knife, knives,nontron,perigord'),(69,1,'Le journal LA MONTAGNE a consacré à la Coutellerie GOYON-CHAZEAU un article bilan d\'une année créative...','','LA MONTAGNE : Année créative pour GOYON-CHAZEAU','la-montagne-annee-creative-pour-goyon-chazeau','<p>Merci à Thierry Senzier pour ce bel article qui récapitule judicieusement notre travail de cette année :</p>\n<ul><li>Une nouvelle <span style=\"color:#e6361b;\"><strong>charte graphique</strong> <span style=\"color:#000000;\">et un nouveau</span> <strong>stand</strong></span>,</li>\n<li>Un nouveau <span style=\"color:#e6361b;\"><strong>site internet</strong></span>,</li>\n<li>De <span style=\"color:#e6361b;\"><strong>nouvelles matières</strong></span> : le buis de bout, le hêtre échauffé, le cuir,</li>\n<li>Et nos nouveaux produits : Les bruts de forge Styl\'ver <span style=\"color:#e6361b;\"><strong>Origines</strong> </span>et Styl\'ver <strong><span style=\"color:#e6361b;\">Factory</span></strong>, et<strong> <span style=\"color:#e6361b;\">Le p\'tit Tradi</span></strong>, un tout nouveau couteau d\'office au packaging sympa!</li>\n</ul><p>Toutes nos nouveautés sont présentées au salon Maison et Objet de Paris qui vient tout juste d\'ouvrir ses portes.</p>','<p>Le journal LA MONTAGNE nous a consacré un article le 6 septembre 2018; bilan d\'une année pleine de nouveautés...</p>',''),(69,2,'LA MONTAGNE newspaper has devoted to the Coutellerie GOYON-CHAZEAU an article ; review of a creative year ...','','LA MONTAGNE : Creative year for GOYON-CHAZEAU','la-montagne-creative-year-for-goyon-chazeau','<p>Thanks to Thierry Senzier for this pleasant article that wisely summarizes our work this year:</p>\n<ul><li>A new <span style=\"color:#e6361b;\"><strong>graphic charter</strong></span> and a new <strong><span style=\"color:#e6361b;\">stand</span></strong>,</li>\n<li>A new <strong><span style=\"color:#e6361b;\">website</span></strong>,</li>\n<li><strong><span style=\"color:#e6361b;\">New materials</span></strong>: Grain-end boxwood, warmed beech, leather,</li>\n<li>And our new products: the raw forge knives Styl\'ver <strong><span style=\"color:#e6361b;\">Origines</span> </strong>and Styl\'ver<strong> <span style=\"color:#e6361b;\">Factory</span></strong>, and<strong> <span style=\"color:#e6361b;\">Le p\'tit Tradi</span></strong>, a brand new paring knife with nice packaging!</li>\n</ul><p>All our new products are presented at Maison et Objet in Paris, which has just opened.</p>','<p>On September 6, 2018, LA MONTAGNE newspaper has devoted us an article ; review of a year full of novelties...</p>',''),(70,1,'Le P\'tit Tradi est un couteau ultra-performant qui saura trouver sa place dans toutes les cuisines. Son style qui ne passe pas inaperçu et son efficacité en feront également un très beau couteau de table. Fabrication 100% française.','','Le P\'tit Tradi : Un couteau d\'office qui tranche, qui coupe, qui pèle...','le-p-tit-tradi-un-couteau-d-office-qui-tranche-qui-coupe-qui-pele','<p>Avec <strong><span style=\"color:#e6361b;\">le P’tit Tradi</span></strong>, GOYON-CHAZEAU renoue avec une vieille anecdote familiale.<br />Une grand-mère très active qui a bousculé son mari pour qu’il l’équipe en <span style=\"color:#e6361b;\"><strong>couteaux efficaces</strong></span>.</p>\n<p>Parce qu’il n’y pas que dans un atelier qu’il faut de bons outils; parce que tout est plus agréable, va toujours plus vite et est toujours mieux fait quand on est bien équipé.</p>\n<p><img src=\"https://goyon-chazeau.com/img/cms/Couteau%20d%20office%20ultra%20performant%20P%20tit%20Tradi.jpg\" alt=\"Couteau d\'office ultra-performant le P\'tit Tradi\" width=\"224\" height=\"176\" /></p>\n<p><em>Magali Soucille nous raconte :</em><br />\"Ce couteau \"originel\" a été manipulé maintes et maintes fois par les membres de ma famille et transmis de génération en génération. Il accomplissait les tâches qui lui incombaient à tel point qu\'on oubliait de le regarder vraiment! Jusqu\'à ce qu\'on l\'égare (heureusement juste un temps !) et que nous nous rendions compte à quel point il nous faisait défaut!</p>\n<p>Dès que nous avons remis la main dessus, mon mari et moi avons voulu le dupliquer. En souvenir et en hommage à mes grand-parents mais aussi pour que tous ceux qui s\'en procureront un apprécient son efficacité. <br />Nous l\'avons juste mis au goût du jour avec des matériaux modernes et performants: l\'acier <strong>Sandvik 14C28N</strong> chargé au carbone pour la lame et la <strong>grenadille</strong>, un <strong>bois ultra-résistant</strong> pour le manche. <br />Le profil est resté celui choisi par ma grand-mère et la fabrication suit toutes les étapes réalisées par mon grand-père.</p>\n<p>Je me dit qu\'avec notre <span style=\"color:#e6361b;\"><strong>P\'tit Tradi</strong></span>, d\'autres familles vont pouvoir transmettre leur couteau et le plaisir de cuisiner en famille!\"</p>\n<p></p>\n<p><span style=\"color:#e6361b;\"><strong>Le </strong></span> <strong><span style=\"color:#e6361b;\">P\'tit Tradi sera disponible à la vente dans le courant du mois d\'octobre. <a href=\"https://www.goyon-chazeau.com/fr/accueil/363-couteau-office-table-le-p-tit-tradi.html\"><span style=\"color:#e6361b;\">Réservez le vôtre !</span></a></span></strong></p>','<p>...Des caractéristiques de base pour un couteau nous direz-vous ! Et pourtant… Nos tiroirs regorgent de couteaux qui ne remplissent pas tous ces caracté<span style=\"color:#e6361b;\"></span>ristiques !</p>','Couteau d\'office,couteau office,p\'tit tradi,ptit tradi,goyon-chazeau'),(70,2,'','','Le P\'tit Tradi : a paring knife that slices, cuts, peels...','le-p-tit-tradi-a-paring-knife-that-slices-cuts-peels','<p>With <span style=\"color:#e6361b;\"><strong>Le P’tit Tradi</strong></span>, GOYON-CHAZEAU returns to an old family anecdote.<br />A very active grandmother who pushed her husband to equip her with <span style=\"color:#e6361b;\"><strong>efficient knives</strong></span>.</p>\n<p>Because it\'s not just in a workshop that you need good tools; because everything is more pleasant, always goes faster and is better done when you are well equipped.</p>\n<p><img src=\"https://goyon-chazeau.com/img/cms/Couteau%20d%20office%20ultra%20performant%20P%20tit%20Tradi.jpg\" alt=\"Couteau d\'office ultra-performant le P\'tit Tradi\" width=\"224\" height=\"176\" /></p>\n<p><em>Magali Soucille tells us :</em><br />\"This \"original\" knife has been handled over and over again by the members of my family and have been passed from generation to generation. It fulfilled the tasks we asked it so much that we forgot to really look at it! Until we lose it (luckily just for a while!) and realize how much it was lacking!</p>\n<p>As soon as we found it back, my husband and I wanted to duplicate it. In memory and as a tribute to my grandparents but also to share its effectiveness with all who will get one.<br />We just updated it with modern and efficient materials : <strong>Sandvik 14C28N</strong> stainless steel, charged with carbon, for the blade and <strong>Mozambic ebony, an ultra-resistant wood</strong>, for the handle.</p>\n<p>The shape remained the one chosen by my grandmother and the manufacturing follows all the steps done by my grandfather.</p>\n<p>I tell myself that with our <span style=\"color:#e6361b;\"><strong>P\'tit Tradi</strong></span>, other families will be able to transmit their knife and the <strong>pleasure of cooking together</strong>! \"</p>\n<p></p>\n<p><span style=\"color:#e6361b;\"><strong>Le </strong><strong>P\'tit tradi  will be available during Otober. <a href=\"https://www.goyon-chazeau.com/en/accueil/363-le-ptit-tradi-paring-table-knife.html\"><span style=\"color:#e6361b;\">Book yours !</span></a></strong></span></p>','<p><span>... B</span><span>asic features for a knife, don’t you think?</span><span> And </span><span>yet</span><span>… </span><span>Our drawers are full of knives that do not fulfill all these characteristics!</span></p>','paring knife,peeling knife,p\'tit tradi,ptit tradi,goyon-chazeau'),(71,1,'Stefan Schmalhaus, vient de réaliser un reportage à propos de notre couteau fermant SYL\'VER sur sa chaîne Youtube .','','Stefan Schmalhaus présente notre couteau STYL\'VER fermant sur sa chaîne Youtube','stefan-schmalhaus-presente-notre-couteau-styl-ver-fermant-sur-sa-chaine-youtube','<p><span style=\"color:#e6361b;\"><strong>Stefan Schmalhaus </strong></span>est un développeur Web, journaliste et auteur de livres indépendant en Allemagne.</p>\n<p>Passionné par les couteaux, il a écrit et photographié pour le magazine allemand \"<strong>Messer Magazin</strong>\" et créé une chaîne Youtube où il présente les couteaux de poche qui ont retenu son attention.</p>\n<p>Il s\'est récemment arrêté sur notre <span style=\"color:#e6361b;\"><strong>STYL\'VER fermant</strong></span> une mitre, ressort forgé, guilloché main avec manche en genévrier.</p>\n<p>Le reportage, en anglais, montre de très belles prises de vues. Alors même si vous coupez le son, vous pourrez-voir notre couteau <span style=\"color:#e6361b;\"><strong>STYL\'VER</strong></span> sous tous les angles, juste pour le plaisir ! <a href=\"https://www.youtube.com/user/stschmalhaus/featured\" target=\"_blank\">C\'est ici :</a></p>\n<h6 style=\"text-align:center;\"><a href=\"https://www.youtube.com/user/stschmalhaus/featured\" target=\"_blank\"><img src=\"https://goyon-chazeau.com/img/cms/Sans%20titre%203.jpg\" alt=\"Chaîne youtube Stefan Schmalhaus\" width=\"800\" height=\"407\" style=\"margin-left:auto;margin-right:auto;\" /></a><span style=\"color:#9b9b9b;\"><a href=\"https://www.youtube.com/user/stschmalhaus/featured\" target=\"_blank\"><span style=\"color:#9b9b9b;\">https://www.youtube.com/user/stschmalhaus/about</span></a></span></h6>\n<p>De magnifiques photos du <span style=\"color:#e6361b;\"><strong>STYL\'VER fermant</strong> </span>sont également visibles sur le compte INSTAGRAM de <strong><span style=\"color:#e6361b;\">Stefan Schmalhaus</span>.<br /></strong>Pour faire plaisir à vos yeux avec de superbes photos et de <span style=\"color:#e6361b;\"><strong>magnifiques couteaux de poche</strong></span>, rendez-vous sur : <a href=\"https://www.instagram.com/stschmalhaus/\" target=\"_blank\">https://www.instagram.com/stschmalhaus/</a>.</p>\n<p>Enfin, nous ne saurions que trop conseiller aux germanophones ou anglophones, passionnés par les couteaux de poche, de lire \"<strong>Gentleman-Taschenmesser</strong>\". <br /><span style=\"color:#e6361b;\"><strong>Stefan Schmalhaus</strong></span> y raconte l\'histoire et la technique des couteaux de poche. Passionnant!</p>\n<p></p>','<p><span style=\"color:#e6361b;\"><strong>Stefan Schmalhaus</strong><span style=\"color:#000000;\">, journaliste et auteur spécialisé dans le couteau fermant, vient de réaliser un reportage sur notre</span> <strong>couteau fermant SYL\'VER</strong></span>.</p>',''),(71,2,'Stefan Schmalhaus, has just made a report about our SYL\'VER closing knife on its youtube channel .','','Stefan Schmalhaus presents our STYL\'VER closing knife on his Youtube channel','stefan-schmalhaus-presents-our-styl-ver-closing-knife-on-his-youtube-channel','<p><span><strong><span style=\"color:#e6361b;\">Stefan Schmalhaus</span> </strong></span>is a <span>web developer, journalist and book author from Germany.</span></p>\n<p>Passionate about knives, he wrote and photographed for the German magazine \"<strong>Messer Magazin</strong>\" and has created a Youtube channel where he presents pocket knives that caught his attention.</p>\n<p>He recently stopped on our closing knife <span style=\"color:#e6361b;\"><strong>STYL\'VER </strong></span>with one bolster, forged spring, handmade chiselling and juniper wood handle.</p>\n<p>The report shows very beautiful shots and you can see our STYL\'VER knife from every angle! <a href=\"https://www.youtube.com\" target=\"_blank\">It\'s here :</a></p>\n<h6 style=\"text-align:center;\"><a href=\"https://www.youtube.com/watch?v=dUPjwcErjgw\" target=\"_blank\"><img src=\"https://goyon-chazeau.com/img/cms/Sans%20titre%203.jpg\" alt=\"Chaîne youtube Stefan Schmalhaus\" width=\"800\" height=\"407\" />https://www.youtube.com</a></h6>\n<p>Beautiful pictures of the <span style=\"color:#e6361b;\"><strong>STYL\'VER closing knife</strong> <span style=\"color:#000000;\">are also visible on the</span> <strong>Stefan Schmalhaus INSTAGRAM account</strong></span>.<br />To please your eyes with beautiful photos and <span style=\"color:#e6361b;\"><strong>beautiful pocket knives</strong></span>, visit: <a href=\"https://www.instagram.com/stschmalhaus/\" target=\"_blank\">https://www.instagram.com/stschmalhaus/</a>.</p>\n<p>Finally, we would advise to ones of you passionate about pocket knives, to read \"<strong>Gentleman-Taschenmesser</strong>\". <br /><span style=\"color:#e6361b;\"><strong>Stefan Schmalhaus</strong></span> tells the story and the technique of pocket knives. Exciting!</p>','<p><strong><span style=\"color:#e6361b;\">Stefan Schmalhaus</span></strong>, journalist and author specialized in the closing knife, has just made a report on our <span style=\"color:#e6361b;\"><strong>SYL\'VER closing knife</strong></span>.</p>',''),(72,1,'La Coutellerie GOYON-CHAZEAU expose aux 19èmes journées BKS de la Coutellerie à GEMBLOUX, le 10 et 11 novembre 2018, au foyer communal de Gembloux, place A. Lacroix.','','La Coutellerie GOYON-CHAZEAU expose aux 19èmes journées BKS de la Coutellerie à GEMBLOUX','la-coutellerie-goyon-chazeau-expose-aux-19emes-journees-bks-de-la-coutellerie-a-gembloux','<p>Les <span style=\"color:rgb(230,54,27);\"><strong>19èmes journées BKS de la Coutellerie à Gembloux</strong></span> rassembleront près de 170 couteliers de 20 nationalités différentes, au foyer communal de Gembloux, place A. Lacroix:<br />de 10h à 18h le 10 novembre et<br />de 10h à 17h le 11 novembre.</p>\n<p><span>Ce salon, organisé par La Belgian Knife\'s Society (BKS), l\'Office de Tourisme et la Ville de Gembloux, montre tous les aspects de la coutellerie artisanale : fabrication, matériaux, livres, outils...</span></p>\n<p><strong><span style=\"color:#e6361b;\">La Coutellerie GOYON-CHAZEAU sera présente !</span></strong></p>\n<p>Collectionneurs, passionnés, curieux, n\'hésitez pas ! Rendez-vous à Gembloux les 10 et 11 novembre prochains !</p>','<p>Les 19 èmes <strong>Journées de la Coutellerie</strong> à <span style=\"color:#e6361b;\"><strong>Gembloux</strong> </span>auront lieu le 10 et 11 novembre prochains.</p>',''),(72,2,'GOYON-CHAZEAU Cutlery exhibits at the 19th knife fair in GEMBLOUX, on November 10th and 11th, at the Gembloux communal center, place A. Lacroix.','','GOYON-CHAZEAU Cutlery exhibits at the 19th knife fair in GEMBLOUX','goyon-chazeau-cutlery-exhibits-at-the-19th-knife-fair-in-gembloux','<p><span style=\"color:#e6361b;\"><strong>The Gembloux 2018 show</strong></span> will gather around 170 cutlers from 20 different nationalities, at the Gembloux communal center, place A. Lacroix:<br />from 10 am to 6 pm on November 10 and<br />from 10am to 5pm on November 11th.</p>\n<p><br />This show, organized by <span style=\"color:#e6361b;\"><strong>the Belgian Knife\'s Society (BKS)</strong></span>, the Tourist Office and the City of Gembloux, shows all aspects of artisanal cutlery: manufacturing, materials, books, tools ...</p>\n<p><span style=\"color:#e6361b;\"><strong>GOYON-CHAZEAU Cutlery will be present !</strong></span></p>\n<p>Collectors, passionate, curious, do not hesitate! See you in Gembloux on November 10th and 11th!</p>','<p>The 19th <span style=\"color:#e6361b;\"><strong><span style=\"color:#000000;\">Cutlery days</span> </strong><span style=\"color:#000000;\">in</span><strong> Gembloux</strong> </span>will take place on November 10th and 11th.</p>',''),(73,1,'','','Ambiente, the show - Frankfurt, 8.-12.2.2019  ','ambiente-the-show-francfort-du-8-au-12-fevrier-2019','<p style=\"text-align:center;\">\"<strong>Sensationnel, exceptionnel, original</strong>\", telle est la signature du <strong>salon AMBIENTE de Francfort</strong> cette année.</p>\n<p style=\"text-align:center;\">Notre équipe à travaillé dur tout au long de l\'année pour proposer des nouveautés à la hauteur de ces mots!</p>\n<p style=\"text-align:center;\">Venez les découvrir sur le <span style=\"color:#e6361b;\"><strong>stand E72 dans le hall 3.0</strong></span>, du 8 au 12 février prochains.</p>\n<p style=\"text-align:center;\"><img src=\"https://goyon-chazeau.com/img/cms/ambiente%202019.jpg\" alt=\"GOYON-CHAZEAU à AMBIENTE, stand E72 in hall 3.0\" width=\"420\" height=\"800\" style=\"margin-left:auto;margin-right:auto;\" /></p>','<h2 style=\"text-align:center;\">La <span style=\"color:#e6361b;\"><strong>Coutellerie GOYON-CHAZEAU</strong></span> expose au salon <strong>Ambiente</strong> de Francfort;</h2>\n<h2 style=\"text-align:center;\">venez découvrir nos <span style=\"color:#e6361b;\"><strong>nouveautés</strong> </span>!</h2>',''),(73,2,'','','Ambiente, the show - Frankfurt, 8.-12.2.2019  ','ambiente-the-show-frankfurt-8-to-12-february-2019','<p style=\"text-align:center;\">\"<strong>Sensational, exceptional, original</strong>\", this is the 2019 signature of <strong>Frankfurt AMBIENTE fair</strong>.</p>\n<p style=\"text-align:center;\">Our team has worked all the year long to present you new products up to this words!</p>\n<p style=\"text-align:center;\">Come to discover them on <strong><span style=\"color:#e6361b;\">stand E72 in hall 3.0</span></strong>, from February 8 to 12.</p>\n<p style=\"text-align:center;\"><img src=\"https://goyon-chazeau.com/img/cms/ambiente%202019.jpg\" alt=\"GOYON-CHAZEAU at Ambiente, stand E72 hall 3.0\" width=\"420\" height=\"800\" /></p>','<h2 style=\"text-align:center;\"><span style=\"color:#e6361b;\"><strong>GOYON-CHAZEAU Cutlery</strong></span> exhibits at <strong>Ambiente</strong> fair in <strong>Frankfurt</strong>;</h2>\n<h2 style=\"text-align:center;\">come to discover our <span style=\"color:#e6361b;\"><strong>new products</strong></span>!</h2>',''),(74,1,'','','LE P\'TIT TRADI s\'invite à table !','le-p-tit-tradi-s-invite-a-table-','<h3>Il a su nous charmer par sa <strong>simplicité</strong>, nous séduire parce que son histoire résonne comme une madeleine de Proust, et nous conquérir par son <strong>efficacité en cuisine...</strong>Alors, \"pourquoi ne pas mettre<strong> <span style=\"color:#e6361b;\">Le P\'tit Tradi</span></strong> à table ?\"</h3>\n<p></p>\n<p><span style=\"color:#9b9b9b;\"><em>Le P\'tit Tradi Grenadille</em></span></p>\n<p><img src=\"https://goyon-chazeau.com/img/cms/TRADIPTI%20-%20Le%20p%20tit%20tradi%20-%20Grenadille.jpg\" alt=\"Le P\'tit Tradi grenadille\" width=\"600\" height=\"66\" /></p>\n<p>C\'est parce que vous avez été très nombreux à nous poser cette question que nous avons développé <span style=\"color:#e6361b;\"><strong>un coffret de P\'tits Tradi</strong></span> dans la lignée de l\'étui individuel qui a fait fureur à la fin d\'année 2018.</p>\n<p><img src=\"https://goyon-chazeau.com/img/cms/Coffret%20ferm%C3%A9%20Le%20Ptit%20Tradi.jpg\" alt=\"Coffret Le P\'tit Tradi\" width=\"300\" height=\"225\" /><img src=\"https://goyon-chazeau.com/img/cms/Coffret%20ouvert%20Le%20Ptit%20Tradi%202.jpg\" alt=\"Coffret 6 couteaux P\'tit Tradi Olivier\" width=\"300\" height=\"225\" /></p>\n<p>Le coffret se compose de 6 couteaux avec manche en grenadille, olivier ou noyer.</p>\n<p><span style=\"color:#9b9b9b;\"><em><em>Le P\'tit Tradi </em>Olivier</em></span></p>\n<p><img src=\"https://goyon-chazeau.com/img/cms/TRADIPTIOL%20-%20Le%20p%20tit%20tradi%20-%20olivier.jpg\" alt=\"Le P\'tit Tradi Olivier\" width=\"600\" height=\"70\" /></p>\n<p>A mi-chemin entre l\'esprit brasserie, le bistrot d\'antan et la maison de campagne, <span style=\"color:#e6361b;\"><strong>Le P\'tit Tradi</strong> </span>continue son histoire.</p>\n<p></p>\n<p><span style=\"color:#9b9b9b;\"><em>Le P\'tit Tradi Noyer vieilli</em></span></p>\n<p><img src=\"https://goyon-chazeau.com/img/cms/TRADIPTINO%20-%20Le%20p%20tit%20tradi%20-%20Noyer%20vieilli.jpg\" alt=\"Le P\'tit Tradi noyer vieilli\" width=\"600\" height=\"68\" /></p>\n<p>Et, bien entendu, le coffret et les couteaux sont 100% fabriqués en France !</p>','<p>Conçu à l\'origine pour être <span style=\"color:#e6361b;\"><strong>LE</strong> </span>petit couteau de cuisine, <strong><span style=\"color:#e6361b;\">Le P\'tit Tradi</span></strong> s\'est très vite fait une place à table.</p>',''),(74,2,'','','LE P\'TIT TRADI knife comes to table !','le-p-tit-tradi-knife-comes-to-table-','<h3>It was able to charm us with its simplicity, seduce us because its story resonates like a \"Proust madeleine\", and we have been conquered by its efficiency in cooking ... So, \"why not bring Le P\'tit Tradi on table\"?</h3>\n<p></p>\n<p><span><em>Le P\'tit Tradi Mozambic ebony</em></span></p>\n<p><img src=\"https://goyon-chazeau.com/img/cms/TRADIPTI%20-%20Le%20p%20tit%20tradi%20-%20Grenadille.jpg\" alt=\"Le P\'tit Tradi grenadille\" width=\"600\" height=\"66\" /></p>\n<p>You were very numerous to ask us this question. And as we share the same opinion, we have developed a <span style=\"color:#e6361b;\"><strong>box of P\'tits Tradi</strong></span> in the line of the individual box that made fury at the end of the year 2018.</p>\n<p><img src=\"https://goyon-chazeau.com/img/cms/Coffret%20ferm%C3%A9%20Le%20Ptit%20Tradi.jpg\" alt=\"Coffret Le P\'tit Tradi\" width=\"300\" height=\"225\" /><img src=\"https://goyon-chazeau.com/img/cms/Coffret%20ouvert%20Le%20Ptit%20Tradi%202.jpg\" alt=\"Coffret 6 couteaux P\'tit Tradi Olivier\" width=\"300\" height=\"225\" /></p>\n<p>The set contents <span style=\"color:#e6361b;\"><strong>6 knives</strong></span> with mozambic ebony, olive wood or old walnut wood handles.</p>\n<p><span><em><em>Le P\'tit Tradi </em>Olive wood</em></span></p>\n<p><img src=\"https://goyon-chazeau.com/img/cms/TRADIPTIOL%20-%20Le%20p%20tit%20tradi%20-%20olivier.jpg\" alt=\"Le P\'tit Tradi Olivier\" width=\"600\" height=\"70\" /></p>\n<p>Halfway between brasserie spirit, old-fashioned bistro and country house, <strong><span style=\"color:#e6361b;\">Le P\'tit Tradi</span> </strong>continues its story.</p>\n<p></p>\n<p><span><em>Le P\'tit Tradi Old walnut wood</em></span></p>\n<p><img src=\"https://goyon-chazeau.com/img/cms/TRADIPTINO%20-%20Le%20p%20tit%20tradi%20-%20Noyer%20vieilli.jpg\" alt=\"Le P\'tit Tradi noyer vieilli\" width=\"600\" height=\"68\" /></p>\n<p>And, of course, the box and the knives are 100% made in France!</p>','<p>Originally designed to be <span style=\"color:#e6361b;\"><strong>THE</strong> </span>small kitchen knife, <strong><span style=\"color:#e6361b;\">Le P\'tit Tradi</span></strong> quickly took a place on table.</p>',''),(75,1,'','','C\'est quoi UN COUTEAU ?','c-est-quoi-un-couteau-','<p>En braves couteliers que nous sommes, la première réponse que nous donnons à cette question est qu’un couteau est un <span style=\"color:#e6361b;\"><strong>ustensile tranchant qui sert à couper</strong>.<br /></span>C’est la fonction première du couteau, celle qui lui vient du silex.</p>\n<p>Pourtant il existe sur le marché quantité de couteaux qui ne coupent pas !</p>\n<p style=\"text-align:left;\">Certains parce que ce n’est pas leur vocation (couteau à beurre, tartineur, couteau à poisson…) d’autres juste parce qu’ils sont d’une qualité médiocre à l’usage. Et pourtant ils s’appellent bien couteaux…</p>\n<p style=\"text-align:left;\">Pourquoi ?</p>\n<p style=\"text-align:left;\">Pour la forme : <span style=\"color:#e6361b;\"><strong>une lame avec un manche</strong></span>, c’est un couteau<strong>.</strong> Et tant pis s’il ne coupe pas vraiment… Le consommateur n’y verra que du feu !?</p>\n<p>Monsieur et Madame Manjaveclesdoigts peut-être...<br />Mais il est certain que les professionnels et amateurs de la cuisine et de la table ne sont pas dupes. Eux, voient le couteau comme<span style=\"color:#e6361b;\"><strong> un outil</strong></span>.</p>\n<p>Nombreux sont les puristes qui n’aiment pas que l’on parle du couteau ainsi. Et pourtant…</p>\n<p>Vous est-il déjà arrivé de bricoler avec des outils entrée de gamme puis d’avoir le plaisir d’utiliser des outils haut de gamme d’un ami venu vous aider ?<br />Le gain de temps, l’efficacité dans l’action, la qualité du travail réalisé et sa durée dans le temps… incomparables n’est-ce pas ?<br />Et bien il en va de même avec un couteau.</p>\n<p>Vous arriverez presque toujours à vos fins avec un couteau lambda. Mais travailler avec un couteau haut de gamme, spécialement étudié pour un usage précis, vous apportera de l’aisance dans les gestes, de la rapidité dans la coupe et un résultat plus régulier, plus réussi.<br />De même, utiliser un couteau qui coupe à table c’est avoir le sentiment que la viande est plus tendre qu’ailleurs avant même qu’elle soit sous la dent! Et un aliment tranché est bien plus agréable à déguster qu’un aliment déchiré, ou déchiqueté par une mauvaise lame. Les textures et les goûts sont plus nets, plus agréables !</p>\n<p></p>\n<p></p>\n<p><img src=\"https://goyon-chazeau.com/img/cms/couteau%20de%20mots.jpg\" alt=\"Un bon couteau doit répondre aux exigences de son propriétaire\" width=\"870\" height=\"113\" /></p>\n<p></p>\n<p>Cela ne nous empêche pas de rejoindre ces puristes, en considérant aussi le couteau comme<span style=\"color:#e6361b;\"><strong> un objet</strong><span style=\"color:#000000;\">, beau à regarder et à montrer. Parfois même tellement beau qu’il devient</span> <strong>un objet d’art</strong></span>.<br />Souvent porteur de sens et de tradition, il raconte une histoire d’hommes, de savoir-faire, de techniques transmises à travers les époques.</p>\n<p>Il impose un style, donne le ton à une table, caractérise la personnalité de son détenteur.</p>\n<p>Alors… ?<br />Continuerez-vous à acheter un couteau sans le regarder dans les détails ?</p>\n<p>Si votre réponse est « non », promis, dans notre prochain poste sur le thème, nous vous donnerons quelques astuces pour choisir un bon couteau !</p>','<p>Voici une question amusante sur laquelle nous avons souhaité nous arrêter.</p>\n<p><br />En effet, même en excluant de notre réflexion tous les couteaux mécaniques, industriels, zoologiques, qui n’ont rien à voir avec la table, la cuisine ou la poche, la réponse n’est malgré tout pas aussi aisée qu’elle en a l’air...</p>',''),(75,2,'','','What is a knife ?','what-is-a-knife','<p>As brave cutlers as we are, the first answer we give to this question is that a knife is a <span style=\"color:#e6361b;\"><strong>sharp utensil used to cut</strong></span>.<br />This is the primary function of the knife, the one that comes from flint.</p>\n<p>But there are so many knives on the market that do not cut!</p>\n<p>Some just because it\'s not their vocation (butter knife, spreader, fish knife ...), others just because they are of poor quality for use.<br />And yet they are all called knives ...</p>\n<p>Why ?</p>\n<p>For the shape : <span style=\"color:#e6361b;\"><strong>a blade with a handle</strong></span>, it is a knife. And never mind if it does not really cut ... The consumer will not see the difference!?</p>\n<p>Mr. &amp; Mrs Eatwithfingers maybe…<br />But it is certain that kitchen and table professionals and amateurs are not fooled. They see the knife as<span style=\"color:#e6361b;\"><strong> a tool</strong></span>.</p>\n<p>There are many purists who do not like to talk about the knife as a tool. And yet ...</p>\n<p>Have you ever tinkered with entry-level tools then had the pleasure of using high-end tools from a friend who came to help you?<br />The time saved, the efficiency in the action, the quality of the work done and its duration over time…<br />Incomparable isnt’it ?</p>\n<p>Well, it’s the same with a knife.</p>\n<p>You will almost always reach your goals with a lambda knife. But working with a high-end knife, specially designed for a specific use, will bring you ease in the gestures, speed in the cut and a more regular and nicer result.</p>\n<p style=\"text-align:center;\"><img src=\"https://goyon-chazeau.com/img/cms/couteau%20de%20mots.jpg\" alt=\"A good knife meets the needs of its owner\" width=\"870\" height=\"113\" /></p>\n<p>This does not prevent us from joining these purists, also considering the knife as<span style=\"color:#e6361b;\"><strong> an object</strong></span>, beautiful to look at and show. Sometimes even so beautiful that it becomes an<span style=\"color:#e6361b;\"> <strong>art</strong> <strong>object</strong></span>.</p>\n<p>Often bearer of meaning and tradition, it tells a men story, a know-how, techniques transmitted throughout the ages.<br />It imposes a style, sets the tone for a table, characterizes the personality of its owner.</p>\n<p>So… ???<br />Will you continue to buy a knife without looking it in the details?</p>\n<p>If your answer is « no », we swear that, in our next post on the topic, we will give you some tips for choosing a good knife!</p>','<p>Here\'s a fun question we wanted to stop.</p>\n<p>Indeed, even excluding all mechanical and industrial knives, which have nothing to do with the table, the kitchen or the pocket, the answer is not as easy as it seems to be.</p>',''),(77,1,'','','Comment \"AIGUISER\" son couteau - 1/2','comment-aiguiser-son-couteau-1','<p>Vous avez un bon couteau en main mais la qualité de coupe n’est plus ce qu’elle était ?<br />Vous souhaitez entretenir votre couteau afin qu’il coupe comme à son premier jour ?</p>\n<h2><span style=\"color:#e6361b;\">Voici quelques astuces à connaître pour partager une vie avec votre couteau.</span></h2>\n<p> </p>\n<h3><span style=\"color:#e6361b;\">1)      Quand faut-il entretenir un couteau ?</span></h3>\n<p>Avant d’acheter quelque matériel que ce soit, souvenez-vous qu’il faut <strong>entretenir votre couteau avant qu’il ne coupe plus.<br /></strong>Il n’y a pas de règle écrite sur le sujet mais disons que l’<strong>affilage</strong>* doit être régulier, l’<strong>affûtage</strong>* ponctuel et l’<strong>aiguisage</strong>* doit se faire le moins possible ! (*Ne vous inquiétez pas, on explique tout juste en dessous !)</p>\n<p>Votre couteau ne coupe plus et, en lisant ces lignes vous pensez qu\'il est, du coup, trop tard ?</p>\n<p>Rassurez-vous, il existe des solutions ; elles nécessitent cependant un peu de savoir-faire. Si vous avez le moindre doute, et que vous tenez vraiment à votre couteau : consultez un professionnel.<br /><br /><br /></p>\n<h3><span style=\"color:#e6361b;\"><strong>2)      Aiguiser ? Affûter ? Affiler ?</strong></span></h3>\n<p>Quelques notions de vocabulaire pour bien comprendre de quoi nous parlons:</p>\n<ul><li><span style=\"color:#e6361b;\"><strong>- Aiguiser </strong></span>: <strong>créer ou recréer </strong>le tranchant en enlevant de la matière afin d’affiner l’acier de la lame. Terme souvent utilisé aussi dans le langage commun à la place d’affûter et affiler.</li>\n<li><span><strong><span style=\"color:#e6361b;\">- Affûter</span> </strong></span>: <strong>entretenir</strong> le tranchant du couteau afin qu’il conserve une bonne qualité de coupe.</li>\n<li><span style=\"color:#e6361b;\"><strong>- Affiler</strong></span> : <strong>rendre</strong> <strong>parfaitement nette </strong>la ligne du tranchant (c’est-à-dire le fil). On donne du fil à un outil tranchant après utilisation ou après l\'avoir affûté, en enlevant les aspérités créées par le contact de la lame avec un aliment, un support ou un outil d\'affûtage.<br /><br /><br /></li>\n</ul><h3><span style=\"color:#e6361b;\"><strong>3)      Quel couteau avez-vous en main ?</strong></span></h3>\n<p>Avant tout, <strong>apprenez à connaître votre couteau</strong> :</p>\n<ul><li>- Un couteau avec des dents ne peut être ni aiguisé, ni affûté, ni affilé.</li>\n<li>- Le type d’acier, la dureté de la lame, son type d\'émouture (forme du tranchant), et sa longueur vont vous donner des précisions sur l\'outil que vous devez utiliser.</li>\n<li>- Employer un outil inadapté à la qualité de votre couteau (trop ou pas assez performant) revient à ne pas entretenir votre couteau.</li>\n<li>- Votre couteau a-t-il besoin d\'être aiguisé, affûté, affilé ? La qualité de l\'outil que vous allez utiliser dépend de votre réponse à cette question.</li>\n<li>- Plus l’acier, son traitement et la fabrication de la lame sont de qualité, moins votre couteau aura besoin d’être entretenu.<br /><br /><br /></li>\n</ul><h3><span style=\"color:#e6361b;\">4)      Quels outils ?</span></h3>\n<p>Différents outils existent pour l\'entretien des couteaux.<br />Si leur nom stipule « aiguiser » il n’en demeure pas moins qu’en fonction de leur performance, de leur grain et de leur matière, ils seront plus ou moins à même d’aiguiser, d’affûter ou d’affiler.<br />Certains sont utilisables de suite, d\'autres nécessitent un apprentissage plus ou moins approfondi.</p>\n<p>Parmi les plus utilisés, nous présentons :</p>\n<ul><li><strong>- Le fusil à aiguiser</strong></li>\n<li><strong>- La pierre à aiguiser, naturelle, composite ou en céramique</strong></li>\n<li><strong>- L’aiguiseur, électrique ou manuel</strong></li>\n</ul><p>dans l\'article<span style=\"color:#e6361b;\"><strong> <a href=\"/fr/blog/-b78.html?controllerUri=blog\"><span style=\"color:#e6361b;\">[ COMMENT \"AIGUISER\" SON COUTEAU - 2/2]</span></a></strong></span></p>','<p>Quelques astuces à connaître pour partager une vie avec votre couteau. <span style=\"color:#e6361b;\">Article 1/2</span></p>',''),(77,2,'','','How \"TO SHARPEN\" a knife - 1/2','how-to-sharpen-a-knife-1','<p>You got a good knife but the cutting quality is not as good as it was ?<br />You want to maintain the cutting quality of your knife so that it can cut as it did on its first use ?</p>\n<h2><span style=\"color:#e6361b;\">Here are some tips to know to keep your knife all life long.</span></h2>\n<p> </p>\n<h3><span style=\"color:#e6361b;\">1)      Technical terms difficult to understand... and translate !</span></h3>\n<p>In the french language, several terms are used to talk about \"knife sharpening\". It is difficult to understand the difference between each words even for french people!</p>\n<p>However, these different words are existing for a good reason : they describe several levels of blade maintenance.<br />We try below to translate these technical terms in order to help you to better understand our purpose. We hope we do not go wrong.</p>\n<ul><li>- [FR : Aiguiser] -<em> that we translate by</em> <span style=\"color:#e6361b;\"><strong>Grinding</strong></span>: <strong>To create or recreate the cutting edge</strong> by removing steel in order to make the blade thinner.</li>\n<li>- [FR : Affûter] -<em> that we translate by</em><strong> <span style=\"color:#e6361b;\">Sharpening</span></strong>: <strong>To maintain the sharpness</strong> of the knife so that it keeps a good cutting quality. Term often used in the common language for all that concerns the maintenance of the cutting edge.</li>\n<li>- [FR : Affiler] -<em> that we translate by</em> <span style=\"color:#e6361b;\"><strong>H</strong><strong>oning</strong> or <strong>whetting</strong></span><span><strong> </strong></span>: <strong>To make the cutting edge perfectly sharp</strong>. This must be done after use or after sharpening, by removing asperities created by the contact of the blade with food, a support or a sharpening tool.<br /><br /><br /></li>\n</ul><h3><span style=\"color:#e6361b;\">2)      When is it necessary to work on your blade ?</span></h3>\n<p>Before buying anything to maintain your blade\'s cutting edge, remember that you have <strong>to maintain your knife before it doesn\'t cut anymore</strong>.</p>\n<p>There is not written rule on the subject but we can say that <strong><span style=\"color:#e6361b;\">honing</span>* </strong>must be made regularly, <span style=\"color:#e6361b;\"><strong>sharpening</strong>* often and <strong>grinding</strong></span>* the less possible ! </p>\n<p>Your knife does not cut anymore and, reading these lines, you think that it is too late ?<br />Rest assured, solutions are existing; they however require some know-how. If you have any doubt and don\'t want to damage your knife : consult a professional.</p>\n<p><br /><br /></p>\n<h3><span style=\"color:#e6361b;\"><strong>3)      How is YOUR knife ?</strong></span></h3>\n<p>Before anything, you must know what kind of knife you have in hand :</p>\n<ul><li>- A knife with a serrated edge cant\' be ground, sharpened nor honed.</li>\n<li>- The kind of steel, the blade hardness, the kind of grinding, the blade length, will give you details about the sharpening tool that you will have to use.</li>\n<li>- To use a tool that is not suited to the quality of your knife (too much or not enough) is like not maintaining your knife.</li>\n<li>- Your knife must be ground, sharpen or honed ? The quality of the tool that you will have to use will depends on your reply to this question.</li>\n<li>- More the steel, its treatment and the manufacturing of the blade are qualitative, less your knife will require maintenance.<br /><br /> </li>\n</ul><h3><span style=\"color:#e6361b;\">4)      Which tool ?</span></h3>\n<p>Several tools are existing for the cutting edge maintenance. If all talk about \"sharpening\", it is indeed their performance, their grain, their material which precise if they are able to ground, sharpen or honed.<br />Some of them can be used immediately, some other needs a more or less long training period to be well used.</p>\n<p>Among the more used ones, we talk about:</p>\n<ul><li>- <strong>the sharpening steel</strong> (knife sharpener)</li>\n<li><span class=\"b3\">- <strong>whetstone</strong></span>, natural, composite or ceramic</li>\n<li>- <strong>electrical or mechanical knife sharpener</strong> (machine)</li>\n</ul><p>in the article:<strong><span style=\"color:#e6361b;\"><a href=\"/en/blog/-b78.html?controllerUri=blog\"><span style=\"color:#e6361b;\"> [HOW \"TO SHARPEN\" A KNIFE - 2/2]</span></a></span></strong></p>','<p>Some tips to know to share a life with your knife. <span style=\"color:#e6361b;\">Article 1/2</span></p>',''),(78,1,'','','Comment \"AIGUISER\" son couteau - 2/2','comment-aiguiser-son-couteau-2','<p>Maintenant que vous avez lu notre article <span style=\"color:#e6361b;\"><strong><a href=\"https://www.goyon-chazeau.com/fr/blog/-b77.html?controllerUri=blog\"><span style=\"color:#e6361b;\">[Comment \"aiguiser\" son couteau - 1/2]</span></a><span style=\"color:#e6361b;\"> </span></strong><span style=\"color:#000000;\">vous connaissez mieux votre couteau et vous avez identifié le traitement d\'aiguisage, d\'affûtage ou d\'affilage à effectuer sur votre lame. </span></span></p>\n<p><span style=\"color:#e6361b;\"><span style=\"color:#000000;\">Nous allons maintenant regarder de plus près les différents outils à votre disposition.</span></span></p>\n<p> </p>\n<p></p>\n<p></p>\n<p></p>\n<h2><span style=\"color:#e6361b;\">LE FUSIL A AIGUISER</span></h2>\n<p style=\"text-align:center;\"><img src=\"https://goyon-chazeau.com/img/cms/876545_%20Thiers%20cuisine_%20Fusil25_%20cade.jpg\" alt=\"Fusil à aiguiser Le Thiers Cuisine\" width=\"800\" height=\"112\" /></p>\n<p>C’est l’outil le plus répandu car il permet un affûtage immédiat, sans préparation ni installation. Il peut être utilisé après chaque utilisation pour l’entretien régulier du tranchant.</p>\n<p><strong>Tous les fusils ne sont pas bons pour tous les couteaux :</strong></p>\n<ul><li>La mèche doit toujours être plus longue que la lame du couteau</li>\n<li>La dureté de la mèche doit toujours être supérieure à la dureté de la lame du couteau mais pas trop. Un couteau affûté avec une mèche trop ou pas assez dure perdra très vite son tranchant.</li>\n</ul><p>Vous devrez ensuite choisir entre différents types de fusils.</p>\n<p>Votre choix devra dépendre :</p>\n<ul><li>De l’usage que vous comptez en faire (novice, amateur, semi-pro, pro)</li>\n<li>De la qualité des couteaux que vous souhaitez entretenir</li>\n</ul><p></p>\n<p>Voici quelques informations pour vous aider dans votre choix.</p>\n<h3></h3>\n<h3><span style=\"color:#e6361b;\">Choisir parmi les différentes formes de mèches :</span></h3>\n<ul><li><strong>Mèche ronde</strong> : c’est la forme de mèche la plus répandue, notamment chez les amateurs, car elle rend le fusil plus léger et limite les risques de « se louper », la zone en contact avec la lame étant plus faible que sur les autres formes de mèche.</li>\n<li><strong>Mèche ovale</strong> : sa surface de contact, plus importante que celle de la mèche ronde, rend les actions de la main plus efficaces et donc l’affûtage plus rapide lorsqu’on sait l\'utiliser.</li>\n<li><strong>Mèche plate/large</strong> : la surface de contact est encore plus développée et donc l’affûtage est plus facile une fois que l’on sait éviter les angles et que l’on a pris l’habitude du poids du fusil, plus difficile à manier.</li>\n<li><strong>Mèche carrée</strong> : plus rare, c’est une mèche qui offre 2 niveaux de finition (2 faces de chaque). Le résultat est optimal quand on sait bien manier le fusil et faire fi des arrêtes de la mèche.</li>\n</ul><p><strong> </strong></p>\n<h3><span style=\"color:#e6361b;\">Choisir parmi les différents revêtements proposés :</span></h3>\n<ul><li>\n<h3><strong>Mèche acier </strong></h3>\n</li>\n</ul><p>o   <strong>taillage standard : </strong>très abrasive, elle permet d’aiguiser les couteaux émoussés</p>\n<p>o   <strong>taillage fin : </strong>elle permet d’affûter et d’affiler</p>\n<p>o   <strong>taillage extra-fin : </strong>elle permet l’affilage des couteaux haut de gamme (affilage « rasoir »)</p>\n<p></p>\n<ul><li>\n<h3><strong>Mèche céramique</strong></h3>\n</li>\n</ul><p><strong> </strong>Plus dure que l’acier, elle offre une abrasion fine qui permet un affûtage léger et surtout un affilage fin type « rasoir » si la qualité d’acier du couteau le permet.</p>\n<p></p>\n<ul><li>\n<h3><strong>Mèche diamant</strong></h3>\n</li>\n</ul><p><strong> </strong>C’est une mèche en acier classique recouverte de millions de diamants industriels qui la rendent très abrasive. Elle permet d’aiguiser, affûter et affiler rapidement et efficacement les couteaux haut de gamme.</p>\n<p><strong> </strong></p>\n<p><strong>Une fois votre fusil acheté, il vous faudra prendre le coup de main. Plusieurs techniques existent, voici la nôtre, à l’usage des débutants :</strong></p>\n<ul><li>Pour utiliser votre fusil à aiguiser correctement et sans danger, nous vous conseillons de poser la pointe du fusil sur une planche à découper.</li>\n<li>Présentez ensuite votre couteau en plaçant son manche au plus près de la mèche du fusil, tranchant orienté vers le bas.</li>\n<li>Créez un angle lame/mèche de 20 à 30°. Plus votre couteau est de qualité, plus l’angle doit être faible.</li>\n<li>Faites glisser la lame vers le bas en arc de cercle sur toute la longueur de la mèche du fusil.</li>\n<li>Présentez l’autre face de la lame du couteau et répétez le procédé.</li>\n<li>Il est important de respecter l’angle autant que possible et d’alterner sur les deux faces de la lame pour ne pas \"casser\" le tranchant de votre lame et l’affiner correctement.</li>\n<li>Répétez le mouvement plusieurs fois de chaque côté en donnant de moins en moins de pression sur la lame afin de faire disparaitre la bavure.</li>\n<li>Essuyez votre couteau après l’aiguisage afin d’ôter les résidus de matière.</li>\n</ul><p style=\"text-align:center;\"><img src=\"https://goyon-chazeau.com/img/cms/Aiguiser%20au%20fusil.jpg\" alt=\"Aiguiser au fusil\" width=\"510\" height=\"200\" /></p>\n<p> Quand vous maîtriserez l’aiguisage avec cette technique, vous n’aurez plus besoin de la planche et pourrez utiliser votre fusil pointe en haut, comme le font les chefs !</p>\n<p> </p>\n<p></p>\n<h2><strong style=\"color:#e6361b;\">LA PIERRE A AIGUISER « CLASSIQUE » OU EN CERAMIQUE </strong><span style=\"color:#e6361b;\">:</span></h2>\n<p style=\"text-align:center;\"></p>\n<p style=\"text-align:center;\"><img src=\"https://goyon-chazeau.com/img/cms/Pierre%20%C3%A0%20aiguiser.jpg\" alt=\"Dessin d\'une pierre à aiguiser\" width=\"407\" height=\"150\" style=\"margin-left:auto;margin-right:auto;\" /></p>\n<p style=\"text-align:center;\"></p>\n<p style=\"text-align:left;\">Elle permet d’aiguiser, d’affûter et d’affiler durablement.</p>\n<p>Elle nécessite néanmoins un apprentissage; de nombreux tutoriels existent sur le net à cet effet.</p>\n<p>En quelques mots :</p>\n<ul><li>les <strong>gros grains</strong> (200/400 et 600/800), très abrasifs, permettent d’<strong>aiguiser</strong> (retravailler, réparer le tranchant de la lame, enlever les défauts visibles en retirant de la matière). Il est nécessaire d’utiliser un grain plus fin ensuite afin d’affûter et d’affiler la lame.</li>\n<li>les<strong> grains plus fins</strong> (2000, 3000, 4000) permettent d’affûter et affiler (entretenir le tranchant, créer une coupe fine).</li>\n<li>Les pierres avec un <strong>grain 1000/3000</strong> sont, de fait, les plus polyvalentes.</li>\n<li>Les pierres avec un <strong>grain de 5000 et plus</strong> sont réservées à des lames en acier très haut de gamme présentant une dureté de plus de 58 HRC.</li>\n</ul><p>Plus votre acier est de bonne qualité et d’une dureté élevée, plus vous aurez besoin d’un grain fin pour l’affûtage.</p>\n<p>User d’un grain fin sur des aciers standards ne sert à rien ; votre tranchant, trop mou, ne pourra pas conserver le fil très fin qui aura été créé par une pierre avec un grain fin.</p>\n<p>La pierre céramique permet un affûtage plus rapide car elle est utilisable dès la sortie du tiroir (il n\'est pas nécessaire de la faire tremper avant utilisation).</p>\n<p> </p>\n<p></p>\n<h2><span style=\"color:#e6361b;\">L\'AIGUISEUR, MANUEL OU ELECTRIQUE</span></h2>\n<p style=\"text-align:center;\"></p>\n<p style=\"text-align:center;\"><img src=\"https://goyon-chazeau.com/img/cms/Aiguiseur.jpg\" alt=\"Dessin d\'un aiguiseur manuel\" width=\"543\" height=\"150\" /></p>\n<p style=\"text-align:center;\"></p>\n<p style=\"text-align:left;\">Arrivé sur le marché depuis quelques années, il est pratique et permet d’entretenir ses couteaux sans aucun apprentissage. Il suffit de passer la lame dans le ou les emplacements prévus à cet effet.</p>\n<p>Il est cependant très abrasif (use rapidement les lames) et n’offre pas la qualité d’affûtage et d’affilage de la pierre ou du fusil.</p>\n<p>Il ne convient pas non plus à tous les couteaux, notamment pas pour les couteaux japonais. <strong>Renseignez-vous avant l’achat.</strong></p>\n<p> </p>\n<h3 style=\"text-align:center;\"><span style=\"color:#e6361b;\"><strong>Maintenant c’est à vous de jouer ! </strong></span></h3>\n<p style=\"text-align:center;\"><strong>Et n’oubliez pas, si vous avez le moindre doute et que vous tenez à votre couteau : consultez un professionnel.</strong></p>','<p>Quelques astuces à connaître pour partager une vie avec votre couteau. <span style=\"color:#e6361b;\">Article 2/2</span></p>',''),(78,2,'','','How \"TO SHARPEN\" a knife - 2/2','how-to-sharpen-a-knife-2','<p>Now that you have read our article <span style=\"color:#e6361b;\"><strong><a href=\"https://www.goyon-chazeau.com/en/blog/-b77.html?controllerUri=blog\"><span style=\"color:#e6361b;\">[How \"to sharpen\" a knife - 1/2]</span></a></strong></span><span><strong><span> </span></strong>you better know your knife and you have identified the grinding, sharpening or the honing treatment it\'s blade needs. </span></p>\n<p>We are now going to see the different tools we can use for that.</p>\n<p> </p>\n<h2><span style=\"color:rgb(230,54,27);\">THE SHARPENING STEEL</span></h2>\n<p><img src=\"https://goyon-chazeau.com/img/cms/876545_%20Thiers%20cuisine_%20Fusil25_%20cade.jpg\" alt=\"Fusil à aiguiser Le Thiers Cuisine\" width=\"800\" height=\"112\" /></p>\n<p>It is the most common tool because it allows immediate sharpening without preparation or installation. It can be used after each use for the regular maintenance of the cutting edge.</p>\n<p><strong>All sharpening steels are not good for all knives :</strong></p>\n<ul><li>The rod must always be longer than the knife\'s blade</li>\n<li>The hardness of the rod must always be higher thant the one of the blade, but not too much. A blade sharpened with a too hard, or not enough hard rod, will quickly loose its cutting edge.</li>\n</ul><p>Then, you will have to choose between different kind of sharpening steels.</p>\n<p>Your choice will depend on:</p>\n<ul><li>what you will do with (use as a novice, amateur, semi-pro, pro)</li>\n<li>the quality of the knives you want to sharpen</li>\n</ul><p>Here are some details to know to help you in your choice.</p>\n<p></p>\n<h3><span style=\"color:#e6361b;\">Choose between the different rod shapes :</span></h3>\n<ul><li><strong>Round rod</strong>: it is the most popular rod form because it makes the sharpening steel lighter and limits the risk of bad sharpening, the area in contact with the blade being thiner than on other forms of sharpening steel.</li>\n<li><strong>Oval rod</strong>: the contact area, thicker than the one of the round rod, makes the actions of the hand more efficient, and thus the sharpening is done faster, once you know how to use it.</li>\n<li><strong>Flat/large rod</strong>: the contact area is very large, so the sharpening is very quickly made. But a training is necessary to avoid angles and it is difficult to accustomed with its weight because it makes the sharpening steel more difficult to handle.</li>\n<li><strong>Square rod</strong> : rarer, it is a rod that offers 2 finishing levels (2 sides of each). The result is optimal when you know how to handle the sharpening steel and ignore the rod\'s edges.</li>\n</ul><p><strong> </strong></p>\n<h3><span style=\"color:#e6361b;\">Choose between the different material or coating proposed :</span></h3>\n<ul><li>\n<h3>Steel rod</h3>\n</li>\n</ul><p>o   <strong>Standard : </strong>very abrasive, it can sharpen blunt knives</p>\n<p>o   <strong>Thin :</strong> it can sharpen and hone</p>\n<p>o  <strong> Extra-thin </strong>: it allows honing of high-end knives (\"razor\" sharpening)</p>\n<p></p>\n<ul><li>\n<h3><strong>Ceramic rod</strong></h3>\n</li>\n</ul><p>Harder than the steel rod, it offers a fine abrasion which allows a light sharpening and especially a \"razor\" sharpening if the steel quality of the blade allows it.</p>\n<p></p>\n<ul><li>\n<h3>Diamond rod</h3>\n</li>\n</ul><p>It is a standard steel rod covered with millions of industrial diamonds that make it very abrasive. It allows grinding, sharpening and honing, quickly and efficiently. For high-end knives.</p>\n<p><strong> </strong></p>\n<p><strong>Once you have buy your sharpening steel, you will have to learn how to use it. Several techniques are existing, here is ours, for beginners:</strong></p>\n<ul><li>To use your sharpening steel correctly and safely, we advise you to put the tip of the rod on a cutting board.</li>\n<li>Then present your knife by placing its handle as close to the sharpener’s rod, cutting edge facing down.</li>\n<li>Create a blade / rod angle of 20° to 30°. More your knife is qualitative, more the angle must be small.</li>\n<li>Then slide the blade down in an arc, along the entire length of the sharpener’s rod.</li>\n<li>Present the other side of the blade and repeat the process.</li>\n<li>It is important to respect the angle and alternate on both sides of the blade in order to keep the edge and sharpen it properly.</li>\n<li>Repeat the movement several times on each side, giving less and less pressure on the blade in order to remove the burr.</li>\n<li><span>Wipe your knife after sharpening to remove material residue.</span></li>\n</ul><p style=\"text-align:center;\"><span><img src=\"https://goyon-chazeau.com/img/cms/Aiguiser%20au%20fusil.jpg\" alt=\"How to use a sharpening steel\" width=\"510\" height=\"200\" /></span></p>\n<p> When you master the sharpening with this technique, you will not need the board anymore and can use your sharpening steel, tip up, as do the Chefs!</p>\n<p> </p>\n<h2><strong style=\"color:rgb(230,54,27);\">THE WHETSTONE, NATURAL, COMPOSITE OR CERAMIC</strong><span style=\"color:rgb(230,54,27);\">:</span></h2>\n<p style=\"text-align:center;\"></p>\n<p style=\"text-align:center;\"><img src=\"https://goyon-chazeau.com/img/cms/Pierre%20%C3%A0%20aiguiser.jpg\" alt=\"Dessin d\'une pierre à aiguiser\" width=\"407\" height=\"150\" /></p>\n<p style=\"text-align:center;\"></p>\n<p>According to the grain, it allows durable grinding, sharpening and honing.</p>\n<p>It nevertheless requires a training; many tutorials exist on the net for this purpose.</p>\n<p>In few words :</p>\n<ul><li><strong>big grains</strong> (200/400 and 600/800), very abrasive, they can <b>make a grinding </b>(rework, repair the edge of the blade, remove visible defects by removing material). It is necessary to use a finer grain after, to sharpen and hone the blade.</li>\n<li><strong>thinner grains</strong> (2000, 3000, 4000) allows to sharp and hone ((maintain the sharpness, create a fine edge).</li>\n<li>so stones with <strong>grain 1000/3000 </strong>are the most multi-purpose.</li>\n<li>Stone with grain of<strong> 5000 and more</strong> are for high-end steel blades with a hardness of over 58 HRC.</li>\n</ul><p>More the steel of your blade is qualitative and with a high hardness, more you will need a thin grain for sharpening and honing.</p>\n<p>To use a thin grain on standard steel is useless; your cutting edge, too soft, will not be able to keep the fine cutting created by the stone.</p>\n<p>The ceramic stone is faster to use as it didn\'t require to be diped before use.</p>\n<p> </p>\n<h2><span style=\"color:#e6361b;\"><strong>THE EL</strong>ECTRICAL OR MECHANICAL KNIFE SHARPENER</span></h2>\n<p style=\"text-align:center;\"></p>\n<p style=\"text-align:center;\"><img src=\"https://goyon-chazeau.com/img/cms/Aiguiseur.jpg\" alt=\"Dessin d\'un aiguiseur manuel\" width=\"543\" height=\"150\" /></p>\n<p style=\"text-align:center;\"></p>\n<p>Arrived on the market for few years, it is easy to use, without any training. You just have to place and pass the blade in the holes meant for sharpening.<br />However, it is very abrasive (it quickly nibbles the blades), and do not offer a very qualitative sharpening as a whetstone or a sharpenning steel can do.<br />It is also not for all knives, especially not for japaneese knives (because of their special grinding). <strong>Inquire before buying.</strong></p>\n<p> </p>\n<h3 style=\"text-align:center;\"><span style=\"color:#e6361b;\">Now, it\'s your time to... sharp!</span></h3>\n<p style=\"text-align:center;\"><strong>And don\'t forget, if you have any doubt and don\'t want to damage your blade : ask to a specialist.</strong></p>','<p>Some tips to know to share a life with your knife. <span style=\"color:#e6361b;\">Article 2/2</span></p>',''),(79,1,'','','Un corner GOYON-CHAZEAU chez BOULANGER ','un-corner-goyon-chazeau-chez-boulanger','<p>Cela ne coule pas de source qu\'un m<span>ulti-spécialiste de l\'</span><span>électroménager</span><span> et du </span><span>multimédia comme <span style=\"color:#e6361b;\"><strong>BOULANGER</strong> </span>fasse appel à un artisan coutelier pour occuper son corner d\'entrée de magasin.</span></p>\n<p>Et pourtant, c\'était un souhait de Laurent Danylak, responsable du magasin BOULANGER d\'Aubière, dans le Puy de Dôme, qui cherchait à promouvoir le patrimoine coutelier de sa région et proposer à ses clients des accessoires haut de gamme, complémentaires à son offre \"branchée\". Après quelques discussions avec ses vendeurs dont un passionné de couteaux, le contact avec <strong>GOYON-CHAZEAU</strong> a vite été établi.</p>\n<p><span>La sélection de produits a été tout aussi facile à mettre en place. Magali Soucille : \" <em><span>Il a été évident pour nous, dès le départ, que la <span style=\"color:#e6361b;\"><strong>mise en scène du patrimoine coutelier thiernois</strong></span> se fasse autour du couteau LE THIERS®, le couteau emblématique de notre région. Nous le présentons sur le corner par le biais de plusieurs interprétations de couteaux de table, couteaux de poche et couteaux de cuisine, en rappelant aux visiteurs toute la profondeur historique et sociale qu\'il véhicule</span></em>.</span><span> <i>Et comme Coutellia le festival du couteau d’art et de tradition ouvre ses portes les 18 et 19 mai prochains à Thiers, GOYON-CHAZEAU poursuit la promotion de Thiers et de la coutellerie en offrant des entrées aux premiers acheteurs sur le corner »</i>.</span></p>\n<p></p>\n<p><span>Voilà de quoi faire découvrir tout un univers passionnant dans un contexte inhabituel ! Avis donc aux <span>passionnés et aux curieux qui peuvent se rendre sur le corner du 1er mai au 31 août 2019.</span></span></p>\n<p></p>','<p>Le magasin BOULANGER d\'Aubière (63) a fait appel à la Coutellerie GOYON-CHAZEAU pour valoriser le patrimoine coutelier thiernois auprès de sa clientèle.</p>',''),(79,2,'','','A GOYON-CHAZEAU corner in a BOULANGER shop ','a-goyon-chazeau-corner-in-a-boulanger-shop-','<p>It is not obvious that a multi-specialist in household appliances and multimedia as BOULANGER calls on a cutler craftsman in order to occupy his store entrance.</p>\n<p>And yet, it was a wish of Laurent Danylak, manager of BOULANGER Aubière store who wanted to promote cutlery heritage of his region and offer to his customers high-end accessories, complementary to its household offer. After some discussions with his salesmen including a knife enthusiast, the contact with GOYON-CHAZEAU was quickly established.</p>\n<p>The product selection was easy to set up too.  Magali Soucille : \" It has been obvious for us, from the beginning, that the staging of <strong>Thiers knife-making heritage</strong> is around LE THIERS® knife<em>, the emblematic knife of our region. We present it here through several interpretations of table knives, pocket knives and kitchen knives, remaining all the historical and social depth that it conveys to the visitors</em>. And as Coutellia, the knife festival of art and tradition, opens its doors May 18 and 19 in Thiers<i>, GOYON-CHAZEAU continues the promotion of Thiers and cutlery by offering entries to the first buyers at BOULANGER \".</i></p>\n<p>This is enough to discover an exciting world in an unusual context! Notice to enthusiasts and curious who can see the booth from May 1 to August 31, 2019.</p>\n<p></p>','<p>BOULANGER, a large household appliances french sign asked the Coutellerie GOYON-CHAZEAU to promote Thiers cutlery heritage among its customers of Aubière city shop.</p>\n<p></p>',''),(80,1,'','','Couteau LE THIERS® Δαμα Hestia, une innovation technologique signée GOYON-CHAZEAU','couteau-le-thiers-damas-hestia-une-innovation-technologique-signée-goyon-chazeau','<p>Crédit photos <span>© Pierre COUBLE</span></p>\n<p><a href=\"https://www.lamontagne.fr/monnerie-le-montel-63650/economie/le-tout-premier-thiers-de-table-entierement-forge-en-damas-presente-a-coutellia-par-goyon-chazeau_13553154/#refresh\"><img src=\"https://goyon-chazeau.com/img/cms/coutellerie.jpg\" alt=\"Lancement du couteau Le Thiers Damas Hestia à l\'occasion de Coutellia\" width=\"1020\" height=\"800\" style=\"margin-left:auto;margin-right:auto;\" /></a></p>\n<p></p>','<p>Merci à LA MONTAGNE<span style=\"color:#e6361b;\"> <span style=\"color:#000000;\">pour ce</span> </span>très bel article sur notre couteau Le Thiers® Δαμα Hestia qui sera lancé à l\'occasion du festival Coutellia</p>',''),(80,2,'','','LE THIERS® Δαμα Hestia knife, a technological innovation signed GOYON-CHAZEAU','le-thiers-damas-hestia-knife-a-technological-innovation-signed-goyon-chazeau','<p>Crédit photos © Pierre COUBLE</p>\n<p></p>\n<p><a href=\"https://www.lamontagne.fr/monnerie-le-montel-63650/economie/le-tout-premier-thiers-de-table-entierement-forge-en-damas-presente-a-coutellia-par-goyon-chazeau_13553154/\"><img src=\"https://goyon-chazeau.com/img/cms/coutellerie.jpg\" alt=\"Le Thiers damas Hestia knife will be launched during Coutellia festival\" width=\"1020\" height=\"800\" /></a></p>','<p>Thank you to <span style=\"color:#e6361b;\"><em><strong>La Montagne</strong></em> for this nice article about our Le Thiers® Δαμα Hestia knife, to be launched on the <strong>Coutellia</strong> </span>festival</p>',''),(81,1,'','','Coutellia 2019 : quand des passionnés se rencontrent... ','coutellia-2019-quand-des-passionnés-se-rencontrent-','<p>Si la météo, fraîche et pluvieuse, n\'était pas en faveur du <span style=\"color:#e6361b;\"><strong>Festival du couteau d\'art et de tradition</strong></span>, cela n\'a pas freiné les visiteurs!</p>\n<p>Nous avons constaté une belle hausse de la fréquentation accompagnée d\'un visitorat de qualité, curieux, intéressé ou passionné.</p>\n<p>Merci à l\'organisation et à tous ceux parmi vous qui se sont intéressés à nos produits et qui ont pu découvrir notre <strong>fabrication artisanale</strong>, à l\'image de <span style=\"color:#e6361b;\">Florent Pagny<span style=\"color:#000000;\">, parrain de cette édition.</span></span></p>\n<p>C\'est toujours un plaisir d\'échanger sur notre <span style=\"color:#e6361b;\"><strong>passion</strong> </span>! Au plaisir de tous vous revoir !</p>','<p><span style=\"color:#000000;\"><strong>Coutellia 2019</strong></span> vient de fermer ses portes et, parmi une foule de passionnés de couteaux, <span style=\"color:#e6361b;\"><strong>Florent Pagny</strong></span> nous a fait le plaisir de s\'arrêter sur notre stand. </p>',''),(81,2,'','','Coutellia 2019: when passionate people meet ...','coutellia-2019-when-passionate-people-meet-','<p>If the weather, cold and rainy, was not in favor of the <span style=\"color:#e6361b;\"><strong>Knife Festival of art and tradition</strong></span>, it did not slow down the visitors!</p>\n<p>We noticed a nice increase in attendance that we found qualitative, curious, interested or passionate.</p>\n<p>Thank you to the organization and to all of you who have been interested in our products and who have discovered our <span style=\"color:#000000;\"><strong>craftsmanship</strong></span>, like <span style=\"color:#e6361b;\">Florent Pagny</span>, sponsor of this edition.</p>\n<p>It\'s always a pleasure to share our <strong><span style=\"color:#e6361b;\">passion</span></strong>! Hope to see you all again!</p>\n<p> </p>','<p><strong>Coutellia 2019</strong> has just closed its doors and, among a crowd of knife enthusiasts, <span style=\"color:#e6361b;\">Florent Pagny</span> made us the pleasure of stopping at our booth.</p>',''),(82,1,'','','Arts de la table et lave-vaisselle : pas si simple...','arts-de-la-table-et-lave-vaisselle-pas-si-simple','<p><span style=\"color:#ffffff;\">.</span></p>\n<p>De la même façon qu’on ne lave pas un tee-shirt en coton comme un chemiser en soie ou un pull en laine, on ne lave pas sa vaisselle du quotidien comme on lave ses verres en cristal, sa porcelaine de mariage et des couteaux et couverts artisanaux.</p>\n<p>En effet, l’humidité, la chaleur et les produits chimiques fragilisent toujours, plus ou moins, votre service de table et vos articles de cuisine.</p>\n<p>Craquelures, taches, blanchiment…sont autant de signes qui indiquent, souvent trop tard, que votre vaisselle aurait préféré être lavée à la main.</p>\n<p>Nous ne pouvons que vous conseiller de <span style=\"color:#e6361b;\"><strong>laver les articles auxquels vous tenez à la main</strong> <strong>avec une éponge douce</strong></span> et de les sécher rapidement. <br />C’est la meilleure façon de conserver leur éclat, et leur tranchant pour ce qui concerne les couteaux.</p>\n<p><span style=\"color:#ffffff;\">.</span></p>\n<p>Pour aborder plus particulièrement le cas des <span style=\"color:#e6361b;\"><strong>couteaux et couverts</strong></span> voici quelques conseils :</p>\n<p><span style=\"color:#e6361b;\"><strong>          <span style=\"color:#000000;\">-</span> Rincez</strong> </span>les couteaux et couverts si vous ne les lavez pas rapidement afin que l’acidité des aliments n’oxyde pas l’inox.<br /><span style=\"color:#e6361b;\"><strong>          <span style=\"color:#000000;\">-</span> Ne les laissez pas au contact prolongé de l’eau</strong></span> ou d’une source de chaleur afin de conserver le plus longtemps possible le caractère inoxydable de l’acier et éviter que l’eau ne s’infiltre et ne fasse jouer les pièces d’assemblage.</p>\n<p><span style=\"color:#ffffff;\">.</span></p>\n<ul><li>\n<h3><span style=\"color:#000000;\">Couteaux et couvert tout inox, avec manche en Paperstone<sup>®</sup> ou composite (fibre de carbone, bois stabilisés résine,…)</span></h3>\n</li>\n</ul><p></p>\n<p>          - Ces matières supportent un passage au <span style=\"color:#e6361b;\"><strong>lave-vaisselle</strong>. <span style=\"color:#000000;\">Nous conseillons toutefois d\'utiliser un</span> <strong>programme de lavage inférieur à 55°C</strong></span>.<br />          - Mettez les <span style=\"color:#e6361b;\"><strong>couteaux pointe en bas</strong></span> afin de préserver le tranchant.<br />          - Utilisez une<span style=\"color:#e6361b;\"><strong> lessive en poudre classique</strong></span>, sans apport de sel régénérant ou de liquide de rinçage car ils sont corrosifs.<br /><span style=\"color:#e6361b;\"><strong>          </strong><span style=\"color:#000000;\">-</span><strong> Limitez la présence d’autres métaux</strong></span> dans le lave-vaisselle (fer, argent, or…) car un phénomène d’électrolyse pendant le cycle de lavage peut tacher vos articles.<br /><span style=\"color:#e6361b;\"><strong>          </strong><span style=\"color:#000000;\">-</span><strong> Essuyez</strong> </span>dès la fin du cycle de lavage afin de limiter les risques d’oxydation.<br />          - Stockez dans un endroit <span style=\"color:#e6361b;\"><strong>sec</strong></span>.</p>\n<p><span style=\"color:#ffffff;\">.</span></p>\n<ul><li>\n<h3><span style=\"color:#000000;\">Couteaux et couverts avec manche en acrylique</span></h3>\n</li>\n</ul><p>          - L\'acrylique est un plastique qui est façonné pour réaliser les manches. Il va perdre de son éclat et se dégrader s’il est lavé en machine. Nous vous conseillons donc de laver les articles avec manche en acrylique à la main.</p>\n<p><span style=\"color:#ffffff;\">.</span></p>\n<ul><li>\n<h3><span style=\"color:#000000;\">Couteaux et couverts avec manche en bois brut ou en corne</span></h3>\n</li>\n</ul><p>          - Ces matières, très fragiles, doivent impérativement être <span style=\"color:#e6361b;\"><strong>lavées à la main avec une éponge douce</strong></span>.<br /><strong>          - <span style=\"color:#e6361b;\">Évitez toute immersion</span> </strong>; un contact prolongé avec de l’eau ou un liquide endommagerait la matière.<br />          - Essuyez de temps en temps les manches avec de l’<span style=\"color:#e6361b;\"><strong>huile de lin</strong></span> afin de leur redonner un peu d’éclat et de les protéger un peu.</p>\n<p><span style=\"color:#ffffff;\">. </span></p>\n<p style=\"text-align:center;\"><img src=\"https://goyon-chazeau.com/img/cms/Lavage.jpg\" alt=\"Lavez vos couteaux et couverts avec manche en bois à la main\" width=\"379\" height=\"284\" /></p>\n<p style=\"text-align:center;\"><span style=\"color:#ffffff;\">.</span></p>\n<h3 style=\"text-align:left;\"><span style=\"color:#000000;\">Cas particulier du bois de cade (genévrier)</span></h3>\n<p style=\"text-align:left;\">Le bois de cade est un bois qui peut suinter. Cela peut rendre le manche légèrement collant.<br />Vous pouvez solutionner le problème en essuyant ce dernier avec un chiffon humidifié de dissolvant ou d’un produit détachant basique multi-usage adapté au bois.</p>\n<p> </p>\n<p></p>\n<p></p>\n<h1 style=\"text-align:center;\"><span style=\"color:#e6361b;\">Oups ! </span></h1>\n<h3>Vous saviez tout ça mais l’un de vos couteaux ou couvert est passé au lave-vaisselle malgré vous et présente des tâches sur l’inox?</h3>\n<p>Cela peut être dû à votre eau, qui est peut-être un peu calcaire, ou aux produits lessiviels que vous avez utilisés. <br /> Pour tenter résoudre le problème,</p>\n<p><span><span><span>          -  V</span></span></span>ous pouvez essuyer les pièces avec un chiffon doux humidifié avec du vinaigre blanc ou du jus de citron dilué dans de l’eau bouillante.</p>\n<p><span><span><span>          - </span></span></span>Gommer avec une gomme blanche</p>\n<p> </p>\n<h3>Ce sont vos manches qui ont souffert ?</h3>\n<p>Envoyez-nous des photos. Nous tenterons de vous apporter des solutions.</p>','<p><strong><span style=\"color:#e6361b;\">Le saviez-vous ?</span></strong></p>\n<p>Si tous les articles ne portent pas une étiquette, il n’en demeure pas moins que les arts de la table s\'entretiennent comme le textile : avec des précautions à prendre en fonction des matières.</p>',''),(82,2,'','','Table Art and dishwasher : no so easy ...','table-art-and-dishwasher-no-so-easy-','<p><span style=\"color:#ffffff;\">.</span></p>\n<p>In the same way that you do not wash a coton t-shirt like a silk shirt or a wool sweater, you may not wash your everyday dishes like your crystal glasses, your wedding porcelain or your handmade knives and cutlery.</p>\n<p>Indeed, humidity, heat and chemicals always weaken, more or less, your tableware and kitchen articles.</p>\n<p>Cracks, stains, whitening... are signs that show, often too late, that your dishes would have preferred to be washed by hand.</p>\n<p>We can only advise you to <span style=\"color:#e6361b;\"><strong>handwash articles that are dear to you with a soft sponge</strong></span> and quickly wipe them.<br />It is the best way to keep their shine and your knives\' cutting edge. </p>\n<p><span style=\"color:#ffffff;\">.</span></p>\n<p>To speak more closely about <span style=\"color:#e6361b;\"><strong>knives and cutlery</strong></span> here are some advices :</p>\n<p><span><strong>          <span>-</span> <span style=\"color:#e6361b;\">Rince </span></strong></span>your knives ans cutlery if you do not wash them quickly so that food acidity will not oxyde the steel .<br /><span><strong>          <span>-</span> <span style=\"color:#e6361b;\">Do not leave in prolonged contact with water </span></strong></span>or a heat source in order to keep the stainless feature of steel and prevent water from infiltrating and do play the assembly parts.</p>\n<p><span style=\"color:#ffffff;\">.</span></p>\n<ul><li>\n<h3><span>Full stainless steel knives and cutlery, or with Paperstone<sup>®</sup> or composite handle (carbone fiber, stabilised wood with resin…)</span></h3>\n</li>\n</ul><p></p>\n<p>          - These materials can be washed in the <span style=\"color:#e6361b;\"><strong>dishwasher</strong></span><span>. We nethertheless recommend to set the temperature to <span style=\"color:rgb(230,54,27);\"><strong>55°C maximum</strong></span></span>.<br />          - Place the knives with<span style=\"color:rgb(230,54,27);\"><strong> blades turned to the bottom</strong></span> in order to protect the cutting edge as possible.<br />          - Use a <span style=\"color:rgb(230,54,27);\"><strong>conventional powder detergent</strong> </span>without adding regenerating salt or rinsing liquid as they are corrosive.<br /><span><strong>          </strong><span>-</span><strong> <span style=\"color:rgb(230,54,27);\">Do not wash with other metals</span></strong> such as iron, silver or gold, this to avoid any electrolysis phenomenom thant can stain your articles.<br /></span><span><strong>          </strong><span>-</span><strong> <span style=\"color:rgb(230,54,27);\">Wipe </span></strong>as soon as washing is completed to limit oxidation risks.<br /></span>          - Store in a <strong><span style=\"color:rgb(230,54,27);\">dry place</span>.</strong></p>\n<p><span style=\"color:rgb(255,255,255);\">.</span></p>\n<ul><li>\n<h3><span>Acrylic handle knives and cutlery</span></h3>\n</li>\n</ul><p>          - Acrylic is a plastic that must be shaped to realise the handles. It will loose its brightness and be deteriorate if it is washed in the dishwasher. We so recommend you to handwash acrylic handles articles.</p>\n<p><span style=\"color:rgb(255,255,255);\">.</span></p>\n<ul><li>\n<h3><span>Wooden &amp; horn handle knives and cutlery</span></h3>\n</li>\n</ul><p>          - These materials are very fragile. They imperatively must be <strong>handwashed with a soft sponge</strong>.<br /><strong>          - Avoid any immersion; </strong>prolonged contact with water or liquid will damage the material.<br />          - Occasionally wipe handles with <strong>linseed oil</strong> to give them back a little shine and protect them.</p>\n<p><span style=\"color:rgb(255,255,255);\">. </span></p>\n<p style=\"text-align:center;\"><img src=\"https://goyon-chazeau.com/img/cms/Lavage.jpg\" alt=\"Lavez vos couteaux et couverts avec manche en bois à la main\" width=\"379\" height=\"284\" style=\"margin-left:auto;margin-right:auto;\" /></p>\n<p><span>.</span></p>\n<h3><span>Particular case of juniper wood</span></h3>\n<p>Juniper wood can ooze. This can make the handle a bit sticky.<br />You can solve the problem by wiping the handle with a rag soaked in a little with nail remover or a multi-purpose stain remover adapted to wood.</p>\n<p> </p>\n<p></p>\n<p></p>\n<h1 style=\"text-align:center;\"><span style=\"color:rgb(230,54,27);\">Oups !</span></h1>\n<h3>You knew all of this but one of your knife or fork has been washed in the dishwasher and presents some stains on the stainless steel ?</h3>\n<p>The reason might be a limestone water, or washing products you used. <br />You can try to erase the stains  :</p>\n<p>          -  by wiping them with a sotf cloth humidified with some drops of white vinegar or lemon juice diluted in boiling water;</p>\n<p>          - by erasing them with a white eraser</p>\n<p> </p>\n<h3>It\'s your handles that are suffered ?</h3>\n<p>Send us photos; we wil try to propose you solutions.</p>','<p><span style=\"color:#e6361b;\"><strong>Did you know ?</strong></span></p>\n<p>If all tableware articles do not carry a label, they nethertheless must be considered as Textile and washed with precautions to take according to the material.</p>','');

--
-- Table structure for table `gcahdy_leoblog_blog_shop`
--

CREATE TABLE `gcahdy_leoblog_blog_shop` (
  `id_leoblog_blog` int(11) NOT NULL DEFAULT '0',
  `id_shop` int(11) NOT NULL DEFAULT '0',
  PRIMARY KEY (`id_leoblog_blog`,`id_shop`)
) ENGINE=InnoDB DEFAULT CHARSET=utf8;

--
-- Dumping data for table `gcahdy_leoblog_blog_shop`
--

INSERT INTO `gcahdy_leoblog_blog_shop` VALUES (52,1),(53,1),(54,1),(55,1),(56,1),(57,1),(58,1),(59,1),(60,1),(61,1),(62,1),(63,1),(64,1),(65,1),(66,1),(67,1),(68,1),(69,1),(70,1),(71,1),(72,1),(73,1),(74,1),(75,1),(76,1),(77,1),(78,1),(79,1),(80,1),(81,1),(82,1);

--
-- Table structure for table `gcahdy_leoblog_comment`
--

CREATE TABLE `gcahdy_leoblog_comment` (
  `id_comment` int(11) unsigned NOT NULL AUTO_INCREMENT,
  `id_shop` int(11) NOT NULL DEFAULT '0',
  `id_leoblog_blog` int(11) unsigned NOT NULL,
  `comment` text NOT NULL,
  `active` tinyint(1) NOT NULL DEFAULT '0',
  `date_add` datetime DEFAULT NULL,
  `user` varchar(255) NOT NULL,
  `email` varchar(255) NOT NULL,
  PRIMARY KEY (`id_comment`,`id_shop`),
  KEY `FK_blog_comment` (`id_leoblog_blog`)
) ENGINE=InnoDB DEFAULT CHARSET=utf8;

--
-- Dumping data for table `gcahdy_leoblog_comment`
--


--
-- Table structure for table `gcahdy_leoblogcat`
--

CREATE TABLE `gcahdy_leoblogcat` (
  `id_leoblogcat` int(11) NOT NULL AUTO_INCREMENT,
  `image` varchar(255) NOT NULL,
  `id_parent` int(11) NOT NULL,
  `item` varchar(255) DEFAULT NULL,
  `level_depth` smallint(6) NOT NULL,
  `active` tinyint(1) NOT NULL,
  `show_title` tinyint(1) NOT NULL,
  `position` int(11) NOT NULL,
  `submenu_content` text NOT NULL,
  `privacy` smallint(6) DEFAULT NULL,
  `position_type` varchar(25) DEFAULT NULL,
  `menu_class` varchar(25) DEFAULT NULL,
  `content` text,
  `icon_class` varchar(255) DEFAULT NULL,
  `level` int(11) NOT NULL,
  `left` int(11) NOT NULL,
  `right` int(11) NOT NULL,
  `date_add` datetime DEFAULT NULL,
  `date_upd` datetime DEFAULT NULL,
  `template` varchar(200) NOT NULL,
  PRIMARY KEY (`id_leoblogcat`)
) ENGINE=InnoDB AUTO_INCREMENT=72 DEFAULT CHARSET=utf8;

--
-- Dumping data for table `gcahdy_leoblogcat`
--

INSERT INTO `gcahdy_leoblogcat` VALUES (1,'',0,NULL,0,0,0,0,'',NULL,NULL,NULL,NULL,NULL,0,0,0,NULL,NULL,''),(24,'Stand salons.jpg',1,NULL,1,1,1,0,'',0,NULL,'',NULL,'',0,0,0,'2018-01-31 16:46:22','2019-04-05 12:44:25','default'),(25,'Coutellia logo blog.jpg',24,NULL,2,1,1,3,'',0,NULL,'',NULL,'',0,0,0,'2018-01-31 16:46:22','2019-04-10 10:58:37','default'),(27,'A_ Cuisine Fermant Table PM.jpg',1,NULL,1,1,1,1,'',0,NULL,'',NULL,'',0,0,0,'2018-04-18 17:33:36','2018-07-26 12:09:38','default'),(28,'Game fair logo blog.jpg',24,NULL,2,1,1,4,'',0,NULL,'',NULL,'',0,0,0,'2018-06-04 13:58:51','2019-04-10 11:09:34','default'),(29,'Thiers_La Durolle.jpg',1,NULL,1,1,1,2,'',0,NULL,'',NULL,'',0,0,0,'2018-06-12 10:39:05','2018-07-26 12:10:11','default'),(30,'Nontron logo blog.jpg',24,NULL,2,1,1,5,'',0,NULL,'',NULL,'',0,0,0,'2018-07-17 16:51:23','2019-04-10 10:57:16','default'),(32,'On parle de nous.jpg',1,NULL,1,1,1,3,'',0,NULL,'',NULL,'',0,0,0,'2018-09-06 11:04:02','2018-09-06 11:04:02','default'),(33,'ambiente blog.jpg',24,NULL,2,1,1,0,'',0,NULL,'',NULL,'',0,0,0,'2019-01-23 08:12:03','2019-04-10 10:44:26','default'),(34,'',1,NULL,1,1,1,4,'',0,NULL,'',NULL,'',0,0,0,'2019-04-05 15:50:07','2019-04-05 15:50:07','default'),(35,'',1,NULL,1,1,1,5,'',0,NULL,'',NULL,'',0,0,0,'2019-04-05 15:53:12','2019-04-05 15:53:12','default'),(36,'',1,NULL,1,1,1,6,'',0,NULL,'',NULL,'',0,0,0,'2019-04-05 15:53:25','2019-04-05 15:53:25','default'),(37,'',1,NULL,1,1,1,7,'',0,NULL,'',NULL,'',0,0,0,'2019-04-05 15:54:31','2019-04-05 15:54:31','default'),(38,'',1,NULL,1,1,1,8,'',0,NULL,'',NULL,'',0,0,0,'2019-04-05 15:54:56','2019-04-05 15:54:56','default'),(39,'',1,NULL,1,1,1,9,'',0,NULL,'',NULL,'',0,0,0,'2019-04-05 15:57:22','2019-04-05 15:57:22','default'),(40,'',1,NULL,1,1,1,10,'',0,NULL,'',NULL,'',0,0,0,'2019-04-05 15:58:29','2019-04-05 15:58:29','default'),(41,'',1,NULL,1,1,1,11,'',0,NULL,'',NULL,'',0,0,0,'2019-04-05 15:58:48','2019-04-05 15:58:48','default'),(42,'',1,NULL,1,1,1,12,'',0,NULL,'',NULL,'',0,0,0,'2019-04-05 15:59:31','2019-04-05 15:59:31','default'),(43,'',1,NULL,1,1,1,13,'',0,NULL,'',NULL,'',0,0,0,'2019-04-05 16:01:41','2019-04-05 16:01:41','default'),(44,'',1,NULL,1,1,1,14,'',0,NULL,'',NULL,'',0,0,0,'2019-04-05 16:02:04','2019-04-05 16:02:04','default'),(45,'',1,NULL,1,1,1,15,'',0,NULL,'',NULL,'',0,0,0,'2019-04-05 16:03:30','2019-04-05 16:03:30','default'),(46,'',1,NULL,1,1,1,16,'',0,NULL,'',NULL,'',0,0,0,'2019-04-05 16:03:44','2019-04-05 16:03:44','default'),(47,'',1,NULL,1,1,1,17,'',0,NULL,'',NULL,'',0,0,0,'2019-04-05 16:04:17','2019-04-05 16:04:17','default'),(48,'',1,NULL,1,1,1,18,'',0,NULL,'',NULL,'',0,0,0,'2019-04-05 16:06:23','2019-04-05 16:06:23','default'),(49,'',1,NULL,1,1,1,19,'',0,NULL,'',NULL,'',0,0,0,'2019-04-05 16:07:03','2019-04-05 16:07:03','default'),(50,'',1,NULL,1,1,1,20,'',0,NULL,'',NULL,'',0,0,0,'2019-04-05 16:07:20','2019-04-05 16:07:20','default'),(51,'',1,NULL,1,1,1,21,'',0,NULL,'',NULL,'',0,0,0,'2019-04-05 16:09:32','2019-04-05 16:09:32','default'),(52,'',1,NULL,1,1,1,22,'',0,NULL,'',NULL,'',0,0,0,'2019-04-05 16:14:49','2019-04-05 16:14:49','default'),(53,'',1,NULL,1,1,1,23,'',0,NULL,'',NULL,'',0,0,0,'2019-04-05 16:17:01','2019-04-05 16:17:01','default'),(54,'',1,NULL,1,1,1,24,'',0,NULL,'',NULL,'',0,0,0,'2019-04-05 16:17:27','2019-04-05 16:17:27','default'),(55,'',1,NULL,1,1,1,25,'',0,NULL,'',NULL,'',0,0,0,'2019-04-05 16:18:34','2019-04-05 16:18:34','default'),(56,'',1,NULL,1,1,1,26,'',0,NULL,'',NULL,'',0,0,0,'2019-04-08 10:06:15','2019-04-08 10:06:15','default'),(57,'',1,NULL,1,1,1,27,'',0,NULL,'',NULL,'',0,0,0,'2019-04-08 14:40:56','2019-04-08 14:40:56','default'),(58,'',1,NULL,1,0,1,28,'',0,NULL,'',NULL,'',0,0,0,'2019-04-08 15:06:32','2019-04-08 15:06:32','default'),(59,'',25,NULL,3,1,1,0,'',0,NULL,'',NULL,'',0,0,0,'2019-04-08 15:08:16','2019-04-08 15:08:16','default'),(60,'',1,NULL,1,1,1,29,'',0,NULL,'',NULL,'',0,0,0,'2019-04-08 15:11:57','2019-04-08 15:11:57','default'),(61,'',1,NULL,1,1,1,30,'',0,NULL,'',NULL,'',0,0,0,'2019-04-08 15:12:25','2019-04-08 15:12:25','default'),(62,'',1,NULL,1,1,1,31,'',0,NULL,'',NULL,'',0,0,0,'2019-04-08 15:14:50','2019-04-08 15:14:50','default'),(63,'',1,NULL,1,1,1,32,'',0,NULL,'',NULL,'',0,0,0,'2019-04-08 15:21:08','2019-04-08 15:21:08','default'),(64,'',1,NULL,1,1,1,33,'',0,NULL,'',NULL,'',0,0,0,'2019-04-08 15:23:36','2019-04-08 15:23:36','default'),(65,'',1,NULL,1,1,1,34,'',0,NULL,'',NULL,'',0,0,0,'2019-04-08 15:23:45','2019-04-08 15:23:45','default'),(66,'',1,NULL,1,1,1,35,'',0,NULL,'',NULL,'',0,0,0,'2019-04-08 15:24:26','2019-04-08 15:24:26','default'),(67,'',1,NULL,1,1,1,36,'',0,NULL,'',NULL,'',0,0,0,'2019-04-08 15:26:06','2019-04-08 15:26:06','default'),(69,'MetO logo blog.jpg',24,NULL,2,1,1,2,'',0,NULL,'',NULL,'',0,0,0,'2019-04-10 10:16:53','2019-07-01 10:34:51','default'),(70,'IWA logo blog.jpg',24,NULL,2,1,1,1,'',0,NULL,'',NULL,'',0,0,0,'2019-04-10 10:51:35','2019-04-10 10:51:35','default'),(71,'About knife.jpg',1,NULL,1,1,1,37,'',0,NULL,'',NULL,'',0,0,0,'2019-04-19 09:57:26','2019-04-19 10:20:42','default');

--
-- Table structure for table `gcahdy_leoblogcat_lang`
--

CREATE TABLE `gcahdy_leoblogcat_lang` (
  `id_leoblogcat` int(11) NOT NULL,
  `id_lang` int(11) NOT NULL,
  `title` varchar(255) DEFAULT NULL,
  `content_text` text,
  `description` varchar(200) NOT NULL,
  `meta_keywords` varchar(255) NOT NULL,
  `meta_description` varchar(255) NOT NULL,
  `link_rewrite` varchar(250) NOT NULL,
  PRIMARY KEY (`id_leoblogcat`,`id_lang`)
) ENGINE=InnoDB DEFAULT CHARSET=utf8;

--
-- Dumping data for table `gcahdy_leoblogcat_lang`
--

INSERT INTO `gcahdy_leoblogcat_lang` VALUES (1,1,'Root',NULL,'','','',''),(1,2,'Root',NULL,'','','',''),(24,1,'Salons, foires et festivals','<p>GOYON-CHAZEAU participe à de nombreux événements professionnels et grand public tout au long de l\'année.</p>\r\n<p>Venez nous rencontrer !</p>','','goyon,chazeau,salons, foire,festival','GOYON-CHAZEAU participe à ne nombreux événements professionnels et grand public tout au long de l\'année.','salons-foires-et-festivals'),(24,2,'Exhibitions, trade fairs and festivals','<p>GOYON-CHAZEAU participates in numerous professional and public events throughout the year.</p>\r\n<p>Come to meet us!</p>','','GOYON, Chazeau,trade fair,show,festival','GOYON-CHAZEAU participates in numerous professional and public events throughout the year.','exhibitions-trade-fairs-and-festivals'),(25,1,'Coutellia','<p>Les 18 et 19 mai 2019 à Thiers. Retrouvez nous stand F22.</p>\r\n<p></p>\r\n<p></p>','','salon,coutellia,festival, couteau d\'art,Thiers','Coutellia est le Festival international du couteau d\'art et de tradition. Il est organisé chaque printemps, à Thiers, capitale mondiale de la coutellerie.','coutellia'),(25,2,'Coutellia','<p>From May 18th and 19th, 2019 in Thiers. Find us on booth F22.</p>','','Coutellia,knives festival,art knife,Thiers','Coutellia is an International Festival of art and tradition knives . It is organized every spring in Thiers, the world capital of cutlery.','coutellia'),(27,1,'Nouveautés','<p>Des couverts traditionnels aux pièces originales, découvrez les dernières tendances et les nouveautés GOYON-CHAZEAU.</p>','','','Des couverts quotidiens aux pièces originales, découvrez les dernières tendances et les nouveautés GOYON-CHAZEAU.','Nouveautes-de-la-coutellerie-GOYON-CHAZEAU'),(27,2,'New products','<p>From traditional cutlery to original knives, discover the latest trends and GOYON-CHAZEAU new products.</p>','','','From traditional cutlery to original knives, discover the latest trends and GOYON-CHAZEAU new products.','GOYON-CHAZEAU-new-products'),(28,1,'Game Fair','<p>Du 14 au 16 juin 2019.<br />Nous serons dans le <em>Village Chasse</em> sur le stand I42</p>','','Game fair,salon de la chasse,Sologne','Le game fair est le salon incontournable pour les passionnés de chasse. Il se tient chaque année à la fin du printemps en Sologne, à Lamotte Beuvron.','La-Coutellerie-GOYON-CHAZEA-participe-au-game-fair'),(28,2,'Game Fair','<p>From June 14 to 16, 2019.<br />We will be in <em>Hunting village</em> booth n°I42</p>','','Game fair,hunting,hunting fair','The Game Fair is the must-attend event for hunting fans. It is held every year at the end of spring in Sologne, in Lamotte Beuvron.','GOYON-CHAZEAU-Cutlery-exhibits-at-game-fair'),(29,1,'Histoire de la coutellerie Thiernoise','<p><span>L\'histoire de l\'usine et de la famille GOYON-CHAZEAU est intimement liée à l\'histoire de Thiers et de sa montagne.</span></p>\r\n<p><span>Nous partageons ici avec vous quelques anecdotes coutelières.</span></p>','','Thiers,capitale,coutellerie,coutelière,couteau,histoire,goyon-chazeau','L\'histoire de l\'usine et de la famille GOYON-CHAZEAU est intimement liée à l\'histoire de Thiers et de sa montagne. Partagez avec nous quelques anecdotes coutelières.','histoire-de-la-coutellerie-thiernoise'),(29,2,'Thiers\' cutlery history ','<p>GOYON-CHAZEAU\'s factory and family history is closely linked to the history of Thiers and its mountain.</p>\r\n<p>Here we share with you some cutlery anecdotes.</p>','','Thiers,capital city,french cutlery,goyon-chazeau,history','GOYON-CHAZEAU\'s factory and family history is closely linked to the history of Thiers and its mountain.\r\nShare with us some cutlery anecdotes.','thiers-cutlery-history-'),(30,1,'Fête du Couteau','<p>Nous y serons les 3 et 4 août 2019. </p>','','','Fête du Couteau de Nontron en Périgord','fête-du-couteau-de-nontron-en-perigord'),(30,2,'Fête du Couteau','<p>We will be there on August 3 and 4, 2019. </p>','','','Fête du Couteau de Nontron en Périgord','fête-du-couteau-de-nontron-en-perigord'),(32,1,'On parle de nous','','','','','on-parle-de-nous'),(32,2,'About us','','','','','about-us'),(33,1,'Ambiente','<p>Retrouvez-nous chaque année dans le hall 3.0</p>','','','','ambiente'),(33,2,'Ambiente','<p>Meet us every year in Hall 3.0</p>','','','','ambiente'),(69,1,'Maison et Objet','<p>GOYON-CHAZEAU expose dans le Hall 3, stand E83.</p>','','','','maison-et-objet'),(69,2,'Maison & Objet','<p>GOYON-CHAZEAU exhibits in hall 3, booth E83.</p>','','','','maison-objet'),(70,1,'IWA','<p>La Coutellerie GOYON-CHAZEAU y expose chaque année.</p>','','','','iwa'),(70,2,'IWA','<p>The Coutellerie GOYON-CHAZEAU exhibits each year there. </p>','','','','iwa'),(71,1,'A propos des couteaux','','','','','a-propos-des-couteaux'),(71,2,'About knives','','','','','about-knives');

--
-- Table structure for table `gcahdy_leoblogcat_shop`
--

CREATE TABLE `gcahdy_leoblogcat_shop` (
  `id_leoblogcat` int(11) NOT NULL DEFAULT '0',
  `id_shop` int(11) NOT NULL DEFAULT '0',
  PRIMARY KEY (`id_leoblogcat`,`id_shop`)
) ENGINE=InnoDB DEFAULT CHARSET=utf8;

--
-- Dumping data for table `gcahdy_leoblogcat_shop`
--

INSERT INTO `gcahdy_leoblogcat_shop` VALUES (1,1),(24,1),(25,1),(27,1),(28,1),(29,1),(30,1),(32,1),(33,1),(69,1),(70,1),(71,1);

--
-- Table structure for table `gcahdy_leohook`
--

CREATE TABLE `gcahdy_leohook` (
  `id_hook` int(11) NOT NULL,
  `id_module` int(11) NOT NULL,
  `id_shop` int(11) NOT NULL,
  `theme` varchar(50) NOT NULL,
  `name_hook` varchar(100) NOT NULL,
  PRIMARY KEY (`id_hook`,`id_module`,`id_shop`)
) ENGINE=InnoDB DEFAULT CHARSET=utf8;

--
-- Dumping data for table `gcahdy_leohook`
--


--
-- Table structure for table `gcahdy_leoslideshow_groups`
--

CREATE TABLE `gcahdy_leoslideshow_groups` (
  `id_leoslideshow_groups` int(10) unsigned NOT NULL AUTO_INCREMENT,
  `title` varchar(255) NOT NULL,
  `id_shop` int(10) unsigned NOT NULL,
  `hook` varchar(64) NOT NULL,
  `active` tinyint(1) unsigned NOT NULL DEFAULT '1',
  `params` text NOT NULL,
  PRIMARY KEY (`id_leoslideshow_groups`,`id_shop`)
) ENGINE=InnoDB AUTO_INCREMENT=30 DEFAULT CHARSET=utf8;

--
-- Dumping data for table `gcahdy_leoslideshow_groups`
--

INSERT INTO `gcahdy_leoslideshow_groups` VALUES (29,'Slider Goyon Chazeau',1,'displaySlideshow',1,'eyJkZWxheSI6IjQwMDAiLCJzdGFydF93aXRoX3NsaWRlIjoiMCIsInRpbWVyX3Nob3ciOiIzIiwic3RvcF9vbl9ob3ZlciI6IjEiLCJzaHVmZmxlX21vZGUiOiIxIiwiZnVsbHdpZHRoIjoiZnVsbHdpZHRoIiwibWRfd2lkdGgiOiIxMiIsInNtX3dpZHRoIjoiMTIiLCJ4c193aWR0aCI6IjEyIiwiaW1hZ2VfY3JvcHBpbmciOiIwIiwid2lkdGgiOiIxOTIwIiwiaGVpZ2h0IjoiMTA4MCIsIm1hcmdpbiI6IjAiLCJwYWRkaW5nIjoiMCIsImJhY2tncm91bmRfaW1hZ2UiOiIxIiwiYmFja2dyb3VuZF91cmwiOiIiLCJiYWNrZ3JvdW5kX2NvbG9yIjoiI2ZmZmZmZiIsImdyb3VwX2NsYXNzIjoiIiwiY29udHJvbE5hdiI6IjEiLCJuYXZpZ2F0b3JfdHlwZSI6ImJ1bGxldCIsImVuYWJsZV9jdXN0b21faHRtbF9idWxsZXQiOiIwIiwiY29udHJvbE5hdlRvb2x0aXAiOiIwIiwidG9vbHRpcFgiOiI1IiwidG9vbHRpcFkiOiItNSIsIm5hdl90aHVtYm5haWxfd2lkdGgiOiIiLCJuYXZfdGh1bWJuYWlsX2hlaWdodCI6IiIsImNvbnRyb2xOYXZIb3Zlck9wYWNpdHkiOiIxIiwiZGlyZWN0aW9uTmF2IjoiMSIsImRpcmVjdGlvbk5hdkhvdmVyT3BhY2l0eSI6IjEiLCJrZXlib2FyZE5hdiI6IjEiLCJ0aW1lciI6IjM2MEJhciIsInRpbWVyUG9zaXRpb24iOiJ0b3AtcmlnaHQiLCJ0aW1lclgiOiIxMCIsInRpbWVyWSI6IjEwIiwidGltZXJPcGFjaXR5IjoiMC41IiwidGltZXJCZyI6IiMwMDAiLCJ0aW1lckNvbG9yIjoiI0VFRSIsInRpbWVyRGlhbWV0ZXIiOiIzMCIsInRpbWVyUGFkZGluZyI6IjQiLCJ0aW1lclN0cm9rZSI6IjMiLCJ0aW1lckJhclN0cm9rZSI6IjEiLCJ0aW1lckJhclN0cm9rZUNvbG9yIjoiI0VFRSIsInRpbWVyQmFyU3Ryb2tlU3R5bGUiOiJzb2xpZCIsImZ4IjoiZmFkZSIsImFuaW1hdGlvblNwZWVkIjoiNTAwIiwic3RyaXBzIjoiMjAiLCJibG9ja0NvbHMiOiIxMCIsImJsb2NrUm93cyI6IjUiLCJjYXB0aW9uU3BlZWQiOiI1MDAiLCJjYXB0aW9uT3BhY2l0eSI6IjEifQ==');

--
-- Table structure for table `gcahdy_leoslideshow_slides`
--

CREATE TABLE `gcahdy_leoslideshow_slides` (
  `id_leoslideshow_slides` int(10) unsigned NOT NULL AUTO_INCREMENT,
  `id_group` int(11) NOT NULL,
  `position` int(10) unsigned NOT NULL DEFAULT '0',
  `active` tinyint(1) unsigned NOT NULL DEFAULT '1',
  `params` text NOT NULL,
  PRIMARY KEY (`id_leoslideshow_slides`)
) ENGINE=InnoDB AUTO_INCREMENT=135 DEFAULT CHARSET=utf8;

--
-- Dumping data for table `gcahdy_leoslideshow_slides`
--

INSERT INTO `gcahdy_leoslideshow_slides` VALUES (126,29,0,1,'eyJkZWxheSI6IjQwMDAiLCJncm91cF9pZCI6IjI5IiwiZW5hYmxlX2xpbmsiOiIxIiwidGFyZ2V0Ijoic2FtZSIsInN0YXJ0X2RhdGVfdGltZSI6IiIsImVuZF9kYXRlX3RpbWUiOiIiLCJidWxsZXRfY2xhc3MiOiIifQ=='),(127,29,0,1,'eyJkZWxheSI6IjQwMDAiLCJncm91cF9pZCI6IjI5IiwiZW5hYmxlX2xpbmsiOiIxIiwidGFyZ2V0Ijoic2FtZSIsInN0YXJ0X2RhdGVfdGltZSI6IiIsImVuZF9kYXRlX3RpbWUiOiIiLCJidWxsZXRfY2xhc3MiOiIifQ=='),(128,29,0,1,'eyJkZWxheSI6IjQwMDAiLCJncm91cF9pZCI6IjI5IiwiZW5hYmxlX2xpbmsiOiIxIiwidGFyZ2V0Ijoic2FtZSIsInN0YXJ0X2RhdGVfdGltZSI6IiIsImVuZF9kYXRlX3RpbWUiOiIiLCJidWxsZXRfY2xhc3MiOiIifQ=='),(129,29,0,1,'eyJkZWxheSI6IjQwMDAiLCJncm91cF9pZCI6IjI5IiwiZW5hYmxlX2xpbmsiOiIxIiwidGFyZ2V0Ijoic2FtZSIsInN0YXJ0X2RhdGVfdGltZSI6IiIsImVuZF9kYXRlX3RpbWUiOiIiLCJidWxsZXRfY2xhc3MiOiIifQ=='),(130,29,0,1,'eyJkZWxheSI6IjQwMDAiLCJncm91cF9pZCI6IjI5IiwiZW5hYmxlX2xpbmsiOiIxIiwidGFyZ2V0Ijoic2FtZSIsInN0YXJ0X2RhdGVfdGltZSI6IiIsImVuZF9kYXRlX3RpbWUiOiIiLCJidWxsZXRfY2xhc3MiOiIifQ=='),(133,29,0,1,'eyJkZWxheSI6IjQwMDAiLCJncm91cF9pZCI6IjI5IiwiZW5hYmxlX2xpbmsiOiIxIiwidGFyZ2V0Ijoic2FtZSIsInN0YXJ0X2RhdGVfdGltZSI6IiIsImVuZF9kYXRlX3RpbWUiOiIiLCJidWxsZXRfY2xhc3MiOiIifQ=='),(134,29,0,1,'eyJkZWxheSI6IjQwMDAiLCJncm91cF9pZCI6IjI5IiwiZW5hYmxlX2xpbmsiOiIxIiwidGFyZ2V0Ijoic2FtZSIsInN0YXJ0X2RhdGVfdGltZSI6IiIsImVuZF9kYXRlX3RpbWUiOiIiLCJidWxsZXRfY2xhc3MiOiIifQ==');

--
-- Table structure for table `gcahdy_leoslideshow_slides_lang`
--

CREATE TABLE `gcahdy_leoslideshow_slides_lang` (
  `id_leoslideshow_slides` int(10) unsigned NOT NULL,
  `id_lang` int(10) unsigned NOT NULL,
  `title` varchar(255) NOT NULL,
  `link` varchar(255) NOT NULL,
  `image` varchar(255) NOT NULL,
  `thumbnail` varchar(255) NOT NULL,
  `video` text,
  `layersparams` text,
  PRIMARY KEY (`id_leoslideshow_slides`,`id_lang`)
) ENGINE=InnoDB DEFAULT CHARSET=utf8;

--
-- Dumping data for table `gcahdy_leoslideshow_slides_lang`
--

INSERT INTO `gcahdy_leoslideshow_slides_lang` VALUES (126,1,'Coutellerie forgée d\'excellence','','SLIDER1.jpg','','eyJ1c2V2aWRlbyI6IjAiLCJ2aWRlb2lkIjoiIiwidmlkZW9hdXRvIjoiMSIsImJhY2tncm91bmRfY29sb3IiOiIiLCJidWxsZXRfZGVzY3JpcHRpb24iOiIifQ==','W3sibGF5ZXJfdmlkZW9fdHlwZSI6InlvdXR1YmUiLCJsYXllcl92aWRlb19pZCI6IiIsImxheWVyX3ZpZGVvX2hlaWdodCI6IjIwMCIsImxheWVyX3ZpZGVvX3dpZHRoIjoiMzAwIiwibGF5ZXJfdmlkZW9fdGh1bWIiOiIiLCJsYXllcl9pZCI6IjFfMSIsImxheWVyX2NvbnRlbnQiOiIiLCJsYXllcl90eXBlIjoidGV4dCIsImxheWVyX3N0YXR1cyI6IjEiLCJsYXllcl9jbGFzcyI6ImZvbnQtY2F2aWFyLWRyZWFtIiwibGF5ZXJfY2FwdGlvbiI6IkNPVVRFTExFUklFIEZPUkdcdTAwYzNcdTAwODlFICIsImxheWVyX2ZvbnRfc2l6ZSI6IjcwcHgiLCJsYXllcl9iYWNrZ3JvdW5kX2NvbG9yIjoiIiwibGF5ZXJfY29sb3IiOiIjZmZmZmZmIiwibGF5ZXJfbGluayI6IiIsImxheWVyX3RhcmdldCI6InNhbWUiLCJsYXllcl90b3AiOiIzNzAiLCJsYXllcl9sZWZ0IjoiOTkxIiwibGF5ZXJfdHJhbnNpdGlvbiI6ImZhZGUiLCJ0aW1lX3N0YXJ0IjpudWxsfSx7ImxheWVyX3ZpZGVvX3R5cGUiOiJ5b3V0dWJlIiwibGF5ZXJfdmlkZW9faWQiOiIiLCJsYXllcl92aWRlb19oZWlnaHQiOiIyMDAiLCJsYXllcl92aWRlb193aWR0aCI6IjMwMCIsImxheWVyX3ZpZGVvX3RodW1iIjoiIiwibGF5ZXJfaWQiOiIxXzIiLCJsYXllcl9jb250ZW50IjoiIiwibGF5ZXJfdHlwZSI6InRleHQiLCJsYXllcl9zdGF0dXMiOiIxIiwibGF5ZXJfY2xhc3MiOiJmb250LWNhdmlhci1kcmVhbSIsImxheWVyX2NhcHRpb24iOiJEJ0VYQ0VMTEVOQ0UiLCJsYXllcl9mb250X3NpemUiOiI3MHB4IiwibGF5ZXJfYmFja2dyb3VuZF9jb2xvciI6IiIsImxheWVyX2NvbG9yIjoiI2ZmZmZmZiIsImxheWVyX2xpbmsiOiIiLCJsYXllcl90YXJnZXQiOiJzYW1lIiwibGF5ZXJfdG9wIjoiNDUwIiwibGF5ZXJfbGVmdCI6IjEyNTIiLCJsYXllcl90cmFuc2l0aW9uIjoiZmFkZSIsInRpbWVfc3RhcnQiOm51bGx9LHsibGF5ZXJfdmlkZW9fdHlwZSI6InlvdXR1YmUiLCJsYXllcl92aWRlb19pZCI6IiIsImxheWVyX3ZpZGVvX2hlaWdodCI6IjIwMCIsImxheWVyX3ZpZGVvX3dpZHRoIjoiMzAwIiwibGF5ZXJfdmlkZW9fdGh1bWIiOiIiLCJsYXllcl9pZCI6IjFfMyIsImxheWVyX2NvbnRlbnQiOiIiLCJsYXllcl90eXBlIjoidGV4dCIsImxheWVyX3N0YXR1cyI6IjEiLCJsYXllcl9jbGFzcyI6ImZvbnQtaXRhbGljIiwibGF5ZXJfY2FwdGlvbiI6IkZhYnJpY2FudCBcdTAwYzNcdTAwYTAgVGhpZXJzIGRlcHVpcyAzIGdcdTAwYzNcdTAwYTluXHUwMGMzXHUwMGE5cmF0aW9ucyIsImxheWVyX2ZvbnRfc2l6ZSI6IjMwcHgiLCJsYXllcl9iYWNrZ3JvdW5kX2NvbG9yIjoiIiwibGF5ZXJfY29sb3IiOiIjZmZmZmZmIiwibGF5ZXJfbGluayI6IiIsImxheWVyX3RhcmdldCI6InNhbWUiLCJsYXllcl90b3AiOiI1NDAiLCJsYXllcl9sZWZ0IjoiMTIwNCIsImxheWVyX3RyYW5zaXRpb24iOiJmYWRlIiwidGltZV9zdGFydCI6bnVsbH0seyJsYXllcl92aWRlb190eXBlIjoieW91dHViZSIsImxheWVyX3ZpZGVvX2lkIjoiIiwibGF5ZXJfdmlkZW9faGVpZ2h0IjoiMjAwIiwibGF5ZXJfdmlkZW9fd2lkdGgiOiIzMDAiLCJsYXllcl92aWRlb190aHVtYiI6IiIsImxheWVyX2lkIjoiMV80IiwibGF5ZXJfY29udGVudCI6IiIsImxheWVyX3R5cGUiOiJ0ZXh0IiwibGF5ZXJfc3RhdHVzIjoiMSIsImxheWVyX2NsYXNzIjoiaGlkZGVuLXNwIiwibGF5ZXJfY2FwdGlvbiI6IjxhIGNsYXNzPVwiYnV0dG9uXCIgaHJlZj1cIlwvZnJcL2NvbnRlbnRcLzYtaGlzdG9pcmVcIiB0aXRsZT1cIkVuIHNhdm9pciBwbHVzXCI+RW4gc2F2b2lyIHBsdXM8XC9hPjxhIGNsYXNzPVwiYnV0dG9uIGJ0bi12aXNpdFwiIGhyZWY9XCJcL2ZyXC8zLWxhLWJvdXRpcXVlXCIgdGl0bGU9XCJBY2hldGVyXCI+QWNoZXRlcjxcL2E+IiwibGF5ZXJfZm9udF9zaXplIjoiIiwibGF5ZXJfYmFja2dyb3VuZF9jb2xvciI6IiIsImxheWVyX2NvbG9yIjoiIiwibGF5ZXJfbGluayI6IiIsImxheWVyX3RhcmdldCI6InNhbWUiLCJsYXllcl90b3AiOiI2MTAiLCJsYXllcl9sZWZ0IjoiMTM4NiIsImxheWVyX3RyYW5zaXRpb24iOiJmYWRlIiwidGltZV9zdGFydCI6bnVsbH1d'),(126,2,'Forged cutlery excellence','','SLIDER1.jpg','','eyJ1c2V2aWRlbyI6IjAiLCJ2aWRlb2lkIjoiIiwidmlkZW9hdXRvIjoiMCIsImJhY2tncm91bmRfY29sb3IiOiIiLCJidWxsZXRfZGVzY3JpcHRpb24iOiIifQ==','W3sibGF5ZXJfdmlkZW9fdHlwZSI6InlvdXR1YmUiLCJsYXllcl92aWRlb19pZCI6IiIsImxheWVyX3ZpZGVvX2hlaWdodCI6IjIwMCIsImxheWVyX3ZpZGVvX3dpZHRoIjoiMzAwIiwibGF5ZXJfdmlkZW9fdGh1bWIiOiIiLCJsYXllcl9pZCI6IjJfMSIsImxheWVyX2NvbnRlbnQiOiIiLCJsYXllcl90eXBlIjoidGV4dCIsImxheWVyX3N0YXR1cyI6IjEiLCJsYXllcl9jbGFzcyI6ImZvbnQtY2F2aWFyLWRyZWFtIiwibGF5ZXJfY2FwdGlvbiI6IkZPUkdFRCBDVVRMRVJZIiwibGF5ZXJfZm9udF9zaXplIjoiNzBweCIsImxheWVyX2JhY2tncm91bmRfY29sb3IiOiIiLCJsYXllcl9jb2xvciI6IiNmZmZmZmYiLCJsYXllcl9saW5rIjoiIiwibGF5ZXJfdGFyZ2V0Ijoic2FtZSIsImxheWVyX3RvcCI6IjM3MCIsImxheWVyX2xlZnQiOiIxMTE5IiwibGF5ZXJfdHJhbnNpdGlvbiI6ImZhZGUiLCJ0aW1lX3N0YXJ0IjpudWxsfSx7ImxheWVyX3ZpZGVvX3R5cGUiOiJ5b3V0dWJlIiwibGF5ZXJfdmlkZW9faWQiOiIiLCJsYXllcl92aWRlb19oZWlnaHQiOiIyMDAiLCJsYXllcl92aWRlb193aWR0aCI6IjMwMCIsImxheWVyX3ZpZGVvX3RodW1iIjoiIiwibGF5ZXJfaWQiOiIyXzIiLCJsYXllcl9jb250ZW50IjoiIiwibGF5ZXJfdHlwZSI6InRleHQiLCJsYXllcl9zdGF0dXMiOiIxIiwibGF5ZXJfY2xhc3MiOiJmb250LWNhdmlhci1kcmVhbSIsImxheWVyX2NhcHRpb24iOiJFWENFTExFTkNFIiwibGF5ZXJfZm9udF9zaXplIjoiNzBweCIsImxheWVyX2JhY2tncm91bmRfY29sb3IiOiIiLCJsYXllcl9jb2xvciI6IiNmZmZmZmYiLCJsYXllcl9saW5rIjoiIiwibGF5ZXJfdGFyZ2V0Ijoic2FtZSIsImxheWVyX3RvcCI6IjQ1MCIsImxheWVyX2xlZnQiOiIxMjkxIiwibGF5ZXJfdHJhbnNpdGlvbiI6ImZhZGUiLCJ0aW1lX3N0YXJ0IjpudWxsfSx7ImxheWVyX3ZpZGVvX3R5cGUiOiJ5b3V0dWJlIiwibGF5ZXJfdmlkZW9faWQiOiIiLCJsYXllcl92aWRlb19oZWlnaHQiOiIyMDAiLCJsYXllcl92aWRlb193aWR0aCI6IjMwMCIsImxheWVyX3ZpZGVvX3RodW1iIjoiIiwibGF5ZXJfaWQiOiIyXzMiLCJsYXllcl9jb250ZW50IjoiIiwibGF5ZXJfdHlwZSI6InRleHQiLCJsYXllcl9zdGF0dXMiOiIxIiwibGF5ZXJfY2xhc3MiOiJmb250LWl0YWxpYyIsImxheWVyX2NhcHRpb24iOiJNYW51ZmFjdHVyZXIgaW4gVGhpZXJzIGZvciAzIGdlbmVyYXRpb25zIiwibGF5ZXJfZm9udF9zaXplIjoiMzBweCIsImxheWVyX2JhY2tncm91bmRfY29sb3IiOiIiLCJsYXllcl9jb2xvciI6IiNmZmZmZmYiLCJsYXllcl9saW5rIjoiIiwibGF5ZXJfdGFyZ2V0Ijoic2FtZSIsImxheWVyX3RvcCI6IjU0MCIsImxheWVyX2xlZnQiOiIxMTgzIiwibGF5ZXJfdHJhbnNpdGlvbiI6ImZhZGUiLCJ0aW1lX3N0YXJ0IjpudWxsfSx7ImxheWVyX3ZpZGVvX3R5cGUiOiJ5b3V0dWJlIiwibGF5ZXJfdmlkZW9faWQiOiIiLCJsYXllcl92aWRlb19oZWlnaHQiOiIyMDAiLCJsYXllcl92aWRlb193aWR0aCI6IjMwMCIsImxheWVyX3ZpZGVvX3RodW1iIjoiIiwibGF5ZXJfaWQiOiIyXzQiLCJsYXllcl9jb250ZW50IjoiIiwibGF5ZXJfdHlwZSI6InRleHQiLCJsYXllcl9zdGF0dXMiOiIxIiwibGF5ZXJfY2xhc3MiOiJoaWRkZW4tc3AiLCJsYXllcl9jYXB0aW9uIjoiPGEgY2xhc3M9XCJidXR0b25cIiBocmVmPVwiXC9lblwvY29udGVudFwvNi1oaXN0b3J5XCIgdGl0bGU9XCJSZWFkIG1vcmVcIj5SZWFkIG1vcmU8XC9hPjxhIGNsYXNzPVwiYnV0dG9uIGJ0bi12aXNpdFwiIGhyZWY9XCJcL2VuXC8zLWUtc2hvcFwiIHRpdGxlPVwiU2hvcCBub3dcIj5TaG9wIG5vdzxcL2E+IiwibGF5ZXJfZm9udF9zaXplIjoiIiwibGF5ZXJfYmFja2dyb3VuZF9jb2xvciI6IiIsImxheWVyX2NvbG9yIjoiIiwibGF5ZXJfbGluayI6IiIsImxheWVyX3RhcmdldCI6InNhbWUiLCJsYXllcl90b3AiOiI2MTAiLCJsYXllcl9sZWZ0IjoiMTM4NiIsImxheWVyX3RyYW5zaXRpb24iOiJmYWRlIiwidGltZV9zdGFydCI6bnVsbH1d'),(127,1,'Couverts Laguiole Klasse G','/fr/14-laguiole-klasse-g','Slider KLASSE G INOX.jpg','','eyJ1c2V2aWRlbyI6IjAiLCJ2aWRlb2lkIjoiIiwidmlkZW9hdXRvIjoiMSIsImJhY2tncm91bmRfY29sb3IiOiIiLCJidWxsZXRfZGVzY3JpcHRpb24iOiIifQ==','W3sibGF5ZXJfdmlkZW9fdHlwZSI6InlvdXR1YmUiLCJsYXllcl92aWRlb19pZCI6IiIsImxheWVyX3ZpZGVvX2hlaWdodCI6IjIwMCIsImxheWVyX3ZpZGVvX3dpZHRoIjoiMzAwIiwibGF5ZXJfdmlkZW9fdGh1bWIiOiIiLCJsYXllcl9pZCI6IjFfMSIsImxheWVyX2NvbnRlbnQiOiIiLCJsYXllcl90eXBlIjoidGV4dCIsImxheWVyX3N0YXR1cyI6IjEiLCJsYXllcl9jbGFzcyI6ImZvbnQtY2F2aWFyLWRyZWFtIiwibGF5ZXJfY2FwdGlvbiI6IkxBR1VJT0xFIEtMQVNTRSBHIElOT1giLCJsYXllcl9mb250X3NpemUiOiI3MHB4IiwibGF5ZXJfYmFja2dyb3VuZF9jb2xvciI6IiIsImxheWVyX2NvbG9yIjoiI2ZmZmZmZiIsImxheWVyX2xpbmsiOiIiLCJsYXllcl90YXJnZXQiOiJzYW1lIiwibGF5ZXJfdG9wIjoiMjExIiwibGF5ZXJfbGVmdCI6Ijg2OSIsImxheWVyX3RyYW5zaXRpb24iOiJmYWRlIiwidGltZV9zdGFydCI6bnVsbH0seyJsYXllcl92aWRlb190eXBlIjoieW91dHViZSIsImxheWVyX3ZpZGVvX2lkIjoiIiwibGF5ZXJfdmlkZW9faGVpZ2h0IjoiMjAwIiwibGF5ZXJfdmlkZW9fd2lkdGgiOiIzMDAiLCJsYXllcl92aWRlb190aHVtYiI6IiIsImxheWVyX2lkIjoiMV8yIiwibGF5ZXJfY29udGVudCI6IiIsImxheWVyX3R5cGUiOiJ0ZXh0IiwibGF5ZXJfc3RhdHVzIjoiMSIsImxheWVyX2NsYXNzIjoiZm9udC1pdGFsaWMiLCJsYXllcl9jYXB0aW9uIjoiVHJhZGl0aW9uIGV0IG1vZGVybml0XHUwMGMzXHUwMGE5IiwibGF5ZXJfZm9udF9zaXplIjoiMzBweCIsImxheWVyX2JhY2tncm91bmRfY29sb3IiOiIiLCJsYXllcl9jb2xvciI6IiNmZmZmZmYiLCJsYXllcl9saW5rIjoiIiwibGF5ZXJfdGFyZ2V0Ijoic2FtZSIsImxheWVyX3RvcCI6IjMxOCIsImxheWVyX2xlZnQiOiIxNDY0IiwibGF5ZXJfdHJhbnNpdGlvbiI6ImZhZGUiLCJ0aW1lX3N0YXJ0IjpudWxsfSx7ImxheWVyX3ZpZGVvX3R5cGUiOiJ5b3V0dWJlIiwibGF5ZXJfdmlkZW9faWQiOiIiLCJsYXllcl92aWRlb19oZWlnaHQiOiIyMDAiLCJsYXllcl92aWRlb193aWR0aCI6IjMwMCIsImxheWVyX3ZpZGVvX3RodW1iIjoiIiwibGF5ZXJfaWQiOiIxXzMiLCJsYXllcl9jb250ZW50IjoiIiwibGF5ZXJfdHlwZSI6InRleHQiLCJsYXllcl9zdGF0dXMiOiIxIiwibGF5ZXJfY2xhc3MiOiIiLCJsYXllcl9jYXB0aW9uIjoiPGEgY2xhc3M9XCJidXR0b25cIiBocmVmPVwiaHR0cDpcL1wvd3d3LmUtY2F0YWxvZ3VlLmdveW9uLWNoYXplYXUubmV0XC9lblwvMTYtc3RhaW5sZXNzLXN0ZWVsXC9cIiB0aXRsZT1cIkRpc2NvdmVyIG1vcmVcIj5EXHUwMGMzXHUwMGE5Y291dnJpcjxcL2E+IiwibGF5ZXJfZm9udF9zaXplIjoiIiwibGF5ZXJfYmFja2dyb3VuZF9jb2xvciI6IiIsImxheWVyX2NvbG9yIjoiIiwibGF5ZXJfbGluayI6IiIsImxheWVyX3RhcmdldCI6InNhbWUiLCJsYXllcl90b3AiOiIzNjkiLCJsYXllcl9sZWZ0IjoiMTU5OCIsImxheWVyX3RyYW5zaXRpb24iOiJmYWRlIiwidGltZV9zdGFydCI6bnVsbH1d'),(127,2,'Laguiole Klasse G Cutlery','/en/14-laguiole-klasse-g','Slider.jpg','','eyJ1c2V2aWRlbyI6IjAiLCJ2aWRlb2lkIjoiIiwidmlkZW9hdXRvIjoiMCIsImJhY2tncm91bmRfY29sb3IiOiIiLCJidWxsZXRfZGVzY3JpcHRpb24iOiIifQ==','W3sibGF5ZXJfdmlkZW9fdHlwZSI6InlvdXR1YmUiLCJsYXllcl92aWRlb19pZCI6IiIsImxheWVyX3ZpZGVvX2hlaWdodCI6IjIwMCIsImxheWVyX3ZpZGVvX3dpZHRoIjoiMzAwIiwibGF5ZXJfdmlkZW9fdGh1bWIiOiIiLCJsYXllcl9pZCI6IjJfMSIsImxheWVyX2NvbnRlbnQiOiIiLCJsYXllcl90eXBlIjoidGV4dCIsImxheWVyX3N0YXR1cyI6IjEiLCJsYXllcl9jbGFzcyI6ImZvbnQtY2F2aWFyLWRyZWFtIiwibGF5ZXJfY2FwdGlvbiI6IkxBR1VJT0xFIEtMQVNTRSBHIiwibGF5ZXJfZm9udF9zaXplIjoiNzBweCIsImxheWVyX2JhY2tncm91bmRfY29sb3IiOiIiLCJsYXllcl9jb2xvciI6IiNmZmZmZmYiLCJsYXllcl9saW5rIjoiIiwibGF5ZXJfdGFyZ2V0Ijoic2FtZSIsImxheWVyX3RvcCI6IjIyNyIsImxheWVyX2xlZnQiOiIxMDYxIiwibGF5ZXJfdHJhbnNpdGlvbiI6ImZhZGUiLCJ0aW1lX3N0YXJ0IjpudWxsfSx7ImxheWVyX3ZpZGVvX3R5cGUiOiJ5b3V0dWJlIiwibGF5ZXJfdmlkZW9faWQiOiIiLCJsYXllcl92aWRlb19oZWlnaHQiOiIyMDAiLCJsYXllcl92aWRlb193aWR0aCI6IjMwMCIsImxheWVyX3ZpZGVvX3RodW1iIjoiIiwibGF5ZXJfaWQiOiIyXzIiLCJsYXllcl9jb250ZW50IjoiIiwibGF5ZXJfdHlwZSI6InRleHQiLCJsYXllcl9zdGF0dXMiOiIxIiwibGF5ZXJfY2xhc3MiOiJGb250LWl0YWxpYyIsImxheWVyX2NhcHRpb24iOiJNb2Rlcm5pdHkgX0FTTV8gdHJhZGl0aW9uIiwibGF5ZXJfZm9udF9zaXplIjoiMzBweCIsImxheWVyX2JhY2tncm91bmRfY29sb3IiOiIiLCJsYXllcl9jb2xvciI6IiNmZmZmZmYiLCJsYXllcl9saW5rIjoiIiwibGF5ZXJfdGFyZ2V0Ijoic2FtZSIsImxheWVyX3RvcCI6IjMyNiIsImxheWVyX2xlZnQiOiIxNDc1IiwibGF5ZXJfdHJhbnNpdGlvbiI6ImZhZGUiLCJ0aW1lX3N0YXJ0IjpudWxsfSx7ImxheWVyX3ZpZGVvX3R5cGUiOiJ5b3V0dWJlIiwibGF5ZXJfdmlkZW9faWQiOiIiLCJsYXllcl92aWRlb19oZWlnaHQiOiIyMDAiLCJsYXllcl92aWRlb193aWR0aCI6IjMwMCIsImxheWVyX3ZpZGVvX3RodW1iIjoiIiwibGF5ZXJfaWQiOiIyXzMiLCJsYXllcl9jb250ZW50IjoiIiwibGF5ZXJfdHlwZSI6InRleHQiLCJsYXllcl9zdGF0dXMiOiIxIiwibGF5ZXJfY2xhc3MiOiIiLCJsYXllcl9jYXB0aW9uIjoiPGEgY2xhc3M9XCJidXR0b25cIiBocmVmPVwiaHR0cDpcL1wvd3d3LmUtY2F0YWxvZ3VlLmdveW9uLWNoYXplYXUubmV0XC9lblwvMTYtc3RhaW5sZXNzLXN0ZWVsXC9cIiB0aXRsZT1cIkRpc2NvdmVyIG1vcmVcIj5EXHUwMGMzXHUwMGE5Y291dnJpcjxcL2E+IiwibGF5ZXJfZm9udF9zaXplIjoiIiwibGF5ZXJfYmFja2dyb3VuZF9jb2xvciI6IiIsImxheWVyX2NvbG9yIjoiIiwibGF5ZXJfbGluayI6IiIsImxheWVyX3RhcmdldCI6InNhbWUiLCJsYXllcl90b3AiOiIzNjkiLCJsYXllcl9sZWZ0IjoiMTU5OCIsImxheWVyX3RyYW5zaXRpb24iOiJmYWRlIiwidGltZV9zdGFydCI6bnVsbH1d'),(128,1,'Couteau de cuisine Santoku Thiers','http://www.e-catalogue.goyon-chazeau.net/fr/31-le-thiers','SLIDER2.jpg','','eyJ1c2V2aWRlbyI6IjAiLCJ2aWRlb2lkIjoiIiwidmlkZW9hdXRvIjoiMSIsImJhY2tncm91bmRfY29sb3IiOiIiLCJidWxsZXRfZGVzY3JpcHRpb24iOiIifQ==','W3sibGF5ZXJfdmlkZW9fdHlwZSI6InlvdXR1YmUiLCJsYXllcl92aWRlb19pZCI6IiIsImxheWVyX3ZpZGVvX2hlaWdodCI6IjIwMCIsImxheWVyX3ZpZGVvX3dpZHRoIjoiMzAwIiwibGF5ZXJfdmlkZW9fdGh1bWIiOiIiLCJsYXllcl9pZCI6IjFfMSIsImxheWVyX2NvbnRlbnQiOiIiLCJsYXllcl90eXBlIjoidGV4dCIsImxheWVyX3N0YXR1cyI6IjEiLCJsYXllcl9jbGFzcyI6ImZvbnQtY2F2aWFyLWRyZWFtIiwibGF5ZXJfY2FwdGlvbiI6IkxFIFRISUVSUyAgQ1VJU0lORSIsImxheWVyX2ZvbnRfc2l6ZSI6IjcwcHgiLCJsYXllcl9iYWNrZ3JvdW5kX2NvbG9yIjoiIiwibGF5ZXJfY29sb3IiOiIjZmZmZmZmIiwibGF5ZXJfbGluayI6IlwvZnJcLzMxLWxlLXRoaWVycyIsImxheWVyX3RhcmdldCI6InNhbWUiLCJsYXllcl90b3AiOiI2MTciLCJsYXllcl9sZWZ0IjoiOTEyIiwibGF5ZXJfdHJhbnNpdGlvbiI6ImZhZGUiLCJ0aW1lX3N0YXJ0IjpudWxsfSx7ImxheWVyX3ZpZGVvX3R5cGUiOiJ5b3V0dWJlIiwibGF5ZXJfdmlkZW9faWQiOiIiLCJsYXllcl92aWRlb19oZWlnaHQiOiIyMDAiLCJsYXllcl92aWRlb193aWR0aCI6IjMwMCIsImxheWVyX3ZpZGVvX3RodW1iIjoiIiwibGF5ZXJfaWQiOiIxXzIiLCJsYXllcl9jb250ZW50IjoiIiwibGF5ZXJfdHlwZSI6InRleHQiLCJsYXllcl9zdGF0dXMiOiIxIiwibGF5ZXJfY2xhc3MiOiJmb250LWl0YWxpYyIsImxheWVyX2NhcHRpb24iOiIxMDAlIGF1dGhlbnRpcXVlLCAxMDAlIGZvcmdcdTAwYzNcdTAwYTkiLCJsYXllcl9mb250X3NpemUiOiIzMHB4IiwibGF5ZXJfYmFja2dyb3VuZF9jb2xvciI6IiIsImxheWVyX2NvbG9yIjoiI2ZmZmZmZiIsImxheWVyX2xpbmsiOiJcL2ZyXC8zMS1sZS10aGllcnMiLCJsYXllcl90YXJnZXQiOiJzYW1lIiwibGF5ZXJfdG9wIjoiNzIxIiwibGF5ZXJfbGVmdCI6IjkxNSIsImxheWVyX3RyYW5zaXRpb24iOiJmYWRlIiwidGltZV9zdGFydCI6bnVsbH0seyJsYXllcl92aWRlb190eXBlIjoieW91dHViZSIsImxheWVyX3ZpZGVvX2lkIjoiIiwibGF5ZXJfdmlkZW9faGVpZ2h0IjoiMjAwIiwibGF5ZXJfdmlkZW9fd2lkdGgiOiIzMDAiLCJsYXllcl92aWRlb190aHVtYiI6IiIsImxheWVyX2lkIjoiMV8zIiwibGF5ZXJfY29udGVudCI6IiIsImxheWVyX3R5cGUiOiJ0ZXh0IiwibGF5ZXJfc3RhdHVzIjoiMSIsImxheWVyX2NsYXNzIjoiaGlkZGVuLXNwIiwibGF5ZXJfY2FwdGlvbiI6IjxhIGNsYXNzPVwiYnV0dG9uXCIgaHJlZj1cImh0dHA6XC9cL3d3dy5lLWNhdGFsb2d1ZS5nb3lvbi1jaGF6ZWF1Lm5ldFwvZnJcL2xlLXRoaWVyc1wvOTQtY2hlZi1rbmlmZS0yMGNtLWJsYWRlLmh0bWxcIiB0aXRsZT1cIkRpc2NvdmVyIG1vcmVcIj5EXHUwMGMzXHUwMGE5Y291dnJpcjxcL2E+IiwibGF5ZXJfZm9udF9zaXplIjoiIiwibGF5ZXJfYmFja2dyb3VuZF9jb2xvciI6IiIsImxheWVyX2NvbG9yIjoiIiwibGF5ZXJfbGluayI6IiIsImxheWVyX3RhcmdldCI6InNhbWUiLCJsYXllcl90b3AiOiI3NzAiLCJsYXllcl9sZWZ0IjoiOTEyIiwibGF5ZXJfdHJhbnNpdGlvbiI6ImZhZGUiLCJ0aW1lX3N0YXJ0IjpudWxsfV0='),(128,2,'Le Thiers Cuisine santoku knife','http://www.e-catalogue.goyon-chazeau.net/en/31-le-thiers','SLIDER2.jpg','','eyJ1c2V2aWRlbyI6IjAiLCJ2aWRlb2lkIjoiIiwidmlkZW9hdXRvIjoiMCIsImJhY2tncm91bmRfY29sb3IiOiIiLCJidWxsZXRfZGVzY3JpcHRpb24iOiIifQ==','W3sibGF5ZXJfdmlkZW9fdHlwZSI6InlvdXR1YmUiLCJsYXllcl92aWRlb19pZCI6IiIsImxheWVyX3ZpZGVvX2hlaWdodCI6IjIwMCIsImxheWVyX3ZpZGVvX3dpZHRoIjoiMzAwIiwibGF5ZXJfdmlkZW9fdGh1bWIiOiIiLCJsYXllcl9pZCI6IjJfMSIsImxheWVyX2NvbnRlbnQiOiIiLCJsYXllcl90eXBlIjoidGV4dCIsImxheWVyX3N0YXR1cyI6IjEiLCJsYXllcl9jbGFzcyI6ImZvbnQtY2F2aWFyLWRyZWFtIiwibGF5ZXJfY2FwdGlvbiI6IkxFIFRISUVSUyBDT09LSU5HIEtOSUZFIiwibGF5ZXJfZm9udF9zaXplIjoiNzBweCIsImxheWVyX2JhY2tncm91bmRfY29sb3IiOiIiLCJsYXllcl9jb2xvciI6IiNmZmZmZmYiLCJsYXllcl9saW5rIjoiXC9lblwvMzEtbGUtdGhpZXJzIiwibGF5ZXJfdGFyZ2V0Ijoic2FtZSIsImxheWVyX3RvcCI6IjU2MCIsImxheWVyX2xlZnQiOiI2NzIiLCJsYXllcl90cmFuc2l0aW9uIjoiZmFkZSIsInRpbWVfc3RhcnQiOm51bGx9LHsibGF5ZXJfdmlkZW9fdHlwZSI6InlvdXR1YmUiLCJsYXllcl92aWRlb19pZCI6IiIsImxheWVyX3ZpZGVvX2hlaWdodCI6IjIwMCIsImxheWVyX3ZpZGVvX3dpZHRoIjoiMzAwIiwibGF5ZXJfdmlkZW9fdGh1bWIiOiIiLCJsYXllcl9pZCI6IjJfMiIsImxheWVyX2NvbnRlbnQiOiIiLCJsYXllcl90eXBlIjoidGV4dCIsImxheWVyX3N0YXR1cyI6IjEiLCJsYXllcl9jbGFzcyI6ImZvbnQtaXRhbGljIiwibGF5ZXJfY2FwdGlvbiI6IjEwMCUgYXV0aGVudGljLCAxMDAlIGZvcmdlZCIsImxheWVyX2ZvbnRfc2l6ZSI6IjMwcHgiLCJsYXllcl9iYWNrZ3JvdW5kX2NvbG9yIjoiIiwibGF5ZXJfY29sb3IiOiIjZmZmZmZmIiwibGF5ZXJfbGluayI6IlwvZW5cLzMxLWxlLXRoaWVycyIsImxheWVyX3RhcmdldCI6InNhbWUiLCJsYXllcl90b3AiOiI2NTAiLCJsYXllcl9sZWZ0IjoiNjc2IiwibGF5ZXJfdHJhbnNpdGlvbiI6ImZhZGUiLCJ0aW1lX3N0YXJ0IjpudWxsfSx7ImxheWVyX3ZpZGVvX3R5cGUiOiJ5b3V0dWJlIiwibGF5ZXJfdmlkZW9faWQiOiIiLCJsYXllcl92aWRlb19oZWlnaHQiOiIyMDAiLCJsYXllcl92aWRlb193aWR0aCI6IjMwMCIsImxheWVyX3ZpZGVvX3RodW1iIjoiIiwibGF5ZXJfaWQiOiIyXzMiLCJsYXllcl9jb250ZW50IjoiIiwibGF5ZXJfdHlwZSI6InRleHQiLCJsYXllcl9zdGF0dXMiOiIxIiwibGF5ZXJfY2xhc3MiOiJoaWRkZW4tc3AiLCJsYXllcl9jYXB0aW9uIjoiPGEgY2xhc3M9XCJidXR0b25cIiBocmVmPVwiaHR0cDpcL1wvd3d3LmUtY2F0YWxvZ3VlLmdveW9uLWNoYXplYXUubmV0XC9mclwvbGUtdGhpZXJzXC85NC1jaGVmLWtuaWZlLTIwY20tYmxhZGUuaHRtbFwiIHRpdGxlPVwiRGlzY292ZXIgbW9yZVwiPkRcdTAwYzNcdTAwYTljb3V2cmlyPFwvYT4iLCJsYXllcl9mb250X3NpemUiOiIiLCJsYXllcl9iYWNrZ3JvdW5kX2NvbG9yIjoiIiwibGF5ZXJfY29sb3IiOiIiLCJsYXllcl9saW5rIjoiIiwibGF5ZXJfdGFyZ2V0Ijoic2FtZSIsImxheWVyX3RvcCI6Ijc3MCIsImxheWVyX2xlZnQiOiI5MTIiLCJsYXllcl90cmFuc2l0aW9uIjoiZmFkZSIsInRpbWVfc3RhcnQiOm51bGx9XQ=='),(129,1,'Couteaux de poche Thiers manche bois','http://www.e-catalogue.goyon-chazeau.net/fr/36-le-thiers','SLIDER3.jpg','','eyJ1c2V2aWRlbyI6IjAiLCJ2aWRlb2lkIjoiIiwidmlkZW9hdXRvIjoiMSIsImJhY2tncm91bmRfY29sb3IiOiIjMDAwMDAwIiwiYnVsbGV0X2Rlc2NyaXB0aW9uIjoiIn0=','W3sibGF5ZXJfdmlkZW9fdHlwZSI6InlvdXR1YmUiLCJsYXllcl92aWRlb19pZCI6IiIsImxheWVyX3ZpZGVvX2hlaWdodCI6IjIwMCIsImxheWVyX3ZpZGVvX3dpZHRoIjoiMzAwIiwibGF5ZXJfdmlkZW9fdGh1bWIiOiIiLCJsYXllcl9pZCI6IjFfMSIsImxheWVyX2NvbnRlbnQiOiIiLCJsYXllcl90eXBlIjoidGV4dCIsImxheWVyX3N0YXR1cyI6IjEiLCJsYXllcl9jbGFzcyI6ImZvbnQtY2F2aWFyLWRyZWFtIiwibGF5ZXJfY2FwdGlvbiI6IiBMRSBUSElFUlMgRkVSTUFOVCIsImxheWVyX2ZvbnRfc2l6ZSI6IjcwcHgiLCJsYXllcl9iYWNrZ3JvdW5kX2NvbG9yIjoiIiwibGF5ZXJfY29sb3IiOiIjZmZmZmZmIiwibGF5ZXJfbGluayI6IlwvZnJcLzM2LWxlLXRoaWVycyIsImxheWVyX3RhcmdldCI6InNhbWUiLCJsYXllcl90b3AiOiIzMDAiLCJsYXllcl9sZWZ0IjoiMTA0NCIsImxheWVyX3RyYW5zaXRpb24iOiJmYWRlIiwidGltZV9zdGFydCI6bnVsbH0seyJsYXllcl92aWRlb190eXBlIjoieW91dHViZSIsImxheWVyX3ZpZGVvX2lkIjoiIiwibGF5ZXJfdmlkZW9faGVpZ2h0IjoiMjAwIiwibGF5ZXJfdmlkZW9fd2lkdGgiOiIzMDAiLCJsYXllcl92aWRlb190aHVtYiI6IiIsImxheWVyX2lkIjoiMV8yIiwibGF5ZXJfY29udGVudCI6IiIsImxheWVyX3R5cGUiOiJ0ZXh0IiwibGF5ZXJfc3RhdHVzIjoiMSIsImxheWVyX2NsYXNzIjoiZm9udC1pdGFsaWMiLCJsYXllcl9jYXB0aW9uIjoiQ29tcGFnbm9uIGR1IHF1b3RpZGllbiIsImxheWVyX2ZvbnRfc2l6ZSI6IjMwcHgiLCJsYXllcl9iYWNrZ3JvdW5kX2NvbG9yIjoiIiwibGF5ZXJfY29sb3IiOiIjZmZmZmZmIiwibGF5ZXJfbGluayI6IlwvZnJcLzM2LWxlLXRoaWVycyIsImxheWVyX3RhcmdldCI6InNhbWUiLCJsYXllcl90b3AiOiIzOTAiLCJsYXllcl9sZWZ0IjoiMTM0MSIsImxheWVyX3RyYW5zaXRpb24iOiJmYWRlIiwidGltZV9zdGFydCI6bnVsbH0seyJsYXllcl92aWRlb190eXBlIjoieW91dHViZSIsImxheWVyX3ZpZGVvX2lkIjoiIiwibGF5ZXJfdmlkZW9faGVpZ2h0IjoiMjAwIiwibGF5ZXJfdmlkZW9fd2lkdGgiOiIzMDAiLCJsYXllcl92aWRlb190aHVtYiI6IiIsImxheWVyX2lkIjoiMV8zIiwibGF5ZXJfY29udGVudCI6IiIsImxheWVyX3R5cGUiOiJ0ZXh0IiwibGF5ZXJfc3RhdHVzIjoiMSIsImxheWVyX2NsYXNzIjoiaGlkZGVuLXNwIiwibGF5ZXJfY2FwdGlvbiI6IjxhIGNsYXNzPVwiYnV0dG9uXCIgaHJlZj1cImh0dHA6XC9cL3d3dy5lLWNhdGFsb2d1ZS5nb3lvbi1jaGF6ZWF1Lm5ldFwvZnJcL2xlLXRoaWVyc1wvMTQzLWNvdXRlYXUtZmVybWFudC1sYW1lLXNhbmR2aWNrLWxlLXRoaWVycy5odG1sXCIgdGl0bGU9XCJEaXNjb3ZlciBtb3JlXCI+RFx1MDBjM1x1MDBhOWNvdXZyaXI8XC9hPiIsImxheWVyX2ZvbnRfc2l6ZSI6IiIsImxheWVyX2JhY2tncm91bmRfY29sb3IiOiIjMDAwMDAwIiwibGF5ZXJfY29sb3IiOiIjMDAwMDAwIiwibGF5ZXJfbGluayI6IiIsImxheWVyX3RhcmdldCI6InNhbWUiLCJsYXllcl90b3AiOiI0NTkiLCJsYXllcl9sZWZ0IjoiMTUzNiIsImxheWVyX3RyYW5zaXRpb24iOiJmYWRlIiwidGltZV9zdGFydCI6bnVsbH1d'),(129,2,'Le Thiers pocket knife','http://www.e-catalogue.goyon-chazeau.net/en/36-le-thiers','SLIDER3.jpg','','eyJ1c2V2aWRlbyI6IjAiLCJ2aWRlb2lkIjoiIiwidmlkZW9hdXRvIjoiMCIsImJhY2tncm91bmRfY29sb3IiOiIjMDAwMDAwIiwiYnVsbGV0X2Rlc2NyaXB0aW9uIjoiIn0=','W3sibGF5ZXJfdmlkZW9fdHlwZSI6InlvdXR1YmUiLCJsYXllcl92aWRlb19pZCI6IiIsImxheWVyX3ZpZGVvX2hlaWdodCI6IjIwMCIsImxheWVyX3ZpZGVvX3dpZHRoIjoiMzAwIiwibGF5ZXJfdmlkZW9fdGh1bWIiOiIiLCJsYXllcl9pZCI6IjJfMSIsImxheWVyX2NvbnRlbnQiOiIiLCJsYXllcl90eXBlIjoidGV4dCIsImxheWVyX3N0YXR1cyI6IjEiLCJsYXllcl9jbGFzcyI6ImZvbnQtY2F2aWFyLWRyZWFtIiwibGF5ZXJfY2FwdGlvbiI6IkxFIFRISUVSUyBGT0xESU5HIEtOSUZFIiwibGF5ZXJfZm9udF9zaXplIjoiNzBweCIsImxheWVyX2JhY2tncm91bmRfY29sb3IiOiIiLCJsYXllcl9jb2xvciI6IiNmZmZmZmYiLCJsYXllcl9saW5rIjoiXC9lblwvMzYtbGUtdGhpZXJzIiwibGF5ZXJfdGFyZ2V0Ijoic2FtZSIsImxheWVyX3RvcCI6IjI0OCIsImxheWVyX2xlZnQiOiI4NzYiLCJsYXllcl90cmFuc2l0aW9uIjoiZmFkZSIsInRpbWVfc3RhcnQiOm51bGx9LHsibGF5ZXJfdmlkZW9fdHlwZSI6InlvdXR1YmUiLCJsYXllcl92aWRlb19pZCI6IiIsImxheWVyX3ZpZGVvX2hlaWdodCI6IjIwMCIsImxheWVyX3ZpZGVvX3dpZHRoIjoiMzAwIiwibGF5ZXJfdmlkZW9fdGh1bWIiOiIiLCJsYXllcl9pZCI6IjJfMiIsImxheWVyX2NvbnRlbnQiOiIiLCJsYXllcl90eXBlIjoidGV4dCIsImxheWVyX3N0YXR1cyI6IjEiLCJsYXllcl9jbGFzcyI6ImZvbnQtaXRhbGljIiwibGF5ZXJfY2FwdGlvbiI6IkRhaWx5IGNvbXBhbmlvbiIsImxheWVyX2ZvbnRfc2l6ZSI6IjMwcHgiLCJsYXllcl9iYWNrZ3JvdW5kX2NvbG9yIjoiIiwibGF5ZXJfY29sb3IiOiIjZmZmZmZmIiwibGF5ZXJfbGluayI6IlwvZW5cLzM2LWxlLXRoaWVycyIsImxheWVyX3RhcmdldCI6InNhbWUiLCJsYXllcl90b3AiOiIzNTIiLCJsYXllcl9sZWZ0IjoiMTQ5MiIsImxheWVyX3RyYW5zaXRpb24iOiJmYWRlIiwidGltZV9zdGFydCI6bnVsbH0seyJsYXllcl92aWRlb190eXBlIjoieW91dHViZSIsImxheWVyX3ZpZGVvX2lkIjoiIiwibGF5ZXJfdmlkZW9faGVpZ2h0IjoiMjAwIiwibGF5ZXJfdmlkZW9fd2lkdGgiOiIzMDAiLCJsYXllcl92aWRlb190aHVtYiI6IiIsImxheWVyX2lkIjoiMl8zIiwibGF5ZXJfY29udGVudCI6IiIsImxheWVyX3R5cGUiOiJ0ZXh0IiwibGF5ZXJfc3RhdHVzIjoiMSIsImxheWVyX2NsYXNzIjoiaGlkZGVuLXNwIiwibGF5ZXJfY2FwdGlvbiI6IjxhIGNsYXNzPVwiYnV0dG9uXCIgaHJlZj1cImh0dHA6XC9cL3d3dy5lLWNhdGFsb2d1ZS5nb3lvbi1jaGF6ZWF1Lm5ldFwvZnJcL2xlLXRoaWVyc1wvMTQzLWNvdXRlYXUtZmVybWFudC1sYW1lLXNhbmR2aWNrLWxlLXRoaWVycy5odG1sXCIgdGl0bGU9XCJEaXNjb3ZlciBtb3JlXCI+RFx1MDBjM1x1MDBhOWNvdXZyaXI8XC9hPiIsImxheWVyX2ZvbnRfc2l6ZSI6IiIsImxheWVyX2JhY2tncm91bmRfY29sb3IiOiIiLCJsYXllcl9jb2xvciI6IiIsImxheWVyX2xpbmsiOiIiLCJsYXllcl90YXJnZXQiOiJzYW1lIiwibGF5ZXJfdG9wIjoiNDU5IiwibGF5ZXJfbGVmdCI6IjE1MzYiLCJsYXllcl90cmFuc2l0aW9uIjoiZmFkZSIsInRpbWVfc3RhcnQiOm51bGx9XQ=='),(130,1,'Couteau de cuisine forgé tout inox Styl\'ver','http://www.e-catalogue.goyon-chazeau.net/fr/32-styl-ver','SLIDER4.jpg','','eyJ1c2V2aWRlbyI6IjAiLCJ2aWRlb2lkIjoiIiwidmlkZW9hdXRvIjoiMSIsImJhY2tncm91bmRfY29sb3IiOiIiLCJidWxsZXRfZGVzY3JpcHRpb24iOiIifQ==','W3sibGF5ZXJfdmlkZW9fdHlwZSI6InlvdXR1YmUiLCJsYXllcl92aWRlb19pZCI6IiIsImxheWVyX3ZpZGVvX2hlaWdodCI6IjIwMCIsImxheWVyX3ZpZGVvX3dpZHRoIjoiMzAwIiwibGF5ZXJfdmlkZW9fdGh1bWIiOiIiLCJsYXllcl9pZCI6IjFfMSIsImxheWVyX2NvbnRlbnQiOiIiLCJsYXllcl90eXBlIjoidGV4dCIsImxheWVyX3N0YXR1cyI6IjEiLCJsYXllcl9jbGFzcyI6ImZvbnQtY2F2aWFyLWRyZWFtIiwibGF5ZXJfY2FwdGlvbiI6IlNUWUwnVkVSIENVSVNJTkUgTU9OT0NPUVVFIiwibGF5ZXJfZm9udF9zaXplIjoiNzBweCIsImxheWVyX2JhY2tncm91bmRfY29sb3IiOiIiLCJsYXllcl9jb2xvciI6IiNmZmZmZmYiLCJsYXllcl9saW5rIjoiXC9mclwvMzItc3R5bC12ZXIiLCJsYXllcl90YXJnZXQiOiJzYW1lIiwibGF5ZXJfdG9wIjoiMjUwIiwibGF5ZXJfbGVmdCI6IjY1NCIsImxheWVyX3RyYW5zaXRpb24iOiJmYWRlIiwidGltZV9zdGFydCI6bnVsbH0seyJsYXllcl92aWRlb190eXBlIjoieW91dHViZSIsImxheWVyX3ZpZGVvX2lkIjoiIiwibGF5ZXJfdmlkZW9faGVpZ2h0IjoiMjAwIiwibGF5ZXJfdmlkZW9fd2lkdGgiOiIzMDAiLCJsYXllcl92aWRlb190aHVtYiI6IiIsImxheWVyX2lkIjoiMV8yIiwibGF5ZXJfY29udGVudCI6IiIsImxheWVyX3R5cGUiOiJ0ZXh0IiwibGF5ZXJfc3RhdHVzIjoiMSIsImxheWVyX2NsYXNzIjoiZm9udC1pdGFsaWMiLCJsYXllcl9jYXB0aW9uIjoiUm9idXN0ZXNzZSBldCBcdTAwYzNcdTAwYTlxdWlsaWJyZSIsImxheWVyX2ZvbnRfc2l6ZSI6IjMwcHgiLCJsYXllcl9iYWNrZ3JvdW5kX2NvbG9yIjoiIiwibGF5ZXJfY29sb3IiOiIjZmZmZmZmIiwibGF5ZXJfbGluayI6IlwvZnJcLzMyLXN0eWwtdmVyIiwibGF5ZXJfdGFyZ2V0Ijoic2FtZSIsImxheWVyX3RvcCI6IjM0MCIsImxheWVyX2xlZnQiOiIxNDU5IiwibGF5ZXJfdHJhbnNpdGlvbiI6ImZhZGUiLCJ0aW1lX3N0YXJ0IjpudWxsfSx7ImxheWVyX3ZpZGVvX3R5cGUiOiJ5b3V0dWJlIiwibGF5ZXJfdmlkZW9faWQiOiIiLCJsYXllcl92aWRlb19oZWlnaHQiOiIyMDAiLCJsYXllcl92aWRlb193aWR0aCI6IjMwMCIsImxheWVyX3ZpZGVvX3RodW1iIjoiIiwibGF5ZXJfaWQiOiIxXzMiLCJsYXllcl9jb250ZW50IjoiIiwibGF5ZXJfdHlwZSI6InRleHQiLCJsYXllcl9zdGF0dXMiOiIxIiwibGF5ZXJfY2xhc3MiOiIiLCJsYXllcl9jYXB0aW9uIjoiPGEgY2xhc3M9XCJidXR0b25cIiBocmVmPVwiaHR0cDpcL1wvd3d3LmUtY2F0YWxvZ3VlLmdveW9uLWNoYXplYXUubmV0XC9mclwvc3R5bC12ZXJcLzQyLWNvdXRlYXUtZGUtY3Vpc2luZS0yMGNtLWVtaW5jZXVyLmh0bWxcIiB0aXRsZT1cIkRpc2NvdmVyIG1vcmVcIj5EXHUwMGMzXHUwMGE5Y291dnJpcjxcL2E+IiwibGF5ZXJfZm9udF9zaXplIjoiIiwibGF5ZXJfYmFja2dyb3VuZF9jb2xvciI6IiIsImxheWVyX2NvbG9yIjoiIiwibGF5ZXJfbGluayI6IiIsImxheWVyX3RhcmdldCI6InNhbWUiLCJsYXllcl90b3AiOiI0MDciLCJsYXllcl9sZWZ0IjoiMTYyNiIsImxheWVyX3RyYW5zaXRpb24iOiJmYWRlIiwidGltZV9zdGFydCI6bnVsbH1d'),(130,2,'Styl\'ver forged stainless steel cooking knife','http://www.e-catalogue.goyon-chazeau.net/en/32-styl-ver','SLIDER4.jpg','','eyJ1c2V2aWRlbyI6IjAiLCJ2aWRlb2lkIjoiIiwidmlkZW9hdXRvIjoiMCIsImJhY2tncm91bmRfY29sb3IiOiIiLCJidWxsZXRfZGVzY3JpcHRpb24iOiIifQ==','W3sibGF5ZXJfdmlkZW9fdHlwZSI6InlvdXR1YmUiLCJsYXllcl92aWRlb19pZCI6IiIsImxheWVyX3ZpZGVvX2hlaWdodCI6IjIwMCIsImxheWVyX3ZpZGVvX3dpZHRoIjoiMzAwIiwibGF5ZXJfdmlkZW9fdGh1bWIiOiIiLCJsYXllcl9pZCI6IjJfMSIsImxheWVyX2NvbnRlbnQiOiIiLCJsYXllcl90eXBlIjoidGV4dCIsImxheWVyX3N0YXR1cyI6IjEiLCJsYXllcl9jbGFzcyI6ImZvbnQtY2F2aWFyLWRyZWFtIiwibGF5ZXJfY2FwdGlvbiI6IlNUWUwnVkVSIEhPTExPVyBIQU5ETEUiLCJsYXllcl9mb250X3NpemUiOiI3MHB4IiwibGF5ZXJfYmFja2dyb3VuZF9jb2xvciI6IiIsImxheWVyX2NvbG9yIjoiI2ZmZmZmZiIsImxheWVyX2xpbmsiOiJcL2VuXC8zMi1zdHlsLXZlciIsImxheWVyX3RhcmdldCI6InNhbWUiLCJsYXllcl90b3AiOiIyMjIiLCJsYXllcl9sZWZ0IjoiODYxIiwibGF5ZXJfdHJhbnNpdGlvbiI6ImZhZGUiLCJ0aW1lX3N0YXJ0IjpudWxsfSx7ImxheWVyX3ZpZGVvX3R5cGUiOiJ5b3V0dWJlIiwibGF5ZXJfdmlkZW9faWQiOiIiLCJsYXllcl92aWRlb19oZWlnaHQiOiIyMDAiLCJsYXllcl92aWRlb193aWR0aCI6IjMwMCIsImxheWVyX3ZpZGVvX3RodW1iIjoiIiwibGF5ZXJfaWQiOiIyXzIiLCJsYXllcl9jb250ZW50IjoiIiwibGF5ZXJfdHlwZSI6InRleHQiLCJsYXllcl9zdGF0dXMiOiIxIiwibGF5ZXJfY2xhc3MiOiJmb250LWl0YWxpYyIsImxheWVyX2NhcHRpb24iOiJTdXN0YWluYWJpbGl0eSBhbmQgYmFsYW5jZSIsImxheWVyX2ZvbnRfc2l6ZSI6IjMwcHgiLCJsYXllcl9iYWNrZ3JvdW5kX2NvbG9yIjoiIiwibGF5ZXJfY29sb3IiOiIjZmZmZmZmIiwibGF5ZXJfbGluayI6IlwvZW5cLzMyLXN0eWwtdmVyIiwibGF5ZXJfdGFyZ2V0Ijoic2FtZSIsImxheWVyX3RvcCI6IjMyMCIsImxheWVyX2xlZnQiOiIxNDAxIiwibGF5ZXJfdHJhbnNpdGlvbiI6ImZhZGUiLCJ0aW1lX3N0YXJ0IjpudWxsfSx7ImxheWVyX3ZpZGVvX3R5cGUiOiJ5b3V0dWJlIiwibGF5ZXJfdmlkZW9faWQiOiIiLCJsYXllcl92aWRlb19oZWlnaHQiOiIyMDAiLCJsYXllcl92aWRlb193aWR0aCI6IjMwMCIsImxheWVyX3ZpZGVvX3RodW1iIjoiIiwibGF5ZXJfaWQiOiIyXzMiLCJsYXllcl9jb250ZW50IjoiIiwibGF5ZXJfdHlwZSI6InRleHQiLCJsYXllcl9zdGF0dXMiOiIxIiwibGF5ZXJfY2xhc3MiOiIiLCJsYXllcl9jYXB0aW9uIjoiPGEgY2xhc3M9XCJidXR0b25cIiBocmVmPVwiaHR0cDpcL1wvd3d3LmUtY2F0YWxvZ3VlLmdveW9uLWNoYXplYXUubmV0XC9mclwvc3R5bC12ZXJcLzQyLWNvdXRlYXUtZGUtY3Vpc2luZS0yMGNtLWVtaW5jZXVyLmh0bWxcL1wiIHRpdGxlPVwiRGlzY292ZXIgbW9yZVwiPkRcdTAwYzNcdTAwYTljb3V2cmlyPFwvYT4iLCJsYXllcl9mb250X3NpemUiOiIiLCJsYXllcl9iYWNrZ3JvdW5kX2NvbG9yIjoiIiwibGF5ZXJfY29sb3IiOiIiLCJsYXllcl9saW5rIjoiIiwibGF5ZXJfdGFyZ2V0Ijoic2FtZSIsImxheWVyX3RvcCI6IjQwNyIsImxheWVyX2xlZnQiOiIxNjI2IiwibGF5ZXJfdHJhbnNpdGlvbiI6ImZhZGUiLCJ0aW1lX3N0YXJ0IjpudWxsfV0='),(133,1,'Consultez le catalogue GOYON-CHAZEAU','http://www.e-catalogue.goyon-chazeau.net/fr/content/16-catalogue','Slide catalogue F A.jpg','','eyJ1c2V2aWRlbyI6IjAiLCJ2aWRlb2lkIjoiIiwidmlkZW9hdXRvIjoiMSIsImJhY2tncm91bmRfY29sb3IiOiIjMDAwMDAwIiwiYnVsbGV0X2Rlc2NyaXB0aW9uIjoiIn0=','W3sibGF5ZXJfdmlkZW9fdHlwZSI6InlvdXR1YmUiLCJsYXllcl92aWRlb19pZCI6IiIsImxheWVyX3ZpZGVvX2hlaWdodCI6IjIwMCIsImxheWVyX3ZpZGVvX3dpZHRoIjoiMzAwIiwibGF5ZXJfdmlkZW9fdGh1bWIiOiIiLCJsYXllcl9pZCI6IjFfMSIsImxheWVyX2NvbnRlbnQiOiIiLCJsYXllcl90eXBlIjoidGV4dCIsImxheWVyX3N0YXR1cyI6IjEiLCJsYXllcl9jbGFzcyI6ImhpZGRlbi1zcCIsImxheWVyX2NhcHRpb24iOiI8YSBjbGFzcz1cImJ1dHRvblwiIGhyZWY9XCJodHRwOlwvXC93d3cuZS1jYXRhbG9ndWUuZ295b24tY2hhemVhdS5uZXRcL2ZyXC9jb250ZW50XC8xNi1jYXRhbG9ndWVcIiB0aXRsZT1cIk9WRVJWSUVXXCI+Q09OU1VMVEVSPFwvYT4iLCJsYXllcl9mb250X3NpemUiOiIiLCJsYXllcl9iYWNrZ3JvdW5kX2NvbG9yIjoiIzAwMDAwMCIsImxheWVyX2NvbG9yIjoiIzAwMDAwMCIsImxheWVyX2xpbmsiOiIiLCJsYXllcl90YXJnZXQiOiJzYW1lIiwibGF5ZXJfdG9wIjoiNjQzIiwibGF5ZXJfbGVmdCI6Ijg2IiwibGF5ZXJfdHJhbnNpdGlvbiI6ImZhZGUiLCJ0aW1lX3N0YXJ0IjpudWxsfV0='),(133,2,'Overview our catalogue','http://www.e-catalogue.goyon-chazeau.net/en/content/16-catalog','Slide catalogue F A.jpg','','eyJ1c2V2aWRlbyI6IjAiLCJ2aWRlb2lkIjoiIiwidmlkZW9hdXRvIjoiMCIsImJhY2tncm91bmRfY29sb3IiOiIjMDAwMDAwIiwiYnVsbGV0X2Rlc2NyaXB0aW9uIjoiIn0=','W3sibGF5ZXJfdmlkZW9fdHlwZSI6InlvdXR1YmUiLCJsYXllcl92aWRlb19pZCI6IiIsImxheWVyX3ZpZGVvX2hlaWdodCI6IjIwMCIsImxheWVyX3ZpZGVvX3dpZHRoIjoiMzAwIiwibGF5ZXJfdmlkZW9fdGh1bWIiOiIiLCJsYXllcl9pZCI6IjJfMSIsImxheWVyX2NvbnRlbnQiOiIiLCJsYXllcl90eXBlIjoidGV4dCIsImxheWVyX3N0YXR1cyI6IjEiLCJsYXllcl9jbGFzcyI6ImhpZGRlbi1zcCIsImxheWVyX2NhcHRpb24iOiI8YSBjbGFzcz1cImJ1dHRvblwiIGhyZWY9XCJodHRwOlwvXC93d3cuZS1jYXRhbG9ndWUuZ295b24tY2hhemVhdS5uZXRcL2VuXC9jb250ZW50XC8xNi1jYXRhbG9nXCIgdGl0bGU9XCJPVkVSVklFV1wiPkNPTlNVTFRFUjxcL2E+IiwibGF5ZXJfZm9udF9zaXplIjoiIiwibGF5ZXJfYmFja2dyb3VuZF9jb2xvciI6IiMwMDAwMDAiLCJsYXllcl9jb2xvciI6IiMwMDAwMDAiLCJsYXllcl9saW5rIjoiIiwibGF5ZXJfdGFyZ2V0Ijoic2FtZSIsImxheWVyX3RvcCI6IjY0MyIsImxheWVyX2xlZnQiOiI4NiIsImxheWVyX3RyYW5zaXRpb24iOiJmYWRlIiwidGltZV9zdGFydCI6bnVsbH1d'),(134,1,'Dupliquer des Couteau de cuisine Santoku Thiers','http://www.e-catalogue.goyon-chazeau.net/fr/31-le-thiers','Slider Thiers cuisine.jpg','','eyJ1c2V2aWRlbyI6IjAiLCJ2aWRlb2lkIjoiIiwidmlkZW9hdXRvIjoiMSIsImJhY2tncm91bmRfY29sb3IiOiIiLCJidWxsZXRfZGVzY3JpcHRpb24iOiIifQ==','W3sibGF5ZXJfdmlkZW9fdHlwZSI6InlvdXR1YmUiLCJsYXllcl92aWRlb19pZCI6IiIsImxheWVyX3ZpZGVvX2hlaWdodCI6IjIwMCIsImxheWVyX3ZpZGVvX3dpZHRoIjoiMzAwIiwibGF5ZXJfdmlkZW9fdGh1bWIiOiIiLCJsYXllcl9pZCI6IjFfMSIsImxheWVyX2NvbnRlbnQiOiIiLCJsYXllcl90eXBlIjoidGV4dCIsImxheWVyX3N0YXR1cyI6IjEiLCJsYXllcl9jbGFzcyI6ImZvbnQtY2F2aWFyLWRyZWFtIiwibGF5ZXJfY2FwdGlvbiI6IkxFIFRISUVSUyAgQ1VJU0lORSIsImxheWVyX2ZvbnRfc2l6ZSI6IjcwcHgiLCJsYXllcl9iYWNrZ3JvdW5kX2NvbG9yIjoiIiwibGF5ZXJfY29sb3IiOiIjZmZmZmZmIiwibGF5ZXJfbGluayI6IlwvZnJcLzMxLWxlLXRoaWVycyIsImxheWVyX3RhcmdldCI6InNhbWUiLCJsYXllcl90b3AiOiI2MTciLCJsYXllcl9sZWZ0IjoiOTEyIiwibGF5ZXJfdHJhbnNpdGlvbiI6ImZhZGUiLCJ0aW1lX3N0YXJ0IjpudWxsfSx7ImxheWVyX3ZpZGVvX3R5cGUiOiJ5b3V0dWJlIiwibGF5ZXJfdmlkZW9faWQiOiIiLCJsYXllcl92aWRlb19oZWlnaHQiOiIyMDAiLCJsYXllcl92aWRlb193aWR0aCI6IjMwMCIsImxheWVyX3ZpZGVvX3RodW1iIjoiIiwibGF5ZXJfaWQiOiIxXzIiLCJsYXllcl9jb250ZW50IjoiIiwibGF5ZXJfdHlwZSI6InRleHQiLCJsYXllcl9zdGF0dXMiOiIxIiwibGF5ZXJfY2xhc3MiOiJmb250LWl0YWxpYyIsImxheWVyX2NhcHRpb24iOiIxMDAlIGF1dGhlbnRpcXVlLCAxMDAlIGZvcmdcdTAwYzNcdTAwYTkiLCJsYXllcl9mb250X3NpemUiOiIzMHB4IiwibGF5ZXJfYmFja2dyb3VuZF9jb2xvciI6IiIsImxheWVyX2NvbG9yIjoiI2ZmZmZmZiIsImxheWVyX2xpbmsiOiJcL2ZyXC8zMS1sZS10aGllcnMiLCJsYXllcl90YXJnZXQiOiJzYW1lIiwibGF5ZXJfdG9wIjoiNzIxIiwibGF5ZXJfbGVmdCI6IjkxNSIsImxheWVyX3RyYW5zaXRpb24iOiJmYWRlIiwidGltZV9zdGFydCI6bnVsbH0seyJsYXllcl92aWRlb190eXBlIjoieW91dHViZSIsImxheWVyX3ZpZGVvX2lkIjoiIiwibGF5ZXJfdmlkZW9faGVpZ2h0IjoiMjAwIiwibGF5ZXJfdmlkZW9fd2lkdGgiOiIzMDAiLCJsYXllcl92aWRlb190aHVtYiI6IiIsImxheWVyX2lkIjoiMV8zIiwibGF5ZXJfY29udGVudCI6IiIsImxheWVyX3R5cGUiOiJ0ZXh0IiwibGF5ZXJfc3RhdHVzIjoiMSIsImxheWVyX2NsYXNzIjoiaGlkZGVuLXNwIiwibGF5ZXJfY2FwdGlvbiI6IjxhIGNsYXNzPVwiYnV0dG9uXCIgaHJlZj1cImh0dHA6XC9cL3d3dy5lLWNhdGFsb2d1ZS5nb3lvbi1jaGF6ZWF1Lm5ldFwvZnJcL2xlLXRoaWVyc1wvOTQtY2hlZi1rbmlmZS0yMGNtLWJsYWRlLmh0bWxcIiB0aXRsZT1cIkRpc2NvdmVyIG1vcmVcIj5EXHUwMGMzXHUwMGE5Y291dnJpcjxcL2E+IiwibGF5ZXJfZm9udF9zaXplIjoiIiwibGF5ZXJfYmFja2dyb3VuZF9jb2xvciI6IiIsImxheWVyX2NvbG9yIjoiIiwibGF5ZXJfbGluayI6IiIsImxheWVyX3RhcmdldCI6InNhbWUiLCJsYXllcl90b3AiOiI3NzAiLCJsYXllcl9sZWZ0IjoiOTEyIiwibGF5ZXJfdHJhbnNpdGlvbiI6ImZhZGUiLCJ0aW1lX3N0YXJ0IjpudWxsfV0='),(134,2,'Dupliquer des Le Thiers Cuisine santoku knife','http://www.e-catalogue.goyon-chazeau.net/en/31-le-thiers','SLIDER2.jpg','','eyJ1c2V2aWRlbyI6IjAiLCJ2aWRlb2lkIjoiIiwidmlkZW9hdXRvIjoiMCIsImJhY2tncm91bmRfY29sb3IiOiIiLCJidWxsZXRfZGVzY3JpcHRpb24iOiIifQ==','W3sibGF5ZXJfdmlkZW9fdHlwZSI6InlvdXR1YmUiLCJsYXllcl92aWRlb19pZCI6IiIsImxheWVyX3ZpZGVvX2hlaWdodCI6IjIwMCIsImxheWVyX3ZpZGVvX3dpZHRoIjoiMzAwIiwibGF5ZXJfdmlkZW9fdGh1bWIiOiIiLCJsYXllcl9pZCI6IjJfMSIsImxheWVyX2NvbnRlbnQiOiIiLCJsYXllcl90eXBlIjoidGV4dCIsImxheWVyX3N0YXR1cyI6IjEiLCJsYXllcl9jbGFzcyI6ImZvbnQtY2F2aWFyLWRyZWFtIiwibGF5ZXJfY2FwdGlvbiI6IkxFIFRISUVSUyBDT09LSU5HIEtOSUZFIiwibGF5ZXJfZm9udF9zaXplIjoiNzBweCIsImxheWVyX2JhY2tncm91bmRfY29sb3IiOiIiLCJsYXllcl9jb2xvciI6IiNmZmZmZmYiLCJsYXllcl9saW5rIjoiXC9lblwvMzEtbGUtdGhpZXJzIiwibGF5ZXJfdGFyZ2V0Ijoic2FtZSIsImxheWVyX3RvcCI6IjU2MCIsImxheWVyX2xlZnQiOiI2NzIiLCJsYXllcl90cmFuc2l0aW9uIjoiZmFkZSIsInRpbWVfc3RhcnQiOm51bGx9LHsibGF5ZXJfdmlkZW9fdHlwZSI6InlvdXR1YmUiLCJsYXllcl92aWRlb19pZCI6IiIsImxheWVyX3ZpZGVvX2hlaWdodCI6IjIwMCIsImxheWVyX3ZpZGVvX3dpZHRoIjoiMzAwIiwibGF5ZXJfdmlkZW9fdGh1bWIiOiIiLCJsYXllcl9pZCI6IjJfMiIsImxheWVyX2NvbnRlbnQiOiIiLCJsYXllcl90eXBlIjoidGV4dCIsImxheWVyX3N0YXR1cyI6IjEiLCJsYXllcl9jbGFzcyI6ImZvbnQtaXRhbGljIiwibGF5ZXJfY2FwdGlvbiI6IjEwMCUgYXV0aGVudGljLCAxMDAlIGZvcmdlZCIsImxheWVyX2ZvbnRfc2l6ZSI6IjMwcHgiLCJsYXllcl9iYWNrZ3JvdW5kX2NvbG9yIjoiIiwibGF5ZXJfY29sb3IiOiIjZmZmZmZmIiwibGF5ZXJfbGluayI6IlwvZW5cLzMxLWxlLXRoaWVycyIsImxheWVyX3RhcmdldCI6InNhbWUiLCJsYXllcl90b3AiOiI2NTAiLCJsYXllcl9sZWZ0IjoiNjc2IiwibGF5ZXJfdHJhbnNpdGlvbiI6ImZhZGUiLCJ0aW1lX3N0YXJ0IjpudWxsfSx7ImxheWVyX3ZpZGVvX3R5cGUiOiJ5b3V0dWJlIiwibGF5ZXJfdmlkZW9faWQiOiIiLCJsYXllcl92aWRlb19oZWlnaHQiOiIyMDAiLCJsYXllcl92aWRlb193aWR0aCI6IjMwMCIsImxheWVyX3ZpZGVvX3RodW1iIjoiIiwibGF5ZXJfaWQiOiIyXzMiLCJsYXllcl9jb250ZW50IjoiIiwibGF5ZXJfdHlwZSI6InRleHQiLCJsYXllcl9zdGF0dXMiOiIxIiwibGF5ZXJfY2xhc3MiOiJoaWRkZW4tc3AiLCJsYXllcl9jYXB0aW9uIjoiPGEgY2xhc3M9XCJidXR0b25cIiBocmVmPVwiaHR0cDpcL1wvd3d3LmUtY2F0YWxvZ3VlLmdveW9uLWNoYXplYXUubmV0XC9mclwvbGUtdGhpZXJzXC85NC1jaGVmLWtuaWZlLTIwY20tYmxhZGUuaHRtbFwiIHRpdGxlPVwiRGlzY292ZXIgbW9yZVwiPkRcdTAwYzNcdTAwYTljb3V2cmlyPFwvYT4iLCJsYXllcl9mb250X3NpemUiOiIiLCJsYXllcl9iYWNrZ3JvdW5kX2NvbG9yIjoiIiwibGF5ZXJfY29sb3IiOiIiLCJsYXllcl9saW5rIjoiIiwibGF5ZXJfdGFyZ2V0Ijoic2FtZSIsImxheWVyX3RvcCI6Ijc3MCIsImxheWVyX2xlZnQiOiI5MTIiLCJsYXllcl90cmFuc2l0aW9uIjoiZmFkZSIsInRpbWVfc3RhcnQiOm51bGx9XQ==');

--
-- Table structure for table `gcahdy_leowidgets`
--

CREATE TABLE `gcahdy_leowidgets` (
  `id_leowidgets` int(11) NOT NULL AUTO_INCREMENT,
  `name` varchar(250) NOT NULL,
  `type` varchar(250) NOT NULL,
  `params` mediumtext,
  `id_shop` int(11) unsigned NOT NULL,
  `key_widget` int(11) NOT NULL,
  PRIMARY KEY (`id_leowidgets`,`id_shop`)
) ENGINE=InnoDB AUTO_INCREMENT=72 DEFAULT CHARSET=utf8;

--
-- Dumping data for table `gcahdy_leowidgets`
--

INSERT INTO `gcahdy_leowidgets` VALUES (64,'Menu Sidebar - Fusce elit nisi','links','[encoded data, 4560 characters]',1,1430036731),(65,'Mainmenu - Featured Products','product_list','eyJhZGRsZW93aWRnZXRzIjoiMSIsImlkX2xlb3dpZGdldHMiOiI1NyIsIndpZGdldF9uYW1lIjoiTWFpbm1lbnUgLSBGZWF0dXJlZCBQcm9kdWN0cyIsIndpZGdldF90eXBlIjoicHJvZHVjdF9saXN0Iiwic2F2ZWFuZHN0YXlsZW90ZW1wY3AiOiIiLCJ3aWRnZXRfdGl0bGVfZW4iOiJGZWF0dXJlZCBQcm9kdWN0cyIsIndpZGdldF90aXRsZV8xIjoiUHJvZHVpdHMgcHJcdTAwZTlzZW50XHUwMGU5cyIsIndpZGdldF90aXRsZV9kZSI6IkZlYXR1cmVkIFByb2R1Y3RzIiwid2lkZ2V0X3RpdGxlX2JyIjoiRmVhdHVyZWQgUHJvZHVjdHMiLCJ3aWRnZXRfdGl0bGVfaXQiOiJGZWF0dXJlZCBQcm9kdWN0cyIsIndpZGdldF90aXRsZV9lcyI6IlByb2R1Y3RvcyBkZXN0YWNhZG9zIiwid2lkZ2V0X3RpdGxlX3J1IjoiRmVhdHVyZWQgUHJvZHVjdHMiLCJ3aWRnZXRfdGl0bGVfcGwiOiJGZWF0dXJlZCBQcm9kdWN0cyIsIndpZGdldF90aXRsZV9hciI6Ilx1MDY0NVx1MDY0Nlx1MDYyYVx1MDYyY1x1MDYyN1x1MDYyYSBcdTA2NDVcdTA2NDVcdTA2NGFcdTA2MzJcdTA2MjkiLCJzb3VyY2UiOiJwdHlwZSIsImNhdGVnb3JpZXMiOiIiLCJwdHlwZSI6ImZlYXR1cmVkIiwicHByb2R1Y3RpZHMiOiIiLCJsaW1pdCI6IjMiLCJvcmRlcmJ5IjoiZGF0ZV9hZGQiLCJvcmRlcndheSI6IkFTQyJ9',1,1430037001),(66,'Mainmenu - Banner','html','[encoded data, 4612 characters]',1,1430037173),(67,'Menu Sidebar - Electronics','links','[encoded data, 4960 characters]',1,1431077339),(68,'Menu Sidebar - Products Special','product_list','eyJhZGRsZW93aWRnZXRzIjoiMSIsImlkX2xlb3dpZGdldHMiOiI3Iiwid2lkZ2V0X25hbWUiOiJNZW51IFNpZGViYXIgLSBQcm9kdWN0cyBTcGVjaWFsIiwid2lkZ2V0X3RpdGxlX2VuIjoiUHJvZHVjdHMgTmV3ZXN0Iiwid2lkZ2V0X3RpdGxlXyI6IlByb2R1Y3RzIE5ld2VzdCIsIndpZGdldF90eXBlIjoicHJvZHVjdF9saXN0Iiwic2F2ZWFuZHN0YXlsZW90ZW1wY3AiOiIiLCJzb3VyY2UiOiJwdHlwZSIsInB0eXBlIjoibmV3ZXN0IiwicHByb2R1Y3RpZHMiOiIiLCJsaW1pdCI6IjMiLCJvcmRlcmJ5IjoiZGF0ZV9hZGQiLCJvcmRlcndheSI6IkFTQyIsIndpZGdldF90aXRsZV8xIjoiUHJvZHVjdHMgTmV3ZXN0Iiwid2lkZ2V0X3RpdGxlX2RlIjoiUHJvZHVjdHMgTmV3ZXN0Iiwid2lkZ2V0X3RpdGxlX2JyIjoiUHJvZHVjdHMgTmV3ZXN0Iiwid2lkZ2V0X3RpdGxlX2l0IjoiUHJvZHVjdHMgTmV3ZXN0Iiwid2lkZ2V0X3RpdGxlX2VzIjoiUHJvZHVjdHMgTmV3ZXN0Iiwid2lkZ2V0X3RpdGxlX3J1IjoiUHJvZHVjdHMgTmV3ZXN0Iiwid2lkZ2V0X3RpdGxlX3BsIjoiUHJvZHVjdHMgTmV3ZXN0Iiwid2lkZ2V0X3RpdGxlX2FyIjoiUHJvZHVjdHMgTmV3ZXN0In0=',1,1431077431),(69,'Menu Sidebar - Typo','html','[encoded data, 16088 characters]',1,1431313966),(70,'Submenu - Women\'s Departments','sub_categories','eyJhZGRsZW93aWRnZXRzIjoiMSIsImlkX2xlb3dpZGdldHMiOiI1MyIsIndpZGdldF9uYW1lIjoiU3VibWVudSAtIFdvbWVuJ3MgRGVwYXJ0bWVudHMiLCJ3aWRnZXRfdHlwZSI6InN1Yl9jYXRlZ29yaWVzIiwic2F2ZWFuZHN0YXlsZW90ZW1wY3AiOiIiLCJ3aWRnZXRfdGl0bGVfZW4iOiIiLCJjYXRlZ29yeV9pZCI6IjQiLCJ3aWRnZXRfdGl0bGVfIjoiIiwid2lkZ2V0X3RpdGxlXzEiOiIiLCJ3aWRnZXRfdGl0bGVfZGUiOiIiLCJ3aWRnZXRfdGl0bGVfYnIiOiIiLCJ3aWRnZXRfdGl0bGVfaXQiOiIiLCJ3aWRnZXRfdGl0bGVfZXMiOiIiLCJ3aWRnZXRfdGl0bGVfcnUiOiIiLCJ3aWRnZXRfdGl0bGVfcGwiOiIiLCJ3aWRnZXRfdGl0bGVfYXIiOiIifQ==',1,1448006063),(71,'Submenu - Women\'s Styles','sub_categories','eyJhZGRsZW93aWRnZXRzIjoiMSIsImlkX2xlb3dpZGdldHMiOiI1NSIsIndpZGdldF9uYW1lIjoiU3VibWVudSAtIFdvbWVuJ3MgU3R5bGVzIiwid2lkZ2V0X3R5cGUiOiJzdWJfY2F0ZWdvcmllcyIsInNhdmVhbmRzdGF5bGVvdGVtcGNwIjoiIiwid2lkZ2V0X3RpdGxlX2VuIjoiIiwiY2F0ZWdvcnlfaWQiOiI4Iiwid2lkZ2V0X3RpdGxlXyI6IiIsIndpZGdldF90aXRsZV8xIjoiIiwid2lkZ2V0X3RpdGxlX2RlIjoiIiwid2lkZ2V0X3RpdGxlX2JyIjoiIiwid2lkZ2V0X3RpdGxlX2l0IjoiIiwid2lkZ2V0X3RpdGxlX2VzIjoiIiwid2lkZ2V0X3RpdGxlX3J1IjoiIiwid2lkZ2V0X3RpdGxlX3BsIjoiIiwid2lkZ2V0X3RpdGxlX2FyIjoiIn0=',1,1448006103);

--
