-- Table structure for table `gcahdy_cart_rule_carrier`
--

CREATE TABLE `gcahdy_cart_rule_carrier` (
  `id_cart_rule` int(10) unsigned NOT NULL,
  `id_carrier` int(10) unsigned NOT NULL,
  PRIMARY KEY (`id_cart_rule`,`id_carrier`)
) ENGINE=InnoDB DEFAULT CHARSET=utf8;

--
-- Dumping data for table `gcahdy_cart_rule_carrier`
--


--
-- Table structure for table `gcahdy_cart_rule_combination`
--

CREATE TABLE `gcahdy_cart_rule_combination` (
  `id_cart_rule_1` int(10) unsigned NOT NULL,
  `id_cart_rule_2` int(10) unsigned NOT NULL,
  PRIMARY KEY (`id_cart_rule_1`,`id_cart_rule_2`),
  KEY `id_cart_rule_1` (`id_cart_rule_1`),
  KEY `id_cart_rule_2` (`id_cart_rule_2`)
) ENGINE=InnoDB DEFAULT CHARSET=utf8;

--
-- Dumping data for table `gcahdy_cart_rule_combination`
--

INSERT INTO `gcahdy_cart_rule_combination` VALUES (1,12),(13,1),(13,6),(13,7),(13,8),(13,9),(13,10),(13,11);

--
-- Table structure for table `gcahdy_cart_rule_country`
--

CREATE TABLE `gcahdy_cart_rule_country` (
  `id_cart_rule` int(10) unsigned NOT NULL,
  `id_country` int(10) unsigned NOT NULL,
  PRIMARY KEY (`id_cart_rule`,`id_country`)
) ENGINE=InnoDB DEFAULT CHARSET=utf8;

--
-- Dumping data for table `gcahdy_cart_rule_country`
--

INSERT INTO `gcahdy_cart_rule_country` VALUES (1,1),(1,2),(1,3),(1,6),(1,7),(1,8),(1,9),(1,10),(1,12),(1,13),(1,14),(1,15),(1,16),(1,17),(1,18),(1,19),(1,26),(1,36),(1,37),(1,74),(1,76),(1,86),(1,125),(1,131),(1,139),(1,143),(1,193),(1,236),(10,8),(11,1),(11,2),(11,3),(11,4),(11,5),(11,6),(11,7),(11,9),(11,10),(11,11),(11,12),(11,13),(11,14),(11,15),(11,16),(11,17),(11,18),(11,19),(11,20),(11,21),(11,22),(11,23),(11,24),(11,25),(11,26),(11,27),(11,28),(11,29),(11,30),(11,31),(11,32),(11,33),(11,34),(11,35),(11,36),(11,37),(11,38),(11,39),(11,40),(11,41),(11,42),(11,43),(11,44),(11,45),(11,46),(11,47),(11,48),(11,49),(11,50),(11,51),(11,52),(11,53),(11,54),(11,55),(11,56),(11,57),(11,58),(11,59),(11,60),(11,61),(11,62),(11,63),(11,64),(11,65),(11,66),(11,67),(11,68),(11,69),(11,70),(11,71),(11,72),(11,73),(11,74),(11,75),(11,76),(11,77),(11,78),(11,79),(11,80),(11,81),(11,82),(11,83),(11,84),(11,85),(11,86),(11,87),(11,88),(11,89),(11,90),(11,91),(11,92),(11,93),(11,94),(11,95),(11,96),(11,97),(11,98),(11,99),(11,100),(11,101),(11,102),(11,103),(11,104),(11,105),(11,106),(11,107),(11,108),(11,109),(11,110),(11,111),(11,112),(11,113),(11,114),(11,115),(11,116),(11,117),(11,118),(11,119),(11,120),(11,121),(11,122),(11,123),(11,124),(11,125),(11,126),(11,127),(11,128),(11,129),(11,130),(11,131),(11,132),(11,133),(11,134),(11,135),(11,136),(11,137),(11,138),(11,139),(11,140),(11,141),(11,142),(11,143),(11,144),(11,145),(11,146),(11,147),(11,148),(11,149),(11,150),(11,151),(11,152),(11,153),(11,154),(11,155),(11,156),(11,157),(11,158),(11,159),(11,160),(11,161),(11,162),(11,163),(11,164),(11,165),(11,166),(11,167),(11,168),(11,169),(11,170),(11,171),(11,172),(11,173),(11,174),(11,175),(11,176),(11,177),(11,178),(11,179),(11,180),(11,181),(11,182),(11,183),(11,184),(11,185),(11,186),(11,187),(11,188),(11,189),(11,190),(11,191),(11,192),(11,193),(11,194),(11,195),(11,196),(11,197),(11,198),(11,199),(11,200),(11,201),(11,202),(11,203),(11,204),(11,205),(11,206),(11,207),(11,208),(11,209),(11,210),(11,211),(11,212),(11,213),(11,214),(11,215),(11,216),(11,217),(11,218),(11,219),(11,220),(11,221),(11,222),(11,223),(11,224),(11,225),(11,226),(11,227),(11,228),(11,229),(11,230),(11,231),(11,232),(11,233),(11,234),(11,235),(11,236),(11,237),(11,238),(11,239),(11,240),(11,241),(11,242),(11,243),(11,244),(11,245),(11,246),(11,247),(11,248);

--
-- Table structure for table `gcahdy_cart_rule_group`
--

CREATE TABLE `gcahdy_cart_rule_group` (
  `id_cart_rule` int(10) unsigned NOT NULL,
  `id_group` int(10) unsigned NOT NULL,
  PRIMARY KEY (`id_cart_rule`,`id_group`)
) ENGINE=InnoDB DEFAULT CHARSET=utf8;

--
-- Dumping data for table `gcahdy_cart_rule_group`
--

INSERT INTO `gcahdy_cart_rule_group` VALUES (8,1),(8,4),(8,5),(13,6);

--
-- Table structure for table `gcahdy_cart_rule_lang`
--

CREATE TABLE `gcahdy_cart_rule_lang` (
  `id_cart_rule` int(10) unsigned NOT NULL,
  `id_lang` int(10) unsigned NOT NULL,
  `name` varchar(254) NOT NULL,
  PRIMARY KEY (`id_cart_rule`,`id_lang`)
) ENGINE=InnoDB DEFAULT CHARSET=utf8;

--
-- Dumping data for table `gcahdy_cart_rule_lang`
--

INSERT INTO `gcahdy_cart_rule_lang` VALUES (1,1,'Livraison gratuite '),(1,2,'Livraison gratuite'),(6,1,'RÉDUCTION FRAIS DE PORT '),(6,2,'DISCOUNT ON SHIPPING COST '),(7,1,'Remise 10% Noël 2018'),(7,2,'10% OFF Christmass 2018'),(8,1,'OP Livraison gratuite clients privilège et inscrits'),(8,2,'Free delivery - Privilege customers & registrants'),(9,1,'ST VALENTIN'),(9,2,'VALENTINE\'S DAY'),(10,1,'OPERATION FAMILLES'),(10,2,'OPERATION FAMILLES'),(11,1,'FAMILY CELEBRATION'),(11,2,'FAMILY CELEBRATION'),(12,1,'HAPPY ORDER'),(12,2,'HAPPY ORDER'),(13,1,'MERCI 2019'),(13,2,'MERCI 2019');

--
-- Table structure for table `gcahdy_cart_rule_product_rule`
--

CREATE TABLE `gcahdy_cart_rule_product_rule` (
  `id_product_rule` int(10) unsigned NOT NULL AUTO_INCREMENT,
  `id_product_rule_group` int(10) unsigned NOT NULL,
  `type` enum('products','categories','attributes','manufacturers','suppliers') NOT NULL,
  PRIMARY KEY (`id_product_rule`)
) ENGINE=InnoDB AUTO_INCREMENT=8 DEFAULT CHARSET=utf8;

--
-- Dumping data for table `gcahdy_cart_rule_product_rule`
--

INSERT INTO `gcahdy_cart_rule_product_rule` VALUES (7,7,'products');

--
-- Table structure for table `gcahdy_cart_rule_product_rule_group`
--

CREATE TABLE `gcahdy_cart_rule_product_rule_group` (
  `id_product_rule_group` int(10) unsigned NOT NULL AUTO_INCREMENT,
  `id_cart_rule` int(10) unsigned NOT NULL,
  `quantity` int(10) unsigned NOT NULL DEFAULT '1',
  PRIMARY KEY (`id_product_rule_group`)
) ENGINE=InnoDB AUTO_INCREMENT=8 DEFAULT CHARSET=utf8;

--
-- Dumping data for table `gcahdy_cart_rule_product_rule_group`
--

INSERT INTO `gcahdy_cart_rule_product_rule_group` VALUES (7,9,1);

--
-- Table structure for table `gcahdy_cart_rule_product_rule_value`
--

CREATE TABLE `gcahdy_cart_rule_product_rule_value` (
  `id_product_rule` int(10) unsigned NOT NULL,
  `id_item` int(10) unsigned NOT NULL,
  PRIMARY KEY (`id_product_rule`,`id_item`)
) ENGINE=InnoDB DEFAULT CHARSET=utf8;

--
-- Dumping data for table `gcahdy_cart_rule_product_rule_value`
--

INSERT INTO `gcahdy_cart_rule_product_rule_value` VALUES (7,15),(7,16),(7,40),(7,41),(7,42),(7,43),(7,76),(7,78),(7,79),(7,80),(7,81),(7,82),(7,83),(7,84),(7,85),(7,86),(7,87),(7,88),(7,89),(7,92),(7,93),(7,94),(7,95),(7,96),(7,97),(7,98),(7,99),(7,100),(7,101),(7,102),(7,103),(7,104),(7,105),(7,106),(7,107),(7,109),(7,110),(7,111),(7,112),(7,113),(7,114),(7,115),(7,116),(7,117),(7,119),(7,120),(7,121),(7,122),(7,123),(7,124),(7,125),(7,126),(7,127),(7,128),(7,129),(7,130),(7,131),(7,132),(7,135),(7,136),(7,137),(7,142),(7,143),(7,144),(7,145),(7,146),(7,147),(7,149),(7,150),(7,153),(7,154),(7,157),(7,160),(7,161),(7,166),(7,168),(7,169),(7,170),(7,171),(7,173),(7,174),(7,175),(7,178),(7,179),(7,180),(7,181),(7,182),(7,183),(7,184),(7,185),(7,192),(7,204),(7,206),(7,207),(7,208),(7,209),(7,210),(7,211),(7,212),(7,213),(7,217),(7,218),(7,219),(7,220),(7,221),(7,222),(7,223),(7,224),(7,225),(7,226),(7,227),(7,228),(7,229),(7,230),(7,242),(7,244),(7,245),(7,246),(7,247),(7,248),(7,249),(7,250),(7,251),(7,252),(7,253),(7,254),(7,255),(7,256),(7,257),(7,258),(7,260),(7,261),(7,262),(7,263),(7,264),(7,272),(7,275),(7,276),(7,278),(7,279),(7,280),(7,281),(7,282),(7,284),(7,285),(7,286),(7,288),(7,289),(7,290),(7,291),(7,292),(7,294),(7,295),(7,297),(7,301),(7,302),(7,303),(7,304),(7,305),(7,306),(7,307),(7,308),(7,310),(7,312),(7,313),(7,314),(7,315),(7,316),(7,318),(7,319),(7,320),(7,321),(7,322),(7,323),(7,324),(7,325),(7,326),(7,327),(7,328),(7,329),(7,330),(7,331),(7,332),(7,333),(7,335),(7,336),(7,337),(7,339),(7,340),(7,341),(7,342),(7,343),(7,344),(7,345),(7,347),(7,348),(7,349),(7,350),(7,351),(7,352),(7,355),(7,356),(7,357),(7,358),(7,359),(7,360),(7,361),(7,363),(7,390);

--
-- Table structure for table `gcahdy_cart_rule_shop`
--

CREATE TABLE `gcahdy_cart_rule_shop` (
  `id_cart_rule` int(10) unsigned NOT NULL,
  `id_shop` int(10) unsigned NOT NULL,
  PRIMARY KEY (`id_cart_rule`,`id_shop`)
) ENGINE=InnoDB DEFAULT CHARSET=utf8;

--
-- Dumping data for table `gcahdy_cart_rule_shop`
--


--
-- Table structure for table `gcahdy_cartabandonment_remind`
--

CREATE TABLE `gcahdy_cartabandonment_remind` (
  `id` int(11) NOT NULL AUTO_INCREMENT,
  `wich_remind` int(11) NOT NULL,
  `id_cart` int(11) NOT NULL,
  `send_date` date NOT NULL,
  `visualize` int(11) NOT NULL DEFAULT '0',
  `click` int(11) NOT NULL DEFAULT '0',
  `click_cart` int(11) NOT NULL DEFAULT '0',
  PRIMARY KEY (`id`)
) ENGINE=InnoDB AUTO_INCREMENT=208 DEFAULT CHARSET=latin1;

--
-- Dumping data for table `gcahdy_cartabandonment_remind`
--

INSERT INTO `gcahdy_cartabandonment_remind` VALUES (1,1,130,'2018-07-30',0,0,0),(2,1,129,'2018-07-30',0,0,0),(3,2,129,'2018-07-30',0,0,0),(4,1,108,'2018-07-30',0,0,0),(5,1,119,'2018-07-30',1,0,0),(6,2,130,'2018-08-01',0,0,0),(7,2,119,'2018-08-01',0,0,0),(8,2,108,'2018-08-02',0,0,0),(9,3,129,'2018-08-03',0,0,0),(10,3,119,'2018-08-06',0,0,0),(11,3,130,'2018-08-08',0,0,0),(12,3,108,'2018-08-09',0,0,0),(13,1,182,'2018-08-12',1,0,0),(14,2,182,'2018-08-14',1,0,0),(15,1,188,'2018-08-17',0,0,0),(16,3,182,'2018-08-19',1,0,0),(17,2,188,'2018-08-19',0,0,0),(18,1,128,'2018-08-22',1,0,0),(19,2,128,'2018-08-22',1,0,0),(20,3,128,'2018-08-22',1,0,0),(21,3,188,'2018-08-24',0,1,0),(22,1,200,'2018-08-27',1,1,0),(23,2,200,'2018-08-29',1,1,0),(24,1,207,'2018-09-04',1,1,0),(25,2,207,'2018-09-04',0,0,0),(26,3,207,'2018-09-04',1,1,0),(27,1,237,'2018-09-06',1,0,0),(28,2,237,'2018-09-07',1,0,0),(29,1,274,'2018-09-13',1,0,0),(30,1,268,'2018-09-15',1,0,0),(31,2,274,'2018-09-16',1,0,0),(32,1,260,'2018-09-17',0,0,0),(33,1,289,'2018-09-17',0,0,0),(34,1,290,'2018-09-17',0,0,0),(35,2,268,'2018-09-17',1,0,0),(36,2,260,'2018-09-19',1,0,0),(37,2,289,'2018-09-19',1,0,0),(38,1,297,'2018-09-19',0,0,0),(39,2,297,'2018-09-21',0,0,0),(40,3,274,'2018-09-21',0,0,0),(41,3,268,'2018-09-22',1,0,0),(42,3,260,'2018-09-24',0,0,0),(43,3,289,'2018-09-24',1,0,0),(44,3,297,'2018-09-26',0,0,0),(45,1,308,'2018-09-27',1,0,0),(46,2,308,'2018-09-29',0,0,0),(47,3,308,'2018-10-04',1,0,0),(48,1,335,'2018-10-17',1,0,0),(49,2,335,'2018-10-18',1,0,0),(50,1,363,'2018-10-20',1,0,0),(51,2,363,'2018-10-22',1,0,0),(52,3,363,'2018-10-27',1,0,0),(53,1,370,'2018-10-31',0,0,0),(54,1,430,'2018-10-31',0,0,0),(55,2,430,'2018-11-02',0,0,0),(56,1,432,'2018-11-03',1,0,0),(57,2,432,'2018-11-05',1,0,0),(58,1,437,'2018-11-07',0,0,0),(59,3,430,'2018-11-07',1,0,0),(60,2,437,'2018-11-08',1,0,0),(61,1,431,'2018-11-09',1,0,0),(62,3,432,'2018-11-10',1,0,0),(63,2,431,'2018-11-11',1,0,0),(64,3,437,'2018-11-13',0,0,0),(65,1,507,'2018-11-14',0,0,0),(66,1,518,'2018-11-15',0,0,0),(67,2,507,'2018-11-16',0,0,0),(68,3,431,'2018-11-16',1,0,0),(69,2,518,'2018-11-17',1,1,0),(70,3,507,'2018-11-21',0,0,0),(71,1,567,'2018-11-24',1,0,0),(72,1,414,'2018-11-25',1,0,0),(73,2,414,'2018-11-25',1,0,0),(74,3,414,'2018-11-25',1,0,0),(75,1,578,'2018-11-29',0,0,0),(76,1,592,'2018-12-01',1,0,0),(77,2,592,'2018-12-03',1,0,0),(78,1,596,'2018-12-04',1,0,0),(79,1,606,'2018-12-04',0,0,0),(80,2,596,'2018-12-05',0,0,0),(81,2,606,'2018-12-06',0,0,0),(82,1,653,'2018-12-09',0,0,1),(83,1,513,'2018-12-09',0,0,0),(84,2,513,'2018-12-09',0,0,0),(85,3,513,'2018-12-09',0,0,0),(86,1,655,'2018-12-09',1,0,0),(87,1,661,'2018-12-10',1,0,0),(88,3,596,'2018-12-10',0,0,0),(89,2,653,'2018-12-10',0,0,0),(90,1,679,'2018-12-13',0,0,0),(91,2,679,'2018-12-15',1,0,0),(92,3,606,'2018-12-18',0,0,0),(93,3,679,'2018-12-20',1,0,0),(94,1,712,'2018-12-20',0,0,0),(95,1,564,'2019-01-05',0,0,0),(96,2,564,'2019-01-05',1,0,0),(97,3,564,'2019-01-05',0,0,0),(98,1,775,'2019-01-05',1,0,0),(99,2,775,'2019-01-07',1,0,0),(100,1,676,'2019-01-07',1,0,0),(101,1,808,'2019-01-08',1,0,1),(102,1,804,'2019-01-09',1,0,0),(103,2,676,'2019-01-09',1,0,0),(104,2,804,'2019-01-10',1,0,0),(105,3,775,'2019-01-12',0,0,0),(106,3,804,'2019-01-15',0,0,0),(107,1,817,'2019-01-17',1,1,0),(108,2,817,'2019-01-19',0,0,0),(109,1,824,'2019-01-20',1,0,0),(110,1,825,'2019-01-20',1,1,0),(111,1,827,'2019-01-20',1,0,0),(112,1,826,'2019-01-21',1,0,0),(113,2,824,'2019-01-22',1,0,0),(114,2,827,'2019-01-22',1,0,0),(115,2,826,'2019-01-22',1,0,0),(116,3,817,'2019-01-24',0,0,0),(117,1,854,'2019-01-26',1,0,0),(118,3,824,'2019-01-27',0,0,0),(119,3,827,'2019-01-27',0,0,0),(120,3,826,'2019-01-27',1,0,0),(121,2,854,'2019-01-29',1,0,0),(122,1,861,'2019-01-30',1,0,0),(123,2,861,'2019-02-01',1,0,0),(124,1,888,'2019-02-15',0,0,0),(125,1,897,'2019-02-15',1,0,0),(126,1,831,'2019-02-15',1,0,0),(127,2,831,'2019-02-16',1,0,0),(128,3,831,'2019-02-16',1,0,0),(129,2,888,'2019-02-16',1,0,0),(130,2,897,'2019-02-17',1,0,0),(131,3,888,'2019-02-21',1,0,0),(132,3,897,'2019-02-22',1,1,0),(133,1,907,'2019-02-23',1,0,0),(134,2,907,'2019-02-25',0,0,0),(135,1,873,'2019-02-26',1,0,0),(136,2,873,'2019-02-27',0,0,0),(137,1,917,'2019-03-01',0,0,0),(138,3,907,'2019-03-02',0,0,0),(139,2,917,'2019-03-03',0,0,0),(140,1,943,'2019-03-07',0,0,0),(141,2,943,'2019-03-09',0,0,0),(142,3,873,'2019-03-13',1,0,0),(143,3,943,'2019-03-14',0,0,0),(144,1,959,'2019-03-15',0,1,0),(145,1,960,'2019-03-16',0,0,0),(146,2,959,'2019-03-17',0,0,0),(147,2,960,'2019-03-17',0,0,0),(148,1,962,'2019-03-18',1,0,0),(149,2,962,'2019-03-20',1,0,0),(150,3,959,'2019-03-22',0,0,0),(151,3,960,'2019-03-22',0,0,0),(152,3,962,'2019-03-25',1,0,0),(153,1,970,'2019-03-27',1,0,0),(154,1,974,'2019-03-29',1,0,0),(155,2,970,'2019-03-29',1,0,0),(156,2,974,'2019-03-31',0,0,0),(157,1,951,'2019-04-01',0,0,0),(158,2,951,'2019-04-01',0,0,0),(159,3,951,'2019-04-01',0,0,0),(160,3,970,'2019-04-03',1,0,0),(161,1,976,'2019-04-05',0,0,0),(162,2,976,'2019-04-05',1,0,0),(163,1,987,'2019-04-06',0,0,0),(164,1,989,'2019-04-08',0,0,0),(165,1,993,'2019-04-08',0,0,0),(166,2,987,'2019-04-09',0,0,0),(167,2,989,'2019-04-10',0,0,0),(168,3,987,'2019-04-14',0,0,0),(169,3,989,'2019-04-15',0,0,0),(170,1,1047,'2019-04-26',0,0,0),(171,2,1047,'2019-04-28',0,0,0),(172,1,1052,'2019-04-28',0,0,0),(173,1,1063,'2019-05-01',1,0,0),(174,2,1063,'2019-05-03',0,0,0),(175,1,990,'2019-05-04',0,0,0),(176,2,990,'2019-05-04',0,0,0),(177,3,990,'2019-05-04',0,0,0),(178,2,1052,'2019-05-04',0,0,0),(179,1,997,'2019-05-04',0,0,0),(180,2,997,'2019-05-04',0,0,0),(181,3,997,'2019-05-04',0,0,0),(182,1,998,'2019-05-06',0,0,0),(183,2,998,'2019-05-06',0,0,0),(184,3,998,'2019-05-06',0,0,0),(185,1,1059,'2019-05-07',0,0,0),(186,3,1063,'2019-05-08',0,0,0),(187,2,1059,'2019-05-10',0,0,0),(188,3,1059,'2019-05-15',0,0,0),(189,1,1098,'2019-05-15',1,0,0),(190,2,1098,'2019-05-17',1,0,0),(191,1,1132,'2019-05-21',1,0,0),(192,3,1098,'2019-05-22',1,0,0),(193,2,1132,'2019-05-23',1,0,0),(194,3,1132,'2019-05-28',1,0,0),(195,1,1223,'2019-06-21',0,0,0),(196,2,1223,'2019-06-23',1,0,0),(197,1,1224,'2019-06-24',1,0,0),(198,1,1202,'2019-06-25',0,0,0),(199,2,1224,'2019-06-26',1,0,0),(200,3,1223,'2019-06-26',0,0,0),(201,2,1202,'2019-06-27',0,0,0),(202,1,1256,'2019-06-27',0,0,0),(203,3,1224,'2019-06-29',0,0,0),(204,2,1256,'2019-06-29',0,0,0),(205,3,1202,'2019-06-30',0,0,0),(206,3,1256,'2019-07-02',0,0,0),(207,1,1277,'2019-07-10',1,0,1);

--
-- Table structure for table `gcahdy_cartabandonment_remind_config`
--

CREATE TABLE `gcahdy_cartabandonment_remind_config` (
  `wich_remind` int(11) NOT NULL,
  `days` int(11) NOT NULL,
  `hours` int(11) NOT NULL,
  `active` int(11) NOT NULL,
  `id_shop` int(11) NOT NULL,
  PRIMARY KEY (`wich_remind`)
) ENGINE=InnoDB DEFAULT CHARSET=latin1;

--
-- Dumping data for table `gcahdy_cartabandonment_remind_config`
--

INSERT INTO `gcahdy_cartabandonment_remind_config` VALUES (1,0,2,1,0),(2,2,0,1,0),(3,5,0,1,0);

--
-- Table structure for table `gcahdy_cartabandonment_remind_lang`
--

CREATE TABLE `gcahdy_cartabandonment_remind_lang` (
  `wich_remind` int(11) NOT NULL,
  `id_lang` int(11) NOT NULL,
  `id_template` int(11) NOT NULL,
  `tpl_same` int(11) NOT NULL,
  `id_shop` int(11) NOT NULL,
  PRIMARY KEY (`wich_remind`,`id_lang`,`id_template`)
) ENGINE=InnoDB DEFAULT CHARSET=latin1;

--
-- Dumping data for table `gcahdy_cartabandonment_remind_lang`
--

INSERT INTO `gcahdy_cartabandonment_remind_lang` VALUES (1,1,1,0,1),(1,2,4,0,1),(2,1,2,0,1),(2,2,5,0,1),(3,1,3,0,1),(3,2,6,0,1);

--
-- Table structure for table `gcahdy_cartabandonment_template`
--

CREATE TABLE `gcahdy_cartabandonment_template` (
  `id_template` int(11) NOT NULL AUTO_INCREMENT,
  `id_model` int(11) NOT NULL,
  `name` varchar(100) CHARACTER SET utf8 COLLATE utf8_bin NOT NULL,
  `id_lang` int(11) DEFAULT NULL,
  `id_shop` int(11) DEFAULT NULL,
  `active` int(11) DEFAULT NULL,
  `order` int(11) DEFAULT NULL,
  PRIMARY KEY (`id_template`)
) ENGINE=InnoDB AUTO_INCREMENT=7 DEFAULT CHARSET=latin1;

--
-- Dumping data for table `gcahdy_cartabandonment_template`
--

INSERT INTO `gcahdy_cartabandonment_template` VALUES (1,1,'%GENDER% %LASTNAME% %FIRSTNAME%, N\'oubliez pas votre panier !',1,1,1,1),(2,1,'%GENDER% %LASTNAME% %FIRSTNAME%, Vous avez encore le temps de valider votre panier !',1,1,1,1),(3,1,'%GENDER% %LASTNAME% %FIRSTNAME%, Vos produits préférés  risquent de ne plus être disponibles !',1,1,1,1),(4,1,'%GENDER% %LASTNAME% %FIRSTNAME%, Don\'t forget your shopping cart !',2,1,1,1),(5,1,'%GENDER% %LASTNAME% %FIRSTNAME%, You still have time to validate  your shopping cart !',2,1,1,1),(6,1,'%GENDER% %LASTNAME% %FIRSTNAME%, Your favorite products may not be available anymore...',2,1,1,1);

--
-- Table structure for table `gcahdy_cartabandonment_template_color`
--

CREATE TABLE `gcahdy_cartabandonment_template_color` (
  `id` int(11) NOT NULL AUTO_INCREMENT,
  `id_template` int(11) NOT NULL,
  `id_color` int(11) NOT NULL,
  `value` varchar(15) NOT NULL,
  PRIMARY KEY (`id`)
) ENGINE=InnoDB AUTO_INCREMENT=1201 DEFAULT CHARSET=latin1;

--
-- Dumping data for table `gcahdy_cartabandonment_template_color`
--

INSERT INTO `gcahdy_cartabandonment_template_color` VALUES (1072,4,4,'666666'),(1076,5,4,'666666'),(1080,6,4,'666666'),(1192,1,4,'666666'),(1196,2,4,'666666'),(1200,3,4,'666666');

--
-- Table structure for table `gcahdy_cartabandonment_template_field`
--

CREATE TABLE `gcahdy_cartabandonment_template_field` (
  `id` int(11) NOT NULL AUTO_INCREMENT,
  `id_template` int(11) NOT NULL,
  `id_field` int(11) NOT NULL,
  `value` longtext NOT NULL,
  `column` varchar(10) NOT NULL,
  PRIMARY KEY (`id`)
) ENGINE=InnoDB AUTO_INCREMENT=601 DEFAULT CHARSET=latin1;

--
-- Dumping data for table `gcahdy_cartabandonment_template_field`
--

INSERT INTO `gcahdy_cartabandonment_template_field` VALUES (1,1,1,'0','center'),(2,1,2,'0','center'),(3,2,1,'0','center'),(4,2,2,'0','center'),(5,3,1,'0','center'),(6,3,2,'0','center'),(7,1,1,'0','center'),(8,1,2,'0','center'),(9,2,1,'0','center'),(10,2,2,'0','center'),(11,3,1,'0','center'),(12,3,2,'0','center'),(13,4,1,'0','center'),(14,4,2,'0','center'),(15,5,1,'0','center'),(16,5,2,'0','center'),(17,6,1,'0','center'),(18,6,2,'0','center'),(19,1,1,'0','center'),(20,1,2,'0','center'),(21,2,1,'0','center'),(22,2,2,'0','center'),(23,3,1,'0','center'),(24,3,2,'0','center'),(25,4,1,'0','center'),(26,4,2,'0','center'),(27,5,1,'0','center'),(28,5,2,'0','center'),(29,6,1,'0','center'),(30,6,2,'0','center'),(31,1,1,'0','center'),(32,1,2,'0','center'),(33,2,1,'0','center'),(34,2,2,'0','center'),(35,3,1,'0','center'),(36,3,2,'0','center'),(37,4,1,'0','center'),(38,4,2,'0','center'),(39,5,1,'0','center'),(40,5,2,'0','center'),(41,6,1,'0','center'),(42,6,2,'0','center'),(43,1,1,'0','center'),(44,1,2,'0','center'),(45,2,1,'0','center'),(46,2,2,'0','center'),(47,3,1,'0','center'),(48,3,2,'0','center'),(49,1,1,'0','center'),(50,1,2,'0','center'),(51,2,1,'0','center'),(52,2,2,'0','center'),(53,3,1,'0','center'),(54,3,2,'0','center'),(55,4,1,'0','center'),(56,4,2,'0','center'),(57,5,1,'0','center'),(58,5,2,'0','center'),(59,6,1,'0','center'),(60,6,2,'0','center'),(61,4,1,'0','center'),(62,4,2,'0','center'),(63,5,1,'0','center'),(64,5,2,'0','center'),(65,6,1,'0','center'),(66,6,2,'0','center'),(67,1,1,'0','center'),(68,1,2,'0','center'),(69,2,1,'0','center'),(70,2,2,'0','center'),(71,3,1,'0','center'),(72,3,2,'0','center'),(73,1,1,'0','center'),(74,1,2,'0','center'),(75,2,1,'0','center'),(76,2,2,'0','center'),(77,3,1,'0','center'),(78,3,2,'0','center'),(79,1,1,'0','center'),(80,1,2,'0','center'),(81,2,1,'0','center'),(82,2,2,'0','center'),(83,3,1,'0','center'),(84,3,2,'0','center'),(85,1,1,'0','center'),(86,1,2,'0','center'),(87,2,1,'0','center'),(88,2,2,'0','center'),(89,3,1,'0','center'),(90,3,2,'0','center'),(91,1,1,'0','center'),(92,1,2,'0','center'),(93,2,1,'0','center'),(94,2,2,'0','center'),(95,3,1,'0','center'),(96,3,2,'0','center'),(97,1,1,'0','center'),(98,1,2,'0','center'),(99,2,1,'0','center'),(100,2,2,'0','center'),(101,3,1,'0','center'),(102,3,2,'0','center'),(103,1,1,'0','center'),(104,1,2,'0','center'),(105,2,1,'0','center'),(106,2,2,'0','center'),(107,3,1,'0','center'),(108,3,2,'0','center'),(109,1,1,'0','center'),(110,1,2,'0','center'),(111,2,1,'0','center'),(112,2,2,'0','center'),(113,3,1,'0','center'),(114,3,2,'0','center'),(115,1,1,'0','center'),(116,1,2,'0','center'),(117,2,1,'0','center'),(118,2,2,'0','center'),(119,3,1,'0','center'),(120,3,2,'0','center'),(121,1,1,'0','center'),(122,1,2,'0','center'),(123,2,1,'0','center'),(124,2,2,'0','center'),(125,3,1,'0','center'),(126,3,2,'0','center'),(127,1,1,'0','center'),(128,1,2,'0','center'),(129,2,1,'0','center'),(130,2,2,'0','center'),(131,3,1,'0','center'),(132,3,2,'0','center'),(133,1,1,'0','center'),(134,1,2,'0','center'),(135,2,1,'0','center'),(136,2,2,'0','center'),(137,3,1,'0','center'),(138,3,2,'0','center'),(139,4,1,'0','center'),(140,4,2,'0','center'),(141,5,1,'0','center'),(142,5,2,'0','center'),(143,6,1,'0','center'),(144,6,2,'0','center'),(145,4,1,'0','center'),(146,4,2,'0','center'),(147,5,1,'0','center'),(148,5,2,'0','center'),(149,6,1,'0','center'),(150,6,2,'0','center'),(151,4,1,'0','center'),(152,4,2,'0','center'),(153,5,1,'0','center'),(154,5,2,'0','center'),(155,6,1,'0','center'),(156,6,2,'0','center'),(157,4,1,'0','center'),(158,4,2,'0','center'),(159,5,1,'0','center'),(160,5,2,'0','center'),(161,6,1,'0','center'),(162,6,2,'0','center'),(163,1,1,'0','center'),(164,1,2,'0','center'),(165,2,1,'0','center'),(166,2,2,'0','center'),(167,3,1,'0','center'),(168,3,2,'0','center'),(169,1,1,'0','center'),(170,1,2,'0','center'),(171,2,1,'0','center'),(172,2,2,'0','center'),(173,3,1,'0','center'),(174,3,2,'0','center'),(175,1,1,'0','center'),(176,1,2,'0','center'),(177,2,1,'0','center'),(178,2,2,'0','center'),(179,3,1,'0','center'),(180,3,2,'0','center'),(181,1,1,'0','center'),(182,1,2,'0','center'),(183,2,1,'0','center'),(184,2,2,'0','center'),(185,3,1,'0','center'),(186,3,2,'0','center'),(187,1,1,'0','center'),(188,1,2,'0','center'),(189,2,1,'0','center'),(190,2,2,'0','center'),(191,3,1,'0','center'),(192,3,2,'0','center'),(193,4,1,'0','center'),(194,4,2,'0','center'),(195,5,1,'0','center'),(196,5,2,'0','center'),(197,6,1,'0','center'),(198,6,2,'0','center'),(199,4,1,'0','center'),(200,4,2,'0','center'),(201,5,1,'0','center'),(202,5,2,'0','center'),(203,6,1,'0','center'),(204,6,2,'0','center'),(205,4,1,'0','center'),(206,4,2,'0','center'),(207,5,1,'0','center'),(208,5,2,'0','center'),(209,6,1,'0','center'),(210,6,2,'0','center'),(211,4,1,'0','center'),(212,4,2,'0','center'),(213,5,1,'0','center'),(214,5,2,'0','center'),(215,6,1,'0','center'),(216,6,2,'0','center'),(217,4,1,'0','center'),(218,4,2,'0','center'),(219,5,1,'0','center'),(220,5,2,'0','center'),(221,6,1,'0','center'),(222,6,2,'0','center'),(223,4,1,'0','center'),(224,4,2,'0','center'),(225,5,1,'0','center'),(226,5,2,'0','center'),(227,6,1,'0','center'),(228,6,2,'0','center'),(229,4,1,'0','center'),(230,4,2,'0','center'),(231,5,1,'0','center'),(232,5,2,'0','center'),(233,6,1,'0','center'),(234,6,2,'0','center'),(235,4,1,'0','center'),(236,4,2,'0','center'),(237,5,1,'0','center'),(238,5,2,'0','center'),(239,6,1,'0','center'),(240,6,2,'0','center'),(241,4,1,'0','center'),(242,4,2,'0','center'),(243,5,1,'0','center'),(244,5,2,'0','center'),(245,6,1,'0','center'),(246,6,2,'0','center'),(247,4,1,'0','center'),(248,4,2,'0','center'),(249,5,1,'0','center'),(250,5,2,'0','center'),(251,6,1,'0','center'),(252,6,2,'0','center'),(253,4,1,'0','center'),(254,4,2,'0','center'),(255,5,1,'0','center'),(256,5,2,'0','center'),(257,6,1,'0','center'),(258,6,2,'0','center'),(259,1,1,'0','center'),(260,1,2,'0','center'),(261,2,1,'0','center'),(262,2,2,'0','center'),(263,3,1,'0','center'),(264,3,2,'0','center'),(265,1,1,'0','center'),(266,1,2,'0','center'),(267,2,1,'0','center'),(268,2,2,'0','center'),(269,3,1,'0','center'),(270,3,2,'0','center'),(271,1,1,'0','center'),(272,1,2,'0','center'),(273,2,1,'0','center'),(274,2,2,'0','center'),(275,3,1,'0','center'),(276,3,2,'0','center'),(277,1,1,'0','center'),(278,1,2,'0','center'),(279,2,1,'0','center'),(280,2,2,'0','center'),(281,3,1,'0','center'),(282,3,2,'0','center'),(283,1,1,'0','center'),(284,1,2,'0','center'),(285,2,1,'0','center'),(286,2,2,'0','center'),(287,3,1,'0','center'),(288,3,2,'0','center'),(289,1,1,'0','center'),(290,1,2,'0','center'),(291,2,1,'0','center'),(292,2,2,'0','center'),(293,3,1,'0','center'),(294,3,2,'0','center'),(295,4,1,'0','center'),(296,4,2,'0','center'),(297,5,1,'0','center'),(298,5,2,'0','center'),(299,6,1,'0','center'),(300,6,2,'0','center'),(301,4,1,'0','center'),(302,4,2,'0','center'),(303,5,1,'0','center'),(304,5,2,'0','center'),(305,6,1,'0','center'),(306,6,2,'0','center'),(307,4,1,'0','center'),(308,4,2,'0','center'),(309,5,1,'0','center'),(310,5,2,'0','center'),(311,6,1,'0','center'),(312,6,2,'0','center'),(313,1,1,'0','center'),(314,1,2,'0','center'),(315,2,1,'0','center'),(316,2,2,'0','center'),(317,3,1,'0','center'),(318,3,2,'0','center'),(319,4,1,'0','center'),(320,4,2,'0','center'),(321,5,1,'0','center'),(322,5,2,'0','center'),(323,6,1,'0','center'),(324,6,2,'0','center'),(325,4,1,'0','center'),(326,4,2,'0','center'),(327,5,1,'0','center'),(328,5,2,'0','center'),(329,6,1,'0','center'),(330,6,2,'0','center'),(331,4,1,'0','center'),(332,4,2,'0','center'),(333,5,1,'0','center'),(334,5,2,'0','center'),(335,6,1,'0','center'),(336,6,2,'0','center'),(337,4,1,'0','center'),(338,4,2,'0','center'),(339,5,1,'0','center'),(340,5,2,'0','center'),(341,6,1,'0','center'),(342,6,2,'0','center'),(343,1,1,'0','center'),(344,1,2,'0','center'),(345,2,1,'0','center'),(346,2,2,'0','center'),(347,3,1,'0','center'),(348,3,2,'0','center'),(349,1,1,'0','center'),(350,1,2,'0','center'),(351,2,1,'0','center'),(352,2,2,'0','center'),(353,3,1,'0','center'),(354,3,2,'0','center'),(355,1,1,'0','center'),(356,1,2,'0','center'),(357,2,1,'0','center'),(358,2,2,'0','center'),(359,3,1,'0','center'),(360,3,2,'0','center'),(361,1,1,'0','center'),(362,1,2,'0','center'),(363,2,1,'0','center'),(364,2,2,'0','center'),(365,3,1,'0','center'),(366,3,2,'0','center'),(367,1,1,'0','center'),(368,1,2,'0','center'),(369,2,1,'0','center'),(370,2,2,'0','center'),(371,3,1,'0','center'),(372,3,2,'0','center'),(373,1,1,'0','center'),(374,1,2,'0','center'),(375,2,1,'0','center'),(376,2,2,'0','center'),(377,3,1,'0','center'),(378,3,2,'0','center'),(379,4,1,'0','center'),(380,4,2,'0','center'),(381,5,1,'0','center'),(382,5,2,'0','center'),(383,6,1,'0','center'),(384,6,2,'0','center'),(385,1,1,'0','center'),(386,1,2,'0','center'),(387,2,1,'0','center'),(388,2,2,'0','center'),(389,3,1,'0','center'),(390,3,2,'0','center'),(391,4,1,'0','center'),(392,4,2,'0','center'),(393,5,1,'0','center'),(394,5,2,'0','center'),(395,6,1,'0','center'),(396,6,2,'0','center'),(397,1,1,'0','center'),(398,1,2,'0','center'),(399,2,1,'0','center'),(400,2,2,'0','center'),(401,3,1,'0','center'),(402,3,2,'0','center'),(403,1,1,'0','center'),(404,1,2,'0','center'),(405,2,1,'0','center'),(406,2,2,'0','center'),(407,3,1,'0','center'),(408,3,2,'0','center'),(409,1,1,'0','center'),(410,1,2,'0','center'),(411,2,1,'0','center'),(412,2,2,'0','center'),(413,3,1,'0','center'),(414,3,2,'0','center'),(415,1,1,'0','center'),(416,1,2,'0','center'),(417,2,1,'0','center'),(418,2,2,'0','center'),(419,3,1,'0','center'),(420,3,2,'0','center'),(421,4,1,'0','center'),(422,4,2,'0','center'),(423,5,1,'0','center'),(424,5,2,'0','center'),(425,6,1,'0','center'),(426,6,2,'0','center'),(427,4,1,'0','center'),(428,4,2,'0','center'),(429,5,1,'0','center'),(430,5,2,'0','center'),(431,6,1,'0','center'),(432,6,2,'0','center'),(433,4,1,'0','center'),(434,4,2,'0','center'),(435,5,1,'0','center'),(436,5,2,'0','center'),(437,6,1,'0','center'),(438,6,2,'0','center'),(439,4,1,'0','center'),(440,4,2,'0','center'),(441,5,1,'0','center'),(442,5,2,'0','center'),(443,6,1,'0','center'),(444,6,2,'0','center'),(445,4,1,'0','center'),(446,4,2,'0','center'),(447,5,1,'0','center'),(448,5,2,'0','center'),(449,6,1,'0','center'),(450,6,2,'0','center'),(451,4,1,'0','center'),(452,4,2,'0','center'),(453,5,1,'0','center'),(454,5,2,'0','center'),(455,6,1,'0','center'),(456,6,2,'0','center'),(457,4,1,'0','center'),(458,4,2,'0','center'),(459,5,1,'0','center'),(460,5,2,'0','center'),(461,6,1,'0','center'),(462,6,2,'0','center'),(463,4,1,'0','center'),(464,4,2,'0','center'),(465,5,1,'0','center'),(466,5,2,'0','center'),(467,6,1,'0','center'),(468,6,2,'0','center'),(469,4,1,'0','center'),(470,4,2,'0','center'),(471,5,1,'0','center'),(472,5,2,'0','center'),(473,6,1,'0','center'),(474,6,2,'0','center'),(475,4,1,'0','center'),(476,4,2,'0','center'),(477,5,1,'0','center'),(478,5,2,'0','center'),(479,6,1,'0','center'),(480,6,2,'0','center'),(481,4,1,'0','center'),(482,4,2,'0','center'),(483,5,1,'0','center'),(484,5,2,'0','center'),(485,6,1,'0','center'),(486,6,2,'0','center'),(487,4,1,'0','center'),(488,4,2,'0','center'),(489,5,1,'0','center'),(490,5,2,'0','center'),(491,6,1,'0','center'),(492,6,2,'0','center'),(493,4,1,'0','center'),(494,4,2,'0','center'),(495,5,1,'0','center'),(496,5,2,'0','center'),(497,6,1,'0','center'),(498,6,2,'0','center'),(499,4,1,'0','center'),(500,4,2,'0','center'),(501,5,1,'0','center'),(502,5,2,'0','center'),(503,6,1,'0','center'),(504,6,2,'0','center'),(505,4,1,'0','center'),(506,4,2,'0','center'),(507,5,1,'0','center'),(508,5,2,'0','center'),(509,6,1,'0','center'),(510,6,2,'0','center'),(511,4,1,'0','center'),(512,4,2,'0','center'),(513,5,1,'0','center'),(514,5,2,'0','center'),(515,6,1,'0','center'),(516,6,2,'0','center'),(517,4,1,'0','center'),(518,4,2,'0','center'),(519,5,1,'0','center'),(520,5,2,'0','center'),(521,6,1,'0','center'),(522,6,2,'0','center'),(523,4,1,'0','center'),(524,4,2,'0','center'),(525,5,1,'0','center'),(526,5,2,'0','center'),(527,6,1,'0','center'),(528,6,2,'0','center'),(529,4,1,'0','center'),(530,4,2,'0','center'),(531,5,1,'0','center'),(532,5,2,'0','center'),(533,6,1,'0','center'),(534,6,2,'0','center'),(535,4,1,'0','center'),(536,4,2,'0','center'),(537,5,1,'0','center'),(538,5,2,'0','center'),(539,6,1,'0','center'),(540,6,2,'0','center'),(541,1,1,'0','center'),(542,1,2,'0','center'),(543,2,1,'0','center'),(544,2,2,'0','center'),(545,3,1,'0','center'),(546,3,2,'0','center'),(547,1,1,'0','center'),(548,1,2,'0','center'),(549,2,1,'0','center'),(550,2,2,'0','center'),(551,3,1,'0','center'),(552,3,2,'0','center'),(553,1,1,'0','center'),(554,1,2,'0','center'),(555,2,1,'0','center'),(556,2,2,'0','center'),(557,3,1,'0','center'),(558,3,2,'0','center'),(559,1,1,'0','center'),(560,1,2,'0','center'),(561,2,1,'0','center'),(562,2,2,'0','center'),(563,3,1,'0','center'),(564,3,2,'0','center'),(565,1,1,'0','center'),(566,1,2,'0','center'),(567,2,1,'0','center'),(568,2,2,'0','center'),(569,3,1,'0','center'),(570,3,2,'0','center'),(571,1,1,'0','center'),(572,1,2,'0','center'),(573,2,1,'0','center'),(574,2,2,'0','center'),(575,3,1,'0','center'),(576,3,2,'0','center'),(577,1,1,'0','center'),(578,1,2,'0','center'),(579,2,1,'0','center'),(580,2,2,'0','center'),(581,3,1,'0','center'),(582,3,2,'0','center'),(583,1,1,'0','center'),(584,1,2,'0','center'),(585,2,1,'0','center'),(586,2,2,'0','center'),(587,3,1,'0','center'),(588,3,2,'0','center'),(589,1,1,'0','center'),(590,1,2,'0','center'),(591,2,1,'0','center'),(592,2,2,'0','center'),(593,3,1,'0','center'),(594,3,2,'0','center'),(595,1,1,'0','center'),(596,1,2,'0','center'),(597,2,1,'0','center'),(598,2,2,'0','center'),(599,3,1,'0','center'),(600,3,2,'0','center');

--
-- Table structure for table `gcahdy_cartabandonment_unsubscribe`
--

CREATE TABLE `gcahdy_cartabandonment_unsubscribe` (
  `id_customer` int(11) NOT NULL,
  PRIMARY KEY (`id_customer`)
) ENGINE=InnoDB DEFAULT CHARSET=utf8;

--
-- Dumping data for table `gcahdy_cartabandonment_unsubscribe`
--

INSERT INTO `gcahdy_cartabandonment_unsubscribe` VALUES (10),(98);

--
-- Table structure for table `gcahdy_cartabandonmentpro_cartrule`
--

CREATE TABLE `gcahdy_cartabandonmentpro_cartrule` (
  `id` int(11) NOT NULL AUTO_INCREMENT,
  `type` varchar(10) NOT NULL,
  `value` float NOT NULL,
  `date_start` date DEFAULT NULL,
  `date_end` date DEFAULT NULL,
  `valid` varchar(5) NOT NULL,
  `valid_value` int(11) DEFAULT NULL,
  `valid_date` date DEFAULT NULL,
  `min_amount` float DEFAULT NULL,
  `max_amount` int(11) DEFAULT NULL,
  `id_template` int(11) NOT NULL,
  `tranche` int(11) NOT NULL DEFAULT '0',
  PRIMARY KEY (`id`)
) ENGINE=InnoDB DEFAULT CHARSET=latin1;

--
-- Dumping data for table `gcahdy_cartabandonmentpro_cartrule`
--


--
-- Table structure for table `gcahdy_category`
--

CREATE TABLE `gcahdy_category` (
  `id_category` int(10) unsigned NOT NULL AUTO_INCREMENT,
  `id_parent` int(10) unsigned NOT NULL,
  `id_shop_default` int(10) unsigned NOT NULL DEFAULT '1',
  `level_depth` tinyint(3) unsigned NOT NULL DEFAULT '0',
  `nleft` int(10) unsigned NOT NULL DEFAULT '0',
  `nright` int(10) unsigned NOT NULL DEFAULT '0',
  `active` tinyint(1) unsigned NOT NULL DEFAULT '0',
  `date_add` datetime NOT NULL,
  `date_upd` datetime NOT NULL,
  `position` int(10) unsigned NOT NULL DEFAULT '0',
  `is_root_category` tinyint(1) NOT NULL DEFAULT '0',
  PRIMARY KEY (`id_category`),
  KEY `category_parent` (`id_parent`),
  KEY `nleftrightactive` (`nleft`,`nright`,`active`),
  KEY `level_depth` (`level_depth`),
  KEY `nright` (`nright`),
  KEY `activenleft` (`active`,`nleft`),
  KEY `activenright` (`active`,`nright`)
) ENGINE=InnoDB AUTO_INCREMENT=57 DEFAULT CHARSET=utf8;

--
-- Dumping data for table `gcahdy_category`
--

INSERT INTO `gcahdy_category` VALUES (1,0,1,0,1,110,1,'2018-01-30 15:55:21','2018-01-30 15:55:21',0,0),(2,1,1,1,2,109,1,'2018-01-30 15:55:21','2018-01-30 15:55:21',0,1),(3,2,1,2,3,108,1,'2018-02-01 09:24:27','2018-07-25 14:11:46',0,0),(4,3,1,3,4,57,1,'2018-02-01 14:02:13','2018-07-25 14:01:49',0,0),(5,3,1,3,58,73,1,'2018-02-01 14:02:36','2018-07-25 14:32:03',1,0),(6,3,1,3,74,97,1,'2018-02-01 14:03:00','2018-07-25 17:11:21',2,0),(7,3,1,3,98,107,1,'2018-02-01 14:03:21','2019-04-25 08:54:44',3,0),(8,4,1,4,5,16,1,'2018-02-01 14:04:10','2018-07-25 15:22:49',0,0),(9,8,1,5,6,7,1,'2018-02-01 14:04:39','2018-07-25 08:40:01',0,0),(10,8,1,5,8,9,1,'2018-03-01 15:46:15','2018-07-25 08:40:29',1,0),(11,8,1,5,10,11,1,'2018-03-01 15:46:35','2018-07-25 08:40:52',2,0),(12,8,1,5,12,13,1,'2018-03-01 15:48:01','2018-07-25 08:41:13',3,0),(13,8,1,5,14,15,1,'2018-03-01 15:49:12','2018-07-24 18:03:36',4,0),(14,4,1,4,17,22,1,'2018-03-01 15:51:54','2018-07-25 15:22:48',1,0),(15,14,1,5,18,19,1,'2018-03-01 15:53:09','2018-07-25 08:41:41',0,0),(16,14,1,5,20,21,1,'2018-03-01 15:54:19','2018-07-25 08:42:02',1,0),(17,4,1,4,23,30,1,'2018-03-01 15:56:06','2019-04-26 16:23:24',3,0),(18,17,1,5,24,25,1,'2018-03-01 15:57:33','2018-07-25 08:42:27',0,0),(19,17,1,5,26,27,1,'2018-03-01 15:58:01','2018-07-25 08:42:44',1,0),(20,17,1,5,28,29,1,'2018-03-01 15:59:30','2018-07-25 08:42:58',2,0),(21,4,1,4,31,42,1,'2018-03-01 16:00:01','2019-04-26 16:23:24',4,0),(22,21,1,5,32,33,1,'2018-03-01 16:00:36','2018-07-25 08:43:21',0,0),(23,21,1,5,34,35,1,'2018-03-01 16:01:17','2018-07-25 08:43:35',1,0),(24,21,1,5,36,37,1,'2018-03-01 16:02:02','2018-07-25 08:44:10',2,0),(25,21,1,5,38,39,1,'2018-03-01 16:02:27','2018-07-25 08:44:31',3,0),(26,21,1,5,40,41,1,'2018-03-01 16:02:55','2018-07-25 08:44:45',4,0),(27,4,1,4,43,54,1,'2018-03-01 16:04:37','2019-04-26 16:22:45',5,0),(28,27,1,5,44,45,1,'2018-03-01 16:06:20','2018-10-29 11:01:12',0,0),(29,27,1,5,46,47,1,'2018-03-01 16:08:24','2018-10-29 11:01:42',1,0),(30,27,1,5,48,49,1,'2018-03-01 16:09:36','2018-10-29 11:02:21',2,0),(31,5,1,4,59,60,1,'2018-03-01 16:11:17','2018-07-25 09:56:44',0,0),(32,5,1,4,61,62,1,'2018-03-01 16:12:15','2018-10-29 11:04:54',1,0),(33,5,1,4,65,66,1,'2018-03-01 16:14:45','2019-03-14 15:58:07',3,0),(34,5,1,4,67,68,1,'2018-03-01 16:15:13','2019-03-14 15:58:07',4,0),(35,5,1,4,71,72,1,'2018-03-01 16:15:38','2019-03-14 15:58:07',6,0),(36,6,1,4,75,78,1,'2018-03-01 16:16:19','2018-07-25 17:39:50',0,0),(37,36,1,5,76,77,1,'2018-03-01 16:17:38','2018-07-25 17:49:04',0,0),(38,6,1,4,79,86,1,'2018-03-01 16:18:38','2018-07-25 17:40:33',1,0),(39,38,1,5,80,81,1,'2018-03-01 16:21:32','2019-06-24 18:06:08',0,0),(40,38,1,5,82,83,1,'2018-03-01 16:23:18','2019-06-24 18:07:33',1,0),(41,38,1,5,84,85,1,'2018-03-01 16:24:19','2018-07-26 11:08:17',2,0),(42,6,1,4,87,96,1,'2018-03-01 16:24:46','2018-10-29 11:05:52',2,0),(43,42,1,5,88,89,1,'2018-03-01 16:25:35','2018-10-29 11:06:24',0,0),(44,42,1,5,90,91,1,'2018-03-01 16:26:05','2018-10-29 11:06:47',1,0),(45,42,1,5,92,93,1,'2018-03-01 16:26:34','2018-10-29 11:07:19',2,0),(46,42,1,5,94,95,1,'2018-03-01 16:26:49','2018-10-29 11:07:41',3,0),(47,7,1,4,99,102,1,'2018-03-01 16:27:10','2018-07-26 11:33:22',0,0),(48,47,1,5,100,101,1,'2018-03-01 16:28:54','2018-07-26 11:35:05',0,0),(49,7,1,4,103,106,1,'2018-03-01 16:29:19','2018-10-29 11:08:30',1,0),(50,49,1,5,104,105,1,'2018-03-01 16:29:53','2018-07-26 11:36:35',0,0),(51,27,1,5,50,51,1,'2018-06-14 14:58:04','2018-10-29 11:02:52',3,0),(52,27,1,5,52,53,1,'2018-06-15 08:59:22','2018-10-29 11:03:22',4,0),(54,5,1,4,69,70,1,'2018-09-19 09:53:48','2019-03-14 15:58:07',5,0),(55,5,1,4,63,64,1,'2019-03-14 15:20:34','2019-03-15 09:36:56',2,0),(56,4,1,4,55,56,1,'2019-04-26 15:23:25','2019-04-26 16:23:25',2,0);

--
-- Table structure for table `gcahdy_category_group`
--

CREATE TABLE `gcahdy_category_group` (
  `id_category` int(10) unsigned NOT NULL,
  `id_group` int(10) unsigned NOT NULL,
  PRIMARY KEY (`id_category`,`id_group`),
  KEY `id_category` (`id_category`),
  KEY `id_group` (`id_group`)
) ENGINE=InnoDB DEFAULT CHARSET=utf8;

--
-- Dumping data for table `gcahdy_category_group`
--

INSERT INTO `gcahdy_category_group` VALUES (2,0),(2,1),(2,2),(2,3),(2,4),(2,5),(2,6),(3,1),(3,2),(3,3),(4,1),(4,2),(4,3),(5,1),(5,2),(5,3),(6,1),(6,2),(6,3),(7,1),(7,2),(7,3),(8,1),(8,2),(8,3),(9,1),(9,2),(9,3),(10,1),(10,2),(10,3),(11,1),(11,2),(11,3),(12,1),(12,2),(12,3),(13,1),(13,2),(13,3),(14,1),(14,2),(14,3),(15,1),(15,2),(15,3),(16,1),(16,2),(16,3),(17,1),(17,2),(17,3),(18,1),(18,2),(18,3),(19,1),(19,2),(19,3),(20,1),(20,2),(20,3),(21,1),(21,2),(21,3),(22,1),(22,2),(22,3),(23,1),(23,2),(23,3),(24,1),(24,2),(24,3),(25,1),(25,2),(25,3),(26,1),(26,2),(26,3),(27,1),(27,2),(27,3),(28,1),(28,2),(28,3),(29,1),(29,2),(29,3),(30,1),(30,2),(30,3),(31,1),(31,2),(31,3),(32,1),(32,2),(32,3),(33,1),(33,2),(33,3),(34,1),(34,2),(34,3),(35,1),(35,2),(35,3),(36,1),(36,2),(36,3),(37,1),(37,2),(37,3),(38,1),(38,2),(38,3),(39,1),(39,2),(39,3),(40,1),(40,2),(40,3),(41,1),(41,2),(41,3),(42,1),(42,2),(42,3),(43,1),(43,2),(43,3),(44,1),(44,2),(44,3),(45,1),(45,2),(45,3),(46,1),(46,2),(46,3),(47,1),(47,2),(47,3),(48,1),(48,2),(48,3),(49,1),(49,2),(49,3),(50,1),(50,2),(50,3),(51,1),(51,2),(51,3),(52,1),(52,2),(52,3),(54,1),(54,2),(54,3),(54,4),(54,5),(55,1),(55,2),(55,3),(55,4),(55,5),(56,1),(56,2),(56,3);

--
-- Table structure for table `gcahdy_category_lang`
--

CREATE TABLE `gcahdy_category_lang` (
  `id_category` int(10) unsigned NOT NULL,
  `id_shop` int(11) unsigned NOT NULL DEFAULT '1',
  `id_lang` int(10) unsigned NOT NULL,
  `name` varchar(128) NOT NULL,
  `description` text,
  `link_rewrite` varchar(128) NOT NULL,
  `meta_title` varchar(128) DEFAULT NULL,
  `meta_keywords` varchar(255) DEFAULT NULL,
  `meta_description` varchar(255) DEFAULT NULL,
  PRIMARY KEY (`id_category`,`id_shop`,`id_lang`),
  KEY `category_name` (`name`)
) ENGINE=InnoDB DEFAULT CHARSET=utf8;

--
-- Dumping data for table `gcahdy_category_lang`
--

INSERT INTO `gcahdy_category_lang` VALUES (1,1,1,'Racine','','racine','','',''),(1,1,2,'Racine','','racine','','',''),(2,1,1,'Accueil','','accueil','','',''),(2,1,2,'Accueil','','accueil','','',''),(3,1,1,'La boutique','<p>Bienvenue sur notre e-boutique. Notre offre produits est organisée en fonction des usages puis par modèle. Bon shopping !</p>','Boutique-goyon-chazeau-achat-de-couteaux-et-couverts','E-boutique GOYON-CHAZEAU - Achat couteaux et couverts haut de gamme','','La boutique en ligne GOYON-CHAZEAU propose un large choix de couteaux & couverts de table, couteaux de cuisine, couteaux de poche. Fabrication artisanale France'),(3,1,2,'E-shop','<p>Welcome to our e-shop. Our products offer is organized according to the uses then by line. Happy shopping !</p>','E-Shop-Goyon-Chazeau-purchase-knife-and-cutlery','E-shop GOYON-CHAZEAU - Buy high-end handmade knives and cutlery','','GOYON-CHAZEAU\'s online shop offers a wide choice of high-end forged table knives & cutlery, cooking knives, pocket knives. Handmade in France'),(4,1,1,'La table','','Couteaux-et-couverts-de-table','Coutellerie forgée de table artisanale haut de gamme 100% France','','La coutellerie GOYON-CHAZEAU fabrique artisanalement en France des couteaux et couverts de table forgés haut de gamme tout inox, manche bois ou acrylique.'),(4,1,2,'Tableware','','Tableware-knives-and-cutlery-sets-for-table','High quality forged table knives and cutlery 100% handmade in France','','GOYON-CHAZEAU  cutlery factory manufactures high-end handcrafted knives and table cutlery,   all in stainless steel, with wooden or acrylic handle. 100% France'),(5,1,1,'La cuisine','','Couteaux-de-cuisine-haut-de-gamme-forges-fabriques-en-France','Couteaux de cuisine professionnel - Beaux couteaux forgés 100% France','','La Coutellerie GOYON-CHAZEAU fabrique artisanalement en France des couteaux de cuisine forgés, de qualité professionnelle, avec un tranchant en V affilé rasoir '),(5,1,2,'Cooking knives','','High-end-forged-cooking-knives-made-in-France','Professional cooking knives - Beautiful forged knives 100% France','','GOYON-CHAZEAU Cutlery  factory produces forged professional quality kitchen knives, with a razor sharpening V  shape blade. All are 100% handmade in France. '),(6,1,1,'Couteaux de poche','','Couteaux-de-poche-artisanaux','Couteau de poche français - Couteaux fermant artisanaux','','La Coutellerie GOYON-CHAZEAU propose un large choix de couteaux pliants, avec ou sans tire-bouchon, entièrement réalisés à la main dans notre atelier.'),(6,1,2,'Folding knives','','Folding-knives-handmade-in-France','Frenchmade pocket knives - Handmade folding knives ','','GOYON-CHAZEAU Cutlery offers a large choice of folding knives, with or without corkscrew, entirely handmade in our workshop near Thiers, France'),(7,1,1,'Poche lame damas','','poche-lame-damas','Couteaux de poche lame damas fabrication artisanale française','','La Coutellerie GOYON-CHAZEAU propose des couteaux damas Thiers et Styl\'ver avec manche réalisés manuellement dans des matériaux rares. Fabrication 100% France.'),(7,1,2,'Folding damascus blades','','folding-damascus-blades','Damascus blade pocket knives 100% handmade in France','','GOYON-CHAZEAU Cutlery offers Thiers & Styl\'ver damascus steel blade knives with handles handmade from rare materials. Tailor-made collection. 100% France.'),(8,1,1,'Laguiole','','Vrai-Laguiole-haut-de-gamme-fabrique-en-France','Véritables couteaux et couverts de table Laguiole par GOYON-CHAZEAU','','La Coutellerie GOYON-CHAZEAU fabrique artisanalement des couteaux et couverts Laguiole haut de gamme à partir de fournitures exclusives du bassin de Thiers'),(8,1,2,'Laguiole','','Real-high-end-Laguiole-made-in-France','Real Laguiole Knives & forks GOYON-CHAZEAU - 100% handmade in france','','GOYON-CHAZEAU Cutlery manufactures top of the range Laguiole knives and cutlery with supplies coming exclusively from Thiers basin. 100% handmade in France'),(9,1,1,'Brasserie','','Couteaux-steak-Laguiole-Brasserie','Coutellerie artisanale française - Laguiole plein manche fait main','','La coutellerie artisanale GOYON-CHAZEAU fabrique à la main l\'ensemble de ses couteaux et couverts Laguiole. La ligne Laguiole brasserie présente un manche plein'),(9,1,2,'Brasserie','','Laguiole-Brasserie-steak-knives','French artisanal cutlery - handmade Laguiole with plain handle','','GOYON-CHAZEAU artisanal cutlery manufactures by hand all its Laguiole knives and cutlery sets. The Laguiole brasserie line presents a plain handle '),(10,1,1,'Avantage','','Couteaux-et-couverts-forges-Laguiole-Avantage','Laguiole Avantage - Véritable Laguiole forgé fabriqué artisanalement','','Les couteaux et couverts Laguiole Avantage sont forgés et fabriqués en France dans le respect des codes du Laguiole haut de gamme.'),(10,1,2,'Avantage','','Laguiole-Avantage-forged-knives-and-cutlery-sets','Laguiole Avantage - Genuine handcrafted forged Laguiole ','','Laguiole Avantage knives and cutlery pieces are forged and manufactured in France in accordance with the codes of the high-end Laguiole cutlery.'),(11,1,1,'Prestige','','Couteaux-et-couverts-forges-Laguiole-Prestige','Véritables Laguiole fabriqués à la main dans une coutellerie française','','Les couteaux et couverts Laguiole Prestige de GOYON-CHAZEAU sont de véritables laguiole réalisés dans les règles de l\'art de la haute coutellerie française'),(11,1,2,'Prestige','','Laguiole-Prestige-forged-knives-and-cutlery','Genuine Laguiole kinves and cutlery handcrafted in a French workshop','','GOYON-CHAZEAU\'s Laguiole Prestige knives and cutlery pieces are real laguiole made in the rules of high-end French cutlery art.'),(12,1,1,'Tout inox Avantage','','Couteaux-et-couverts-forges-monocoque-Laguiole-tout-inox-Avantage','Articles de coutellerie Laguiole tout inox fabriqués à Thiers','','Les couteaux et couverts Laguiole tout inox avantage possèdent un  haut forgé et un manche monocoque unique. Ils sont réalisés en France dans notre atelier'),(12,1,2,'Avantage stainless steel','','Laguiole-Avantage-full-stainless-steel-forged-knives-and-cutlery','Full stainless steel Laguiole knives and cutlery made in Thiers France','','Laguiole full stainless steel knives and cutlery have a forged top and a unique hollow handle. They are entirely handmade in France in our workshop'),(13,1,1,'Tout inox Prestige','','Couteaux-et-couverts-forges-monocoque-Laguiole-tout-inox-Prestige','Couteau Laguiole haut de gamme tout inox monocoque fabriqué en France','','Laguiole Prestige tout inox présente un haut forgé de haute qualité et un manche monocoque.  Elle offre une descente complète en brillant, brossé ou sablé'),(13,1,2,'Prestige stainless steel','','Laguiole-Prestige-stainless-steel-forged-knives-and-cutlery','High-end Laguiole stainless steel knife with hollow handle 100% France','','Full stainless steel  Laguiole Prestige line has high quality forged top, hollow handle & offers all complementary pieces in brilliant, brushed & sandblasted'),(14,1,1,'Laguiole Klasse G','','laguiole-klasse-g','Véritables couteaux et couverts de table Laguiole design contemporain','','Les couteaux et couverts Laguiole Klasse G revisitent les codes du célèbre couteau Laguiole dans un style moderne. Forgés, fabriqués artisanalement en France '),(14,1,2,'Laguiole Klasse G','','laguiole-klasse-g','Real forged Laguiole Knives & forks with contemporary design','','Laguiole Klasse G knives and cutlery revisit the famous Laguiole knif codes in a modern style. They are forged and handcrafted in France.'),(15,1,1,'Avantage','','Couteaux-et-couverts-forges-Laguiole-Klasse-G-Avantage','Couteaux steak Laguiole forgés design contemporain fabrication France ','','La ligne de couteaux et couverts forgés Laguiole Avantage revisite le style célèbre couteau dans un design contemporain digne de la haute coutellerie française '),(15,1,2,'Avantage','','Laguiole-Klasse-G-Avantage-forged-steak-knives-and-cutlery-pieces','Forged Laguiole steak knives with contemporary design made in France','','Laguiole Avantage knives and cutlery line revisits the famous knife style in a contemporary design way worthy of French high-end cutlery'),(16,1,1,'Tout inox','','Couteaux-et-couvert-forges-monocoque-Laguiole-klasse-G-tout-inox','Véritable Laguiole design, forgés, manche monocoque- Laguiole Klasse G','','Les couteaux steak et couverts Laguiole Klasse G tout inox associent un haut forgé à un manche monocoque, gage d\'une fabrication française de haute qualité '),(16,1,2,'Stainless steel','','Laguiole-klasse-G-forged-stainless-steel-knives-and-cutlery','Genuine Laguiole design, forged, hollow handle- Laguiole Klasse G','','Laguiole Klasse G full stainless steel steak knives & cutlery combine a forged top with a hollow handle, guaranteeing French high quality manufacturing'),(17,1,1,'Le Thiers Pirou','','Couteaux-et-couverts-Le-Thiers-Pirou','Couteaux Thiers de table artisanal haut de gamme château du Pirou','','Les couteaux & couverts Le Thiers Pirou sont 1 interprétation hommage de la Coutellerie GOYON-CHAZEAU à la ville de Thiers et à son emblème, le Château du Pirou'),(17,1,2,'Le Thiers Pirou','','Le-Thiers-Pirou-knives-and-cutlery','High-end handcrafted Le Thiers table knives and cutlery - Pirou castle','','Le Thiers Pirou knives & cutlery  are 1 tribute interpretation of GOYON-CHAZEAU cutlery to the city of Thiers and its emblem, the Pirou Castle'),(18,1,1,'Brasserie','','Couteau-Le-Thiers-Pirou-Brasserie','Couteau Le Thiers poinçon château du Pirou - Thiers Pirou brasserie','','Le couteau Thiers Pirou  brasserie est un couteau steak de table, simple, d\'usage quotidien, qui coupe à la perfection grâce à son émouture double en V  '),(18,1,2,'Brasserie','','Le-Thiers-Pirou-Brasserie-steak-knife','Le Thiers knife with Pirou castle hallmark - Thiers Pirou brasserie','','The Le Thiers Pirou brasserie knife is a steak table knife, plain, for a daily use, it cuts to perfection thanks to its double V-shaped grinding'),(19,1,1,'Avantage','','Couteau-et-couverts-forges-Le-Thiers-Pirou-Avantage','Couteaux Le Thiers Pirou Avantage fabrication française à la main ','','Les couteaux steak de table Le Thiers Pirou Avantage sont d\'un excellent rapport qualité prix pour une fabrication 100% France garantie'),(19,1,2,'Avantage','','Le-Thiers-Pirou-Avantage-forged-table-knife-and-cutlery','Le Thiers Pirou Avantage knives & cutlery - Handmade in France','','Le Thiers Pirou Avantage table steak knives are excellent value for money  and 100% France guaranteed'),(20,1,1,'Prestige','','Couteaux-et-couverts-forges-haut-de-gamme-le-Thiers-Pirou-Prestige','Couteaux Thiers Pirou Prestige - Coutellerie artisanale GOYON-CHAZEAU','','Les couteaux et couverts Le Thiers Pirou Prestige de la Coutellerie GOYON-CHAZEAU sont finis à la main dans le respect de la charte qualité du couteau Le Thiers'),(20,1,2,'Prestige','','Le-Thiers-Pirou-Prestige-high-end-forged-knives-and-cutlery','Le Thiers Prestige knives - GOYON-CHAZEAU craft cutlery ','','Le Thiers Pirou Prestige knives and cutlery by GOYON-CHAZEAU are handmade in France in accordance with Le Thiers knife quality charter'),(21,1,1,'Le Thiers','','Couteaux-et-couverts-de-table-Le-Thiers','Couteaux et couverts Le Thiers - Coutellerie artisanale GOYON-CHAZEAU','','Le Thiers par GOYON-CHAZEAU répond à toutes les exigences de fabrication, de traçabilité et de territorialité dictées par la Confrérie du couteau de Thiers.'),(21,1,2,'Le Thiers','','Le-Thiers-table-knives-and-cutlery','Le Thiers table knives and cutlery - GOYON-CHAZEAU craft cutlery','','Le Thiers by GOYON-CHAZEAU answers all specifications & traceability and territoriality requirements requested by La Confrerie du couteau de Thiers'),(22,1,1,'Avantage','','Couteau-et-couvert-forges-Le-Thiers-Avantage','Couteaux Thiers artisanal - Le Thiers Avantage par GOYON-CHAZEAU','','Les couteaux et couverts  forgés Le Thiers Avantage sont réalisés artisanalement dans notre coutellerie près de Thiers. Couteaux hauts de gamme qui coupent !'),(22,1,2,'Avantage','','Le-Thiers-Avantage-forged-knives-and-cutlery','Handmade Le Thiers knives - Le Thiers Avantage by GOYON-CHAZEAU','','Le Thiers Avantage forged knives and cutlery are handcrafted in our cutlery near Thiers. High-end knives that cut!'),(23,1,1,'Prestige','','Couteaux-et-couverts-forges-Le-Thiers-Prestige','Couteaux haut de gamme - Coutellerie française - Le Thiers Prestige','','Les couteaux et couverts Le Thiers Prestige sont forgés, guillochés et entièrement travaillés à la main dans notre coutellerie artisanale située près de Thiers'),(23,1,2,'Prestige','','Le-Thiers-Prestige-forged-knives-and-cutlery','High-end steak and table knives - French Cutlery - Le Thiers Prestige','','Le Thiers Prestige knives and cutlery are forged,  chiselled and entirely hand-crafted in our artisanal cutlery factory located near Thiers in France'),(24,1,1,'Tout inox Monobloc','','Couteaux-forges-Le-Thiers-tout-inox-monobloc','Couteau qui coupe - Couteau steak Le Thiers tout inox monobloc','','Le Thiers tout inox monobloc est un couteau forgé en une seule pièce. Léger et simple il répond à toutes les exigences de la Confrérie du couteau de Thiers.'),(24,1,2,'Stainless steel solid handle','','Le-Thiers-stainless-steel-solid-handle-forged-knives','Knife that cuts - Le Thiers stainless steel solid handle knife','','Le Thiers stainless steel solid handle knife is forged in one piece. Light and easy it meets all the requirements of LeThiers knife Brotherhood. '),(25,1,1,'Tout inox Avantage','','Couteaux-et-couverts-forges-monocoque-Le-Thiers-tout-inox-Avantage','Couteau Thiers tout inox forgé artisanal - Le Thiers Avantage inox','','Le Thiers Avantage tout inox propose des couteaux & couverts forgés avec manche monocoque et une finition haut de gamme dignes de la haute coutellerie française'),(25,1,2,'Avantage stainless steel','','Le-Thiers-Avantage-stainless-steel-forged-knives-and-cutlery','Le Thiers forged knife - Le Thiers Avantage stainless steel','','Le Thiers Avantage stainless steel offers forged knives & cutlery with a hollow handle and a high-end finish as requested by the french silversmithing'),(26,1,1,'Tout inox Prestige','','Couteaux-et-couverts-forges-monocoque-Le-Thiers-Prestige-tout-inox','Couteaux et couverts forgés monocoque Le Thiers Prestige tout inox','','Le Thiers Prestige tout inox  propose des couverts d\'une élégance rare, de qualité orfèvre, avec un fini impeccable et  des couteaux au tranchant professionnel'),(26,1,2,'Prestige stainless steel','','Le-Thiers-Prestige-stainless-steel-forged-knives-and-cutlery','Le Thiers Prestige stainless steel forged cutlery with hollow handle','','Thiers Prestige stainless steel line offers cutlery with a rare elegance, a quality finish, and knives with an excellent  professional cutting edge'),(27,1,1,'Stylver','','stylver','Coutellerie française GOYON-CHAZEAU - Beau couteau qui coupe Stylver','','La courbure de la paume de la main a dicté au STYLVER la cambrure particulière de son manche et sa silhouette en forme de « S ». Fabrication 100% France'),(27,1,2,'Stylver','','stylver','GOYON-CHAZEAU French cutlery - Beautiful Stylver knife that cuts','','The curve of the hand palm inspired the STYLVER particular handle\'s camber and its \"S\" shape silhouette. 100% handmade in France knives and cutlery\r\n'),(28,1,1,'Brasserie','','Couteaux-steak-Stylver-Brasserie','Couteau à steak lame lisse très coupante - STYLVER Brasserie - France','','Les couteaux à steak Stylver Brasserie sont ergonomiques, faciles d\'entretien et d\'une qualité de coupe exceptionnelle grâce à leur lame lisse émoute en V.'),(28,1,2,'Brasserie','','Stylver-Brasserie-steak-knives','Steak knife excellent cutting edge - STYLVER Brasserie - France','','Stylver Brasserie steak knives are ergonomic, easy to maintain and offer an excellent cutting qualité thanks to a V shape  grinding on the blade.'),(29,1,1,'Avantage','','Couteaux-et-couverts-forges-Stylver-Avantage','Couteaux et couverts forgés fabrication française - Stylver Avantage','','Les couteaux et couverts Stylver Avantage, au design unique, ultra confortable, sont forgés et fabriqués artisanalement en France dans notre atelier'),(29,1,2,'Avantage','','Stylver-Avantage-forged-knives-and-cutlery','Stylver Avantage - French handmade forged knives and cutlery','','Stylver Avantage knives and cutlery, have a unique and ultra comfortable design. They are forged and handcrafted in France in our workshop'),(30,1,1,'Tout inox','','Couteaux-et-couverts-Stylver-tout-inox','Couteaux steak et couverts forgés monocoque - Stylver tout inox','','Les couteaux steak tout inox forgés avec manche monocoque Stylver sont issus du savoir-faire unique de GOYON-CHAZEAU pour la soudure de l\'inox. 100% France.'),(30,1,2,'Stainless steel','','Stylver-stainless-steel-knives-and-cutlery','Forged steak knives and cutlery with hollow handle- Stylver tout inox','','Stylver forged stainless steel steak knives with hollow handle are the result of GOYON-CHAZEAU\'s unique know-how in stainless steel welding. 100% France.'),(31,1,1,'Le Thiers','','Couteaux-de-cuisine-forges-Le-Thiers-cuisine','Couteaux de cuisine forgés qualité professionnelle - Le Thiers cuisine','','Entièrement faits main main, les couteaux Le Thiers cuisine sont forgés. L\'émouture complète de la lame & l\'affilage rasoir confèrent 1 tranchant exceptionnel'),(31,1,2,'Le Thiers','','Le-Thiers-cuisine-forged-cooking-knives','Forged cooking knives - professional quality - Le Thiers cuisine','','Entirely handmade, Le Thiers kitchen knives are forged. The complete grinding of the blade & the razor sharpening give an everlasting cutting edge'),(32,1,1,'Stylver','','stylver-cuisine','Couteaux de cuisine forgés haut de gamme professionnels - Stylver','','Les couteaux de cuisine Stylver bénéficient d\'une lame forgée soudée à un manche monocoque inox ultra-confortable. Qualité professionnelle haut de gamme.'),(32,1,2,'Stylver','','stylver-cooking-knives','Forged high-end professional cooking knives - Stylver made in france','','Stylver kitchen knives have a forged blade welded to an ultra-comfortable stainless steel holow handle. High-end professional quality. Made in France'),(33,1,1,'F1','','Couteaux-de-cuisine-F1','Couteaux de cuisine professionnels, forgés, manche fibre de carbone ','','Forgés dans l\'1 des meilleurs aciers,  les couteaux de cuisine F1 ont 1 lame travaillée en V avec affilage rasoir & 1 manche fibre de carbone léger et résistant'),(33,1,2,'F1','','F1-cooking-knives','Professional cooking knives, forged, carbone fiber handle','','Forged in one of the best steels, the F1 kitchen knives have a V shaped blade with razor sharpening & one lightweight & durable carbon fiber handle. 100% France'),(34,1,1,'Tradi\'chef','','Couteaux-de-cuisine-Tradichef','Couteaux de cuisine forgés manche bois traditionnels - Tradi\'chef','','Les couteaux cuisine Tradi\'chef sont authentiques & traditionnels. Forgés \r\n puis travaillés à la main, ils bénéficient d\'1 tranchant professionnel. 100% France'),(34,1,2,'Tradi\'chef','','Tradichef-cooking-knives','Forged traditionnal cooking knives with wooden handle - Tradi\'chef','','Tradi\'chef cooking knives are authentic & traditional. forged then handcrafted, they benefit from 1 professional cutting edge. They are 100% made in France'),(35,1,1,'Blocs','','Blocs-de-rangement-pour-couteaux-de-cuisine','Blocs de rangement universels pour ensembles de couteaux de cuisine','','GOYON-CHAZEAU propose plusieurs blocs cuisine vides universels pour ranger des ensembles de 4 à 12 couteaux de cuisine.'),(35,1,2,'Blocks','','Storage-blocks-for-cooking-knives','Universal storage blocks for cooking knives sets','','GOYON-CHAZEAU offers several universal empty kitchen knives blocks for storing sets of 4 to 12 cooking knives.'),(36,1,1,'Le Thiers','','Couteaux-de-poche-Le-Thiers','Couteaux de poche Le Thiers par GOYON-CHAZEAU - Fabrication artisanale','','Le couteau pliant Le Thiers par GOYON-CHAZEAU est monté à la main et d\'une finition irréprochable. Solide, il bénéficie aussi d\'une qualité de coupe parfaite'),(36,1,2,'Le Thiers','','Le-Thiers-pocket-knives','Le Thiers by GOYON-CHAZEAU pocket knives- Frenchmade folding knives','','Le Thiers folding knife by GOYON-CHAZEAU is fully handmade and offers an everlasting cut thanks to a full cutting edge'),(37,1,1,'Etui ceinture','','Etui-ceinture-cuir-pour-couteau-fermant-lignes-le-thiers','Etui en cuir pour couteau de poche Le Thiers avec passant ceinture','','Etui en cuir noir pleine fleur avec passant ceinture. Etui pour couteaux de poche Le Thiers . Réalisé à la main en France. '),(37,1,2,'Belt pouch','','Belt-pouch-for-Le-Thiers-pocket-knives','Leather pouch for Le Thiers pocket knife with belt loop','','Black full grain leather case with belt loop. Leather case for Le Thiers folding knives. Handmade in France.'),(38,1,1,'Le Thiers Pirou','','Couteaux-de-poche-Le-Thiers-Pirou','Couteaux de poche Le Thiers Pirou - fermant avec château du Pirou','','La Coutellerie artisanale GOYON-CHAZEAU propose un modèle exclusif du couteau pliant Le Thiers avec le château du Pirou, emblême de la ville, en guise d\'abeille'),(38,1,2,'Le Thiers Pirou','','Le-Thiers-Pirou-pocket-knives','Le Thiers Pirou pocket knives - Folding knives with castle Pirou bee','','GOYON-CHAZEAU Cutlery proposes an exclusive pattern of Le Thiers folding knife with the castle of Pirou, emblem of Thiers city, as the bee. Handmade in France'),(39,1,1,'Lame 10cm','','lame-10cm','Couteaux de poche Le Thiers Pirou 10cm','','Le Thiers Pirou est un modèle exclusif de la Coutellerie GOYON-CHAZEAU. Les couteaux pliants se déclinent en 10cm et 12cm, manche bois, corne, composite'),(39,1,2,'10cm blade','','10cm-blade','Le Thiers Pirou folding knife 10cm ','','Le Thiers Pirou is an exclusive model of GOYON-CHAZEAU Cutlery. The pocket knives are available in 10cm and 12cm , with wooden, horn, composite handle'),(40,1,1,'Lame 12cm','','lame-12cm','Couteaux de poche Le Thiers Pirou 12cm','','Le Thiers Pirou est un modèle exclusif de la Coutellerie GOYON-CHAZEAU. Les couteaux pliants se déclinent en 10cm et 12cm, manche bois, corne, composite'),(40,1,2,'Blade 12cm ','','blade-12cm','Le Thiers Pirou folding knife 12cm ','','Le Thiers Pirou is an exclusive model of GOYON-CHAZEAU Cutlery. The pocket knives are available in 10cm and 12cm, with wooden, horn, composite handle'),(41,1,1,'Etui ceinture','','Etui-ceinture-cuir-pour-couteau-fermant-lignes-le-thiers','Etui en cuir pour couteau de poche Le Thiers avec passant ceinture','','Etui en cuir noir pleine fleur avec passant ceinture. Etui pour couteaux de poche Le Thiers . Réalisé à la main en France. '),(41,1,2,'Belt pouch','','Belt-pouch-for-Le-Thiers-pocket-knives','Leather pouch for Le Thiers pocket knife with belt loop','','Black full grain leather case with belt loop. Leather case for Le Thiers folding knives. Handmade in France.'),(42,1,1,'Stylver','','stylver','Couteaux de poche Stylver - Couteaux pliant fabrication française','','Les couteaux fermants Stylver sont particulièrement agréables en main. Solides, d\'une finition irréprochable, ils offrent une qualité de coupe parfaite.'),(42,1,2,'Stylver','','stylver','Stylver pocket knives - French handmade folding knives','','Stylver folding knives are particularly pleasant in hand. Solid, with an irreproachable finish, they offer an everlasting cutting quality. 100% made in France'),(43,1,1,'Ressort série','','ressort-serie','Couteaux pliants Stylver avec ressort série et guillochage machine','','Les couteaux pliant Stylver ressort série sont l\'entrée de gamme de la série Stylver poche. Ils offrent un excellent rapport qualité prix. 100% France.'),(43,1,2,'Machine chiselling','','Stylver-folding-knife-machine-chiselling','Stylver pocket knife with machine spring and chiselling','','The Stylver spring series folding knives are the entry-level of Stylver pocket line series. They offer excellent value for money. 100% made in France.'),(44,1,1,'1 mitre, guilloché main','','Couteaux-de-poche-Stylver-1-mitre-guilloche-main','Couteaux de poche pliant haut de gamme Stylver fabrication française','','Les couteaux de poche pliants Stylver avec une mitre et guillochage main sont entièrement fabriqués manuellement  en France par la Coutellerie GOYON-CHAZEAU. '),(44,1,2,'1 bolster, handmade chiselling','','Stylver-folding-knife-1-bolster-handmade-chiselling','Stylver high end pocket folding knives 100% handmade in France','','Stylver folding pocket knives with one bolster and handmade chiselling are entirely handmade in France by the GOYON-CHAZEAU cutlery.'),(45,1,1,'Plein manche, guilloché main','','Couteaux-de-poche-Stylver-plein-manche-guilloche-main','Couteau de poche pliant artisanal Stylver plein manche guilloché main','','Les couteaux pliant bois ou corne Stylver plein manche et guillochés main sont entièrement fabriqués manuellement  en France par la Coutellerie GOYON-CHAZEAU. '),(45,1,2,'Plain handle, handmade chiselling','','Stylver-folding-knife-plain-handle-handmade-chiselling','Folding pocket knife Stylver plain handle handmade chiselling France','','Stylver folding knives with plain wooden or horn handle and handmade chiselling are entirely handmade in France by GOYON-CHAZEAU cutlery.'),(46,1,1,'Etui ceinture','','Etui-ceinture-cuir-pour-couteau-fermant-lignes-Stylver','Etui en cuir pour couteau de poche Stylver avec passant ceinture','','Etui en cuir noir pleine fleur avec passant ceinture. Etui pour couteaux de poche Stylver. Réalisé à la main en France. '),(46,1,2,'Belt pouch','','Belt-pouch-for-Stylver-pocket-knives','Leather pouch for Stylver pocket knife with belt loop','','Black full grain leather case with belt loop. Leather case for Stylver folding knives. Handmade in France.'),(47,1,1,'Le Thiers Pirou','','Couteaux-de-poche-lame-damas-Le-Thiers-Pirou','Couteaux de poche damas Le Thiers Pirou haut de gamme 100% France','','Le Thiers Pirou collection exclusive propose des couteaux de poche lame damas inox ou damas artisanal avec manche en matières nobles et rares. 100% France'),(47,1,2,'Le Thiers Pirou','','Le-Thiers-Pirou-folding-knives-with-damascus-steel-blade','High-end damascus steel pocket knives Le Thiers Pirou - 100% France','','The Thiers Pirou tailor-made collection features pocket knives with stainless steel damascus or handmade damascus blade & rare materials handles. 100% France'),(48,1,1,'Etui ceinture','','Etui-ceinture-cuir-pour-couteau-fermant-lignes-le-thiers','Etui en cuir pour couteau de poche Le Thiers avec passant ceinture','','Etui en cuir noir pleine fleur avec passant ceinture. Etui pour couteaux de poche Le Thiers . Réalisé à la main en France. '),(48,1,2,'Belt pouch','','Belt-pouch-for-Le-Thiers-pocket-knives','Leather pouch for Le Thiers pocket knife with belt loop','','Black full grain leather case with belt loop. Leather case for Le Thiers folding knives. Handmade in France.'),(49,1,1,'Stylver','','stylver','Couteaux pliants lame damas Stylver - Fabrication artisanale - France','','Les couteaux pliants lame damas Stylver existe avec lame damas inox ou lame damas artisanal. Les manches sont travaillés dans des matières haut de gamme. '),(49,1,2,'Stylver','','stylver','Stylver damascus blade folding knife - 100% Handmade in France','','Stylver damascus blade folding knives are available with stainless damascus blade or handmade damascus blade. The handles are worked in high-end materials.'),(50,1,1,'Etui ceinture','','Etui-ceinture-cuir-pour-couteau-fermant-lignes-Stylver','Etui en cuir pour couteau de poche Styl\'ver avec passant ceinture','','Etui en cuir noir pleine fleur avec passant ceinture. Etui pour couteaux de poche Styl\'ver. Réalisé à la main en France. '),(50,1,2,'Belt pouch','','Belt-pouch-for-Stylver-pocket-knives','Leather pouch for Styl\'ver pocket knife with belt loop','','Black full grain leather case with belt loop. Leather case for Styl\'ver folding knives. Handmade in France.'),(51,1,1,'Origines','<p>Couteaux de table bruts de forge avec manche en bois ou corne</p>','origines','Couteaux table bruts de forge manche bois ou corne - Stylver Origines','Couteau,couteaux,table,brut, forge,brut de forge,manche bois,sty\'lver,goyon-chazeau','Les parties inox du Stylver ORIGINES conservent leur aspect brut de forge; le manche en bois est travaillé à la main et frappé d’une rosette.\r\n'),(51,1,2,'Origines','<p>Raw forge table knives with wooden handles</p>','origines','Stylver Origines - Raw forge table knives with wooden or horn handles','knife, knives,raw,forge,table,raw forge,wooden handle,styl\'ver, goyon-chazeau,dinner knife','Stylver ORIGINES\'s stainless steel parts keep their raw forge aspect; the wooden handles is handmade and decorated on the central rivet with a brass tube'),(52,1,1,'Factory','','Couteau-brut-de-forge-Stylver-Factory','Couteau steak tout inox brut de forge - Stylver Factory - 100% France','','Issu d’1 barre d\'acier inoxydable, Stylver Factory conserve les rugosités de l’acier forgé à chaud. Il est réalisé artisanalement en France dans notre atelier'),(52,1,2,'Factory','','Raw-forge-knife-Stylver-Factory','Stainless steel raw forged steak knife - Stylver Factory -100% France','','Made from 1 stainless steel bar, Stylver Factory retains the roughness of hot-forged steel. It is handmade in France in our workshop'),(54,1,1,'Le P\'tit Tradi','','couteau-le-p-tit-tradi','Couteau haut de gamme lame carbone Le P\'tit Tradi grenadille pas cher','','Le P\'tit Tradi est un couteau d\'office de qualité supérieure grâce  à sa lame chargée au carbone et son manche en grenadille. Excellent rapport qualité/prix. '),(54,1,2,'Le P\'tit Tradi','','le-p-tit-tradi-knife','Le P\'tit Tradi high-end knife, carbone blade, mozambique ebony cheap','','The P\'tit Tradi is a high-quality paring knife. It is handmade with a carbon-charged blade and a mozambic ebony handle. Excellent value for money product.'),(55,1,1,'Coffret Tridens','','coffret-tridens-stylver','Coffret churrasco avec fourchette Tridens barbecue et couteau Stylver ','','Le coffret churrasco TRIDENS combine la fourchette TRIDENS au couteau chef STYLVER pour le plaisir de  découper de grosses pièces de viande cuites au barbecue'),(55,1,2,'Tridens set','','tridens-stylver-set','Churrasco set with Tridens BBQ fork and stylver carving knife','','The churrasco TRIDENS set combines TRIDENS fork with STYLVER chef knife for the pleasure of cutting large pieces of meat cooked on BBQ'),(56,1,1,'Le Thiers Damas Hestia','<p>Une innovation technologique pour des couteaux de table intégralement forgés en acier damas.</p>','le-thiers-damas-hestia','Couteau Le Thiers damas Hestia entièrement forgé en acier damas ','','Avec Le Thiers damas Hestia, GOYON-CHAZEAU sublime la matière en volume et propose le premier couteau de table intégralement forgé en acier multi-couches. \r\n'),(56,1,2,'Le Thiers Damas Hestia','<p>A technological innovation for table knives integrally forged in damascus steel.</p>','le-thiers-damas-hestia','Le Thiers damas Hestia knife fully forged in damascus steel','','With Le Thiers Damas Hestia knife, GOYON-CHAZEAU sublimates the material in volume and offers the first table knife entirely forged in a multi-layer steel.');

--
-- Table structure for table `gcahdy_category_product`
--

CREATE TABLE `gcahdy_category_product` (
  `id_category` int(10) unsigned NOT NULL,
  `id_product` int(10) unsigned NOT NULL,
  `position` int(10) unsigned NOT NULL DEFAULT '0',
  PRIMARY KEY (`id_category`,`id_product`),
  KEY `id_product` (`id_product`),
  KEY `id_category` (`id_category`,`position`)
) ENGINE=InnoDB DEFAULT CHARSET=utf8;

--
-- Dumping data for table `gcahdy_category_product`
--

INSERT INTO `gcahdy_category_product` VALUES (2,3,0),(2,4,1),(2,5,2),(2,6,3),(2,7,4),(2,12,5),(2,15,6),(2,16,7),(2,23,8),(2,24,9),(2,25,10),(2,26,11),(2,27,12),(2,28,13),(2,29,14),(2,30,15),(2,31,16),(2,34,17),(2,35,18),(2,36,19),(2,37,20),(2,38,21),(2,39,22),(2,40,23),(2,41,24),(2,42,25),(2,43,26),(2,44,27),(2,45,28),(2,46,29),(2,47,30),(2,48,31),(2,49,32),(2,50,33),(2,51,34),(2,52,35),(2,53,36),(2,54,37),(2,55,38),(2,56,39),(2,57,40),(2,58,41),(2,59,42),(2,60,43),(2,62,44),(2,63,45),(2,64,46),(2,65,47),(2,66,48),(2,67,49),(2,68,50),(2,69,51),(2,70,52),(2,72,53),(2,73,54),(2,74,55),(2,75,56),(2,76,57),(2,78,58),(2,79,59),(2,80,60),(2,81,61),(2,82,62),(2,83,63),(2,84,64),(2,85,65),(2,86,66),(2,87,67),(2,88,68),(2,89,69),(2,90,70),(2,91,71),(2,92,72),(2,93,73),(2,94,74),(2,95,75),(2,96,76),(2,97,77),(2,98,78),(2,99,79),(2,100,80),(2,101,81),(2,102,82),(2,103,83),(2,104,84),(2,105,85),(2,106,86),(2,107,87),(2,108,88),(2,109,89),(2,110,90),(2,111,91),(2,112,92),(2,113,93),(2,114,94),(2,115,95),(2,116,96),(2,117,97),(2,118,98),(2,119,99),(2,120,100),(2,121,101),(2,122,102),(2,123,103),(2,124,104),(2,125,105),(2,126,106),(2,127,107),(2,128,108),(2,129,109),(2,130,110),(2,131,111),(2,132,112),(2,133,113),(2,134,114),(2,135,115),(2,136,116),(2,137,117),(2,138,118),(2,139,119),(2,141,120),(2,142,121),(2,143,122),(2,144,123),(2,145,124),(2,146,125),(2,147,126),(2,149,127),(2,150,128),(2,153,129),(2,154,130),(2,157,131),(2,160,132),(2,161,133),(2,166,134),(2,168,135),(2,169,136),(2,170,137),(2,171,138),(2,173,139),(2,174,140),(2,175,141),(2,178,142),(2,179,143),(2,180,144),(2,181,145),(2,182,146),(2,183,147),(2,184,148),(2,185,149),(2,187,150),(2,188,151),(2,189,152),(2,191,153),(2,192,154),(2,194,155),(2,195,156),(2,196,157),(2,200,158),(2,202,159),(2,203,160),(2,204,161),(2,206,162),(2,207,163),(2,208,164),(2,209,165),(2,210,166),(2,211,167),(2,212,168),(2,213,169),(2,217,170),(2,218,171),(2,219,172),(2,220,173),(2,221,174),(2,222,175),(2,223,176),(2,224,177),(2,225,178),(2,226,179),(2,227,180),(2,228,181),(2,229,182),(2,230,183),(2,242,184),(2,244,185),(2,245,186),(2,246,187),(2,247,188),(2,248,189),(2,249,190),(2,250,191),(2,251,192),(2,252,193),(2,253,194),(2,254,195),(2,255,196),(2,256,197),(2,257,198),(2,258,199),(2,260,200),(2,261,201),(2,262,202),(2,263,203),(2,264,204),(2,272,205),(2,275,206),(2,276,207),(2,278,208),(2,279,209),(2,280,210),(2,281,211),(2,282,212),(2,284,213),(2,285,214),(2,286,215),(2,288,216),(2,289,217),(2,290,218),(2,291,219),(2,292,220),(2,294,221),(2,295,222),(2,297,223),(2,301,224),(2,302,225),(2,303,226),(2,304,227),(2,305,228),(2,306,229),(2,307,230),(2,308,231),(2,310,232),(2,312,233),(2,313,234),(2,314,235),(2,315,236),(2,316,237),(2,318,238),(2,319,239),(2,320,240),(2,321,241),(2,322,242),(2,323,243),(2,324,244),(2,325,245),(2,326,246),(2,327,247),(2,328,248),(2,329,249),(2,330,250),(2,331,251),(2,332,252),(2,333,253),(2,335,254),(2,336,255),(2,337,256),(2,339,257),(2,340,258),(2,341,259),(2,342,260),(2,343,261),(2,344,262),(2,345,263),(2,347,264),(2,348,265),(2,349,266),(2,350,267),(2,351,268),(2,352,269),(2,355,270),(2,356,271),(2,357,272),(2,358,273),(2,359,274),(2,360,275),(2,361,276),(2,362,277),(2,363,278),(2,364,279),(2,365,280),(2,366,281),(2,367,282),(2,368,283),(2,369,284),(2,370,285),(2,371,286),(2,372,287),(2,373,288),(2,374,289),(2,375,290),(2,376,291),(2,377,292),(2,378,293),(2,379,294),(2,380,295),(2,381,296),(2,382,297),(2,383,298),(2,385,299),(2,386,300),(2,387,301),(2,388,302),(2,390,303),(2,391,304),(2,393,305),(2,394,306),(2,395,307),(2,396,308),(2,397,309),(2,398,310),(2,399,311),(2,400,312),(2,401,313),(2,402,314),(2,404,315),(2,405,316),(2,407,317),(2,408,318),(2,410,319),(2,411,320),(2,412,321),(2,413,322),(2,414,323),(2,415,324),(2,416,325),(2,417,326),(2,418,327),(2,420,328),(2,421,329),(2,422,330),(2,423,331),(2,424,332),(3,6,0),(3,7,1),(3,12,2),(3,15,3),(3,16,4),(3,23,5),(3,24,6),(3,25,7),(3,26,8),(3,27,9),(3,28,10),(3,29,11),(3,30,12),(3,31,13),(3,34,14),(3,35,15),(3,36,16),(3,37,17),(3,38,18),(3,39,19),(3,40,20),(3,41,21),(3,42,22),(3,43,23),(3,44,24),(3,45,25),(3,46,26),(3,47,27),(3,48,28),(3,49,29),(3,50,30),(3,51,31),(3,52,32),(3,53,33),(3,54,34),(3,55,35),(3,56,36),(3,57,37),(3,58,38),(3,59,39),(3,65,40),(3,66,41),(3,67,42),(3,68,43),(3,69,44),(3,72,45),(3,73,46),(3,74,47),(3,75,48),(3,76,49),(3,78,50),(3,79,51),(3,80,52),(3,81,53),(3,82,54),(3,83,55),(3,84,56),(3,85,57),(3,86,58),(3,87,59),(3,88,60),(3,89,61),(3,90,62),(3,91,63),(3,92,64),(3,93,65),(3,94,66),(3,95,67),(3,96,68),(3,97,69),(3,98,70),(3,99,71),(3,100,72),(3,101,73),(3,102,74),(3,103,75),(3,104,76),(3,105,77),(3,106,78),(3,107,79),(3,108,80),(3,109,81),(3,110,82),(3,111,83),(3,112,84),(3,113,85),(3,114,86),(3,115,87),(3,116,88),(3,117,89),(3,118,90),(3,119,91),(3,120,92),(3,121,93),(3,122,94),(3,123,95),(3,124,96),(3,125,97),(3,126,98),(3,127,99),(3,128,100),(3,129,101),(3,130,102),(3,131,103),(3,132,104),(3,133,105),(3,134,106),(3,135,107),(3,136,108),(3,137,109),(3,138,110),(3,139,111),(3,141,112),(3,142,113),(3,143,114),(3,144,115),(3,145,116),(3,146,117),(3,147,118),(3,149,119),(3,150,120),(3,153,121),(3,154,122),(3,157,123),(3,160,124),(3,161,125),(3,166,126),(3,168,127),(3,169,128),(3,170,129),(3,171,130),(3,173,131),(3,174,132),(3,175,133),(3,178,134),(3,179,135),(3,180,136),(3,181,137),(3,182,138),(3,183,139),(3,184,140),(3,185,141),(3,187,142),(3,188,143),(3,189,144),(3,191,145),(3,192,146),(3,194,147),(3,195,148),(3,196,149),(3,202,150),(3,204,151),(3,206,152),(3,207,153),(3,208,154),(3,209,155),(3,210,156),(3,211,157),(3,212,158),(3,213,159),(3,217,160),(3,218,161),(3,219,162),(3,220,163),(3,221,164),(3,222,165),(3,223,166),(3,224,167),(3,225,168),(3,226,169),(3,227,170),(3,228,171),(3,229,172),(3,230,173),(3,242,174),(3,244,175),(3,245,176),(3,246,177),(3,247,178),(3,248,179),(3,249,180),(3,250,181),(3,251,182),(3,252,183),(3,253,184),(3,254,185),(3,255,186),(3,256,187),(3,257,188),(3,258,189),(3,260,190),(3,261,191),(3,262,192),(3,263,193),(3,264,194),(3,272,195),(3,275,196),(3,276,197),(3,278,198),(3,279,199),(3,280,200),(3,281,201),(3,282,202),(3,284,203),(3,285,204),(3,286,205),(3,288,206),(3,289,207),(3,290,208),(3,291,209),(3,292,210),(3,294,211),(3,295,212),(3,297,213),(3,301,214),(3,302,215),(3,303,216),(3,304,217),(3,305,218),(3,306,219),(3,307,220),(3,308,221),(3,310,222),(3,312,223),(3,313,224),(3,314,225),(3,315,226),(3,316,227),(3,318,228),(3,319,229),(3,320,230),(3,321,231),(3,322,232),(3,323,233),(3,324,234),(3,325,235),(3,326,236),(3,327,237),(3,328,238),(3,329,239),(3,330,240),(3,331,241),(3,332,242),(3,333,243),(3,335,244),(3,336,245),(3,337,246),(3,339,247),(3,340,248),(3,341,249),(3,342,250),(3,343,251),(3,344,252),(3,345,253),(3,347,254),(3,348,255),(3,349,256),(3,350,257),(3,351,258),(3,352,259),(3,355,260),(3,356,261),(3,357,262),(3,358,263),(3,359,264),(3,360,265),(3,361,266),(3,362,267),(3,363,268),(3,364,269),(3,365,270),(3,366,271),(3,367,272),(3,368,273),(3,369,274),(3,371,275),(3,372,276),(3,373,277),(3,383,278),(3,385,279),(3,386,280),(3,387,281),(3,388,282),(3,390,283),(3,393,284),(3,394,285),(3,395,286),(3,396,287),(3,397,288),(3,398,289),(3,399,290),(3,400,291),(3,401,292),(3,402,293),(3,404,294),(3,405,295),(3,407,296),(3,408,297),(3,410,298),(3,411,299),(3,412,300),(3,413,301),(3,414,302),(3,415,303),(3,416,304),(3,417,305),(3,418,306),(3,420,307),(3,421,308),(3,422,309),(3,423,310),(3,424,311),(4,4,0),(4,5,1),(4,3,2),(4,6,3),(4,7,4),(4,23,5),(4,24,6),(4,25,7),(4,26,8),(4,27,9),(4,28,10),(4,29,11),(4,30,12),(4,31,13),(4,34,14),(4,35,15),(4,36,16),(4,37,17),(4,38,18),(4,39,19),(4,45,20),(4,46,21),(4,47,22),(4,48,23),(4,49,24),(4,50,25),(4,51,26),(4,52,27),(4,53,28),(4,54,29),(4,55,30),(4,56,31),(4,57,32),(4,58,33),(4,59,34),(4,60,35),(4,62,36),(4,63,37),(4,64,38),(4,65,39),(4,66,40),(4,67,41),(4,68,42),(4,69,43),(4,70,44),(4,72,45),(4,73,46),(4,74,47),(4,75,48),(4,189,49),(4,191,50),(4,194,51),(4,195,52),(4,196,53),(4,200,54),(4,202,55),(4,203,56),(4,362,57),(4,364,58),(4,365,59),(4,366,60),(4,367,61),(4,368,62),(4,369,63),(4,370,64),(4,371,65),(4,373,66),(4,374,67),(4,375,68),(4,376,69),(4,377,70),(4,378,71),(4,379,72),(4,380,73),(4,381,74),(4,382,75),(4,383,76),(4,385,77),(4,386,78),(4,387,79),(4,388,80),(4,391,81),(4,393,82),(4,394,83),(4,395,84),(4,396,85),(4,397,86),(4,398,87),(4,399,88),(4,400,89),(4,405,90),(4,407,91),(4,408,92),(4,410,93),(4,411,94),(4,412,95),(4,413,96),(4,414,97),(4,415,98),(4,416,99),(4,417,100),(4,418,101),(4,424,102),(5,40,0),(5,41,1),(5,42,2),(5,43,3),(5,44,4),(5,76,5),(5,78,6),(5,79,7),(5,80,8),(5,81,9),(5,82,10),(5,83,11),(5,84,12),(5,85,13),(5,86,14),(5,87,15),(5,88,16),(5,89,17),(5,90,18),(5,91,19),(5,92,20),(5,93,21),(5,94,22),(5,95,23),(5,96,24),(5,97,25),(5,98,26),(5,99,27),(5,100,28),(5,101,29),(5,102,30),(5,103,31),(5,104,32),(5,105,33),(5,106,34),(5,107,35),(5,108,36),(5,109,37),(5,110,38),(5,111,39),(5,112,40),(5,113,41),(5,114,42),(5,115,43),(5,116,44),(5,117,45),(5,118,46),(5,119,47),(5,120,48),(5,121,49),(5,122,50),(5,123,51),(5,124,52),(5,125,53),(5,126,54),(5,127,55),(5,128,56),(5,129,57),(5,130,58),(5,131,59),(5,132,60),(5,133,61),(5,134,62),(5,135,63),(5,136,64),(5,137,65),(5,138,66),(5,139,67),(5,187,68),(5,188,69),(5,363,70),(5,372,71),(5,401,72),(5,402,73),(5,404,74),(6,12,0),(6,15,1),(6,16,2),(6,141,3),(6,142,4),(6,143,5),(6,144,6),(6,145,7),(6,146,8),(6,147,9),(6,149,10),(6,150,11),(6,153,12),(6,154,13),(6,157,14),(6,160,15),(6,161,16),(6,192,17),(6,204,18),(6,206,19),(6,207,20),(6,208,21),(6,209,22),(6,210,23),(6,211,24),(6,212,25),(6,213,26),(6,217,27),(6,218,28),(6,219,29),(6,220,30),(6,221,31),(6,222,32),(6,223,33),(6,224,34),(6,225,35),(6,226,36),(6,227,37),(6,228,38),(6,229,39),(6,230,40),(6,242,41),(6,244,42),(6,245,43),(6,246,44),(6,247,45),(6,248,46),(6,249,47),(6,250,48),(6,251,49),(6,252,50),(6,253,51),(6,254,52),(6,255,53),(6,256,54),(6,257,55),(6,258,56),(6,260,57),(6,261,58),(6,262,59),(6,263,60),(6,264,61),(6,272,62),(6,275,63),(6,276,64),(6,278,65),(6,279,66),(6,280,67),(6,281,68),(6,282,69),(6,284,70),(6,285,71),(6,286,72),(6,288,73),(6,289,74),(6,290,75),(6,291,76),(6,292,77),(6,294,78),(6,295,79),(6,297,80),(6,301,81),(6,302,82),(6,303,83),(6,304,84),(6,305,85),(6,306,86),(6,307,87),(6,308,88),(6,310,89),(6,312,90),(6,313,91),(6,314,92),(6,315,93),(6,316,94),(6,318,95),(6,319,96),(6,320,97),(6,321,98),(6,322,99),(6,323,100),(6,324,101),(6,325,102),(6,326,103),(6,327,104),(6,328,105),(6,329,106),(6,330,107),(6,331,108),(6,332,109),(6,333,110),(6,335,111),(6,336,112),(6,337,113),(6,339,114),(6,340,115),(6,341,116),(6,342,117),(6,343,118),(6,344,119),(6,345,120),(6,390,121),(6,420,122),(6,421,123),(6,422,124),(6,423,125),(7,166,0),(7,168,1),(7,169,2),(7,170,3),(7,171,4),(7,173,5),(7,174,6),(7,175,7),(7,178,8),(7,179,9),(7,180,10),(7,181,11),(7,182,12),(7,183,13),(7,184,14),(7,185,15),(7,347,16),(7,348,17),(7,349,18),(7,350,19),(7,351,20),(7,352,21),(7,355,22),(7,356,23),(7,357,24),(7,358,25),(7,359,26),(7,360,27),(7,361,28),(8,23,0),(8,24,1),(8,25,2),(8,26,3),(8,27,4),(8,34,5),(8,35,6),(8,36,7),(8,51,8),(8,52,9),(8,53,10),(8,54,11),(8,55,12),(8,56,13),(8,65,14),(8,66,15),(8,67,16),(8,68,17),(8,69,18),(8,75,19),(8,189,20),(8,191,21),(8,194,22),(8,195,23),(8,196,24),(8,367,25),(8,368,26),(8,385,27),(8,386,28),(8,387,29),(8,388,30),(8,393,31),(8,394,32),(8,395,33),(8,396,34),(8,397,35),(8,398,36),(8,399,37),(8,405,38),(8,407,39),(8,408,40),(8,411,41),(8,412,42),(8,413,43),(8,414,44),(8,415,45),(8,416,46),(8,418,47),(8,424,48),(9,23,0),(9,34,1),(9,35,2),(9,36,3),(10,24,0),(10,51,1),(10,52,2),(10,53,3),(10,54,4),(10,55,5),(10,56,6),(10,189,7),(10,191,8),(10,368,9),(10,385,10),(10,386,11),(10,387,12),(10,388,13),(10,424,14),(11,25,0),(11,65,1),(11,66,2),(11,67,3),(11,68,4),(11,69,5),(11,367,6),(11,418,7),(12,26,0),(13,27,0),(13,75,1),(13,194,2),(13,195,3),(13,196,4),(13,393,5),(13,394,6),(13,395,7),(13,396,8),(13,397,9),(13,398,10),(13,399,11),(13,405,12),(13,407,13),(13,408,14),(13,411,15),(13,412,16),(13,413,17),(13,414,18),(13,415,19),(13,416,20),(14,28,0),(14,29,1),(14,57,2),(14,58,3),(14,59,4),(14,74,5),(14,369,6),(15,28,0),(15,57,1),(15,58,2),(15,59,3),(15,369,4),(16,29,0),(16,74,1),(17,30,0),(17,31,1),(17,45,2),(17,46,3),(17,47,4),(17,72,5),(17,73,6),(17,362,7),(17,364,8),(17,365,9),(17,366,10),(17,373,11),(18,30,0),(18,45,1),(18,46,2),(18,47,3),(19,362,0),(19,364,1),(19,365,2),(19,366,3),(20,31,0),(20,72,1),(20,73,2),(20,373,3),(21,4,0),(21,5,1),(21,3,2),(21,6,3),(21,7,4),(21,60,5),(21,62,6),(21,63,7),(21,64,8),(21,70,9),(21,200,10),(21,203,11),(21,370,12),(21,374,13),(21,375,14),(21,376,15),(21,377,16),(21,378,17),(21,379,18),(21,380,19),(21,381,20),(21,382,21),(21,383,22),(21,391,23),(21,410,24),(21,417,25),(22,3,0),(22,60,1),(22,62,2),(22,63,3),(22,64,4),(22,203,5),(22,370,6),(23,4,0),(23,70,1),(23,200,2),(23,374,3),(23,375,4),(23,376,5),(23,377,6),(23,378,7),(23,379,8),(23,380,9),(23,381,10),(23,382,11),(23,391,12),(24,5,0),(24,410,1),(25,6,0),(26,7,0),(26,383,1),(26,417,2),(27,37,0),(27,38,1),(27,39,2),(27,48,3),(27,49,4),(27,50,5),(27,202,6),(27,198,7),(27,197,8),(27,371,9),(27,400,10),(28,37,0),(28,48,1),(28,49,2),(28,50,3),(28,371,4),(29,38,0),(29,400,1),(30,39,0),(31,40,0),(31,76,1),(31,78,2),(31,79,3),(31,80,4),(31,81,5),(31,82,6),(31,83,7),(31,84,8),(31,85,9),(31,86,10),(31,87,11),(31,88,12),(31,89,13),(31,90,14),(31,91,15),(31,92,16),(31,93,17),(31,94,18),(31,95,19),(31,96,20),(32,42,0),(32,121,1),(32,122,2),(32,123,3),(32,124,4),(32,125,5),(32,126,6),(32,127,7),(32,128,8),(32,129,9),(32,130,10),(32,131,11),(32,132,12),(32,133,13),(32,134,14),(32,135,15),(32,136,16),(32,137,17),(32,404,18),(33,43,0),(33,109,1),(33,110,2),(33,111,3),(33,112,4),(33,113,5),(33,114,6),(33,115,7),(33,116,8),(33,117,9),(33,118,10),(33,119,11),(33,120,12),(34,41,0),(34,97,1),(34,98,2),(34,99,3),(34,100,4),(34,101,5),(34,102,6),(34,103,7),(34,104,8),(34,105,9),(34,106,10),(34,107,11),(34,108,12),(34,401,13),(34,363,14),(34,372,15),(35,44,0),(35,138,1),(35,139,2),(35,187,3),(35,188,4),(35,392,5),(35,402,6),(36,15,0),(36,142,1),(36,143,2),(36,204,3),(36,206,4),(36,207,5),(36,208,6),(36,209,7),(36,210,8),(36,211,9),(36,212,10),(36,213,11),(37,12,0),(37,201,1),(38,16,0),(38,144,1),(38,145,2),(38,146,3),(38,147,4),(38,149,5),(38,150,6),(38,192,7),(38,217,8),(38,218,9),(38,219,10),(38,220,11),(38,221,12),(38,222,13),(38,223,14),(38,224,15),(38,225,16),(38,226,17),(38,227,18),(38,228,19),(38,229,20),(38,230,21),(38,242,22),(38,244,23),(38,245,24),(38,246,25),(38,247,26),(38,248,27),(38,249,28),(38,250,29),(38,251,30),(38,252,31),(38,253,32),(38,254,33),(38,255,34),(38,256,35),(38,257,36),(38,258,37),(38,260,38),(38,261,39),(38,262,40),(38,263,41),(38,264,42),(38,272,43),(38,275,44),(38,276,45),(38,278,46),(38,279,47),(38,280,48),(38,281,49),(38,282,50),(38,284,51),(38,285,52),(38,286,53),(38,390,54),(38,420,55),(38,421,56),(39,16,0),(39,144,1),(39,145,2),(39,217,3),(39,218,4),(39,219,5),(39,220,6),(39,221,7),(39,222,8),(39,223,9),(39,224,10),(39,225,11),(39,226,12),(39,227,13),(39,228,14),(39,229,15),(39,230,16),(40,146,0),(40,147,1),(40,149,2),(40,150,3),(40,192,4),(40,242,5),(40,244,6),(40,245,7),(40,246,8),(40,247,9),(40,248,10),(40,249,11),(40,250,12),(40,251,13),(40,252,14),(40,253,15),(40,254,16),(40,255,17),(40,256,18),(40,257,19),(40,258,20),(40,260,21),(40,261,22),(40,262,23),(40,263,24),(40,264,25),(40,272,26),(40,275,27),(40,276,28),(40,278,29),(40,279,30),(40,280,31),(40,281,32),(40,282,33),(40,284,34),(40,285,35),(40,286,36),(40,390,37),(40,420,38),(40,421,39),(41,12,0),(41,201,1),(42,153,0),(42,154,1),(42,157,2),(42,160,3),(42,161,4),(42,288,5),(42,289,6),(42,290,7),(42,291,8),(42,292,9),(42,294,10),(42,295,11),(42,297,12),(42,301,13),(42,302,14),(42,303,15),(42,304,16),(42,305,17),(42,306,18),(42,307,19),(42,308,20),(42,310,21),(42,312,22),(42,313,23),(42,314,24),(42,315,25),(42,316,26),(42,318,27),(42,319,28),(42,320,29),(42,321,30),(42,322,31),(42,323,32),(42,324,33),(42,325,34),(42,326,35),(42,327,36),(42,328,37),(42,329,38),(42,330,39),(42,331,40),(42,332,41),(42,333,42),(42,335,43),(42,336,44),(42,337,45),(42,339,46),(42,340,47),(42,341,48),(42,342,49),(42,343,50),(42,344,51),(42,345,52),(42,422,53),(42,423,54),(43,153,0),(43,288,1),(43,289,2),(43,290,3),(43,291,4),(43,292,5),(43,294,6),(43,295,7),(43,297,8),(44,154,0),(44,157,1),(44,310,2),(44,312,3),(44,313,4),(44,314,5),(44,315,6),(44,316,7),(44,318,8),(44,319,9),(44,320,10),(44,321,11),(44,322,12),(44,323,13),(44,324,14),(44,325,15),(44,326,16),(44,327,17),(44,328,18),(44,329,19),(44,330,20),(44,331,21),(44,332,22),(44,333,23),(44,335,24),(44,336,25),(44,337,26),(44,339,27),(44,340,28),(44,341,29),(44,342,30),(44,343,31),(44,344,32),(44,345,33),(44,422,34),(44,423,35),(45,160,0),(45,161,1),(45,301,2),(45,302,3),(45,303,4),(45,304,5),(45,305,6),(45,306,7),(45,307,8),(45,308,9),(46,141,0),(46,201,1),(47,166,0),(47,168,1),(47,170,2),(47,171,3),(47,173,4),(47,174,5),(47,175,6),(47,178,7),(47,179,8),(47,180,9),(47,181,10),(47,347,11),(47,348,12),(47,349,13),(47,350,14),(48,12,0),(49,169,0),(49,182,1),(49,183,2),(49,184,3),(49,185,4),(49,351,5),(49,352,6),(49,355,7),(49,356,8),(49,357,9),(49,358,10),(49,359,11),(49,360,12),(49,361,13),(50,141,0),(51,197,0),(51,202,1),(52,198,0),(54,363,0),(54,372,1),(55,404,0),(56,410,0);

--
-- Table structure for table `gcahdy_category_shop`
--

CREATE TABLE `gcahdy_category_shop` (
  `id_category` int(11) NOT NULL,
  `id_shop` int(11) NOT NULL,
  `position` int(10) unsigned NOT NULL DEFAULT '0',
  PRIMARY KEY (`id_category`,`id_shop`)
) ENGINE=InnoDB DEFAULT CHARSET=utf8;

--
-- Dumping data for table `gcahdy_category_shop`
--

INSERT INTO `gcahdy_category_shop` VALUES (1,1,0),(2,1,0),(3,1,0),(4,1,0),(5,1,1),(6,1,2),(7,1,3),(8,1,0),(9,1,0),(10,1,1),(11,1,2),(12,1,3),(13,1,4),(14,1,1),(15,1,0),(16,1,1),(17,1,3),(18,1,0),(19,1,1),(20,1,2),(21,1,4),(22,1,0),(23,1,1),(24,1,2),(25,1,3),(26,1,4),(27,1,5),(28,1,0),(29,1,1),(30,1,2),(31,1,0),(32,1,1),(33,1,3),(34,1,4),(35,1,6),(36,1,0),(37,1,0),(38,1,1),(39,1,0),(40,1,1),(41,1,2),(42,1,2),(43,1,0),(44,1,1),(45,1,2),(46,1,3),(47,1,0),(48,1,0),(49,1,1),(50,1,0),(51,1,3),(52,1,4),(54,1,5),(55,1,2),(56,1,2);

--
-- Table structure for table `gcahdy_cms`
--

CREATE TABLE `gcahdy_cms` (
  `id_cms` int(10) unsigned NOT NULL AUTO_INCREMENT,
  `id_cms_category` int(10) unsigned NOT NULL,
  `position` int(10) unsigned NOT NULL DEFAULT '0',
  `active` tinyint(1) unsigned NOT NULL DEFAULT '0',
  `indexation` tinyint(1) unsigned NOT NULL DEFAULT '1',
  PRIMARY KEY (`id_cms`)
) ENGINE=InnoDB AUTO_INCREMENT=18 DEFAULT CHARSET=utf8;

--
-- Dumping data for table `gcahdy_cms`
--

INSERT INTO `gcahdy_cms` VALUES (1,1,5,0,0),(2,1,2,1,0),(3,1,6,0,0),(4,1,7,0,0),(5,1,8,0,0),(6,1,9,1,1),(7,1,10,1,1),(8,1,11,1,1),(9,1,12,1,1),(11,1,3,1,0),(13,1,1,1,1),(14,1,13,1,0),(16,1,0,1,1),(17,1,4,1,0);

--
-- Table structure for table `gcahdy_cms_block`
--

CREATE TABLE `gcahdy_cms_block` (
  `id_cms_block` int(10) unsigned NOT NULL AUTO_INCREMENT,
  `id_cms_category` int(10) unsigned NOT NULL,
  `location` tinyint(1) unsigned NOT NULL,
  `position` int(10) unsigned NOT NULL DEFAULT '0',
  `display_store` tinyint(1) unsigned NOT NULL DEFAULT '1',
  PRIMARY KEY (`id_cms_block`)
) ENGINE=InnoDB AUTO_INCREMENT=2 DEFAULT CHARSET=utf8;

--
-- Dumping data for table `gcahdy_cms_block`
--

INSERT INTO `gcahdy_cms_block` VALUES (1,1,0,1,1);

--
-- Table structure for table `gcahdy_cms_block_lang`
--

CREATE TABLE `gcahdy_cms_block_lang` (
  `id_cms_block` int(10) unsigned NOT NULL,
  `id_lang` int(10) unsigned NOT NULL,
  `name` varchar(40) NOT NULL DEFAULT '',
  PRIMARY KEY (`id_cms_block`,`id_lang`)
) ENGINE=InnoDB DEFAULT CHARSET=utf8;

--
-- Dumping data for table `gcahdy_cms_block_lang`
--

INSERT INTO `gcahdy_cms_block_lang` VALUES (1,1,'Supports'),(1,2,'Supports');

--
-- Table structure for table `gcahdy_cms_block_page`
--

CREATE TABLE `gcahdy_cms_block_page` (
  `id_cms_block_page` int(10) unsigned NOT NULL AUTO_INCREMENT,
  `id_cms_block` int(10) unsigned NOT NULL,
  `id_cms` int(10) unsigned NOT NULL,
  `is_category` tinyint(1) unsigned NOT NULL,
  PRIMARY KEY (`id_cms_block_page`)
) ENGINE=InnoDB AUTO_INCREMENT=7 DEFAULT CHARSET=utf8;

--
-- Dumping data for table `gcahdy_cms_block_page`
--

INSERT INTO `gcahdy_cms_block_page` VALUES (6,1,2,0);

--
-- Table structure for table `gcahdy_cms_block_shop`
--

CREATE TABLE `gcahdy_cms_block_shop` (
  `id_cms_block` int(10) unsigned NOT NULL AUTO_INCREMENT,
  `id_shop` int(10) unsigned NOT NULL,
  PRIMARY KEY (`id_cms_block`,`id_shop`)
) ENGINE=InnoDB AUTO_INCREMENT=2 DEFAULT CHARSET=utf8;

--
-- Dumping data for table `gcahdy_cms_block_shop`
--

INSERT INTO `gcahdy_cms_block_shop` VALUES (1,1);

--
-- Table structure for table `gcahdy_cms_category`
--

CREATE TABLE `gcahdy_cms_category` (
  `id_cms_category` int(10) unsigned NOT NULL AUTO_INCREMENT,
  `id_parent` int(10) unsigned NOT NULL,
  `level_depth` tinyint(3) unsigned NOT NULL DEFAULT '0',
  `active` tinyint(1) unsigned NOT NULL DEFAULT '0',
  `date_add` datetime NOT NULL,
  `date_upd` datetime NOT NULL,
  `position` int(10) unsigned NOT NULL DEFAULT '0',
  PRIMARY KEY (`id_cms_category`),
  KEY `category_parent` (`id_parent`)
) ENGINE=InnoDB AUTO_INCREMENT=2 DEFAULT CHARSET=utf8;

--
-- Dumping data for table `gcahdy_cms_category`
--

INSERT INTO `gcahdy_cms_category` VALUES (1,0,1,1,'2018-01-30 15:55:20','2018-01-30 15:55:20',0);

--
-- Table structure for table `gcahdy_cms_category_lang`
--

CREATE TABLE `gcahdy_cms_category_lang` (
  `id_cms_category` int(10) unsigned NOT NULL,
  `id_lang` int(10) unsigned NOT NULL,
  `id_shop` int(10) unsigned NOT NULL DEFAULT '1',
  `name` varchar(128) NOT NULL,
  `description` text,
  `link_rewrite` varchar(128) NOT NULL,
  `meta_title` varchar(128) DEFAULT NULL,
  `meta_keywords` varchar(255) DEFAULT NULL,
  `meta_description` varchar(255) DEFAULT NULL,
  PRIMARY KEY (`id_cms_category`,`id_shop`,`id_lang`),
  KEY `category_name` (`name`)
) ENGINE=InnoDB DEFAULT CHARSET=utf8;

--
-- Dumping data for table `gcahdy_cms_category_lang`
--

INSERT INTO `gcahdy_cms_category_lang` VALUES (1,1,1,'Accueil','','accueil','','',''),(1,2,1,'Accueil','','accueil','','','');

--
-- Table structure for table `gcahdy_cms_category_shop`
--

CREATE TABLE `gcahdy_cms_category_shop` (
  `id_cms_category` int(10) unsigned NOT NULL AUTO_INCREMENT,
  `id_shop` int(11) unsigned NOT NULL,
  PRIMARY KEY (`id_cms_category`,`id_shop`),
  KEY `id_shop` (`id_shop`)
) ENGINE=InnoDB AUTO_INCREMENT=2 DEFAULT CHARSET=utf8;

--
-- Dumping data for table `gcahdy_cms_category_shop`
--

INSERT INTO `gcahdy_cms_category_shop` VALUES (1,1);

--
-- Table structure for table `gcahdy_cms_lang`
--

CREATE TABLE `gcahdy_cms_lang` (
  `id_cms` int(10) unsigned NOT NULL,
  `id_lang` int(10) unsigned NOT NULL,
  `id_shop` int(10) unsigned NOT NULL DEFAULT '1',
  `meta_title` varchar(128) NOT NULL,
  `meta_description` varchar(255) DEFAULT NULL,
  `meta_keywords` varchar(255) DEFAULT NULL,
  `content` longtext,
  `link_rewrite` varchar(128) NOT NULL,
  PRIMARY KEY (`id_cms`,`id_shop`,`id_lang`)
) ENGINE=InnoDB DEFAULT CHARSET=utf8;

--
-- Dumping data for table `gcahdy_cms_lang`
--

INSERT INTO `gcahdy_cms_lang` VALUES (1,1,1,'Livraison','Nos conditions de livraison','conditions, livraison, délais, expédition, colis','<h2>Expéditions et retours</h2>\n<h3>Expédition de votre colis</h3>\n<p>Les colis sont généralement expédiés dans un délai de 2 jours après réception du paiement. Ils sont expédiés via UPS avec un numéro de suivi et remis sans signature. Les colis peuvent également être expédiés via UPS Extra et remis contre signature. Veuillez nous contacter avant de choisir ce mode de livraison, car il induit des frais supplémentaires. Quel que soit le mode de livraison choisi, nous vous envoyons un lien pour suivre votre colis en ligne.</p>\n<p>Les frais d\'expédition incluent les frais de préparation et d\'emballage ainsi que les frais de port. Les frais de préparation sont fixes, tandis que les frais de transport varient selon le poids total du colis. Nous vous recommandons de regrouper tous vos articles dans une seule commande. Nous ne pouvons regrouper deux commandes placées séparément et des frais d\'expédition s\'appliquent à chacune d\'entre elles. Votre colis est expédié à vos propres risques, mais une attention particulière est portée aux objets fragiles.<br /><br />Les dimensions des boîtes sont appropriées et vos articles sont correctement protégés.</p>\n<p>Les frais d\'expédition incluent les frais de préparation et d\'emballage ainsi que les frais de port. Les frais de préparation sont fixes, tandis que les frais</p>','livraison'),(1,2,1,'Livraison','Nos conditions de livraison','conditions, livraison, délais, expédition, colis','<h2>Expéditions et retours</h2>\n<h3>Expédition de votre colis</h3>\n<p>Les colis sont généralement expédiés dans un délai de 2 jours après réception du paiement. Ils sont expédiés via UPS avec un numéro de suivi et remis sans signature. Les colis peuvent également être expédiés via UPS Extra et remis contre signature. Veuillez nous contacter avant de choisir ce mode de livraison, car il induit des frais supplémentaires. Quel que soit le mode de livraison choisi, nous vous envoyons un lien pour suivre votre colis en ligne.</p>\n<p>Les frais d\'expédition incluent les frais de préparation et d\'emballage ainsi que les frais de port. Les frais de préparation sont fixes, tandis que les frais de transport varient selon le poids total du colis. Nous vous recommandons de regrouper tous vos articles dans une seule commande. Nous ne pouvons regrouper deux commandes placées séparément et des frais d\'expédition s\'appliquent à chacune d\'entre elles. Votre colis est expédié à vos propres risques, mais une attention particulière est portée aux objets fragiles.<br /><br />Les dimensions des boîtes sont appropriées et vos articles sont correctement protégés.</p>','livraison'),(2,1,1,'Mentions légales','Mentions légales site de vente de couteaux 100% France GOYON-CHAZEAU - www.goyon-chazeau.com','mentions, légales, crédits,couteaux,100% France,goyon-chazeau,Thiers','<h2>Mentions légales</h2>\n<p><span style=\"color:#ffffff;\">.</span></p>\n<h3><span style=\"color:#e6361b;\">L\'entreprise</span></h3>\n<p>Dénomination sociale: Coutellerie GOYON-CHAZEAU SAS<br />Forme juridique: SAS au capital de 15 245€<br />Adresse: 17, Chalais 63650 LA MONNERIE LE MONTEL<br />SIREN: 304 926 322 00013<br />N°TVA: FR 11 304 926 322</p>\n<p><span style=\"color:#ffffff;\">.</span></p>\n<h3><span style=\"color:#e6361b;\">Informatique et libertés</span></h3>\n<p>Les informations recueillies font l’objet d’un traitement informatique destiné à des fins commerciales et de prospections. <br /> Le destinataire des données est la société GOYON-CHAZEAU.<br /> Conformément à la loi « informatique et libertés » du 6 janvier 1978 modifiée en 2004, vous bénéficiez d’un droit d’accès et de rectification aux informations qui vous concernent, que vous pouvez exercer via notre formulaire de contact (rubrique « Contact ») en indiquant votre nom, prénom et email.<br /> Vous pouvez également, pour des motifs légitimes, vous opposer au traitement des données vous concernant. <br /> Numéro d’enregistrement CNIL : 2172230 v 0</p>\n<p>La responsabilité de la Coutellerie GOYON-CHAZEAU ne saurait être engagée pour tous les inconvénients ou dommages inhérents à l\'utilisation du réseau Internet, notamment une rupture de service, une intrusion extérieure ou la présence de virus informatiques.</p>\n<p><span style=\"color:#ffffff;\">.</span></p>\n<h3><span style=\"color:#e6361b;\"><strong>Réalisation du site www.goyon-chazeau.com:</strong></span></h3>\n<p>La Machine www.la-machine.com</p>\n<p><span style=\"color:#ffffff;\">.</span></p>\n<h3><span style=\"color:#e6361b;\"><strong>Hébergement : </strong></span></h3>\n<p>OVH<br />2 rue Kellermann<br />59100 Roubaix<br />Tel : +33 (0)820 320 363<br />SAS au capital de 10,059,500 € – RCS Roubaix – Tourcoing 424 761 419 – SIRET 424 761 419 00045 – APE 6202A – N° TVA FR 22 424 761 419</p>\n<p><span style=\"color:#ffffff;\">.</span></p>\n<h3><span style=\"color:#e6361b;\"><strong>Responsable de publication :</strong> </span></h3>\n<p>Magali SOUCILLE</p>','Mentions-legales'),(2,2,1,'Legal notice','Legal notice knives sales site 100% France GOYON-CHAZEAU - www.goyon-chazeau.com','legal,notice,goyon-chazeau,100% France,knife,knives, Thiers','<h2>Legal notice</h2>\n<p><span style=\"color:#ffffff;\">.</span></p>\n<h3><span style=\"color:#e6361b;\">The company</span></h3>\n<p>Comapny name : Coutellerie GOYON-CHAZEAU SAS<br />Legal form: SAS with a capital of 15,245 €<br />Address: 17, Chalais 63650 LA MONNERIE LE MONTEL<br />SIREN: 304 926 322 00013<br />N°TVA: FR 11 304 926 322</p>\n<p><span style=\"color:#ffffff;\">.</span></p>\n<h3><span style=\"color:#e6361b;\">Data-processing and liberties</span></h3>\n<p>Goyon Chazeau protects your personal data. Accordingly the present Internet site was officially declared to the French data protection agency (CNIL) under the registration number 2172230 v 0.<br />The information collected is computer-processed to send out information concerning our products or news.<br />In pursuance of the French data protection law of 6 January 1978 modified in 2004, you have the right to access and rectify any information that concerns you. You may exercise this right by means of our contact form (heading “Contact”).<br />You may also, for legitimate reasons, refuse the processing of data that concern you.</p>\n<p><span>GOYON-CHAZEAU SAS’ responsibility can not be engaged for all inconvenience or damage inherent to the use of the Internet, in particular a break of service, an external intrusion or the presence of computer viruses.</span></p>\n<p><span style=\"color:#ffffff;\">.</span></p>\n<h3><span style=\"color:#e6361b;\"><strong>Design and production of www.goyon-chazeau.com website:</strong></span></h3>\n<p>La Machine www.la-machine.com</p>\n<p><span style=\"color:#ffffff;\">.</span></p>\n<h3><span style=\"color:#e6361b;\"><strong>Host : </strong></span></h3>\n<p>OVH<br />2 rue Kellermann<br />59100 Roubaix<br />Phone : +33 (0)820 320 363<br />SAS with a capital of 10,000,000 € – RCS Roubaix – Tourcoing 424 761 419 – SIRET 424 761 419 00045 – APE 6202A – VAT No. FR 22 424 761 419</p>\n<p><span style=\"color:#ffffff;\">.</span></p>\n<h3><span style=\"color:#e6361b;\"><strong>Director of publications :</strong> </span></h3>\n<p>Magali SOUCILLE</p>','Legal-notice'),(3,1,1,'Conditions d\'utilisation','Nos conditions d\'utilisation','conditions, utilisation, vente','<h1 class=\"page-heading\">Conditions d\'utilisation</h1>\n<h3 class=\"page-subheading\">Règle n° 1</h3>\n<p class=\"bottom-indent\">Lorem ipsum dolor sit amet conse ctetur adipisicing elit, sed do eiusmod tempor incididunt ut labore et dolore magna aliqua. Ut enim ad minim veniam, quis nostrud exercitation ullamco laboris nisi ut aliquip ex ea commodo consequat. Duis aute irure dolor in reprehenderit in voluptate velit esse cillum dolore eu fugiat nulla pariatur. Excepteur sint occaecat cupidatat non proident, sunt in culpa qui officia deserunt mollit anim id est laborum.</p>\n<h3 class=\"page-subheading\">Règle n° 2</h3>\n<p class=\"bottom-indent\">Sed do eiusmod tempor incididunt ut labore et dolore magna aliqua. Ut enim ad minim veniam, quis nostrud exercitation ullamco laboris nisi ut aliquip ex ea commodo consequat. Duis aute irure dolor in reprehenderit in voluptate velit esse cillum dolore eu fugiat nulla pariatur. Excepteur sint occaecat cupidatat non proident, sunt in culpa qui officia deserunt mollit anim id est laborum. Lorem ipsum dolor sit amet conse ctetur adipisicing elit, sed do eiusmod tempor incididunt ut labore et dolore magna aliqua. Ut enim ad minim veniam&#1102;</p>\n<h3 class=\"page-subheading\">Règle n° 3</h3>\n<p class=\"bottom-indent\">Tempor incididunt ut labore et dolore magna aliqua. Ut enim ad minim veniam, quis nostrud exercitation ullamco laboris nisi ut aliquip ex ea commodo consequat. Duis aute irure dolor in reprehenderit in voluptate velit esse cillum dolore eu fugiat nulla pariatur. Excepteur sint occaecat cupidatat non proident, sunt in culpa qui officia deserunt mollit anim id est laborum. Lorem ipsum dolor sit amet conse ctetur adipisicing elit, sed do eiusmod tempor incididunt ut labore et dolore magna aliqua. Ut enim ad minim veniam&#1102;</p>','conditions-utilisation'),(3,2,1,'Conditions d\'utilisation','Nos conditions d\'utilisation','conditions, utilisation, vente','<h1 class=\"page-heading\">Conditions d\'utilisation</h1>\n<h3 class=\"page-subheading\">Règle n° 1</h3>\n<p class=\"bottom-indent\">Lorem ipsum dolor sit amet conse ctetur adipisicing elit, sed do eiusmod tempor incididunt ut labore et dolore magna aliqua. Ut enim ad minim veniam, quis nostrud exercitation ullamco laboris nisi ut aliquip ex ea commodo consequat. Duis aute irure dolor in reprehenderit in voluptate velit esse cillum dolore eu fugiat nulla pariatur. Excepteur sint occaecat cupidatat non proident, sunt in culpa qui officia deserunt mollit anim id est laborum.</p>\n<h3 class=\"page-subheading\">Règle n° 2</h3>\n<p class=\"bottom-indent\">Sed do eiusmod tempor incididunt ut labore et dolore magna aliqua. Ut enim ad minim veniam, quis nostrud exercitation ullamco laboris nisi ut aliquip ex ea commodo consequat. Duis aute irure dolor in reprehenderit in voluptate velit esse cillum dolore eu fugiat nulla pariatur. Excepteur sint occaecat cupidatat non proident, sunt in culpa qui officia deserunt mollit anim id est laborum. Lorem ipsum dolor sit amet conse ctetur adipisicing elit, sed do eiusmod tempor incididunt ut labore et dolore magna aliqua. Ut enim ad minim veniam&#1102;</p>\n<h3 class=\"page-subheading\">Règle n° 3</h3>\n<p class=\"bottom-indent\">Tempor incididunt ut labore et dolore magna aliqua. Ut enim ad minim veniam, quis nostrud exercitation ullamco laboris nisi ut aliquip ex ea commodo consequat. Duis aute irure dolor in reprehenderit in voluptate velit esse cillum dolore eu fugiat nulla pariatur. Excepteur sint occaecat cupidatat non proident, sunt in culpa qui officia deserunt mollit anim id est laborum. Lorem ipsum dolor sit amet conse ctetur adipisicing elit, sed do eiusmod tempor incididunt ut labore et dolore magna aliqua. Ut enim ad minim veniam&#1102;</p>','conditions-utilisation'),(4,1,1,'A propos','En savoir plus sur notre entreprise','à propos, informations','<h1 class=\"page-heading bottom-indent\">A propos</h1>\n<div class=\"row\">\n<div class=\"col-xs-12 col-sm-4\">\n<div class=\"cms-block\">\n<h3 class=\"page-subheading\">Notre entreprise</h3>\n<p><strong class=\"dark\">Lorem ipsum dolor sit amet conse ctetur adipisicing elit, sed do eiusmod tempor incididun.</strong></p>\n<p>Lorem ipsum dolor sit amet conse ctetur adipisicing elit, sed do eiusmod tempor incididunt ut labore et dolore magna aliqua. Ut enim ad minim veniam. Lorem ipsum dolor sit amet conse ctetur adipisicing elit.</p>\n<ul class=\"list-1\">\n<li><em class=\"icon-ok\"></em>Produits haute qualité</li>\n<li><em class=\"icon-ok\"></em>Service client inégalé</li>\n<li><em class=\"icon-ok\"></em>Remboursement garanti pendant 30 jours</li>\n</ul>\n</div>\n</div>\n<div class=\"col-xs-12 col-sm-4\">\n<div class=\"cms-box\">\n<h3 class=\"page-subheading\">Notre équipe</h3>\n<img title=\"cms-img\" src=\"../img/cms/cms-img.jpg\" alt=\"cms-img\" width=\"370\" height=\"192\" />\n<p><strong class=\"dark\">Lorem set sint occaecat cupidatat non </strong></p>\n<p>Eiusmod tempor incididunt ut labore et dolore magna aliqua. Ut enim ad minim veniam, quis nostrud exercitation ullamco laboris nisi ut aliquip ex ea commodo.</p>\n</div>\n</div>\n<div class=\"col-xs-12 col-sm-4\">\n<div class=\"cms-box\">\n<h3 class=\"page-subheading\">Témoignages</h3>\n<div class=\"testimonials\">\n<div class=\"inner\"><span class=\"before\">“</span>Lorem ipsum dolor sit amet conse ctetur adipisicing elit, sed do eiusmod tempor incididunt ut labore et dolore magna aliqua. Ut enim ad minim.<span class=\"after\">”</span></div>\n</div>\n<p><strong class=\"dark\">Lorem ipsum dolor sit</strong></p>\n<div class=\"testimonials\">\n<div class=\"inner\"><span class=\"before\">“</span>Excepteur sint occaecat cupidatat non proident, sunt in culpa qui officia deserunt mollit anim id est laborum. Lorem ipsum dolor sit amet conse ctetur adipisicing elit. Lorem ipsum dolor sit amet conse ctetur adipisicing elit, sed do eiusmod.<span class=\"after\">”</span></div>\n</div>\n<p><strong class=\"dark\">Ipsum dolor sit</strong></p>\n</div>\n</div>\n</div>','a-propos'),(4,2,1,'A propos','En savoir plus sur notre entreprise','à propos, informations','<h1 class=\"page-heading bottom-indent\">A propos</h1>\n<div class=\"row\">\n<div class=\"col-xs-12 col-sm-4\">\n<div class=\"cms-block\">\n<h3 class=\"page-subheading\">Notre entreprise</h3>\n<p><strong class=\"dark\">Lorem ipsum dolor sit amet conse ctetur adipisicing elit, sed do eiusmod tempor incididun.</strong></p>\n<p>Lorem ipsum dolor sit amet conse ctetur adipisicing elit, sed do eiusmod tempor incididunt ut labore et dolore magna aliqua. Ut enim ad minim veniam. Lorem ipsum dolor sit amet conse ctetur adipisicing elit.</p>\n<ul class=\"list-1\">\n<li><em class=\"icon-ok\"></em>Produits haute qualité</li>\n<li><em class=\"icon-ok\"></em>Service client inégalé</li>\n<li><em class=\"icon-ok\"></em>Remboursement garanti pendant 30 jours</li>\n</ul>\n</div>\n</div>\n<div class=\"col-xs-12 col-sm-4\">\n<div class=\"cms-box\">\n<h3 class=\"page-subheading\">Notre équipe</h3>\n<img title=\"cms-img\" src=\"../img/cms/cms-img.jpg\" alt=\"cms-img\" width=\"370\" height=\"192\" />\n<p><strong class=\"dark\">Lorem set sint occaecat cupidatat non </strong></p>\n<p>Eiusmod tempor incididunt ut labore et dolore magna aliqua. Ut enim ad minim veniam, quis nostrud exercitation ullamco laboris nisi ut aliquip ex ea commodo.</p>\n</div>\n</div>\n<div class=\"col-xs-12 col-sm-4\">\n<div class=\"cms-box\">\n<h3 class=\"page-subheading\">Témoignages</h3>\n<div class=\"testimonials\">\n<div class=\"inner\"><span class=\"before\">“</span>Lorem ipsum dolor sit amet conse ctetur adipisicing elit, sed do eiusmod tempor incididunt ut labore et dolore magna aliqua. Ut enim ad minim.<span class=\"after\">”</span></div>\n</div>\n<p><strong class=\"dark\">Lorem ipsum dolor sit</strong></p>\n<div class=\"testimonials\">\n<div class=\"inner\"><span class=\"before\">“</span>Excepteur sint occaecat cupidatat non proident, sunt in culpa qui officia deserunt mollit anim id est laborum. Lorem ipsum dolor sit amet conse ctetur adipisicing elit. Lorem ipsum dolor sit amet conse ctetur adipisicing elit, sed do eiusmod.<span class=\"after\">”</span></div>\n</div>\n<p><strong class=\"dark\">Ipsum dolor sit</strong></p>\n</div>\n</div>\n</div>','a-propos'),(5,1,1,'Paiement sécurisé','Notre méthode de paiement sécurisé','paiement sécurisé, ssl, visa, mastercard, paypal','<h2>Paiement sécurisé</h2>\n<h3>Notre paiement sécurisé</h3><p>Avec SSL</p>\n<h3>Avec Visa/Mastercard/Paypal</h3><p>A propos de ce service</p>','paiement-securise'),(5,2,1,'Paiement sécurisé','Notre méthode de paiement sécurisé','paiement sécurisé, ssl, visa, mastercard, paypal','<h2>Paiement sécurisé</h2>\n<h3>Notre paiement sécurisé</h3><p>Avec SSL</p>\n<h3>Avec Visa/Mastercard/Paypal</h3><p>A propos de ce service</p>','paiement-securise'),(6,1,1,'Histoire','GOYON-CHAZEAU, coutelier fabricant à Thiers depuis 3 générations','goyon-chazeau,coutelier,fabricant,couteau, couteaux,Thiers','<h1>3 générations d\'histoire coutelière</h1>\n<hr /><p></p>\n<table style=\"height:448px;\" width=\"1150\"><tbody><tr><td><img src=\"https://www.goyon-chazeau.com/img/cms/Mariage%20GOYON%201%C3%A8re%20g%C3%A9n%C3%A9ration.jpg\" alt=\"Mariage de Gabriel GOYON et Solange CHAZEAU\" width=\"464\" height=\"609\" /></td>\n<td>\n<p><span><span style=\"color:#e6361b;\"><strong><strong>1</strong></strong></span>0 octobre 1953… Si l’on doit donner une date de naissance au nom GOYON-CHAZEAU, ce serait la date du mariage de Solange CHAZEAU et Gabriel GOYON. <br />Tout juste marié, le jeune couple associe ses deux noms de famille pour proposer ses services d’ouvriers polisseurs à domicile aux nombreuses coutelleries établies dans la région thiernoise. <br />Gabriel et Solange, les « GOYON-CHAZEAU », se spécialisent ainsi peu à peu dans la coutellerie haut de gamme. Néanmoins, dans un souci de différenciation et d’expertise face à la multitude d’ateliers couteliers thiernois, ils complètent leur savoir-faire de polisseur par la maîtrise de la soudure de l’acier inoxydable. <br />Reconnus pour la qualité de leur travail, les coutelleries les plus importantes leur confient les commandes des grands comptes.</span></p>\n<p></p>\n</td>\n</tr></tbody></table><table width=\"1148\"><tbody><tr><td>\n<p style=\"text-align:left;\"><span style=\"color:#e6361b;\"><strong>A</strong></span>insi, lame après lame, couteau après couteau leur activité se développe… et leur famille aussi avec la venue au monde (en 1956) de leur fils, Denis.<br /> Ce dernier grandit entre lames et manches, passe parfois, puis de plus en plus souvent, derrière les machines pour aider ses parents et finit par être pris à son tour par la passion du couteau. Il rejoint officiellement l’atelier de coutellerie en novembre 1973.<br /> A six mains et avec une activité toujours grandissante, l’atelier devient trop petit.<br /> Le couple décide alors de construire une petite usine au bas de leur habitation et crée, le 30 décembre 1975 la SARL Ets GOYON-CHAZEAU.</p>\n<table style=\"height:221px;\" width=\"1143\"><tbody><tr><td style=\"text-align:center;\">\n<p><img src=\"https://goyon-chazeau.com/img/cms/Usine%20GOYON-CHAZEAU%20en%202018.jpg\" alt=\"Coutellerie GOYON-CHAZEAU - Atelier\" width=\"762\" height=\"373\" /></p>\n</td>\n</tr></tbody></table><p style=\"text-align:left;\"><span style=\"color:#e6361b;\"><strong>D</strong></span>ans cette période faste pour la coutellerie et l’orfèvrerie française, la petite entreprise est essentiellement sous-traitante pour les grands donneurs d’ordre de l’époque tels que Martial Soucille, les Etablissements Rimbert, Besset Laroche, Frionnet-François et Couzon.</p>\n<p style=\"text-align:left;\">Denis, qui a réussi à convaincre son épouse de le rejoindre dans l’entreprise en 1978, profite de ce contact avec les grandes marques de l’époque et leurs exigences pour parfaire sa formation.</p>\n<p>Ses parents finissent par lui laisser la gérance de GOYON-CHAZEAU en octobre 1988.</p>\n<p>Mais les temps changent et les produits d’import à bas coût, en provenance d’Asie, font leur apparition sur le marché français. L’univers des arts de la table est bouleversé et son commerce rencontre de nombreuses difficultés.</p>\n<p>Denis et Christine comprennent très vite qu’il faut diversifier l’activité.<br />Ils vont alors réfléchir au développement de leurs propres produits qu’ils commercialiseront sous leur marque.</p>\n</td>\n</tr></tbody></table><table style=\"height:272px;\" width=\"1148\"><tbody><tr><td>\n<p></p>\n<p><span style=\"color:#e6361b;\"><strong>C</strong></span>’est ainsi qu’en 1992 ils créent le premier Laguiole tout inox de marque GOYON-CHAZEAU. Commercialisé par le biais d’un grossiste, le couteau rencontre rapidement un vif succès auprès des revendeurs.<br /> Il n’en faut pas plus pour convaincre Denis qu’il faut continuer à développer sa marque.<br /> En 1994, il lance une gamme entièrement forgée de couteaux de table Laguiole et en 1995 propose sa première version du couteau <em>Le THIERS®</em> dans une finition tout inox forgée.<br /> Fort de ce petit catalogue, le couple commence à prospecter et participe au 1<sup>er</sup> salon professionnel <em>Maison et Objet</em> à Paris.</p>\n</td>\n<td><img src=\"https://www.goyon-chazeau.com/img/cms/Denis%20Goyon%20Coutelier.jpg\" alt=\"Denis Goyon Coutelier\" width=\"500\" height=\"281\" /></td>\n</tr></tbody></table><p style=\"text-align:left;\"><span style=\"color:#e6361b;\"><strong>A</strong></span><span>u début des années 2000, Denis revient à la création et imagine un nouveau couteau, le Styl’ver®, dont la forme, inspirée par la tenue en main, et le nom, seront reconnus par la profession.<br /></span>Il étoffera encore davantage sa gamme en créant des couteaux de poche et de cuisine.<br />La marque renforce son équipe, étend son territoire sur la France et se développe également peu à peu à l’international.</p>\n<p style=\"text-align:center;\"> <img src=\"https://www.goyon-chazeau.com/img/cms/2%20logos%20GOYON%20CHAZEAU.jpg\" alt=\"Logos Goyon Chazeau\" width=\"517\" height=\"102\" /></p>\n<table style=\"height:19px;\" width=\"1138\"><tbody><tr><td>\n<p><span style=\"color:#e6361b;\"><strong>L</strong></span>’équipe accueille la troisième génération de l’entreprise dans la décennie qui suit avec l’arrivée de Vincent Soucille, l’époux de Magali, fille de Denis et Christine, en 2011. Fort de 13 années d’expérience dans la vente, il prend en charge le développement commercial de la société.</p>\n<p>Puis, pour suivre un objectif qu’elle s’était fixée alors qu’elle n’était qu’étudiante en école de commerce et après 12 ans d’expérience en tant que responsable marketing et communication, et de nombreux salons professionnels aux côtés de ses parents et son mari, Magali prend la relève de son père et devient présidente des Etablissements GOYON-CHAZEAU au début de l’année 2017.<br /> Son objectif ? Faire de l’entreprise familiale une référence nationale et internationale incontournable du couteau de qualité made in France !</p>\n</td>\n<td><img src=\"https://goyon-chazeau.com/img/cms/Famille%20GOYON-CHAZEAU%202%C3%A8me%20et%203%C3%A8me%20g%C3%A9n%C3%A9ration.jpg\" alt=\"Famille GOYON-CHAZEAU, 2ème et 3ème générations\" width=\"600\" height=\"800\" /></td>\n</tr></tbody></table>','GOYON-CHAZEAU-coutelier-fabricant-a-Thiers-depuis-3-generations'),(6,2,1,'History','GOYON-CHAZEAU, 3 generations of cutler know-how','goyon-Chazeau,cutler,manufacturer,thiers,knife, knives','<h1>Third generation of cutler family story</h1>\n<hr /><p>  </p>\n<table width=\"1150\" class=\"table-column\"><tbody><tr><td><img src=\"https://www.goyon-chazeau.com/img/cms/Mariage%20GOYON%201%C3%A8re%20g%C3%A9n%C3%A9ration.jpg\" alt=\"Mariage de Gabriel GOYON et Solange CHAZEAU\" width=\"464\" height=\"609\" /></td>\n<td>\n<p><span style=\"color:#e6361b;\"><strong>O</strong></span>ctober the 10th, 1953… If we want to give a birth date to GOYON-CHAZEAU’s name, it would be the date of Solange CHAZEAU and Gabriel GOYON’s wedding.</p>\n<p>Just married, the young couple combines his two family names to offer at home polishers services, to the many cutlery factories established in Thiers city area, the French capital for cutlery.</p>\n<p>Gabriel and Solange, the \"GOYON-CHAZEAU\", specialize themselves gradually in the high-end cutlery. Nevertheless, in order to distinguish and specialize themselves face to the multitude of cutler workshops of Thiers labor pool, they complete their polishing know-how by the mastering of stainless steel welding.</p>\n<p>Recognized for the quality of their work, the most important cutleries entrust them their big account orders.</p>\n<p></p>\n</td>\n</tr></tbody></table><p></p>\n<p><span style=\"color:#e6361b;\"><strong>T</strong></span>hus, blade after blade, knife after knife, their activity grows ... and so does their family with the birth of their son Denis in 1956.</p>\n<p>Denis grows between blades and handles. Sometimes, and then more and more often, he helps his parents and he finaly ends up being taken in turn by the knife passion. He officially joins the cutlery workshop in November 1973.</p>\n<p>With six hands and with an ever increasing activity, the workshop becomes too small. The couple then decides to build a small factory beside their house and creates, on December the 30th, 1975 the company Ets GOYON-CHAZEAU.</p>\n<table style=\"height:19px;\" width=\"1144\" class=\"table-column\"><tbody><tr><td style=\"text-align:center;\"><img src=\"https://goyon-chazeau.com/img/cms/Usine%20GOYON-CHAZEAU%20en%202018.jpg\" alt=\"Coutellerie GOYON-CHAZEAU - Workshop\" width=\"776\" height=\"379\" /></td>\n</tr></tbody></table><p></p>\n<p>In this period of prosperity for French cutlery and silversmithing, the small company is essentially subcontractor for major companies of the time such as Martial Soucille, Etablissements Rimbert, Besset Laroche, Francois Frionnet and Couzon.</p>\n<p>Denis, who managed to convince his wife to join the company in 1978, benefits from this contact with major brands and their requirements to perfect his training.<br />His parents finally leave him GOYON-CHAZEAU’s management, in October 1988.</p>\n<p>But times are changing and low-cost knives and cutlery imported from Asia are appearing on the French market. The world of tableware is upset and its business encounters many difficulties.</p>\n<p>Denis and Christine quickly understand that it is necessary to diversify the activity. They will then think about the development of their own products that they will market under their brand.</p>\n<table width=\"1148\" class=\"table-column\"><tbody><tr><td>\n<p></p>\n<p><span style=\"color:#e6361b;\"><strong>S</strong></span>o, in 1992, they create the first GOYON-CHAZEAU stainless steel Laguiole knife. Marketed through a wholesaler, the knife quickly meets with resellers. No more is needed to convince Denis that he has to develop his own brand.</p>\n<p>In 1994, he launches a fully forged range of Laguiole table knives and in 1995 introduces his first version of the <br />Le THIERS® knife in a stainless steel forged version.</p>\n<p>With this small catalog, the couple starts prospecting and participates in the first <em>Maison &amp; Objet</em> trade show in Paris.</p>\n</td>\n<td><img src=\"https://www.goyon-chazeau.com/img/cms/Denis%20Goyon%20Coutelier.jpg\" alt=\"Denis Goyon Coutelier\" width=\"500\" height=\"281\" /></td>\n</tr></tbody></table><p></p>\n<p><span style=\"color:#e6361b;\"><strong>I</strong></span>n the early 2000s, Denis returns to creation and imagines a new knife, the Styl\'ver®, whose name and shape, inspired by the hand palm, will be commended by the profession.<br />He will further expand its range by creating pocket knives and kitchen knives.<br />The brand strengthens its team, extends its territory to all France and is also developing internationally. </p>\n<p> </p>\n<p style=\"text-align:center;\"><img src=\"https://www.goyon-chazeau.com/img/cms/2%20logos%20GOYON%20CHAZEAU.jpg\" alt=\"Logos GOYON-CHAZEAU\" style=\"margin-left:auto;margin-right:auto;\" width=\"517\" height=\"102\" /></p>\n<p><span><strong>T</strong></span>he company welcomes the third generation in the following decade. <br /> The daughter of Denis and Christine, Magali, starts commercial studies with the aim of taking over the family business. She helps them to develop internationally by participating, alongside them, in foreign trade shows.</p>\n<p>In 2011, caught by the family aspiration, and with 13 years of experience in sales, Vincent Soucille, Magali’s husband, takes the commercial development of the company.</p>\n<p>He will be joined in 2017 by Magali who takes over from his father and becomes President of Etablissements GOYON-CHAZEAU.</p>\n<p>Her aim ? Make the family business a national and international must-have reference of the made in France knives quality!</p>\n<p></p>\n<table width=\"1138\" class=\"table-column\"><tbody><tr><td>\n<p><span style=\"color:#e6361b;\"><strong>T</strong></span>he company welcomes the third generation in the following decade. <br /> The daughter of Denis and Christine, Magali, starts commercial studies with the aim of taking over the family business. She helps them to develop internationally by participating, alongside them, in foreign trade shows.</p>\n<p>In 2011, caught by the family aspiration, and with 13 years of experience in sales, Vincent Soucille, Magali’s husband, takes the commercial development of the company.</p>\n<p>He will be joined in 2017 by Magali who takes over from his father and becomes President of Etablissements GOYON-CHAZEAU.</p>\n<p>Her aim ? Make the family business a national and international must-have reference of the made in France knives quality!</p>\n<p></p>\n</td>\n<td><img src=\"https://goyon-chazeau.com/img/cms/Famille%20GOYON-CHAZEAU%202%C3%A8me%20et%203%C3%A8me%20g%C3%A9n%C3%A9ration.jpg\" alt=\"Famille Goyon-Chazeau, 2ème et 3ème générations\" width=\"600\" height=\"800\" /></td>\n</tr></tbody></table>','GOYON-CHAZEAU-3-generations-of-cutler-know-how'),(7,1,1,'Savoir-faire','L\'expertise unique de la soudure de l\'inox et du travail de la forge a permis à GOYON-CHAZEAU de recevoir le label EPV','EPV,coutelier,couteaux,couteau,forge','<h1>Un savoir-faire reconnu</h1>\n<hr /><p><span style=\"color:#e6361b;\"><strong>L</strong></span>e savoir-faire coutelier n’est pas un métier mais une succession de connaissances et techniques qu’il faut maitriser et judicieusement combiner pour réaliser des couteaux de qualité, des couteaux qui coupent !</p>\n<p>La maîtrise de cette combinaison c’est l’art du « Maître coutelier ». </p>\n<table width=\"1150\"><tbody><tr><td>\n<p><img src=\"https://goyon-chazeau.com/img/cms/Atelier%20GOYON-CHAZEAU.jpg\" alt=\"Travail dans l\'atelier Goyon-Chazeau\" width=\"701\" height=\"800\" /></p>\n</td>\n<td>\n<p><span style=\"color:#e6361b;\"><strong>C</strong></span>’est au fil des ans et des générations que GOYON-CHAZEAU a acquis cette maîtrise de la coutellerie en organisant, les unes après les autres, les étapes de fabrication d’un couteau qu’on appelle les « rangs ».</p>\n<p>Un couteau ou couvert GOYON-CHAZEAU fait appel à plus de 40 rangs de fabrication et est réalisé avec des fournitures exclusives du bassin de Thiers, capitale de la coutellerie française depuis 6 siècles.</p>\n</td>\n</tr></tbody></table><table style=\"height:19px;\" width=\"1146\"><tbody><tr><td>\n<p><span style=\"color:#e6361b;\"><strong>L</strong></span>a Coutellerie GOYON-CHAZEAU a su très tôt se spécialiser dans la soudure de l’inox, les techniques du montage monocoque et le travail de la forge, rangs qui ont toujours été l’apanage des couteaux haut de gamme.</p>\n<p>Souder manuellement, point par point, deux coquilles d’inox creuses pour former un manche, souder les manches aux lames et hauts de couverts, telles étaient les tâches qu’accomplissaient déjà les grands-parents de Magali Soucille, l’actuelle directrice de la société.</p>\n</td>\n<td>\n<p><img src=\"https://goyon-chazeau.com/img/cms/Soudure%20de%20linox%20chez%20Goyon-Chazeau.jpg\" alt=\"Soudure de l\'inox chez Goyon-Chazeau\" width=\"800\" height=\"600\" /></p>\n<p></p>\n<p></p>\n<p></p>\n</td>\n</tr></tbody></table><p><span style=\"color:#e6361b;\"><strong><br />Q</strong></span>uant au travail de la forge, c’est Denis Goyon qui, dès les années 90, en a fait le point d’ancrage de ses nouveaux produits.</p>\n<p>Ces deux expertises, uniques dans le domaine de la coutellerie de table, ont été reconnues par l’Etat français qui a décerné le label EPV (Entreprise du Patrimoine Vivant) à GOYON-CHAZEAU en 2013.</p>\n<table style=\"height:162px;\" width=\"1148\"><tbody><tr><td>\n<p style=\"text-align:center;\"><strong><img src=\"https://goyon-chazeau.com/img/cms/Logo%20EPV_%20Goyon-Chazeau,%20Entreprise%20du%20Patrimoine%20Vivant.jpg\" alt=\"Label EPV\" width=\"200\" height=\"200\" /></strong></p>\n</td>\n</tr></tbody></table><p></p>\n<p><strong><span style=\"color:#e6361b;\">C</span></strong>ette maîtrise du savoir-faire ne s’arrête pas là. La Coutellerie GOYON-CHAZEAU s’implique également fortement dans la sauvegarde du patrimoine et du savoir-faire coutelier.</p>\n<p>En témoigne son adhésion, dès l’origine, à la <em>Confrérie du Couteau Le Thiers</em>, qui œuvre pour le maintien d’un haut niveau de qualité coutelier en France et protège le modèle de couteau <em>LE THIERS®.</em></p>\n<p></p>\n<p><span style=\"color:#e6361b;\"><strong>L</strong></span>’entreprise est née ambassadrice du <strong><span style=\"color:#e6361b;\">Made in France</span></strong><span>, et demeure représentante du</span> <span style=\"color:#e6361b;\"><strong>Made in Thiers</strong></span>.</p>\n<table width=\"1149\" style=\"height:19px;\"><tbody><tr><td style=\"text-align:center;\"><video width=\"1117\" height=\"554\" poster=\"https://goyon-chazeau.com/img/cms/Fabrication%20artisanale%20de%20couteaux%20de%20qualit%C3%A9_GOYON_CHAZEAU.jpg\" controls=\"\"><source src=\"/img/cms/GOYON-CHAZEAU_film2017.mp4\" type=\"video/mp4\"></source><source src=\"https://www.youtube.com/watch?v=TkyNK0zc3ts\"></source></video></td>\n</tr></tbody></table>','Un-savoir-faire-coutelier-reconnu'),(7,2,1,'Expertise','The unique expertise in stainless steel welding & forge manufacturing allows GOYON-CHAZEAU to be granted by the Living Heritage Company (EPV) label.','Living heritage company,EPV,cutler,goyon-chazeau,knife, knives,forge','<h1>A renowned expertise</h1>\n<hr /><p><span style=\"color:#e6361b;\"><strong>C</strong></span>utler know-how is not an easy job but a succession of knowledges and techniques that must be mastered and carefully combined to make quality knives, knives that cut!</p>\n<p>The mastering of this combination is the « master cutler » art.</p>\n<table width=\"1150\" class=\"table-column\"><tbody><tr><td>\n<p><img src=\"https://goyon-chazeau.com/img/cms/Atelier%20GOYON-CHAZEAU.jpg\" alt=\"Goyon-Chazeau workshop\" width=\"701\" height=\"800\" /></p>\n<p></p>\n</td>\n<td>\n<p><span style=\"color:#e6361b;\"><strong>I</strong></span>t is over years and generations that GOYON-CHAZEAU acquired this mastery of cutlery by organizing, one after the other, the steps of making a knife, that are called \"ranks\".</p>\n<p>A GOYON-CHAZEAU knife, or cutlery piece, uses more than 40 ranks and is made with supplies exclusively coming from Thiers labor pool, French capital city of cutlery for 6 centuries.</p>\n</td>\n</tr></tbody></table><table width=\"1146\" class=\"table-column\"><tbody><tr><td>\n<p><span style=\"color:#e6361b;\"><strong>T</strong></span>he GOYON-CHAZEAU Cutlery has specialized itself very early in the welding of the stainless steel, the techniques of hollow handle assembly and the forge work. Those ranks have always been the prerogative of high-end knives.</p>\n<p>Manual point by point welding of two hollow stainless steel shells to form a handle, welding these handles to blades or cutlery heads, were the tasks already accomplished by the grand-parents of Magali Soucille, the current Company Manager.</p>\n</td>\n<td>\n<p></p>\n<p></p>\n<p></p>\n<p><img src=\"https://goyon-chazeau.com/img/cms/Soudure%20de%20linox%20chez%20Goyon-Chazeau.jpg\" alt=\"Soudure de l\'inox chez Goyon-Chazeau\" width=\"685\" height=\"514\" /></p>\n</td>\n</tr></tbody></table><p><span style=\"color:#e6361b;\"><strong>T</strong></span>he forge work finaly became the new products basis in the 90s, through Denis Goyon creations.</p>\n<p>These two expertises, unique in the field of tableware, have been recognized by the French State which awarded the EPV label (Living Heritage Company) to GOYON-CHAZEAU in 2013.</p>\n<table width=\"1148\" class=\"table-column\"><tbody><tr><td>\n<p style=\"text-align:center;\"><strong><img src=\"https://goyon-chazeau.com/img/cms/Logo%20EPV_%20Goyon-Chazeau,%20Entreprise%20du%20Patrimoine%20Vivant.jpg\" alt=\"Label EPV\" style=\"margin-left:auto;margin-right:auto;\" width=\"200\" height=\"200\" /></strong></p>\n<p style=\"text-align:center;\"></p>\n<p><span><strong>T</strong></span>he mastering of all this know-how does not stop here. GOYON-CHAZEAU is also strongly involved in safeguarding of cutler know-how and heritage.</p>\n<p>This is evidenced by GOYON-CHAZEAU being part of the <em>Confrérie du Couteau Le Thiers </em>from it very early beginning. This brotherhood works on maintaining a high level cutler quality in France and protects the LE THIERS® knife pattern all over the world.</p>\n<p></p>\n<p>GOYON-CHAZEAU has always been an ambassador of the <strong>Made in France</strong> and remains a representative of the<strong> Made in Thiers</strong>.</p>\n</td>\n</tr></tbody></table><p></p>\n<table style=\"height:348px;\" width=\"1144\" class=\"table-column\"><tbody><tr><td>                                                </td>\n<td><video width=\"1112\" height=\"624\" poster=\"https://goyon-chazeau.com/img/cms/Fabrication%20artisanale%20de%20couteaux%20de%20qualit%C3%A9_GOYON_CHAZEAU.jpg\" controls=\"\"><source src=\"/img/cms/GOYON-CHAZEAU_film2017.mp4\" type=\"video/mp4\"></source><source src=\"https://www.youtube.com/watch?v=TkyNK0zc3ts\"></source></video></td>\n<td></td>\n</tr></tbody></table><p></p>','A-recognized-cutler-know-how'),(8,1,1,'La forge','Goyon-Chazeau fabrique et commercialise des couteaux entièrement forgés','couteau forgé, couteaux, forge, France, goyon-chazeau,Thiers','<h1>Un coeur de forge</h1>\n<hr /><p></p>\n<table width=\"1150\"><tbody><tr><td>\n<p><img src=\"https://goyon-chazeau.com/img/cms/Barres%20forg%C3%A9es%20%C3%A0%20lorigine%20des%20couteaux%20et%20couverts.jpg\" alt=\"Barres forgées pour couteaux\" width=\"468\" height=\"699\" /></p>\n</td>\n<td>\n<p><span style=\"color:#e6361b;\"><strong>S</strong></span>i la Coutellerie GOYON-CHAZEAU parle de « cœur de forge », c’est non seulement parce qu’elle met tout son cœur à l’ouvrage mais aussi parce qu’elle est l\'une des dernières à fabriquer des couteaux de table entièrement forgés.</p>\n<p></p>\n<p><strong><span style=\"color:#e6361b;\">G</span></strong>age de qualité, cette forge intégrale est réalisée à partir d’une barre d’acier ronde massive chauffée jusqu’à entrer en fusion. <br />La barre est ensuite passée sous une presse afin d’obtenir la forme définitive du couteau ou du couvert, la forge brute, réalisée, donc, d’un seul tenant.</p>\n</td>\n</tr></tbody></table><table width=\"1148\"><tbody><tr><td>\n<p><span style=\"color:#e6361b;\"><strong>F</strong></span>orgés dans les meilleurs aciers, les couteaux GOYON-CHAZEAU traversent ensuite de 40 à près de 100 étapes de fabrication dont les principales sont la trempe, l’émouture, le façonnage et l’affilage à la main, pour offrir un produit fini.</p>\n<p></p>\n<p><span style=\"color:#e6361b;\"><strong>L</strong></span>’exigence de la qualité forgée, caractérisée par une grande robustesse, une excellente tenue de coupe et un très bon équilibre en main, la recherche de l’ergonomie, des matières nobles et de la finition manuelle soignée, font ainsi des couteaux et couverts GOYON-CHAZEAU des objets incomparables et uniques, à forte valeur ajoutée.</p>\n</td>\n<td>\n<p><img src=\"https://goyon-chazeau.com/img/cms/Estampes%20de%20forge%20Coutellerie%20GOYON_CHAZEAU.jpg\" alt=\"Estampes de forge GOYON-CHAZEAU\" width=\"699\" height=\"525\" /></p>\n</td>\n</tr></tbody></table>','Couteaux-et-couverts-au-coeur-de-forge'),(8,2,1,'The forge','GOYON-CHAZEAU manufactures and sales fully forged knives and cutlery','forged knives,France, Thiers, knife,goyon-chazeau','<h1>The forge in the heart</h1>\n<hr /><p></p>\n<table width=\"1150\" class=\"table-column\"><tbody><tr><td>\n<p><img src=\"https://goyon-chazeau.com/img/cms/Barres%20forg%C3%A9es%20%C3%A0%20lorigine%20des%20couteaux%20et%20couverts.jpg\" alt=\"Barres de forge pour couteaux\" width=\"469\" height=\"699\" /></p>\n</td>\n<td>\n<p><span style=\"color:#e6361b;\"><strong>G</strong></span>OYON-CHAZEAU’s signature is Cœur de Forge (forge heart). This is not only because the team puts all its heart to work but also because it is one of the the last to produce full forged table knives.</p>\n<p><span style=\"color:#e6361b;\"><strong>G</strong></span>uarantee of quality, this integral forge is made from a massive round steel bar heated until it merges. The bar is then pressed in order to obtain the final shape of the knife, a raw forged piece without any welding.</p>\n</td>\n</tr></tbody></table><table width=\"1148\" class=\"table-column\"><tbody><tr><td>\n<p><span style=\"color:#e6361b;\"><strong>F</strong></span>orged in the best steels, GOYON-CHAZEAU’s knives go through more than 40 manufacturing steps which main ones are the hardenning, the grinding, the handmade shaping and sharpening, to offer a perfect knife. </p>\n<p><span style=\"color:#e6361b;\"><strong>F</strong></span>orged quality is characterized by a high robustness and sustainability, an excellent cutting performance and a very good balance in hand. At the same time, GOYON-CHAZEAU is also looking for for ergonomics, noble materials and careful manual finishing. This search for perfection allows the company to propose incomparable and unique knives and cutlery  with high added value.</p>\n</td>\n<td>\n<p><img src=\"https://goyon-chazeau.com/img/cms/Estampes%20de%20forge%20Coutellerie%20GOYON_CHAZEAU.jpg\" alt=\"Estampes de forges de couverts\" width=\"699\" height=\"525\" /></p>\n</td>\n</tr></tbody></table>','Knives-and-cutlery-with-the-forge-in-the-heart'),(9,1,1,'Nos matières','Matériaux naturels, bois, acrylique, composites ou précieux, GOYON-CHAZEAU a toujours accordé une importance capitale aux matériaux de ses manches','matériaux,sélectionnés,couteau,couteaux,manche,bois,acrylique,corne','<h1>Des matériaux sélectionnés</h1>\n<hr /><p></p>\n<p>Un joli plat et un joli couteau aiguisent l’appétit.<br />La qualité de coupe et l’accueil du manche dans la paume de la main animent le toucher.<br />L’odeur épicée ou animale de certaines matières attise les papilles.</p>\n<p>Parce que l’expérience de la coupe se vit à travers plusieurs sens, la Coutellerie GOYON-CHAZEAU a toujours accordé une importance capitale à la qualité des matières qu’elle utilise pour la fabrication de ses produits.</p>\n<table><tbody><tr><td></td>\n</tr></tbody></table><h4><span style=\"text-decoration:underline;color:#e6361b;\"><strong>LES LAMES ET HAUTS DE COUVERTS</strong></span></h4>\n<p>Les couteaux et couverts proposés par la Coutellerie GOYON-CHAZEAU sont réalisés dans des aciers qui respectent les normes françaises et européennes pour le contact alimentaire.</p>\n<table width=\"1148\"><tbody><tr><td>\n<p>Afin de garantir à chacun de ses articles l’acier le plus adapté, la Coutellerie GOYON-CHAZEAU utilise :</p>\n<ul><li><strong>L’acier inoxydable X46CR13</strong> (1.4034), dit acier de coutellerie, pour toutes les lames de couteaux de table.<br />Cet acier est très résistant à la corrosion et offre une excellente qualité de coupe et un poli brillant, dit miroir, très recherché.</li>\n</ul><ul><li><strong>L’acier inoxydable X2CrNi19-11</strong> (1.4306), plus communément appelé acier 18-10, pour tous les hauts de couverts.<br />C’est le meilleur acier pour les couverts car il contient suffisamment de chrome et de nickel pour donner à la fois toute garantie de résistance à la corrosion et faire briller les produits d’un éclat inégalable. Il est utilisé pour la fabrication de la belle orfèvrerie.</li>\n</ul><ul><li><strong>L’acier inoxydable X50CrMov15</strong> (1.4116), également appelé Z50CD15 (dénomination AFNOR) pour les couteaux de cuisine.<br />C’est un acier enrichi en chrome, molybdène et Vanadium qui lui permettent d’atteindre une dureté de 54-56HRC, idéale pour un tranchant durable tout en conservant la souplesse nécessaire à une utilisation en cuisine.</li>\n</ul><ul><li><strong>L’acier inoxydable Sandvik 12C27</strong>, pour les couteaux de poche.<br />La composition de cet acier permet, après traitement thermique, d’obtenir un tranchant très fin (il est utilisé pour les lames de rasoir) et une bonne résistance à l’usure.<br /><br /></li>\n<li><strong>L’acier inoxydable Sandvik 14C28N</strong>, couteau \"Le P\'tit Tradi\".<br />C\'est un des derniers nés de la gamme Sandvik. Enrichi en carbone et en azote, c\'est un acier haut de gamme qui garantit une lame de haute dureté (56-58 HRC), pour une émouture fine, une coupe performante, et une bonne résistance à la corrosion.</li>\n</ul><ul><li><strong>L’acier au carbone XC75</strong>, sur demande pour les couteaux de poche.<br />La haute teneur en carbone de cet acier fait qu’il peut s’oxyder. Néanmoins, il offre une qualité de tenue de coupe inégalée et est facile à affûter.</li>\n</ul></td>\n<td>\n<p><img src=\"https://goyon-chazeau.com/img/cms/Travail%20de%20l%20inox.jpg\" alt=\"Travail de l\'inox au sein de la Coutellerie GOYON-CHAZEAU\" width=\"450\" height=\"600\" /></p>\n</td>\n</tr></tbody></table><h4></h4>\n<h4></h4>\n<h4><span style=\"text-decoration:underline;color:#e6361b;\"><strong>LES MANCHES</strong></span></h4>\n<p>Sélectionnées rigoureusement pour leurs avantages spécifiques, les matières proposées pour nos manches s’organisent en 5 grandes familles :</p>\n<table width=\"1150\"><tbody><tr><td>\n<p><img src=\"https://goyon-chazeau.com/img/cms/Ebauches%20de%20manches%20bois%20corne%20GOYON-CHAZEAU.jpg\" alt=\"Ebauches de manches bois et corne Goyon-Chazeau\" width=\"450\" height=\"600\" /></p>\n</td>\n<td>\n<p><em><strong><span style=\"color:#e6361b;\">Matériaux naturels, rares et précieux :</span></strong></em></p>\n<p>Pour les amateurs de couteaux ou couverts hors norme, la Coutellerie GOYON-CHAZEAU propose de réaliser des manches en pointe de corne, bois de cerf, corne de bélier, croûte de buffle noir, ivoire de phacochère, os blanc, os de girafe, corail rouge-tigre et mammouth naturel, pulpe, molaire ou croûte de mammouth.</p>\n<p> </p>\n<p><span><em><strong><span style=\"color:#e6361b;\">Bois :</span><br /></strong></em></span>12 bois précieux sont proposés au fil de nos gammes table : amourette, buis, loupe de cade (genévrier), bouleau, ébène, olivier, pistachier, bois de rose, bois de serpent, thuya, bois de violette et wengé.<br />S’ajoutent le frêne olivier, le noyer, le chêne et la marqueterie pour nos gammes de couteaux fermants.<br />Nervurés, chaleureux ou odorants ils participent autant au plaisir de manipulation qu’à celui de la dégustation. </p>\n</td>\n</tr></tbody></table><table width=\"1150\"><tbody><tr><td>\n<p><strong><span style=\"color:#e6361b;\"><em>Acrylique </em>:</span><br /></strong>Matière à façonner comme le bois, l’acrylique donne de la profondeur au manche et un brillant incomparable. Elle est également facile d’entretien.<br />La Coutellerie GOYON-CHAZEAU propose plus de 20 nuances d’acrylique, uni, nacré ou avec inclusions.</p>\n<p> </p>\n<p><em><strong><span style=\"color:#e6361b;\">Composite :</span><br /></strong></em>Dans une perspective plus respectueuse de l’environnement, la Coutellerie GOYON-CHAZEAU souhaite proposer de nouveaux matériaux caractérisés par leur fabrication écologique, leur résistance au temps et leur facilité d’entretien.</p>\n<p>Ainsi elle propose des manches en :</p>\n<ul><li><strong>Fibre de carbone</strong> : matière extrêmement légère et résistante, elle donne aux couteaux une esthétique et une résistance incomparable</li>\n<li><strong>Paperstone<a></a> </strong>: matériau essentiellement constitué de papier recyclé et de résines à base d’amidon et de noix de cajou. D’une composition très dure, compressé et teinté dans la masse, il présente une haute résistance aux UV et aux différences de températures. Il supporte ainsi un passage au lave-vaisselle.<br />Sans solvant, il est écoresponsable et bénéficie du label environnemental FSC.<br />Sa certification NFS (certificat 4G970) garantit son aptitude au contact alimentaire et en fait donc un matériau idéal pour la restauration et l’hôtellerie.<br />Esthétique, élégant et au toucher chaleureux, il offre une belle alternative au bois.</li>\n</ul></td>\n<td>\n<p><img src=\"https://goyon-chazeau.com/img/cms/Acrylique%20pour%20manches.jpg\" alt=\"Acrylique pour manches GOYON-CHAZEAU\" width=\"450\" height=\"600\" /></p>\n</td>\n</tr></tbody></table><p style=\"text-align:center;\"></p>\n<p style=\"text-align:center;\"></p>\n<table width=\"908\" style=\"height:2229px;margin-left:auto;margin-right:auto;\"><tbody><tr><td colspan=\"12\" style=\"text-align:center;\">\n<p></p>\n<h4><span style=\"color:#e6361b;\">RETROUVEZ LA MATIÈRE DE VOTRE MANCHE</span><br /><br /></h4>\n</td>\n</tr><tr><td style=\"text-align:center;\" colspan=\"3\">\n<p><em><strong>Matériaux naturels, rares et précieux</strong></em><em><strong></strong></em><em><strong></strong></em></p>\n<p><em><strong><em><strong><span>Natural, rare and precious materials</span></strong></em></strong></em></p>\n</td>\n<td style=\"text-align:center;\"><em><strong></strong></em></td>\n<td style=\"text-align:center;\" colspan=\"2\">\n<p><em><strong>Bois</strong></em></p>\n<p><em><strong>Woods</strong></em></p>\n</td>\n<td style=\"text-align:center;\"></td>\n<td style=\"text-align:center;\" colspan=\"2\">\n<p><em><strong>Acrylique</strong></em></p>\n<p><em><strong>Acrylic</strong></em></p>\n</td>\n<td style=\"text-align:center;\"></td>\n<td style=\"text-align:center;\" colspan=\"2\"><em><strong>Composite</strong></em></td>\n</tr><tr><td>\n<p>Pointe de corne</p>\n<p><em>Cattle horn</em></p>\n</td>\n<td>\n<p></p>\n</td>\n<td><img src=\"https://goyon-chazeau.com/img/cms/Pointe_de_corne.jpg\" alt=\"Pointe de corne _ Cattle horn\" width=\"50\" height=\"50\" /></td>\n<td></td>\n<td>\n<p>Olivier</p>\n<p><em>Olive wood</em></p>\n</td>\n<td><img src=\"https://goyon-chazeau.com/img/cms/Olivier.jpg\" alt=\"Olivier _ Olive\" width=\"50\" height=\"50\" /></td>\n<td></td>\n<td colspan=\"2\" style=\"text-align:center;\">\n<p><span style=\"color:#e6361b;\">Couleurs pleines</span></p>\n<p><span style=\"color:#e6361b;\"><em>Plain colors</em></span></p>\n</td>\n<td></td>\n<td>\n<p>Fibre de carbone</p>\n<p><em>Carbon fiber</em></p>\n</td>\n<td><img src=\"https://goyon-chazeau.com/img/cms/Mati%C3%A8res/Fibre_de_carbone.jpg\" alt=\"Fibre de carbone _ Carbon fiber\" width=\"50\" height=\"50\" /></td>\n</tr><tr><td>\n<p>Bois de cerf</p>\n<p><em>Deer horn</em></p>\n</td>\n<td>\n<p></p>\n</td>\n<td><img src=\"https://goyon-chazeau.com/img/cms/Bois_de_cerf.jpg\" alt=\"Bois de cerf _ Deer horn\" width=\"50\" height=\"50\" /></td>\n<td></td>\n<td>\n<p>Loupe de cade - genévrier</p>\n<p><em>Juniper wood</em></p>\n</td>\n<td><img src=\"https://goyon-chazeau.com/img/cms/Bois_de_cade.jpg\" alt=\"Cade genévrier _ juniper\" width=\"50\" height=\"50\" /></td>\n<td></td>\n<td>\n<p>Ivoire</p>\n<p><em>Ivory color</em></p>\n</td>\n<td><img src=\"https://goyon-chazeau.com/img/cms/Mati%C3%A8res/Ivoire.jpg\" alt=\"Ivoire _ Ivory color\" width=\"50\" height=\"50\" /></td>\n<td></td>\n<td>\n<p>Paperstone noir</p>\n<p><em>Black Paperstone</em></p>\n</td>\n<td><img src=\"https://goyon-chazeau.com/img/cms/Mati%C3%A8res/Paperstone_noir.jpg\" alt=\"Paperstone noir _ Black\" width=\"50\" height=\"50\" /></td>\n</tr><tr><td>\n<p>Corne de bélier</p>\n<p><em>Ram horn</em></p>\n</td>\n<td>\n<p></p>\n</td>\n<td><img src=\"https://goyon-chazeau.com/img/cms/Corne_de_belier.jpg\" alt=\"Corne de bélier _ Ram horn\" width=\"50\" height=\"50\" /></td>\n<td></td>\n<td>\n<p>Buis</p>\n<p><em>Boxwood</em></p>\n</td>\n<td><img src=\"https://goyon-chazeau.com/img/cms/Buis.jpg\" alt=\"Buis _ Boxwood\" width=\"50\" height=\"50\" /></td>\n<td></td>\n<td>\n<p>Noir</p>\n<p><em>Black</em></p>\n</td>\n<td><img src=\"https://goyon-chazeau.com/img/cms/Mati%C3%A8res/Noir.jpg\" alt=\"Noir _ Black\" width=\"50\" height=\"50\" /></td>\n<td></td>\n<td>\n<p>Paperstone gris galet</p>\n<p><em>Grey Paperstone</em></p>\n</td>\n<td><img src=\"https://goyon-chazeau.com/img/cms/Mati%C3%A8res/Paperstone_gris.jpg\" alt=\"Paperstone gris _ grey\" width=\"50\" height=\"50\" /></td>\n</tr><tr><td>\n<p>Croûte de buffle noir</p>\n<p><em>Buffalo horn</em></p>\n</td>\n<td>\n<p></p>\n</td>\n<td><img src=\"https://goyon-chazeau.com/img/cms/Croute_de_buffle_noir.jpg\" alt=\"Croûte de buffle noir _ Black buffalo horn\" width=\"50\" height=\"50\" /></td>\n<td></td>\n<td>\n<p>Bois de violette</p>\n<p><em>Kingwood</em></p>\n</td>\n<td><img src=\"https://goyon-chazeau.com/img/cms/Bois_de_violette.jpg\" alt=\"Bois de violette _ Kingwood\" width=\"50\" height=\"50\" /></td>\n<td></td>\n<td>\n<p>Rouge</p>\n<p><em>Red</em></p>\n</td>\n<td><img src=\"https://goyon-chazeau.com/img/cms/Mati%C3%A8res/Rouge.jpg\" alt=\"Rouge _ red\" width=\"50\" height=\"50\" /></td>\n<td></td>\n<td>\n<p>Paperstone sable</p>\n<p><em>Sand Paperstone</em></p>\n</td>\n<td><img src=\"https://goyon-chazeau.com/img/cms/Mati%C3%A8res/Paperstone_sable.jpg\" alt=\"Paperstone sable _ Sand\" width=\"50\" height=\"50\" /></td>\n</tr><tr><td>\n<p>Ivoire de phacochère</p>\n<p><em>Warthog ivory</em></p>\n</td>\n<td>\n<p></p>\n</td>\n<td><img src=\"https://goyon-chazeau.com/img/cms/Ivoire_de_phacochere.jpg\" alt=\"Ivoire de phacochère _ Warthog ivory\" width=\"50\" height=\"50\" /></td>\n<td></td>\n<td>\n<p>Bois de rose</p>\n<p><em>Rosewood</em></p>\n</td>\n<td><img src=\"https://goyon-chazeau.com/img/cms/Bois_de_rose.jpg\" alt=\"Bois de rose _ Rosewood\" width=\"50\" height=\"50\" /></td>\n<td></td>\n<td>\n<p>Gris anthracite</p>\n<p><em>Anthracite grey</em></p>\n</td>\n<td><img src=\"https://goyon-chazeau.com/img/cms/Mati%C3%A8res/Pastello_gris_anthracite.jpg\" alt=\"Gris anthracite _ grey\" width=\"50\" height=\"50\" /></td>\n<td></td>\n<td>\n<p>Paperstone moka</p>\n<p><em>Moka Paperstone</em></p>\n</td>\n<td><img src=\"https://goyon-chazeau.com/img/cms/Mati%C3%A8res/Paperstone_moka.jpg\" alt=\"Paperstone moka\" width=\"50\" height=\"50\" /></td>\n</tr><tr><td>\n<p>Os blanc</p>\n<p><em>White bone</em></p>\n</td>\n<td>\n<p></p>\n</td>\n<td><img src=\"https://goyon-chazeau.com/img/cms/Os%20blanc.jpg\" alt=\"Os blanc _ White bone\" width=\"50\" height=\"50\" /></td>\n<td></td>\n<td>\n<p>Wenge</p>\n</td>\n<td><img src=\"https://goyon-chazeau.com/img/cms/Wenge.jpg\" alt=\"Wenge\" width=\"50\" height=\"50\" /></td>\n<td></td>\n<td>\n<p> Aubergine</p>\n<p><em>Eggplant color</em></p>\n</td>\n<td><img src=\"https://goyon-chazeau.com/img/cms/Mati%C3%A8res/Pastello_aubergine.jpg\" alt=\"Aubergine _ Eggplant\" width=\"50\" height=\"50\" /></td>\n<td></td>\n<td></td>\n<td></td>\n</tr><tr><td>\n<p>Os de girafe</p>\n<p><em>Giraffe bone</em></p>\n</td>\n<td>\n<p></p>\n</td>\n<td><img src=\"https://goyon-chazeau.com/img/cms/Os_de_girafe.jpg\" alt=\"Os de girafe _ Giraffe bone\" width=\"50\" height=\"50\" /></td>\n<td></td>\n<td>\n<p>Pistachier</p>\n<p><em>Pistachio wood</em></p>\n</td>\n<td><img src=\"https://goyon-chazeau.com/img/cms/Pistachier.jpg\" alt=\"Pistachier _ Pistachio\" width=\"50\" height=\"50\" /></td>\n<td></td>\n<td>\n<p>Vert asperge</p>\n<p><em>Asparagus</em></p>\n</td>\n<td><img src=\"https://goyon-chazeau.com/img/cms/Mati%C3%A8res/Pastello_asperge.jpg\" alt=\"Vert asperge _ Asparagus\" width=\"50\" height=\"50\" /></td>\n<td></td>\n<td></td>\n<td></td>\n</tr><tr><td>\n<p>Mammouth naturel</p>\n<p><em>Natural mammoth</em></p>\n</td>\n<td>\n<p></p>\n</td>\n<td><img src=\"https://goyon-chazeau.com/img/cms/Mammouth_naturel.jpg\" alt=\"Mammouth naturel _ Natural mammoth\" width=\"50\" height=\"50\" /></td>\n<td></td>\n<td>\n<p>Bois de serpent</p>\n<p><em>Marble wood</em></p>\n</td>\n<td><img src=\"https://goyon-chazeau.com/img/cms/Bois_de_serpent.jpg\" alt=\"Bois de serpent _ Marble wood\" width=\"50\" height=\"50\" /></td>\n<td></td>\n<td>\n<p>Ficelle</p>\n<p><em>String</em></p>\n</td>\n<td><img src=\"https://goyon-chazeau.com/img/cms/Mati%C3%A8res/Pastello_ficelle.jpg\" alt=\"Ficelle _ String\" width=\"50\" height=\"50\" /></td>\n<td></td>\n<td></td>\n<td></td>\n</tr><tr><td>\n<p>Pulpe de mammouth</p>\n<p><em>Mammoth pulp</em></p>\n</td>\n<td>\n<p></p>\n</td>\n<td><img src=\"https://goyon-chazeau.com/img/cms/Pulpe_de_mammouth.jpg\" alt=\"Pulpe de mammouth _ Mammoth pulp\" width=\"50\" height=\"50\" /></td>\n<td></td>\n<td>\n<p>Amourette</p>\n<p><em>Snake wood</em></p>\n</td>\n<td><img src=\"https://goyon-chazeau.com/img/cms/Amourette.jpg\" alt=\"Amourette _ Snakewood\" width=\"50\" height=\"50\" /></td>\n<td></td>\n<td>\n<p>Mastic</p>\n<p><em>Putty</em></p>\n</td>\n<td><img src=\"https://goyon-chazeau.com/img/cms/Mati%C3%A8res/Pastello_mastic.jpg\" alt=\"Mastic _ Putty\" width=\"50\" height=\"50\" /></td>\n<td></td>\n<td></td>\n<td></td>\n</tr><tr><td>\n<p>Molaire de mammouth</p>\n<p><em>Mammoth tooth</em></p>\n</td>\n<td>\n<p></p>\n</td>\n<td><img src=\"https://goyon-chazeau.com/img/cms/Molaire_de_mammouth_bleue.jpg\" alt=\"Molaire de mammouth _ Mammoth tooth\" width=\"50\" height=\"50\" /></td>\n<td></td>\n<td>\n<p>Loupe de thuya</p>\n<p><em>Tuja wood</em></p>\n</td>\n<td><img src=\"https://goyon-chazeau.com/img/cms/Thuya.jpg\" alt=\"Thuya _ Tuja\" width=\"50\" height=\"50\" /></td>\n<td></td>\n<td>\n<p>Gris bleu</p>\n<p><em>Grey blue</em></p>\n</td>\n<td><img src=\"https://goyon-chazeau.com/img/cms/Mati%C3%A8res/Pastello_gris_bleu.jpg\" alt=\"Gris bleu _ Grey blue\" width=\"50\" height=\"50\" /></td>\n<td></td>\n<td></td>\n<td></td>\n</tr><tr><td>\n<p>Croûte de mammouth</p>\n<p><em>Mammoth crust</em></p>\n</td>\n<td>\n<p></p>\n</td>\n<td><img src=\"https://goyon-chazeau.com/img/cms/Croute_de_mammouth.jpg\" alt=\"Croûte de mammouth _ Mammoth crust\" width=\"50\" height=\"50\" /></td>\n<td></td>\n<td>\n<p>Ebène</p>\n<p><em>Ebony wood</em></p>\n</td>\n<td><img src=\"https://goyon-chazeau.com/img/cms/Ebene.jpg\" alt=\"Ebène _ Ebony\" width=\"50\" height=\"50\" /></td>\n<td></td>\n<td colspan=\"2\" style=\"text-align:center;\">\n<p><span style=\"color:#e6361b;\">Nacrine</span></p>\n<p><span style=\"color:#e6361b;\"><em>Mother of pearl</em></span></p>\n</td>\n<td></td>\n<td></td>\n<td></td>\n</tr><tr><td></td>\n<td></td>\n<td></td>\n<td></td>\n<td>\n<p>Bouleau madré</p>\n<p><em>Birch wood</em></p>\n</td>\n<td><img src=\"https://goyon-chazeau.com/img/cms/Bouleau_madre.jpg\" alt=\"Bouleau madré _ Birch wood\" width=\"50\" height=\"50\" /></td>\n<td></td>\n<td>\n<p>Bleu lavande</p>\n<p><em>Lavender blue</em></p>\n</td>\n<td><img src=\"https://goyon-chazeau.com/img/cms/Mati%C3%A8res/Nacre_bleu_lavande.jpg\" alt=\"Lavande _ Lavender\" width=\"50\" height=\"50\" /></td>\n<td></td>\n<td></td>\n<td></td>\n</tr><tr><td></td>\n<td></td>\n<td></td>\n<td></td>\n<td>\n<p>Grenadille</p>\n<p><em>Mozambic ebony wood</em></p>\n</td>\n<td><img src=\"https://goyon-chazeau.com/img/cms/Grenadille.jpg\" alt=\"Grenadille _ Mozambic ebony\" width=\"50\" height=\"50\" /></td>\n<td></td>\n<td>\n<p>Fuchsia</p>\n</td>\n<td><img src=\"https://goyon-chazeau.com/img/cms/Mati%C3%A8res/Nacre_fuchsia.jpg\" alt=\"Fuchsia\" width=\"50\" height=\"50\" /></td>\n<td></td>\n<td></td>\n<td></td>\n</tr><tr><td></td>\n<td></td>\n<td></td>\n<td></td>\n<td>\n<p>Chêne</p>\n<p><em>Oak wood</em></p>\n</td>\n<td><img src=\"https://goyon-chazeau.com/img/cms/Chene.jpg\" alt=\"Chêne _ Oak\" width=\"50\" height=\"50\" /></td>\n<td></td>\n<td>\n<p>Saumon</p>\n<p><em>Salmon</em></p>\n</td>\n<td><img src=\"https://goyon-chazeau.com/img/cms/Mati%C3%A8res/Nacre_saumon.jpg\" alt=\"Saumon _ Salmon\" width=\"50\" height=\"50\" /></td>\n<td></td>\n<td></td>\n<td></td>\n</tr><tr><td></td>\n<td></td>\n<td></td>\n<td></td>\n<td>\n<p>Ronce de noyer</p>\n<p><em>Walnut wood</em></p>\n</td>\n<td><img src=\"https://goyon-chazeau.com/img/cms/Ronce_de_noyer.jpg\" alt=\"Ronce de noyer _ Walnut wood\" width=\"50\" height=\"50\" /></td>\n<td></td>\n<td>\n<p>Rouge cerise</p>\n<p><em>Cherry red</em></p>\n</td>\n<td><img src=\"https://goyon-chazeau.com/img/cms/Mati%C3%A8res/Nacre_cerise.jpg\" alt=\"Cerise _ Cherry\" width=\"50\" height=\"50\" /></td>\n<td></td>\n<td></td>\n<td></td>\n</tr><tr><td></td>\n<td></td>\n<td></td>\n<td></td>\n<td>\n<p>Noyer vieilli</p>\n<p><em>Old walnut wood</em></p>\n</td>\n<td><img src=\"https://goyon-chazeau.com/img/cms/Noyer%20vieilli.jpg\" alt=\"Noyer vieilli _ Old walnut wood\" width=\"50\" height=\"50\" /></td>\n<td></td>\n<td>\n<p>Rouge orangé</p>\n<p><em>Orange-red</em></p>\n</td>\n<td><img src=\"https://goyon-chazeau.com/img/cms/Mati%C3%A8res/Nacre_rouge_orange.jpg\" alt=\"Rouge orange _ orange red\" width=\"50\" height=\"50\" /></td>\n<td></td>\n<td></td>\n<td></td>\n</tr><tr><td></td>\n<td></td>\n<td></td>\n<td></td>\n<td>\n<p>Hêtre échauffé</p>\n<p><em>Heated up beech wood</em></p>\n</td>\n<td><img src=\"https://goyon-chazeau.com/img/cms/H%C3%AAtre%20%C3%A9chauff%C3%A9.jpg\" alt=\"Hêtre échauffé _ Heated up beech wood\" width=\"50\" height=\"50\" /></td>\n<td></td>\n<td>\n<p>Champagne</p>\n</td>\n<td><img src=\"https://goyon-chazeau.com/img/cms/Mati%C3%A8res/Nacre_champagne.jpg\" alt=\"Champagne\" width=\"50\" height=\"50\" /></td>\n<td></td>\n<td></td>\n<td></td>\n</tr><tr><td></td>\n<td></td>\n<td></td>\n<td></td>\n<td>\n<p>Marqueterie</p>\n<p><em>Marquetry</em></p>\n</td>\n<td><img src=\"https://goyon-chazeau.com/img/cms/Marqueterie.jpg\" alt=\"Marqueterie _ Marquetry\" width=\"50\" height=\"50\" /></td>\n<td></td>\n<td>Orange</td>\n<td><img src=\"https://goyon-chazeau.com/img/cms/Mati%C3%A8res/Nacre_orange.jpg\" alt=\"Orange\" width=\"50\" height=\"50\" /></td>\n<td></td>\n<td></td>\n<td></td>\n</tr><tr><td></td>\n<td></td>\n<td></td>\n<td></td>\n<td>\n<p>Buis de bout</p>\n<p><em>Grain end boxwood</em></p>\n</td>\n<td><img src=\"https://goyon-chazeau.com/img/cms/Buis_de_bouts.jpg\" alt=\"Buis de bout _ Grain end boxwood\" width=\"50\" height=\"50\" /></td>\n<td></td>\n<td>\n<p>Bleu nuit</p>\n<p><em>Midnight blue</em></p>\n</td>\n<td><img src=\"https://goyon-chazeau.com/img/cms/Mati%C3%A8res/Nacre_bleu_nuit.jpg\" alt=\"Bleu nuit _ Midnight blue\" width=\"50\" height=\"50\" /></td>\n<td></td>\n<td></td>\n<td></td>\n</tr><tr><td></td>\n<td></td>\n<td></td>\n<td></td>\n<td></td>\n<td></td>\n<td></td>\n<td>\n<p>Noir</p>\n<p><em>Black</em></p>\n</td>\n<td><img src=\"https://goyon-chazeau.com/img/cms/Mati%C3%A8res/Nacre_noir.jpg\" alt=\"Noir _ Black\" width=\"50\" height=\"50\" /></td>\n<td></td>\n<td></td>\n<td></td>\n</tr><tr><td></td>\n<td></td>\n<td></td>\n<td></td>\n<td></td>\n<td></td>\n<td></td>\n<td>\n<p>Vert anis</p>\n<p><em>Anise green</em></p>\n</td>\n<td><img src=\"https://goyon-chazeau.com/img/cms/Mati%C3%A8res/Nacre_vert_anis.jpg\" alt=\"Anis _ Anise\" width=\"50\" height=\"50\" /></td>\n<td></td>\n<td></td>\n<td></td>\n</tr><tr><td></td>\n<td></td>\n<td></td>\n<td></td>\n<td></td>\n<td></td>\n<td></td>\n<td>\n<p>Chataîgne</p>\n<p><em>Chestnut</em></p>\n</td>\n<td><img src=\"https://goyon-chazeau.com/img/cms/Mati%C3%A8res/Automnal%20marron.jpg\" alt=\"Chataîgne _ Chestnut\" width=\"50\" height=\"50\" /></td>\n<td></td>\n<td></td>\n<td></td>\n</tr><tr><td></td>\n<td></td>\n<td></td>\n<td></td>\n<td></td>\n<td></td>\n<td></td>\n<td>\n<p>Pistache</p>\n<p><em>Pistachio</em></p>\n</td>\n<td><img src=\"https://goyon-chazeau.com/img/cms/Mati%C3%A8res/automnal%20vert.jpg\" alt=\"Pistache _ Pistachio\" width=\"50\" height=\"50\" /></td>\n<td></td>\n<td></td>\n<td></td>\n</tr><tr><td></td>\n<td></td>\n<td></td>\n<td></td>\n<td></td>\n<td></td>\n<td></td>\n<td colspan=\"2\" style=\"text-align:center;\">\n<p></p>\n<p><span style=\"color:#e6361b;\">Inclusions</span></p>\n<p></p>\n</td>\n<td></td>\n<td></td>\n<td></td>\n</tr><tr><td></td>\n<td></td>\n<td></td>\n<td></td>\n<td></td>\n<td></td>\n<td></td>\n<td>\n<p>Pépite argent</p>\n<p><em>Stilver stones</em></p>\n</td>\n<td><img src=\"https://goyon-chazeau.com/img/cms/Mati%C3%A8res/Inclusion_argent.jpg\" alt=\"Pépite argent _ Stilver stones\" width=\"50\" height=\"50\" /></td>\n<td></td>\n<td></td>\n<td></td>\n</tr><tr><td></td>\n<td></td>\n<td></td>\n<td></td>\n<td></td>\n<td></td>\n<td></td>\n<td>\n<p>Pépite or</p>\n<p><em>Golden stones</em></p>\n</td>\n<td><img src=\"https://goyon-chazeau.com/img/cms/Mati%C3%A8res/Inclusion_or.jpg\" alt=\"Pépites or _ Golden stones\" width=\"50\" height=\"50\" /></td>\n<td></td>\n<td></td>\n<td></td>\n</tr><tr><td></td>\n<td></td>\n<td></td>\n<td></td>\n<td></td>\n<td></td>\n<td></td>\n<td>\n<p>Copeaux de corne</p>\n<p><em>Horn flakes</em></p>\n</td>\n<td><img src=\"https://goyon-chazeau.com/img/cms/Mati%C3%A8res/Inclusion_copeaux_de_corne.jpg\" alt=\"Copeaux de corne _ Horn flakes\" width=\"50\" height=\"50\" /></td>\n<td></td>\n<td></td>\n<td></td>\n</tr><tr><td></td>\n<td></td>\n<td></td>\n<td></td>\n<td></td>\n<td></td>\n<td></td>\n<td rowspan=\"5\">\n<p>Chasse</p>\n<p><em>Hunting</em></p>\n</td>\n<td><img src=\"https://goyon-chazeau.com/img/cms/Mati%C3%A8res/Inclusion_chasse%20_becasse.jpg\" alt=\"Bécasse\" width=\"50\" height=\"50\" /></td>\n<td></td>\n<td></td>\n<td></td>\n</tr><tr><td></td>\n<td></td>\n<td></td>\n<td></td>\n<td></td>\n<td></td>\n<td></td>\n<td><img src=\"https://goyon-chazeau.com/img/cms/Mati%C3%A8res/Inclusion_chasse_cerf.jpg\" alt=\"Cerf\" width=\"50\" height=\"50\" /></td>\n<td></td>\n<td></td>\n<td></td>\n</tr><tr><td></td>\n<td></td>\n<td></td>\n<td></td>\n<td></td>\n<td></td>\n<td></td>\n<td><img src=\"https://goyon-chazeau.com/img/cms/Mati%C3%A8res/Inclusion_chasse%20_faisan.jpg\" alt=\"Faisan\" width=\"50\" height=\"50\" /></td>\n<td></td>\n<td></td>\n<td></td>\n</tr><tr><td></td>\n<td></td>\n<td></td>\n<td></td>\n<td></td>\n<td></td>\n<td></td>\n<td><img src=\"https://goyon-chazeau.com/img/cms/Mati%C3%A8res/Inclusion_chasse_sanglier.jpg\" alt=\"Sanglier\" width=\"50\" height=\"50\" /></td>\n<td></td>\n<td></td>\n<td></td>\n</tr><tr><td></td>\n<td></td>\n<td></td>\n<td></td>\n<td></td>\n<td></td>\n<td></td>\n<td><img src=\"https://goyon-chazeau.com/img/cms/Mati%C3%A8res/Inclusion_plume_douille.jpg\" alt=\"Plume et douille\" width=\"50\" height=\"50\" /></td>\n<td></td>\n<td></td>\n<td></td>\n</tr><tr><td></td>\n<td></td>\n<td></td>\n<td></td>\n<td></td>\n<td></td>\n<td></td>\n<td></td>\n<td></td>\n<td></td>\n<td></td>\n<td></td>\n</tr><tr><td></td>\n<td></td>\n<td></td>\n<td></td>\n<td></td>\n<td></td>\n<td></td>\n<td></td>\n<td></td>\n<td></td>\n<td></td>\n<td></td>\n</tr><tr><td></td>\n<td></td>\n<td></td>\n<td></td>\n<td></td>\n<td></td>\n<td></td>\n<td></td>\n<td></td>\n<td></td>\n<td></td>\n<td></td>\n</tr><tr><td></td>\n<td></td>\n<td></td>\n<td></td>\n<td></td>\n<td></td>\n<td></td>\n<td></td>\n<td></td>\n<td></td>\n<td></td>\n<td></td>\n</tr><tr><td></td>\n<td></td>\n<td></td>\n<td></td>\n<td></td>\n<td></td>\n<td></td>\n<td></td>\n<td></td>\n<td></td>\n<td></td>\n<td></td>\n</tr><tr><td></td>\n<td></td>\n<td></td>\n<td></td>\n<td></td>\n<td></td>\n<td></td>\n<td></td>\n<td></td>\n<td></td>\n<td></td>\n<td></td>\n</tr><tr><td></td>\n<td></td>\n<td></td>\n<td></td>\n<td></td>\n<td></td>\n<td></td>\n<td></td>\n<td></td>\n<td></td>\n<td></td>\n<td></td>\n</tr></tbody></table><p style=\"text-align:center;\"><br /><br /></p>\n<p> </p>\n<p> </p>','Couteaux-et-couverts-realises-a-la-main-avec-des-materiaux-de-qualite'),(9,2,1,'Our materials','GOYON-CHAZEAU Cutlery as always attached great importance to the materials quality it uses for its products manufacturing.','Handle materials,knife, knives,acrylic, wooden handle, horn handle','<h1>Carefully selected materials</h1>\n<hr /><p></p>\n<p>A nice dish and a nice knife whet the appetite.<br />The cutting quality and the welcoming of the handle in the hand palm animate the touch.<br />The spicy or animal smel of some handle materials stir up the taste buds.</p>\n<p>Because the cutting experience is played through several senses, GOYON-CHAZEAU Cutlery as always attached great importance to the materials quality it uses for its products manufacturing.</p>\n<table><tbody><tr><td></td>\n</tr></tbody></table><h3><span style=\"color:#e6361b;\"><strong>BLADES AND CUTLERY HEADS</strong></span></h3>\n<p>All knives, forks and spoons manufactured by GOYON-CHAZEAU respect the European and French standards for food contact.</p>\n<table width=\"1148\" class=\"table-column\"><tbody><tr><td>\n<p>In order to propose the best steel to each use, GOYON-CHAZEAU uses :</p>\n<ul><li><strong>X46CR13</strong> (1.4034) stainless steel, said cutlery steel, for all its table knives.<br />This steel is very resistant to corrosion and offers an excellent cutting quality and a brilliant polish, said mirror polish, highly sought after.</li>\n</ul><ul><li><strong>X2CrNi19-11</strong> (1.4306), stainless steel, commonly called 18-10 stainless steel, for cutlery heads.\n<ul><li>It is the best steel for forks and spoons thanks to chrome and nickel which give it an excellent resistance to corrosion and an incomparable brilliance. It is used for high-end cutlery.</li>\n</ul></li>\n</ul><ul><li><strong>X50CrMov15</strong> (1.4116), stainless steel also called Z50CD15 (AFNOR designation) for cooking knives.<br />It is an enriched steel with chromium, molybdenum and vanadium that allow the blades to reach a hardness of 54-56HRC, ideal for a durable cutting edge while maintaining the necessary flexibility for kitchen use.</li>\n</ul><ul><li><strong>Sandvik 12C27</strong>, stainless steel, for folding knives.<br />This steel composition, after heat treatment, allows to obtain a very fine cutting edge (it is used for razor blades) and a good resistance to wear.<br /><br /></li>\n<li><strong>Sandvik 14C28N</strong> stainless steel, \"Le P\'tit Tradi\" knife.<br />It is one of the \"last born\" steels from Sandvik range. Charged in carbone and azote, it is high-quality steel that guarantees a high hardness blade (56-58 HRC), for thin and performant cutting edge, and good resistance to corrosion.</li>\n</ul><ul><li>On request :<strong> XC75 Carbon steel</strong>, for pocket knives.<br />The high carbon content of this steel makes it oxidizable. Nevertheless, it offers unparalleled cutting quality and is easy to sharpen.</li>\n</ul></td>\n<td>\n<p><img src=\"https://goyon-chazeau.com/img/cms/Travail%20de%20l%20inox.jpg\" alt=\"Goyon-Chazeau : Travail de l\'inox\" width=\"450\" height=\"600\" /></p>\n</td>\n</tr></tbody></table><p></p>\n<h3><span style=\"color:#e6361b;\"><strong>HANDLES</strong></span></h3>\n<p>Carefully selected for their specific advantages, GOYON-CHAZEAU propose 5 handle families :</p>\n<p></p>\n<table width=\"1150\" class=\"table-column\"><tbody><tr><td>\n<p></p>\n<p><img src=\"https://goyon-chazeau.com/img/cms/Ebauches%20de%20manches%20bois%20corne%20GOYON-CHAZEAU.jpg\" alt=\"Ebauche manches bois et corne GOYON-CHAZEAU\" width=\"450\" height=\"600\" /></p>\n</td>\n<td>\n<p><em><strong><span style=\"color:#e6361b;\">Natural, rare and precious materials :</span></strong></em></p>\n<p>For knives lovers or for the ones looking for extraordinary cutlery, GOYON-CHAZEAU cutlery proposes handles in cattle horn, deer horn, ram horn, black buffalo horn, warthog ivory, giraffe bone, red or tiger coral, natural mammoth, mammoth tooth or crust, and mammoth pulp.</p>\n<p> </p>\n<p><em><strong><span><span style=\"color:#e6361b;\">Wood :</span><br /></span></strong></em>12 precious woods are proposed all over our catalog : snakewood, boxwood, juniper wood, birch wood, ebony wood, olive wood, pistachio wood, rosewood, marble wood, tuja wood, kingwood and wenge wood.<br />You can also find ash wood, walnut wood, oak wood and marquetry in our pocket knives range.<br />Ribbed, warm or odorous, they participate as much in the pleasure of manipulation as of tasting.</p>\n</td>\n</tr></tbody></table><table width=\"1148\" class=\"table-column\"><tbody><tr><td>\n<p><strong><span style=\"color:#e6361b;\"><em>Acrylic</em> :</span><br /></strong></p>\n<p>This material must be shaped like wood. It gives depth and an incomparable brilliance to the handle. It is also easy to wash.<br />GOYON-CHAZEAU proposes more than 20 acrylic plain, nacred or with inclusions colors.</p>\n<p></p>\n<p><span style=\"color:#e6361b;\"><em><strong>Composite :</strong></em></span></p>\n<p>In a more respectful environment perspective, GOYON-CHAZEAU Cutlery wants to propose new materials, characterized by their ecological manufacture, their resistance and their ease of maintenance.</p>\n<p>In this way, we offer :</p>\n<ul><li><strong>Carbon fiber </strong>: extremely light and resistant material, it brings an aesthetic and an incomparable resistance to knives</li>\n<li><strong>Paperstone </strong>: this composite material is made from FSC (environnemental label) recycled, FSC mix post-consumer recycled paper and phenolic resins made in-house using the lowest impact raw materials possible. Using pigments rather than dyes assures superior colour durability, UV resistance and allow dish washer use.</li>\n</ul><p>Its NFS certification (4G970 certificate) guarantees its suitability for food contact and makes it an ideal material for catering and hotels.</p>\n<p>Smart, elegant and responsible, its beauty and strongness offer an eco-alternative to wood.</p>\n<p></p>\n</td>\n<td><img src=\"https://goyon-chazeau.com/img/cms/Acrylique%20pour%20manches.jpg\" alt=\"Acrylique pour manches GOYON-CHAZEAU\" width=\"450\" height=\"600\" /></td>\n</tr></tbody></table><p style=\"text-align:center;\"></p>\n<p style=\"text-align:center;\"></p>\n<table width=\"908\" style=\"margin-left:auto;margin-right:auto;\"><tbody><tr><td colspan=\"12\" style=\"text-align:center;\">\n<p></p>\n<h3><span style=\"color:#e6361b;\">FIND YOUR HANDLE MATERIAL</span><br /><br /></h3>\n</td>\n</tr><tr><td colspan=\"3\" style=\"text-align:center;\">\n<p><em><strong>Matériaux naturels, rares et précieux</strong></em><em><strong></strong></em><em><strong></strong></em></p>\n<p><em><strong>Natural, rare and precious materials</strong></em></p>\n</td>\n<td style=\"text-align:center;\"><em><strong></strong></em></td>\n<td colspan=\"2\" style=\"text-align:center;\">\n<p><em><strong>Bois</strong></em></p>\n<p><em><strong>Woods</strong></em></p>\n</td>\n<td style=\"text-align:center;\"></td>\n<td colspan=\"2\" style=\"text-align:center;\">\n<p><em><strong>Acrylique</strong></em></p>\n<p><em><strong>Acrylic</strong></em></p>\n</td>\n<td style=\"text-align:center;\"></td>\n<td colspan=\"2\" style=\"text-align:center;\"><em><strong>Composite</strong></em></td>\n</tr><tr><td>\n<p>Pointe de corne</p>\n<p><em>Cattle horn</em></p>\n</td>\n<td>\n<p></p>\n</td>\n<td><img src=\"https://goyon-chazeau.com/img/cms/Pointe_de_corne.jpg\" alt=\"Pointe de corne _ Cattle horn\" width=\"50\" height=\"50\" /></td>\n<td></td>\n<td>\n<p>Olivier</p>\n<p><em>Olive wood</em></p>\n</td>\n<td><img src=\"https://goyon-chazeau.com/img/cms/Olivier.jpg\" alt=\"Olivier _ Olive\" width=\"50\" height=\"50\" /></td>\n<td></td>\n<td colspan=\"2\" style=\"text-align:center;\">\n<p><span style=\"color:#e6361b;\">Couleurs pleines</span></p>\n<p><span style=\"color:#e6361b;\"><em>Plain colors</em></span></p>\n</td>\n<td></td>\n<td>\n<p>Fibre de carbone</p>\n<p><em>Carbon fiber</em></p>\n</td>\n<td><img src=\"https://goyon-chazeau.com/img/cms/Mati%C3%A8res/Fibre_de_carbone.jpg\" alt=\"Fibre de carbone _ Carbon fiber\" width=\"50\" height=\"50\" /></td>\n</tr><tr><td>\n<p>Bois de cerf</p>\n<p><em>Deer horn</em></p>\n</td>\n<td>\n<p></p>\n</td>\n<td><img src=\"https://goyon-chazeau.com/img/cms/Bois_de_cerf.jpg\" alt=\"Bois de cerf _ Deer horn\" width=\"50\" height=\"50\" /></td>\n<td></td>\n<td>\n<p>Loupe de cade - genévrier</p>\n<p><em>Juniper wood</em></p>\n</td>\n<td><img src=\"https://goyon-chazeau.com/img/cms/Bois_de_cade.jpg\" alt=\"Cade genévrier _ juniper\" width=\"50\" height=\"50\" /></td>\n<td></td>\n<td>\n<p>Ivoire</p>\n<p><em>Ivory color</em></p>\n</td>\n<td><img src=\"https://goyon-chazeau.com/img/cms/Mati%C3%A8res/Ivoire.jpg\" alt=\"Ivoire _ Ivory color\" width=\"50\" height=\"50\" /></td>\n<td></td>\n<td>\n<p>Paperstone noir</p>\n<p><em>Black Paperstone</em></p>\n</td>\n<td><img src=\"https://goyon-chazeau.com/img/cms/Mati%C3%A8res/Paperstone_noir.jpg\" alt=\"Paperstone noir _ Black\" width=\"50\" height=\"50\" /></td>\n</tr><tr><td>\n<p>Corne de bélier</p>\n<p><em>Ram horn</em></p>\n</td>\n<td>\n<p></p>\n</td>\n<td><img src=\"https://goyon-chazeau.com/img/cms/Corne_de_belier.jpg\" alt=\"Corne de bélier _ Ram horn\" width=\"50\" height=\"50\" /></td>\n<td></td>\n<td>\n<p>Buis</p>\n<p><em>Boxwood</em></p>\n</td>\n<td><img src=\"https://goyon-chazeau.com/img/cms/Buis.jpg\" alt=\"Buis _ Boxwood\" width=\"50\" height=\"50\" /></td>\n<td></td>\n<td>\n<p>Noir</p>\n<p><em>Black</em></p>\n</td>\n<td><img src=\"https://goyon-chazeau.com/img/cms/Mati%C3%A8res/Noir.jpg\" alt=\"Noir _ Black\" width=\"50\" height=\"50\" /></td>\n<td></td>\n<td>\n<p>Paperstone gris galet</p>\n<p><em>Grey Paperstone</em></p>\n</td>\n<td><img src=\"https://goyon-chazeau.com/img/cms/Mati%C3%A8res/Paperstone_gris.jpg\" alt=\"Paperstone gris _ grey\" width=\"50\" height=\"50\" /></td>\n</tr><tr><td>\n<p>Croûte de buffle noir</p>\n<p><em>Buffalo horn</em></p>\n</td>\n<td>\n<p></p>\n</td>\n<td><img src=\"https://goyon-chazeau.com/img/cms/Croute_de_buffle_noir.jpg\" alt=\"Croûte de buffle noir _ Black buffalo horn\" width=\"50\" height=\"50\" /></td>\n<td></td>\n<td>\n<p>Bois de violette</p>\n<p><em>Kingwood</em></p>\n</td>\n<td><img src=\"https://goyon-chazeau.com/img/cms/Bois_de_violette.jpg\" alt=\"Bois de violette _ Kingwood\" width=\"50\" height=\"50\" /></td>\n<td></td>\n<td>\n<p>Rouge</p>\n<p><em>Red</em></p>\n</td>\n<td><img src=\"https://goyon-chazeau.com/img/cms/Mati%C3%A8res/Rouge.jpg\" alt=\"Rouge _ red\" width=\"50\" height=\"50\" /></td>\n<td></td>\n<td>\n<p>Paperstone sable</p>\n<p><em>Sand Paperstone</em></p>\n</td>\n<td><img src=\"https://goyon-chazeau.com/img/cms/Mati%C3%A8res/Paperstone_sable.jpg\" alt=\"Paperstone sable _ Sand\" width=\"50\" height=\"50\" /></td>\n</tr><tr><td>\n<p>Ivoire de phacochère</p>\n<p><em>Warthog ivory</em></p>\n</td>\n<td>\n<p></p>\n</td>\n<td><img src=\"https://goyon-chazeau.com/img/cms/Ivoire_de_phacochere.jpg\" alt=\"Ivoire de phacochère _ Warthog ivory\" width=\"50\" height=\"50\" /></td>\n<td></td>\n<td>\n<p>Bois de rose</p>\n<p><em>Rosewood</em></p>\n</td>\n<td><img src=\"https://goyon-chazeau.com/img/cms/Bois_de_rose.jpg\" alt=\"Bois de rose _ Rosewood\" width=\"50\" height=\"50\" /></td>\n<td></td>\n<td>\n<p>Gris anthracite</p>\n<p><em>Anthracite grey</em></p>\n</td>\n<td><img src=\"https://goyon-chazeau.com/img/cms/Mati%C3%A8res/Pastello_gris_anthracite.jpg\" alt=\"Gris anthracite _ grey\" width=\"50\" height=\"50\" /></td>\n<td></td>\n<td>\n<p>Paperstone moka</p>\n<p><em>Moka Paperstone</em></p>\n</td>\n<td><img src=\"https://goyon-chazeau.com/img/cms/Mati%C3%A8res/Paperstone_moka.jpg\" alt=\"Paperstone moka\" width=\"50\" height=\"50\" /></td>\n</tr><tr><td>\n<p>Os blanc</p>\n<p><em>White bone</em></p>\n</td>\n<td>\n<p></p>\n</td>\n<td><img src=\"https://goyon-chazeau.com/img/cms/Os%20blanc.jpg\" alt=\"Os blanc _ White bone\" width=\"50\" height=\"50\" /></td>\n<td></td>\n<td>\n<p>Wenge</p>\n</td>\n<td><img src=\"https://goyon-chazeau.com/img/cms/Wenge.jpg\" alt=\"Wenge\" width=\"50\" height=\"50\" /></td>\n<td></td>\n<td>\n<p> Aubergine</p>\n<p><em>Eggplant color</em></p>\n</td>\n<td><img src=\"https://goyon-chazeau.com/img/cms/Mati%C3%A8res/Pastello_aubergine.jpg\" alt=\"Aubergine _ Eggplant\" width=\"50\" height=\"50\" /></td>\n<td></td>\n<td></td>\n<td></td>\n</tr><tr><td>\n<p>Os de girafe</p>\n<p><em>Giraffe bone</em></p>\n</td>\n<td>\n<p></p>\n</td>\n<td><img src=\"https://goyon-chazeau.com/img/cms/Os_de_girafe.jpg\" alt=\"Os de girafe _ Giraffe bone\" width=\"50\" height=\"50\" /></td>\n<td></td>\n<td>\n<p>Pistachier</p>\n<p><em>Pistachio wood</em></p>\n</td>\n<td><img src=\"https://goyon-chazeau.com/img/cms/Pistachier.jpg\" alt=\"Pistachier _ Pistachio\" width=\"50\" height=\"50\" /></td>\n<td></td>\n<td>\n<p>Vert asperge</p>\n<p><em>Asparagus</em></p>\n</td>\n<td><img src=\"https://goyon-chazeau.com/img/cms/Mati%C3%A8res/Pastello_asperge.jpg\" alt=\"Vert asperge _ Asparagus\" width=\"50\" height=\"50\" /></td>\n<td></td>\n<td></td>\n<td></td>\n</tr><tr><td>\n<p>Mammouth naturel</p>\n<p><em>Natural mammoth</em></p>\n</td>\n<td>\n<p></p>\n</td>\n<td><img src=\"https://goyon-chazeau.com/img/cms/Mammouth_naturel.jpg\" alt=\"Mammouth naturel _ Natural mammoth\" width=\"50\" height=\"50\" /></td>\n<td></td>\n<td>\n<p>Bois de serpent</p>\n<p><em>Marble wood</em></p>\n</td>\n<td><img src=\"https://goyon-chazeau.com/img/cms/Bois_de_serpent.jpg\" alt=\"Bois de serpent _ Marble wood\" width=\"50\" height=\"50\" /></td>\n<td></td>\n<td>\n<p>Ficelle</p>\n<p><em>String</em></p>\n</td>\n<td><img src=\"https://goyon-chazeau.com/img/cms/Mati%C3%A8res/Pastello_ficelle.jpg\" alt=\"Ficelle _ String\" width=\"50\" height=\"50\" /></td>\n<td></td>\n<td></td>\n<td></td>\n</tr><tr><td>\n<p>Pulpe de mammouth</p>\n<p><em>Mammoth pulp</em></p>\n</td>\n<td>\n<p></p>\n</td>\n<td><img src=\"https://goyon-chazeau.com/img/cms/Pulpe_de_mammouth.jpg\" alt=\"Pulpe de mammouth _ Mammoth pulp\" width=\"50\" height=\"50\" /></td>\n<td></td>\n<td>\n<p>Amourette</p>\n<p><em>Snake wood</em></p>\n</td>\n<td><img src=\"https://goyon-chazeau.com/img/cms/Amourette.jpg\" alt=\"Amourette _ Snakewood\" width=\"50\" height=\"50\" /></td>\n<td></td>\n<td>\n<p>Mastic</p>\n<p><em>Putty</em></p>\n</td>\n<td><img src=\"https://goyon-chazeau.com/img/cms/Mati%C3%A8res/Pastello_mastic.jpg\" alt=\"Mastic _ Putty\" width=\"50\" height=\"50\" /></td>\n<td></td>\n<td></td>\n<td></td>\n</tr><tr><td>\n<p>Molaire de mammouth</p>\n<p><em>Mammoth tooth</em></p>\n</td>\n<td>\n<p></p>\n</td>\n<td><img src=\"https://goyon-chazeau.com/img/cms/Molaire_de_mammouth_bleue.jpg\" alt=\"Molaire de mammouth _ Mammoth tooth\" width=\"50\" height=\"50\" /></td>\n<td></td>\n<td>\n<p>Loupe de thuya</p>\n<p><em>Tuja wood</em></p>\n</td>\n<td><img src=\"https://goyon-chazeau.com/img/cms/Thuya.jpg\" alt=\"Thuya _ Tuja\" width=\"50\" height=\"50\" /></td>\n<td></td>\n<td>\n<p>Gris bleu</p>\n<p><em>Grey blue</em></p>\n</td>\n<td><img src=\"https://goyon-chazeau.com/img/cms/Mati%C3%A8res/Pastello_gris_bleu.jpg\" alt=\"Gris bleu _ Grey blue\" width=\"50\" height=\"50\" /></td>\n<td></td>\n<td></td>\n<td></td>\n</tr><tr><td>\n<p>Croûte de mammouth</p>\n<p><em>Mammoth crust</em></p>\n</td>\n<td>\n<p></p>\n</td>\n<td><img src=\"https://goyon-chazeau.com/img/cms/Croute_de_mammouth.jpg\" alt=\"Croûte de mammouth _ Mammoth crust\" width=\"50\" height=\"50\" /></td>\n<td></td>\n<td>\n<p>Ebène</p>\n<p><em>Ebony wood</em></p>\n</td>\n<td><img src=\"https://goyon-chazeau.com/img/cms/Ebene.jpg\" alt=\"Ebène _ Ebony\" width=\"50\" height=\"50\" /></td>\n<td></td>\n<td colspan=\"2\" style=\"text-align:center;\">\n<p><span style=\"color:#e6361b;\">Nacrine</span></p>\n<p><span style=\"color:#e6361b;\"><em>Mother of pearl</em></span></p>\n</td>\n<td></td>\n<td></td>\n<td></td>\n</tr><tr><td></td>\n<td></td>\n<td></td>\n<td></td>\n<td>\n<p>Bouleau madré</p>\n<p><em>Birch wood</em></p>\n</td>\n<td><img src=\"https://goyon-chazeau.com/img/cms/Bouleau_madre.jpg\" alt=\"Bouleau madré _ Birch wood\" width=\"50\" height=\"50\" /></td>\n<td></td>\n<td>\n<p>Bleu lavande</p>\n<p><em>Lavender blue</em></p>\n</td>\n<td><img src=\"https://goyon-chazeau.com/img/cms/Mati%C3%A8res/Nacre_bleu_lavande.jpg\" alt=\"Lavande _ Lavender\" width=\"50\" height=\"50\" /></td>\n<td></td>\n<td></td>\n<td></td>\n</tr><tr><td></td>\n<td></td>\n<td></td>\n<td></td>\n<td>\n<p>Grenadille</p>\n<p><em>Mozambic ebony wood</em></p>\n</td>\n<td><img src=\"https://goyon-chazeau.com/img/cms/Grenadille.jpg\" alt=\"Grenadille _ Mozambic ebony\" width=\"50\" height=\"50\" /></td>\n<td></td>\n<td>\n<p>Fuchsia</p>\n</td>\n<td><img src=\"https://goyon-chazeau.com/img/cms/Mati%C3%A8res/Nacre_fuchsia.jpg\" alt=\"Fuchsia\" width=\"50\" height=\"50\" /></td>\n<td></td>\n<td></td>\n<td></td>\n</tr><tr><td></td>\n<td></td>\n<td></td>\n<td></td>\n<td>\n<p>Chêne</p>\n<p><em>Oak wood</em></p>\n</td>\n<td><img src=\"https://goyon-chazeau.com/img/cms/Chene.jpg\" alt=\"Chêne _ Oak\" width=\"50\" height=\"50\" /></td>\n<td></td>\n<td>\n<p>Saumon</p>\n<p><em>Salmon</em></p>\n</td>\n<td><img src=\"https://goyon-chazeau.com/img/cms/Mati%C3%A8res/Nacre_saumon.jpg\" alt=\"Saumon _ Salmon\" width=\"50\" height=\"50\" /></td>\n<td></td>\n<td></td>\n<td></td>\n</tr><tr><td></td>\n<td></td>\n<td></td>\n<td></td>\n<td>\n<p>Ronce de noyer</p>\n<p><em>Walnut wood</em></p>\n</td>\n<td><img src=\"https://goyon-chazeau.com/img/cms/Ronce_de_noyer.jpg\" alt=\"Ronce de noyer _ Walnut wood\" width=\"50\" height=\"50\" /></td>\n<td></td>\n<td>\n<p>Rouge cerise</p>\n<p><em>Cherry red</em></p>\n</td>\n<td><img src=\"https://goyon-chazeau.com/img/cms/Mati%C3%A8res/Nacre_cerise.jpg\" alt=\"Cerise _ Cherry\" width=\"50\" height=\"50\" /></td>\n<td></td>\n<td></td>\n<td></td>\n</tr><tr><td></td>\n<td></td>\n<td></td>\n<td></td>\n<td>\n<p>Noyer vieilli</p>\n<p><em>Old walnut wood</em></p>\n</td>\n<td><img src=\"https://goyon-chazeau.com/img/cms/Noyer%20vieilli.jpg\" alt=\"Noyer vieilli _ Old walnut wood\" width=\"50\" height=\"50\" /></td>\n<td></td>\n<td>\n<p>Rouge orangé</p>\n<p><em>Orange-red</em></p>\n</td>\n<td><img src=\"https://goyon-chazeau.com/img/cms/Mati%C3%A8res/Nacre_rouge_orange.jpg\" alt=\"Rouge orange _ orange red\" width=\"50\" height=\"50\" /></td>\n<td></td>\n<td></td>\n<td></td>\n</tr><tr><td></td>\n<td></td>\n<td></td>\n<td></td>\n<td>\n<p>Hêtre échauffé</p>\n<p><em>Heated up beech wood</em></p>\n</td>\n<td><img src=\"https://goyon-chazeau.com/img/cms/H%C3%AAtre%20%C3%A9chauff%C3%A9.jpg\" alt=\"Hêtre échauffé _ Heated up beech wood\" width=\"50\" height=\"50\" /></td>\n<td></td>\n<td>\n<p>Champagne</p>\n</td>\n<td><img src=\"https://goyon-chazeau.com/img/cms/Mati%C3%A8res/Nacre_champagne.jpg\" alt=\"Champagne\" width=\"50\" height=\"50\" /></td>\n<td></td>\n<td></td>\n<td></td>\n</tr><tr><td></td>\n<td></td>\n<td></td>\n<td></td>\n<td>\n<p>Marqueterie</p>\n<p><em>Marquetry</em></p>\n</td>\n<td><img src=\"https://goyon-chazeau.com/img/cms/Marqueterie.jpg\" alt=\"Marqueterie _ Marquetry\" width=\"50\" height=\"50\" /></td>\n<td></td>\n<td>Orange</td>\n<td><img src=\"https://goyon-chazeau.com/img/cms/Mati%C3%A8res/Nacre_orange.jpg\" alt=\"Orange\" width=\"50\" height=\"50\" /></td>\n<td></td>\n<td></td>\n<td></td>\n</tr><tr><td></td>\n<td></td>\n<td></td>\n<td></td>\n<td>\n<p>Buis de bout</p>\n<p><em>Grain end boxwood</em></p>\n</td>\n<td><img src=\"https://goyon-chazeau.com/img/cms/Buis_de_bouts.jpg\" alt=\"Buis de bout _ Grain end boxwood\" width=\"50\" height=\"50\" /></td>\n<td></td>\n<td>\n<p>Bleu nuit</p>\n<p><em>Midnight blue</em></p>\n</td>\n<td><img src=\"https://goyon-chazeau.com/img/cms/Mati%C3%A8res/Nacre_bleu_nuit.jpg\" alt=\"Bleu nuit _ Midnight blue\" width=\"50\" height=\"50\" /></td>\n<td></td>\n<td></td>\n<td></td>\n</tr><tr><td></td>\n<td></td>\n<td></td>\n<td></td>\n<td></td>\n<td></td>\n<td></td>\n<td>\n<p>Noir</p>\n<p><em>Black</em></p>\n</td>\n<td><img src=\"https://goyon-chazeau.com/img/cms/Mati%C3%A8res/Nacre_noir.jpg\" alt=\"Noir _ Black\" width=\"50\" height=\"50\" /></td>\n<td></td>\n<td></td>\n<td></td>\n</tr><tr><td></td>\n<td></td>\n<td></td>\n<td></td>\n<td></td>\n<td></td>\n<td></td>\n<td>\n<p>Vert anis</p>\n<p><em>Anise green</em></p>\n</td>\n<td><img src=\"https://goyon-chazeau.com/img/cms/Mati%C3%A8res/Nacre_vert_anis.jpg\" alt=\"Anis _ Anise\" width=\"50\" height=\"50\" /></td>\n<td></td>\n<td></td>\n<td></td>\n</tr><tr><td></td>\n<td></td>\n<td></td>\n<td></td>\n<td></td>\n<td></td>\n<td></td>\n<td>\n<p>Chataîgne</p>\n<p><em>Chestnut</em></p>\n</td>\n<td><img src=\"https://goyon-chazeau.com/img/cms/Mati%C3%A8res/Automnal%20marron.jpg\" alt=\"Chataîgne _ Chestnut\" width=\"50\" height=\"50\" /></td>\n<td></td>\n<td></td>\n<td></td>\n</tr><tr><td></td>\n<td></td>\n<td></td>\n<td></td>\n<td></td>\n<td></td>\n<td></td>\n<td>\n<p>Pistache</p>\n<p><em>Pistachio</em></p>\n</td>\n<td><img src=\"https://goyon-chazeau.com/img/cms/Mati%C3%A8res/automnal%20vert.jpg\" alt=\"Pistache _ Pistachio\" width=\"50\" height=\"50\" /></td>\n<td></td>\n<td></td>\n<td></td>\n</tr><tr><td></td>\n<td></td>\n<td></td>\n<td></td>\n<td></td>\n<td></td>\n<td></td>\n<td colspan=\"2\" style=\"text-align:center;\">\n<p></p>\n<p><span style=\"color:#e6361b;\">Inclusions</span></p>\n<p></p>\n</td>\n<td></td>\n<td></td>\n<td></td>\n</tr><tr><td></td>\n<td></td>\n<td></td>\n<td></td>\n<td></td>\n<td></td>\n<td></td>\n<td>\n<p>Pépite argent</p>\n<p><em>Stilver stones</em></p>\n</td>\n<td><img src=\"https://goyon-chazeau.com/img/cms/Mati%C3%A8res/Inclusion_argent.jpg\" alt=\"Pépite argent _ Stilver stones\" width=\"50\" height=\"50\" /></td>\n<td></td>\n<td></td>\n<td></td>\n</tr><tr><td></td>\n<td></td>\n<td></td>\n<td></td>\n<td></td>\n<td></td>\n<td></td>\n<td>\n<p>Pépite or</p>\n<p><em>Golden stones</em></p>\n</td>\n<td><img src=\"https://goyon-chazeau.com/img/cms/Mati%C3%A8res/Inclusion_or.jpg\" alt=\"Pépites or _ Golden stones\" width=\"50\" height=\"50\" /></td>\n<td></td>\n<td></td>\n<td></td>\n</tr><tr><td></td>\n<td></td>\n<td></td>\n<td></td>\n<td></td>\n<td></td>\n<td></td>\n<td>\n<p>Copeaux de corne</p>\n<p><em>Horn flakes</em></p>\n</td>\n<td><img src=\"https://goyon-chazeau.com/img/cms/Mati%C3%A8res/Inclusion_copeaux_de_corne.jpg\" alt=\"Copeaux de corne _ Horn flakes\" width=\"50\" height=\"50\" /></td>\n<td></td>\n<td></td>\n<td></td>\n</tr><tr><td></td>\n<td></td>\n<td></td>\n<td></td>\n<td></td>\n<td></td>\n<td></td>\n<td rowspan=\"5\">\n<p>Chasse</p>\n<p><em>Hunting</em></p>\n</td>\n<td><img src=\"https://goyon-chazeau.com/img/cms/Mati%C3%A8res/Inclusion_chasse%20_becasse.jpg\" alt=\"Bécasse\" width=\"50\" height=\"50\" /></td>\n<td></td>\n<td></td>\n<td></td>\n</tr><tr><td></td>\n<td></td>\n<td></td>\n<td></td>\n<td></td>\n<td></td>\n<td></td>\n<td><img src=\"https://goyon-chazeau.com/img/cms/Mati%C3%A8res/Inclusion_chasse_cerf.jpg\" alt=\"Cerf\" width=\"50\" height=\"50\" /></td>\n<td></td>\n<td></td>\n<td></td>\n</tr><tr><td></td>\n<td></td>\n<td></td>\n<td></td>\n<td></td>\n<td></td>\n<td></td>\n<td><img src=\"https://goyon-chazeau.com/img/cms/Mati%C3%A8res/Inclusion_chasse%20_faisan.jpg\" alt=\"Faisan\" width=\"50\" height=\"50\" /></td>\n<td></td>\n<td></td>\n<td></td>\n</tr><tr><td></td>\n<td></td>\n<td></td>\n<td></td>\n<td></td>\n<td></td>\n<td></td>\n<td><img src=\"https://goyon-chazeau.com/img/cms/Mati%C3%A8res/Inclusion_chasse_sanglier.jpg\" alt=\"Sanglier\" width=\"50\" height=\"50\" /></td>\n<td></td>\n<td></td>\n<td></td>\n</tr><tr><td></td>\n<td></td>\n<td></td>\n<td></td>\n<td></td>\n<td></td>\n<td></td>\n<td><img src=\"https://goyon-chazeau.com/img/cms/Mati%C3%A8res/Inclusion_plume_douille.jpg\" alt=\"Plume et douille\" width=\"50\" height=\"50\" /></td>\n<td></td>\n<td></td>\n<td></td>\n</tr></tbody></table><p style=\"text-align:center;\"></p>','Knives-and-cutlery-handmade-with-quality-materials'),(11,1,1,'CGV','Conditions générales de vente du site GOYON-CHAZEAU - Vente en ligne de couteaux 100% France','','<h2 style=\"text-align:center;\"><span style=\"text-decoration:underline;color:#e6361b;\"><strong>CONDITIONS GENERALES DE VENTE</strong></span></h2>\n<p style=\"text-align:center;\"><span>Dernière mise à jour : 30/05/2018</span></p>\n<p><span> </span></p>\n<p><span style=\"color:#e6361b;\"><strong>PREAMBULE</strong></span></p>\n<p><span>Les présentes conditions générales de vente régissent les ventes conclues entre, d’une part : </span></p>\n<p>GOYON-CHAZEAU SAS<br />17, Chailas - 63650 La Monnerie Le Montel<br />T. +33 (0)4 73 51 44 86<br /><span><a href=\"mailto:contact@goyon-chazeau.fr\">contact@goyon-chazeau.f</a>r<br /></span>SAS au capital de 15245€ - R.C. Thiers : B 304 926 322<br />SIREN : 304 926 322 00013 – APE : 2571Z<br />N°identification intracommunautaire : FR 11 304 926 322<br />Ci-après dénommée «GOYON-CHAZEAU SAS» ;</p>\n<p><span> </span><span>et tout internaute qui souhaite effectuer un achat sur le site visible à l’adresse : </span><a href=\"http://www.goyon-chazeau.fr/\"><span>www.goyon-chazeau.fr</span></a><span>, ci-après dénommé « l’acheteur », d’autre part.</span></p>\n<p>Les présentes conditions générales de vente régissent les ventes d’articles de coutellerie, proposés à l’unité, en assortiment ou en coffret, effectuées par GOYON-CHAZEAU SAS.</p>\n<p>GOYON-CHAZEAU SAS attire l’attention des internautes et utilisateurs sur le fait que :</p>\n<ul><li><span><span><span>          </span></span></span><span>Les couteaux et couverts vendus peuvent être dangereux s’ils sont mal utilisés (coupures, piqûres, blessures,…),</span></li>\n<li><span><span><span>          </span></span></span><span>Les emballages et suremballages utilisés ne sont pas des jouets, ils peuvent blesser,</span></li>\n<li><span><span><span>          </span></span></span><span>Les articles et emballages ne doivent pas être laissés à la portée des enfants.</span></li>\n</ul><p>Ces conditions générales de vente sont régies par la loi française. L’application de la Convention de Vienne sur les contrats de vente internationale de marchandises est expressément écartée.</p>\n<p>Ces conditions générales de vente sont exécutées en français et en anglais, avec la même force contraignante légale. En cas de divergence entre les versions, la version française prévaudra.</p>\n<p>Les articles ne sont proposés à la vente qu’aux personnes physiques, majeures, non commerçantes.<br />Toute commande effectuée auprès de GOYON-CHAZEAU SAS implique de la part de l’acheteur l’acceptation sans réserve de nos conditions générales de vente.</p>\n<p><span> </span></p>\n<p><span style=\"color:#e6361b;\"><strong>ARTICLE 1 : PRIX</strong></span></p>\n<p><span>Les prix des marchandises vendues sont libellés en euros (€) toutes taxes comprises (TTC), sauf indication contraire et hors frais de traitement et d’expédition.</span></p>\n<p><span>En cas de commande vers un pays autre que la France métropolitaine, l’acheteur est l’importateur du ou des produits concernés. Des droits de douane ou autres taxes locales ou droits d’importation ou taxes d’état sont susceptibles d’être exigibles. Ces droits et sommes ne relèvent pas du ressort de GOYON-CHAZEAU SAS. Ils seront à la charge de l’acheteur et relèvent de son entière responsabilité, tant en termes de déclarations que de paiements aux autorités et organismes compétents de son pays. GOYON-CHAZEAU SAS conseille à l’acheteur de se renseigner sur ces points auprès de ses autorités locales.</span></p>\n<p>Toutes les commandes, quelle que soit leur origine, sont payables en euros (€).</p>\n<p>GOYON-CHAZEAU SAS s\'accorde le droit de modifier ses tarifs à tout moment et sans préavis. Toutefois, elle s\'engage à facturer les marchandises commandées au tarif en vigueur le jour de la commande, sous réserve de disponibilité.</p>\n<p>En vertu de la loi française, GOYON-CHAZEAU SAS conserve la propriété des biens vendus jusqu\'au paiement intégral du prix, en principal et en accessoires. À ce titre, si l\'acheteur fait l\'objet d\'un redressement ou d\'une liquidation judiciaire, GOYON-CHAZEAU SAS se réserve le droit de rendre insaisissables par des tiers les marchandises vendues et restées impayées (Loi N°80.335 du 12 mai 1980).</p>\n<p><span>Attention, dès que l’acheteur prend possession physique du ou des produits commandés, les risques de perte ou d’endommagement des produits lui sont transférés.</span></p>\n<p><span> </span></p>\n<p><span style=\"color:#e6361b;\"><strong>ARTICLE 2 : GESTION DES COMMANDES</strong></span></p>\n<p><strong>a)      COMMANDE</strong></p>\n<p><span>L’acheteur peut passer commande :</span></p>\n<ul><li>Sur internet : www.goyon-chazeau.com</li>\n<li><span>Par téléphone au +33 (0)4 73 51 44 86 (tarif normal en vigueur), du lundi au vendredi, de 8h00 à 12h00 et de 13h30 à 18h00.</span></li>\n</ul><p>Pour passer commande, l’acheteur doit créer un compte (espace en ligne). Pour ce faire, il doit s’inscrire en remplissant le formulaire qui lui est proposé au moment de sa commande et s’engage à fournir des informations sincères et exactes concernant son état civil et ses coordonnées, notamment son adresse email.<br />L\'acheteur est responsable de la mise à jour des informations fournies. Il lui est précisé qu’il peut les modifier en se connectant à son compte. Pour accéder à son espace personnel et aux historiques de commande, l\'acheteur devra s\'identifier à l\'aide de son nom d’utilisateur et de son mot de passe qui lui seront communiqués après son inscription et qui sont strictement personnels. A ce titre, le Client s’en interdit toute divulgation. Dans le cas contraire, il restera seul responsable de l’usage qui en sera fait.</p>\n<p>En cas de non-respect des conditions générales de vente et/ou d’utilisation, GOYON CHAZEAU SAS aura la possibilité de suspendre voire de fermer le compte d’un client après mise en demeure adressée par voie électronique et restée sans effet. Toute suppression de compte, quel qu’en soit le motif, engendre la suppression pure et simple de toutes informations personnelles du client. </p>\n<p>Les informations contractuelles sont présentées en langue française et en langue anglaise et feront l’objet d’une confirmation au plus tard au moment de la validation de la commande par l’acheteur.</p>\n<p></p>\n<p><strong>b)      VALIDATION DE LA COMMANDE</strong></p>\n<p><span>GOYON-CHAZEAU SAS se réserve le droit de ne pas enregistrer un paiement et de ne pas confirmer une commande pour quelque raison que ce soit, et plus particulièrement en cas de problème d’approvisionnement, ou en cas de difficulté concernant la commande reçue.</span></p>\n<p>Toute commande figurant sur le site Internet www.goyon-chazeau.com entraîne l\'adhésion pleine et entière aux présentes conditions générales de vente, sans exception ni réserve. L\'ensemble des données fournies et la confirmation enregistrée vaudront preuve de la transaction.<br />En cochant la case relative à la validation des présentes conditions générales de vente l’acheteur déclare en avoir parfaite connaissance.  <br />La confirmation de commande vaudra signature et acceptation des opérations effectuées.  </p>\n<p><span> </span></p>\n<p><span style=\"color:#e6361b;\"><strong>ARTICLE 3 : PAIEMENT</strong></span></p>\n<p><span>Le fait de valider la commande implique pour l’acheteur l\'obligation de payer le prix indiqué.  <br /></span>Le règlement des achats s’effectue par carte bancaire avec système sécurisé 3D secure, dans les pays où il est disponible, Paypal ou par virement.<br />Le débit de la carte est effectué dans les heures qui suivent la commande si elle est validée par GOYON-CHAZEAU SAS.<br />En cas d’impossibilité de livraison, GOYON-CHAZEAU SAS informera l’acheteur et procédera à un remboursement selon les modalités définies avec l’acheteur.</p>\n<p><span> </span></p>\n<p><span style=\"color:#e6361b;\"><strong>ARTICLE 4 - RETRACTATION</strong></span></p>\n<p><strong>a)      RETRACTATION</strong></p>\n<p><span>Conformément aux dispositions de l\'article L.121-21 du Code français de la Consommation, l’acheteur dispose d\'un délai de rétractation de 14 jours à compter de la réception des produits pour exercer son droit de rétraction sans avoir à justifier de motif ni à payer de pénalité.  </span></p>\n<p><span>Si l’acheteur souhaite exercer ce droit, il doit, avant l\'expiration du délai de rétractation, adresser à GOYON-CHAZEAU SAS un écrit exprimant sa volonté de se rétracter.</span></p>\n<p><span>Le simple renvoi du bien sans déclaration ou le refus de prendre livraison ne suffit pas à exprimer la volonté de se rétracter.</span></p>\n<p><span>Les retours sont à effectuer dans leur état d\'origine et complets (emballage, accessoires, notice,…). Dans ce cadre, la responsabilité de l’acheteur est engagée. Tout dommage subi par le produit à cette occasion peut être de nature à faire échec au droit de rétractation. </span></p>\n<p><span>Les frais de retour sont à la charge de l’acheteur. </span></p>\n<p><span>En cas d\'exercice du droit de rétractation, GOYON-CHAZEAU SAS procédera au remboursement des sommes versées, dans un délai de 14 jours suivant la notification de la demande de l’acheteur et via le même moyen de paiement que celui utilisé lors de la commande. </span></p>\n<p></p>\n<p><strong>b)      </strong><span><strong>EXCEPTIONS AU DROIT DE RETRACTATION </strong> </span></p>\n<p><span>Conformément aux dispositions de l\'article L.121-21-8 du Code français de la Consommation, le droit de rétractation ne s\'applique notamment pas à :  </span></p>\n<ul><li>La fourniture de services pleinement exécutés avant la fin du délai de rétractation et dont l\'exécution a commencé après accord préalable exprès du consommateur et renoncement exprès à son droit de rétractation.</li>\n<li>La fourniture de biens ou de services dont le prix dépend de fluctuations sur le marché financier échappant au contrôle du professionnel et susceptibles de se produire pendant le délai de rétractation.</li>\n<li>La fourniture de biens confectionnés selon les spécifications du consommateur ou nettement personnalisés.</li>\n<li>La fourniture de biens susceptibles de se détériorer ou de se périmer rapidement.</li>\n<li>La fourniture de biens qui ont été descellés par le consommateur après la livraison et qui ne peuvent être renvoyés pour des raisons d\'hygiène ou de protection de la santé.</li>\n<li>La fourniture de biens qui, après avoir été livrés et de par leur nature, sont mélangés de manière indissociable avec d\'autres articles.</li>\n</ul><p><span> </span></p>\n<p><span style=\"color:#e6361b;\"><strong>ARTICLE 5- DISPONIBILITE</strong></span></p>\n<p><span>Nos produits sont proposés tant qu\'ils sont visibles sur le site www.goyon-chazeau.com et dans la limite des stocks disponibles. Pour les produits non stockés, nos offres sont valables sous réserve de disponibilité de matières et pièces.</span></p>\n<p><span>En cas d\'indisponibilité totale de matières ou pièces après passation de la commande, GOYON-CHAZEAU SAS informera l’acheteur par mail. La commande pourra être annulée à la demande de l’acheteur. Si le paiement n’a pas été encaissé, aucun débit bancaire ne sera effectué. Sinon, GOYON-CHAZEAU SAS procédera à un remboursement.</span></p>\n<p><span> </span></p>\n<p><span style=\"color:#e6361b;\"><strong>ARTICLE 6 : PROPRIETE INTELLECTUELLE, DROITS D\'AUTEUR</strong></span></p>\n<p><span>Les articles vendus restent la propriété pleine et entière de GOYON-CHAZEAU SAS en sa qualité d\'auteur ou de titulaire des droits de propriété intellectuelle et ce conformément aux dispositions du code de la propriété intellectuelle. </span></p>\n<p><span>Nul n\'est autorisé à reproduire, exploiter, rediffuser, ou utiliser à quelque titre que ce soit, même partiellement, des éléments du site qu\'ils soient logiciels, visuels ou sonores. Tout lien simple ou par hypertexte est strictement interdit sans un accord écrit de GOYON-CHAZEAU SAS.</span></p>\n<p>GOYON-CHAZEAU SAS se réserve donc le droit d\'exercer toutes les actions propres à faire respecter ses droits d\'auteur et sa pleine propriété sur les articles qu’elle commercialise.</p>\n<p><span>La présente clause de propriété ne saurait en aucun cas porter atteinte ou modifier les droits d\'auteur de GOYON-CHAZEAU SAS.</span></p>\n<p><span> </span></p>\n<p><span style=\"color:#e6361b;\"><strong>ARTICLE 7 : LIVRAISON</strong></span></p>\n<p><span>Les délais de livraison sont donnés à titre indicatif.</span></p>\n<p><span>Les produits sont livrés à l\'adresse de livraison indiquée au cours du processus de commande. </span></p>\n<p><span>En cas de retard d\'expédition, un mail sera adressé à l’acheteur pour l’informer d\'une éventuelle conséquence sur le délai de livraison qui lui a été indiqué.  </span></p>\n<p><span>Conformément aux dispositions légales (article L 138-2 du Code français de la Consommation), en cas de retard de livraison, l’acheteur bénéficie de la possibilité d\'annuler la commande en adressant une lettre recommandée avec demande d\'avis de réception ou un écrit sur un autre support durable, si, après avoir enjoint, selon les mêmes modalités, le professionnel d\'effectuer la livraison ou de fournir le service dans un délai supplémentaire raisonnable, ce dernier ne s\'est pas exécuté dans ce délai.</span></p>\n<p><span>Si entre temps l’acheteur reçoit le produit, il devra le retourner à GOYON-CHAZEAU SAS qui procédera à un remboursement et prendra en charge les frais d\'acheminement dans les conditions de l\'article L 138-3 du Code français de la Consommation. </span></p>\n<p><span>Une fois le produit expédié, GOYON-CHAZEAU SAS ne peut être tenue pour responsable de retard de livraison. </span></p>\n<p><span>En cas de marchandises manquantes ou détériorées lors du transport, l\'acheteur devra formuler toutes les réserves nécessaires sur le bon de livraison à réception desdites marchandises. Ces réserves devront être, en outre, confirmées par écrit dans les cinq jours suivant la livraison, par courrier recommandé avec accusé de réception. </span></p>\n<p><span> </span></p>\n<p><span style=\"color:#e6361b;\"><strong>ARTICLE 8 : RECLAMATIONS</strong></span></p>\n<p><span>Toute réclamation doit être formulée par lettre recommandée dans un délai de 30 jours à dater de la réception de la marchandise. Au-delà de ce délai, la réclamation sera considérée comme nulle et non avenue.</span></p>\n<p><strong><span> </span></strong></p>\n<p><span style=\"color:#e6361b;\"><strong>ARTICLE 9 - GARANTIE</strong></span></p>\n<p><span>Tous nos produits bénéficient de la garantie légale de conformité et de la garantie des vices cachés, prévues par les articles 1641 et suivants du Code civil français. En cas de non-conformité d\'un produit vendu, il pourra être retourné, échangé ou remboursé.  </span></p>\n<p><span>Toutes les réclamations, demandes d\'échange ou de remboursement doivent s\'effectuer par email, courrier ou téléphone dans un délai de 30 jours de la livraison.  </span></p>\n<p><span>Les produits doivent être retournés dans l\'état dans lequel l’acheteur les a reçus avec l\'ensemble des éléments (accessoires, emballage, notice...). Les frais d\'envoi seront remboursés sur la base du tarif facturé et les frais de retour seront remboursés sur présentation des justificatifs. </span></p>\n<p>Les dispositions de cet article n’empêchent pas de bénéficier du droit de rétractation prévu à l\'article 4. </p>\n<p><strong><span> </span></strong></p>\n<p><span style=\"color:#e6361b;\"><strong>ARTICLE 10 : LIMITATION DE RESPONSABILITE</strong></span></p>\n<p><span>Les articles vendus sur le site sont faits main ce qui rend chaque pièce unique. Pour cette raison, les photos ne sont pas contractuelles.</span></p>\n<p><span>Les produits sont vendus dans l’état où ils se trouvent, tel que reconnu et accepté par l’acheteur le jour de leur réception. <br /></span></p>\n<p><span>Il appartient à l’acheteur de vérifier auprès des autorités locales les possibilités d\'importation ou d\'utilisation des produits ou services qu’il envisage de commander. </span></p>\n<p><span>En conséquence GOYON-CHAZEAU SAS ne peut pas être tenue au versement d’une quelconque indemnité à titre de dommages et intérêts pour les préjudices directs ou indirects résultant de l’utilisation de ses produits, de leur défaut d’adaptation aux besoins de l’acheteur, d’une mauvaise utilisation du produit ou d’une réclamation formulée par un tiers contre l’acheteur pour lesquelles l’acheteur devra contracter par lui-même les assurances appropriées. </span></p>\n<p><span>GOYON-CHAZEAU SAS ne peut être tenue responsable des défauts qui trouveraient leur origine dans les données fournies par l’acheteur, ni de la non-conformité de ses produits à la règlementation appliquée au point de livraison demandé par l’acheteur.</span></p>\n<p>Enfin la responsabilité de GOYON-CHAZEAU SAS ne saurait être engagée pour tous les inconvénients ou dommages inhérents à l\'utilisation du réseau Internet, notamment une rupture de service, une intrusion extérieure ou la présence de virus informatiques. </p>\n<p><span> </span></p>\n<p><span style=\"color:#e6361b;\"><strong>ARTICLE 11 - DONNEES PERSONNELLES</strong></span></p>\n<p><span>GOYON-CHAZEAU SAS se réserve le droit de collecter les informations nominatives et les données personnelles concernant l’acheteur. Elles sont nécessaires à la gestion de sa commande, ainsi qu\'à l\'amélioration des services et des informations qui lui seront adressées.  <br /></span>Elles peuvent aussi être transmises aux sociétés qui contribuent à ces relations, telles que celles chargées de l\'exécution des services et commandes pour leur gestion, exécution, traitement et paiement.  <br />Ces informations et données sont également conservées à des fins de sécurité, afin de respecter les obligations légales et réglementaires. </p>\n<p>Ce site est déclaré à la Commission Nationale Informatique et Libertés (CNIL) sous le numéro 2172230 v 0 et respecte les dispositions de la loi française 78-17 du 6 janvier 1978 relative à l\'informatique, aux fichiers et aux libertés.<br />En application de la loi française nº 78-17 du 6 janvier 1978 relative à l\'informatique, aux fichiers et aux libertés, vous disposez des droits d\'opposition (art. 26 de la loi), d\'accès (art. 34 à 38 de la loi) et de rectification (art. 36 de la loi) des données vous concernant ».</p>\n<p><span> </span></p>\n<p><span style=\"color:#e6361b;\"><strong>ARTICLE 12 - ARCHIVAGE</strong></span></p>\n<p><span>GOYON-CHAZEAU SAS archivera les bons de commandes et les factures sur un support fiable et durable constituant une copie fidèle conformément aux dispositions de l\'article 1348 du Code civil français.  <br /></span>Les registres informatisés de GOYON-CHAZEAU SAS seront considérés par toutes les parties concernées comme preuve des communications, commandes, paiements et transactions intervenus entre les parties. </p>\n<p><span> </span></p>\n<p><span style=\"color:#e6361b;\"><strong>ARTICLE 13 : FORCE MAJEURE</strong></span></p>\n<p><span>La responsabilité de GOYON-CHAZEAU ne pourra pas être mise en œuvre si la non-exécution ou le retard dans l\'exécution de l\'une de ses obligations décrites dans les présentes conditions générales de vente découle d\'un cas de force majeure. À ce titre, la force majeure s\'entend de tout événement extérieur, imprévisible et irrésistible au sens de l\'article 1218 du Code civil français.</span></p>\n<p>Tout événement dû à un cas de force majeure ayant pour conséquence un dysfonctionnement du site ou serveur et sous réserve de toute interruption ou modification en cas de maintenance, n\'engage pas la responsabilité de GOYON-CHAZEAU SAS.</p>\n<p></p>\n<p><span style=\"color:#e6361b;\"><strong>ARTICLE 14 - MODIFICATION DES CONDITIONS GENERALES DE VENTE</strong></span></p>\n<p><span>GOYON-CHAZEAU SAS se réserve le droit de modifier et d\'actualiser les présentes conditions générales, à tout moment et sans préavis.<br /></span>L’internaute est donc invité à les consulter régulièrement.</p>','Conditions-generales-de-vente-e-boutique-GOYON-CHAZEAU'),(11,2,1,'General Terms of sales','General Terms of sales of Goyon-Chazeau website - Online sale of knives 100% made in France','general,sales,term','<h2 style=\"text-align:center;\"><span style=\"color:#e6361b;\"><strong>GENERAL TERMS OF SALES</strong></span></h2>\n<p style=\"text-align:center;\"><span>Last update : 24/04/2018</span></p>\n<p><span> </span></p>\n<p><span style=\"color:#e6361b;\"><strong>PREAMBLE</strong></span></p>\n<p><span>The general terms of sales described below are designed to manage the sale concluded bewteen : </span></p>\n<p>GOYON-CHAZEAU SAS<br />17, Chailas - 63650 La Monnerie Le Montel<br /><span>Tel : </span>+33 (0)4 73 51 44 86<br /><span><a href=\"mailto:contact@goyon-chazeau.fr\">contact@goyon-chazeau.fr<br /></a></span>Simplified joint-stock company with capital of 15245 € - R.C. Thiers: B 304 926 322<br />SIREN : 304 926 322 00013 – APE : 2571Z<br />Intra-Community identification number : FR 11 304 926 322<br />Hereinafter referred to as \"GOYON-CHAZEAU SAS\" from one hand;</p>\n<p>and any user who wishes to make a purchase on the website visible at the following address: www.goyon-chazeau.fr, hereinafter referred to as \"the buyer\", on the other hand.</p>\n<p>The general terms of sales described below are designed to manage the sale of cutlery items offered individually, in set or in box, by GOYON-CHAZEAU SAS.</p>\n<p>GOYON-CHAZEAU SAS draws the attention of users to the fact that :</p>\n<ul><li><span><span><span>          </span></span></span><span>Knives, forks and spoons sold may be dangerous if they are misused (cuts, punctures, injury, ...),</span></li>\n<li><span><span><span>          </span></span></span><span>Packaging and packing used to present and protect articles are not toys, they can hurt, </span></li>\n<li><span><span><span>          </span></span></span><span>GOYON-CHAZEAU’s products, packaging and packing must not be let within the reach of children.</span></li>\n</ul><p>These general terms of sales are governed by French law. The application of the Vienna Convention on Contracts for the International Sale of Goods is expressly rejected.</p>\n<p>These General terms of sale is executed both in French and English, with the same legal binding force. In the event of any discrepancy between the versions, the French version shall prevail.</p>\n<p>Articles are offered for sale only to individuals, adults, non-traders.</p>\n<p>Each order placed with GOYON-CHAZEAU SAS implies that the buyer unconditionally accepts these general terms of sales.</p>\n<p></p>\n<p><span style=\"color:#e6361b;\"><strong>ARTICLE 1 : PRICE</strong></span></p>\n<p><span>Sold goods prices are denominated in euros (€) and calculated all taxes included (TTC), unless otherwise stated and excluding processing and shipping charges.</span></p>\n<p>For orders to countries other than France, the buyer is the importer of the concerned products. Customs duties or other local taxes or import duties or state taxes may be payable.These duties and taxes are not the responsibility of GOYON-CHAZEAU SAS. They will be borne by the buyer and are under his full responsibility, both in terms of declarations and payments to the competent authorities and organization of his country.</p>\n<p><span>GOYON-CHAZEAU SAS advises the buyer to inquire about these points with his local authorities.</span></p>\n<p>All orders, whatever their origin, are payable in euros (€).</p>\n<p>GOYON-CHAZEAU SAS keeps the right to modify its prices at any time and without notice. However, it engages itself to invoice the ordered goods at the price all taxes included in effect on the day of ordering, subject to availability.</p>\n<p>Under the french, law, GOYON-CHAZEAU SAS keeps property of the sold goods until the total payment of their price, in principal and accessories. As such, if the buyer collapses or is placed under legal redress, GOYON-CHAZEAU SAS reserves itself the right to make elusive its sold but unpayed goods (French law 80.335 du 12 mai 1980).</p>\n<p><span>Attention, as soon as the buyer takes physical possession of the ordered goods, the risks of loss or damage are transferred to him.</span></p>\n<p> </p>\n<p><span style=\"color:#e6361b;\"><strong>ARTICLE 2 : ORDERS MANAGEMENT</strong></span></p>\n<p><strong>a)     ORDER</strong></p>\n<p>The buyer can place the order :</p>\n<ul><li><span><span><span>          </span></span></span><span>On internet : www.goyon-chazeau.com</span></li>\n<li><span><span><span>          </span></span></span><span>By phone : +33 (0)4 73 51 44 86 (normal rate in effect), from Monday to Friday, 8h00 AM to 12h00 and 1h30 PM to 6h00 PM.</span></li>\n</ul><p>To place an order, the buyer must create an account (online space).</p>\n<p><span>To do this, he must register by completing the form that will be proposed at the time of his order and undertakes to provide sincere and accurate information about his marital status and contact information, including his email address.</span></p>\n<p><span>The buyer is responsible for updating the information provided. He is told that he can modify them by logging into his account. To access his personal space and order history, the buyer must identify himself using his username and password which will be communicated to him after his registration and which are strictly personal. As such, the buyer is prohibited from any disclosure. Otherwise, he will remain solely responsible for the use that will be made. </span></p>\n<p><span>In case of non-compliance with these general terms of sales, GOYON-CHAZEAU SAS will have the possibility to suspend or close the buyer’s account after formal notice sent electronically and remained ineffective.</span><span>Any account deletion, for any reason, will result in the outright deletion of any buyer’s personal information.</span></p>\n<p>The contractual information is presented in French and English and will be confirmed at the time of validation of the order by the buyer, at the latest.</p>\n<p><span> </span></p>\n<p><strong>b)    ORDER VALIDATION</strong></p>\n<p>GOYON-CHAZEAU SAS keeps the right to not register a payment and not confirm an order for any reason, and more particularly in case of supply problem, or difficulty concerning the received order.</p>\n<p>Any order appearing on the website www.goyon-chazeau.com implies the full and complete adhesion with the present general terms of sale, without exception nor reserve.</p>\n<p><span>All provided data and recorded information will be transaction proofs. </span></p>\n<p><span>By checking the box relative to the validation of these general terms of sales, the buyer declares having perfect knowledge of them.</span></p>\n<p><span>The order confirmation will be worth signing and acceptance of transaction.  </span></p>\n<p> </p>\n<p><span style=\"color:#e6361b;\"><strong>ARTICLE 3 : PAYMENT</strong></span></p>\n<p><span>The order validation implies for the buyer the obligation to pay the indicated price.  <br /></span>The payment of purchases can be made by credit card, with 3D secure system in countries where it is available, Paypal or wire transfer.<br />The card debit is made in the hours following the order placement, when it is validated by GOYON-CHAZEAU SAS.<br />If the delivery is not possible, GOYON-CHAZEAU SAS will inform the buyer and proceed to a refund according to the terms defined with the buyer.</p>\n<p> </p>\n<p><span style=\"color:#e6361b;\"><strong>ARTICLE 4 - WITHDRAWAL</strong></span></p>\n<p><strong>a)     WITHDRAWAL</strong></p>\n<p>In accordance with article L.121-21 of the French Consumer Code, the buyer has a withdrawal period of 14 days from receipt of the product to apply his right of withdrawal, without having to justify reasons nor to pay a penalty.</p>\n<p>If the buyer wishes to exercise this right, he must, before the expiry of the withdrawal period, send a writing expressing his wish to retract to GOYON-CHAZEAU SAS.</p>\n<p>The simple return of the good without declaration, or the refusal to take delivery, is not enough to express a will to retract. </p>\n<p>Returns have to be made with all elements and in their original condition (packaging, accessories, instructions). In this context, the buyer’s responsibility is engaged. Any damage to the product during its return may be such as to defeat the right of withdrawal. </p>\n<p>The return costs are the responsibility of the buyer.</p>\n<p>If the right of withdrawal is carried out, GOYON-CHAZEAU SAS will refund the sums paid, within 14 days following the buyer’s reguest notification and with the same payment method used when ordering. </p>\n<p> </p>\n<p><strong>b)    </strong><span><strong>EXCEPTIONS TO THE RIGHT OF WITHDRAWAL</strong>  </span></p>\n<p>In accordance with article L.121-21-8 of the French Consumer Code, the right of withdrawal does not apply in particular to :</p>\n<ul><li>Service contracts after the service has been fully performed if the performance has begun with the consumer’s prior express consent, and with the acknowledgement that he will lose his right of withdrawal once the contract has been fully performed by the trader;</li>\n<li><span>The supply of goods or services for which the price is dependent on fluctuations in the financial market which cannot be controlled by the trader and which may occur within the withdrawal period;</span></li>\n<li><span>The supply of goods made to the consumer’s specifications or clearly personalised;</span></li>\n<li><span>The supply of goods which are liable to deteriorate or expire rapidly;</span></li>\n<li><span>The supply of sealed goods which are not suitable for return due to health protection or hygiene reasons and were unsealed after delivery;</span></li>\n<li><span>The supply of goods which are, after delivery, according to their nature, inseparably mixed with other items.</span></li>\n</ul><p><strong><span> </span></strong></p>\n<p><span style=\"color:#e6361b;\"><strong>ARTICLE 5- AVAILABILITY</strong></span></p>\n<p><span>Products are proposed as long as they are visible on www.goyon-chazeau.com website and in the limit of the available stock.<br /></span>For non-stocked products, offers are subject to material and pieces availability.</p>\n<p>In case of total unavailability of material or pieces after placing an order, GOYON-CHAZEAU SAS will inform the buyer by e-mail. The order may be canceled at the buyer’s request.<br /><span>If the payment has not already been cashed, no bank debit will be made. Otherwise, </span><span>GOYON-CHAZEAU SAS will proceed to a refund.</span></p>\n<p> </p>\n<p><span style=\"color:#e6361b;\"><strong>ARTICLE 6 : INTELLECTUAL PROPERTY, COPYRIGHT</strong></span></p>\n<p><span>Sold articles remain full property of GOYON-CHAZEAU SAS as author and owner of the intellectual property rights, according to the French intellectual property code.<br /></span>GOYON-CHAZEAU SAS gives itself the right to enforce its copyright and full ownership on the products it markets.</p>\n<p>No one is authorized to reproduce, exploit, rebroadcast, or use for any reason whatsoever, even partially, elements of the site wether software, visual or sound. <br />Any simple or hypertext link is strickly forbidden without the express written agreement of GOYON-CHAZEAU SAS.</p>\n<p>GOYON-CHAZEAU SAS keeps the right to exercise all the actions for enforcing its copyright and full ownership of the items it sells.</p>\n<p>This ownership clause shall in no way affect or modify the copyrights of GOYON-CHAZEAU SAS.</p>\n<p> </p>\n<p><span style=\"color:#e6361b;\"><strong>ARTICLE 7 : DELIVERY</strong></span></p>\n<p><span>Delivery times are indicative.</span></p>\n<p>The products are delivered to the delivery address indicated during the order process.</p>\n<p>In case of shipment delay, an email will be sent to the buyer to inform him of a possible consequence on the delivery time that has been indicated.</p>\n<p>As required by law, the buyer has the possibility to cancel the order in case of late delivery,. For this the buyer must send a registered letter with aknowledgement of receipt, or a writing on another durable medium, asking GOYON-CHAZEAU SAS to deliver the goods or service in a reasonable additional time. If the delivery is still not done within this additional time, the buyer can cancel the order by sending his request on a registered letter with aknowledgement of receipt, or a writing on another durable medium (article L 138-2 of the Consummer Code).<span> </span></p>\n<p>If, in the meantime, the buyer receives delivery of the goods ordered, he must have to send them back to GOYON-CHAZEAU SAS which will proceed to a refund and will cover the shipping costs under the conditions of Article L 138-3 of the French Consumer Code.</p>\n<p>Once the product is sent, GOYON-CHAZEAU SAS can not be held responsible for late delivery. </p>\n<p>In case of lost or damaged products during transport, the buyer will have to make all the necessary reservations on the delivery note, upon receipt of said goods. These reservations must also be confirmed in writing within five days following the delivery with a registered letter with aknowledgement of receipt.</p>\n<p><span> </span></p>\n<p><span style=\"color:#e6361b;\"><strong>ARTICLE 8 : CLAIMS</strong></span></p>\n<p><span>All claims must be noticed by registered letter with acknowledgment of receipt within 30 days after goods receipt. Passed this delay, the claim is considered null and void.</span></p>\n<p></p>\n<p><span style=\"color:#e6361b;\"><strong>ARTICLE 9 - GUARANTEE</strong></span></p>\n<p><span>All products benefit from the legal guarantee of conformity and the guarantee of hidden defects. as required by articles 1641 and following of the French Civil code. In case of non-compliance of a sold product, it may be returned, exchanged or refunded.</span></p>\n<p>All claims must be noticed by registered letter with acknowledgment of receipt within 30 days after goods receipt.<span>  </span></p>\n<p>Return goods have to be sent with all elements and in their original condition (packaging, accessories, instructions…). The shipping costs will be refunded on the basis of the invoiced rate and the return costs will be refunded upon presentation of receipts.</p>\n<p>The provisions of this article do not preclude the right of withdrawal explained in article 4.</p>\n<p><strong><span> </span></strong><strong><span> </span></strong></p>\n<p><span style=\"color:#e6361b;\"><strong>ARTICLE 10 : LIMITATION OF LIABILITY</strong></span></p>\n<p><span>Articles sold on www.goyon-chazeau.com are handmade what makes each piece unique. For this reason photos are not contractual.</span></p>\n<p><span>Products are sold in the state they are, as acknowledged and accepted by the buyer on the day of the receipt. The buyer must <span> </span>check with the local authorities the importing and using possibilities of the products he plans to order.</span></p>\n<p>As a result, GOYON-CHAZEAU SAS can not be liable to pay any compensation in damages for direct or indirect damages resulting from the use of its products, for their lack of adaptation to the buyer’s needs, for a bad use of the products, or for a claim made by a third party against the buyer for which the buyer will have to contract the appropriate insurance himself.</p>\n<p>GOYON-CHAZEAU SAS can no be held responsible for defects which will find their origin in the datas provided by the buyer, nor of the non-conformity of its products to rules and regulations applied at the point of delivery requested by the buyer.</p>\n<p>Finally, GOYON-CHAZEAU SAS’ responsibility can not be engaged for all inconvenience or damage inherent to the use of the Internet, in particular a break of service, an external intrusion or the presence of computer viruses.</p>\n<p><span> </span></p>\n<p><span style=\"color:#e6361b;\"><strong>ARTICLE 11 – PERSONAL DATAS</strong></span></p>\n<p><span>GOYON-CHAZEAU SAS keeps the right to collect personal information and personal datas concerning the buyer. They are necessary to manage the order, and improve services and information that will be sent to the buyer.<br /></span>They can also be sent to companies which contribute to these relations as the ones used for the delivery and payment.<br />These datas are also kept for security, in order to comply with legal and regulatory requirements.  </p>\n<p>This site is declared to the French National Commission Informatique et Libertés (CNIL) under the number 2172230 v 0 and respects the provisions of the French law 78-17 of January 6, 1978 relating to data, files and liberties.<br />Pursuant to French Law No. 78-17 of 6 January 1978 relating to data, files and liberties, you have the right to oppose (Article 26 of the Law), access (Articles 34 to 38 of the law) and rectify (article 36 of the law) your datas.</p>\n<p><span> </span></p>\n<p><span style=\"color:#e6361b;\"><strong>ARTICLE 12 - ARCHIVING </strong></span></p>\n<p><span>GOYON-CHAZEAU SAS will archive the purchase orders and the invoices on a reliable and durable support constituting a faithful copy, in accordance with article 1348 of the Franch Civil Code.<br /></span>GOYON-CHAZEAU SAS’ computerized registers will be considered by all parties concerned as proof of communications, orders, payments and transactions between the parties.</p>\n<p> </p>\n<p><span style=\"color:#e6361b;\"><strong>ARTICLE 13 : FORCE MAJEURE </strong><strong>EVENT</strong></span></p>\n<p><span>The responsability of GOYON-CHAZEAU SAS may not be implemented if a non-performance on the obligations described in this general terms of sales or a delay is due to a force majeure case. As such, force majeure means any external event, unforseeable and irresistible within the meaning of French civil code, article 1218.</span></p>\n<p><span>Any event due to a case of force majeure resulting in www.goyon-chazeau.com website or its server malfunction and subject to any interruption or modification, in the event of maintenance, does not engage the responsibility of the Seller.</span></p>\n<p><strong><span> </span></strong></p>\n<p><span style=\"color:#e6361b;\"><strong>ARTICLE 14 : MODIFICATION OF THIS GENERAL TERMS OF SALES</strong></span></p>\n<p><span>GOYON-CHAZEAU SAS keeps the right to modify and update these General terms of sales, at any time and without notice.<br /></span>The user is therefore invited to consult them regularly.</p>','General-terms-of-sales-e-shop-GOYON-CHAZEAU'),(13,1,1,'Glossaire','GLOSSAIRE DE LA COUTELLERIE - GOYON CHAZEAU ARTISAN FABRICANT A THIERS ','Couteau, couteaux,glossaire, coutelier, coutellerie, goyon-chazeau,thiers,france','<h1 style=\"text-align:center;color:#e6361b;\">GLOSSAIRE COUTELIER</h1>\n<p></p>\n<p></p>\n<p><span style=\"color:#e6361b;\"><strong>Affiler, affilage</strong><br /></span>Action finale effectuée sur le tranchant et visant à évacuer tous les dépôts restant sur le tranchant afin d\'obtenir un \"fil\" parfaitement poli et donc la meilleure coupe</p>\n<p><span style=\"color:#e6361b;\"><strong>Affûter, affûtage</strong><br /></span>Action effectuée sur le tranchant afin de lui donner une épaisseur apte à couper</p>\n<p><span style=\"color:#e6361b;\"><strong>Aiguiser<span><br /></span></strong><span style=\"color:#000000;\">Créer ou recréer<strong> </strong><span>le tranchant en enlevant de la matière afin d’affiner l’acier de la lame. Terme souvent utilisé aussi dans le langage commun à la place d’affûter et affiler</span><br /></span></span></p>\n<p><strong><span style=\"color:#e6361b;\">Butée fixe</span><br /></strong>Petite pièce d’acier placée horizontalement dans le creux du manche d’un couteau fermant. Elle permet d’arrêter la lame lors de sa fermeture avant qu’elle ne touche le ressort. </p>\n<p><span style=\"color:#e6361b;\"><strong>Cote</strong><br /></span>Plaquettes de matière (bois, acrylique, corne…) que l\'on fixe sur la soie ou les platines et qui servent à confectionner le manche </p>\n<p><span style=\"color:#e6361b;\"><strong>Cran forcé</strong><br /></span>Mécanisme de blocage des lames de couteaux fermants par lequel le ressort, qui présente un renflement, vient se caler dans l\'encoche présente sur le talon de la lame.<br />Les deux mains sont nécessaires pour désenclencher le système en appuyant à la fois sur la lame et sur le manche.<span> </span> </p>\n<p><span style=\"color:#e6361b;\"><strong>Damas, acier damassé</strong><br /></span>Le Damas est la matière résultant de la superposition de couches de différents aciers. Ce mélange crée des décors et rendent chaque pièce unique.<br />Les aciers damassés sont plus résistants, plus durs et plus tranchants.</p>\n<p><span> De nos jours on distingue le damas industriel (ou damas inox) du damas artisanal (ou damas carbone).<br /> Le damas industriel utilisé chez GOYON-CHAZEAU est issu de la métallurgie des poudres. Les dessins du damas sont maîtrisés techniquement.<br /> Le damas artisanal est réalisé par un forgeron qui va souder par forge plusieurs nuances de métaux les unes avec les autres. Martelé, tourné, plié ou étiré à de multiples reprises, le mélange va peu à peu dessiner des formes dans la masse.<br /></span><span>Le damas artisanal utilisé par GOYON-CHAZEAU est réalisé parle forgeron Alain DUMOUSSET.<br /> Les couteaux GOYON-CHAZEAU en damas artisanal possèdent en sus un tranchant rapporté en acier au carbone.</span> </p>\n<p><span style=\"color:#e6361b;\"><strong>Descente de couverts</strong><br /></span>On parle de \"descente\" dans les Arts de la table pour signifier l\'ensemble des couverts qui composent une ménagère ou peuvent la compléter (quelques exemples : couverts dessert, couverts poisson, louche, pelle à tarte, service à salade…). </p>\n<p><span style=\"color:#e6361b;\"><strong>Dureté HRC</strong><br /></span>Dureté de l\'acier obtenue après traitement thermique qui se mesure en coutellerie en Rockwell HRC. </p>\n<p><span> En dessous de 52HRC, l\'acier sera trop souple pour donner du tranchant au couteau.<br /> Au-dessus de 60HRC, l\'acier devient plus fragile et cassant et très difficile à entretenir.</span> </p>\n<p><span style=\"color:#e6361b;\"><strong>Emoudre, Emouture</strong><br /></span>Principe qui consiste à élever du métal sur la lame afin de réaliser le tranchant.<br />Il existe plusieurs types d\'émouture. L\'émouture double des couteaux GOYON-CHAZEAU, également appellée émouture plate ou en V, est la plus polyvalente. Elle offre un tranchant résistant et performant et convient aux droitiers comme aux gauchers.</p>\n<p><span style=\"color:#e6361b;\"><strong>Entablure</strong><br /></span>Ligne de démarcation située à la fin du tranchant, juste avant le manche. Elle se forme lors de l\'émouture et montre l\'épaisseur qui a été enlevée sur la lame pour former le tranchant. </p>\n<p><span style=\"color:#e6361b;\"><strong>Fini, finition</strong><br /></span>On parle de fini, ou de finition pour indiquer le rendu final de la lame, voir de la pièce entière lorsqu\'elle est tout inox.</p>\n<p><span> GOYON-CHAZEAU propose :<br /> - le fini brillant ou miroir ou orfèvre : l\'acier est poli à la perfection et renvoie les reflets comme un miroir;<br /> - le fini mat ou brossé : l\'acier présente de nombreuses stries en surface pour donner un aspect mat;<br /> - le fini sablé : l\'acier présente une surface granuleuse, mat également.</span> </p>\n<p><span style=\"color:#e6361b;\"><strong>Guillochage</strong></span><br />Décoration réalisée sur le dos du ressort.<br />GOYON-CHAZEAU propose 2 sortes de guillochage : le guillochage machine et le guillochage réalisé à la main.</p>\n<p><strong><span style=\"color:#e6361b;\">Haut de couvert</span><br /></strong>Il s\'agit de la lame pour les couteaux, du fourchon pour les fourchettes et du cuilleron pour les cuillères. On peut aussi parler de \"tête\". </p>\n<p><span style=\"color:#e6361b;\"><strong>Mitre</strong><br /></span>La mitre est la partie intermédiaire entre le manche et la lame. On parle aussi de mitre de pied lorsqu\'elle est en bout de manche. <br />Les mitres des couteaux et couverts GOYON-CHAZEAU sont massives, on parle également de mitres forgées. La lame, la mitre et la soie sont formée sur une seule et même pièce d\'acier. Elle apporte une notion de poids et d\'équilibre à la pièce.<br />D\'autres types de mitres existent sur le marché: moulées, rapportées, soudées, creuse...</p>\n<p><span style=\"color:#e6361b;\"><strong>Mouche</strong><br /></span>Extrémité du ressort des couteaux fermants. A l\'origine plate et brute, les couteliers se sont ensuite mis à la sculpter de décors floraux, animaliers ou figuratifs emblématiques. Les couteaux Laguiole présentent le plus souvent une décoration abeille sur leur mouche !</p>\n<p><span style=\"color:#e6361b;\"><strong>Piquetage du manche, cloutage, pointillage</strong><br /></span>Ornement réalisé en plantant des petits clous sur le manche</p>\n<p><span style=\"color:#e6361b;\"><strong>Platines</strong><br /></span>Plaques, le plus souvent en inox, qui servent parfois de support au manche et aux mitres soudées. <br />Elles se placent sur la soie, assurent la rigidité et la solidité de la fixation du manche et protègent les matières fragiles qui ne peuvent pas être fixées directement sur la soie. Elles ajoutent enfin du poids au couteau et le rendent ainsi plus qualitatif. </p>\n<p><span style=\"color:#e6361b;\"><strong>Plein manche</strong><br /></span>Se dit d\'un couteau qui ne possède pas de mitre. </p>\n<p><span style=\"color:#e6361b;\"><strong>Ressort</strong><br /></span>Partie mécanique qui permet l\'ouverture et la fermeture des lames de certains couteaux fermants.<br />GOYON-CHAZEAU propose 3 sortes de ressorts : le ressort forgé simple, le ressort forché guilloché machine et le ressort forgé guilloché main avec mouche forgée. </p>\n<p><span style=\"color:#e6361b;\"><strong>Rivetage, montage par rivets</strong><br /></span>Le rivetage est un des principes d\'assemblage et de fixation du manche sur la soie. Le rivet, cylindre de métal, est placé en force pour maintenir les pièces entre elles. </p>\n<p><span style=\"color:#e6361b;\"><strong>Soie</strong><br /></span>Prolongement de la lame dans le manche qui sert à fixer ce dernier.<br />Il existe plusieurs sortes de soies : la soie postiche, la demi-soie, la 3/4 de soie, qui n\'occupent qu\'une partie du manche, et la pleine soie qui occupe toute la longueur et la largeur du manche.<br />La pleine soie est gage de qualité, de solidité et d\'équilibre.</p>\n<p><span style=\"color:#e6361b;\"><strong>Tranchant</strong><br /></span>Partie affilée de la lame, destinée à couper. </p>\n<p><span style=\"color:#e6361b;\"><strong>Trempe, Lame trempée</strong><br /></span>On parle de trempe pour signifier l\'ensemble du traitement thermique (trempe + revenu) effectué sur la lame.</p>\n<p><span> La trempe, seule, consiste à refroidir brusquement une lame portée à haute température par immersion dans de l\'eau ou dans une huile spécifique. Cela permet d\'améliorer la qualité de l\'acier et d\'en augmenter la dureté.<br /> Elle est complétée du \"revenu\", qui consiste à réchauffer l\'acier trempé et à le refroidir lentement afin de le rendre plus malléable et résistant aux chocs et aux déformations.</span></p>','Glossaire-de-la-coutellerie'),(13,2,1,'Glossary','KNIVES GLOSSARY - GOYON-CHAZEAU MANUFACTURER IN THIERS - 100% FRANCE','knife, knives,glossary, goyon-chazeau,manufacturer,Thiers','<h1 style=\"text-align:center;\"><span style=\"color:#e6361b;\"><strong>CUTLER GLOSSARY</strong></span></h1>\n<p><span> </span></p>\n<p><span><span style=\"color:#e6361b;\"><strong>Bee</strong></span><br />On a folding knife, it is the end of the spring, towards the blade. Originally flat and raw, the cutlers then carved floral decorations, animal or emblematic decorations<br /> Laguiole knives most often present a bee decoration</span></p>\n<p><span style=\"color:#e6361b;\"><strong>Bolster</strong></span><br /><span>The bolster is the part between the blade and the handle</span><br /><span> GOYON-CHAZEAU bolsters are forged bolsters ; Blade, bolster and tang are shaped in the same piece of steel</span><br /><span> The bolster bring a notion of weight and balance to the cutlery piece</span></p>\n<p><span>Other types of bolsters exist on the market : molded, inserted, welded, hollow bolsters…</span></p>\n<p><span><span style=\"color:#e6361b;\"><strong>Chiselling</strong></span><br />Decoration made ton the spring edge</span><br /><span>GOYON-CHAZEAU proposes 2 kinds of chiselling : machine chiselling and handmade chiselling</span></p>\n<p><span style=\"color:#e6361b;\"><strong>Cutting edge</strong></span><br /><span>Sharp part of the blade, intended to cut</span></p>\n<p><span style=\"color:#e6361b;\"><strong>Cutlery heads, cutlery tops</strong></span><br /><span>They are the blades foe knives, prongs for forks, bowls for spoons</span></p>\n<p><span style=\"color:#e6361b;\"><strong>Cutlery pieces, complementary pieces</strong></span><br /><span>These are all the pieces that can be added to the dinner set (dessert knife, fork and spoon, fish set, ladle, cake server, salad serving set…)</span></p>\n<p><span style=\"color:#e6361b;\"><strong>Damascus, damas steel, damask</strong></span><br /><span>Damascus is a material resulting from the mixing of differents steel lays. This, forms a mixture that make each piece unique</span><br /><span>Damas steels are stronger, harder and more edged</span></p>\n<p><span>Nowadays, damas steel is produced in two different ways, both proposed by GOYON-CHAZEAU :</span><br /><span> The industrial damas (or damas stainless steel) comes from powder metallurgy. Damascus drawings are technically mastered</span><br /><span> The handmade damascus is made by a blacksmith who will weld several shades of metals with each other. Hammered, turned, folded or stretched multiple times, the mixture will gradually draw shapes in the mass<br />The handmade damascus used by GOYON-CHAZEAU is made by the blacksmith Alain DUMOUSSET<br /></span>GOYON-CHAZEAU handmade damascus knives have an added cutting edge made with carbon steel</p>\n<p><span><span style=\"color:#e6361b;\"><strong>Finishing, finish</strong></span><br />It is the final appearance of the stainless steel<br />GOYON-CHAZEAU proposes :<br />- Brilliant (or mirror) finish: steel is polished to perfection and reflects as a mirror<br />- Matt or brushed finish: steel has many surface streaks to give a matt aspect<br />- Sandblasted finish : steel presents a granular surfaced which also give a matt aspect</span></p>\n<p><span style=\"color:#e6361b;\"><strong>Fixed stop</strong></span><br /><span>Small piece of steel placed horizontally in the hollow of the handle of a folding knife. It stops the blade when it closes before it touches the spring.</span></p>\n<p><span><span style=\"color:#e6361b;\"><strong>Forced notch</strong></span><br />Locking mechanism for closing knife blades by which the spring, which has a bulge, is wedged in a notch on the heel of the blade<br /> Both hands are needed to disengage the system by pressing both the blade and the handle</span></p>\n<p><span style=\"color:#e6361b;\"><strong>To grind, grinding</strong></span><br /><span>Action of raising metal on the blade to prepare the cutting edge</span><br /><span>There are several types of grinding. GOYON-CHAZEAU proposes a V grinding, or full blade cutting edge which allows the widest use. It offers a strong and efficient cutting edge and is suitable for both right-handed and left-handed users</span></p>\n<p><span style=\"color:#e6361b;\"><strong>Handle side, cover</strong></span><br /><span>Material pad(wood, acrylic, horn ...) which is fixed on the tang or the liners and form the handle</span></p>\n<p><span style=\"color:#e6361b;\"><strong>Hardening, hardened blade</strong></span><br /><span>Hardening, oftenly signify all the quenching, that is to say the heat treatment (hardening + tempering), done on the blade</span><br /><span>Hardening consists in suddenly cooling a blade brought to high temperature by immersion in water or in a specific oil. This improves the quality of the steel and increases the hardness</span><br /><span>It is supplemented by \"tempering\", which consists of heating the tempered steel and cooling it slowly to make it more malleable and resistant to shocks and deformations</span></p>\n<p><span style=\"color:#e6361b;\"><strong>Hardness HRC</strong></span><br /><span>Steel hardness obtained after heat treatment and which is measured, in cutlery field, in Rockwell HRC</span><br /><span>Below 52HRC, steel is too soft to give sharp to the knife</span><br /><span>Above 60HRC, steel becomes more fragile and brittle and make the sharpening very difficult to maintain</span></p>\n<p><span style=\"color:#e6361b;\"><strong><span><strong>Honing</strong></span><br /></strong><span style=\"color:rgb(0,0,0);\">Final action, performed on the cutting edge, aiming to evacuate all deposits remaining on the cutting edge to obtain a perfectly polished cutting edge and therefore the best cut</span><br /></span></p>\n<p><strong><span style=\"color:#e6361b;\">Liners</span><br /></strong>Plates, mostly in stainless steel, which sometimes serve as support for handle sides and/or welded bolsters<br />They are placed on the tang, provide rigidity and strength to the handle and protect the fragile materials that can not be fixed directly on the tang. They finally add weight to the knife and make it more qualitative</p>\n<p><span style=\"color:#e6361b;\"><strong>Pitting points</strong></span><br /><span>Ornament made by planting small nails on the handle</span></p>\n<p><span style=\"color:#e6361b;\"><strong>Plunge line</strong></span><br /><span>Demarcation line at the end of the cutting edge just before the handle. It is formed during the grinding and shows the thickness that has been removed from the blade to make the cutting edge</span></p>\n<p><span style=\"color:#e6361b;\"><strong>Plain handle</strong></span><br /><span>Knife that does not have a bolster</span></p>\n<p><span style=\"color:#e6361b;\"><strong>To sharpen, sharpening</strong></span><br /><span>Action performed on the cutting edge, after grinding, to give it a suitable thickness for cutting</span></p>\n<p><span style=\"color:#e6361b;\"><strong>Spring</strong></span><br /><span>Mechanical part that allows opening and closing of blades on certain folding knives</span><br /><span>GOYON-CHAZEAU proposes 3 kinds of the springs : Plain forged spring, forged spring with machine chiselling or forged spring with forged bee and handmade chiselling</span></p>\n<p><span style=\"color:#e6361b;\"><strong>Rivets, riveting</strong></span><br /><span>Riveting is one assembling and fixing principle to place and maintain the handle on the tang. The rivet, a metal cylinder, is placed in force to hold the parts together</span></p>\n<p><span style=\"color:#e6361b;\"><strong>Tang</strong></span><br /><span>Extension of the blade in the handle to fix it</span><br /><span> Several types of tangs exist: Narrowing tang, partial tang, half tang…, which only occupy a part of the handle, and the full tang which occupies all the handle</span><br /><span> A full tang is a guarantee of quality, strength and balance</span></p>','Cutlery-glossary'),(14,1,1,'Plus d\'informations sur les Cookies','','','<h1>Qu\'est ce qu\'un cookies ?</h1>\n<p><span>Les « cookies » sont des identifiants alphanumériques que nous transférons sur votre disque dur par l\'intermédiaire de votre navigateur Internet, afin de permettre à notre système de reconnaître votre navigateur et de vous proposer des services.</span></p>\n<h1><span>Utilisation de cookies</span></h1>\n<p>Nous utilisons des cookies afin de mémoriser vos préférences, vous donner une meilleure expérience client et améliorer notre site Web en fournissant un contenu plus précisément adapté à vos besoins.</p>\n<p>Ainsi, ils nous servent à :</p>\n<ul><li>Vous identifier lorsque vous vous connectez à notre site.</li>\n<li>Déterminer les paramètres de votre navigateur Internet, tels que le type de navigateur utilisé et les plug-ins que vous avez installés.</li>\n<li>Mémoriser votre panier d\'achat et les options d\'achat.</li>\n<li>Connaître les produits que vous regardez et achetez dans notre boutique afin que nous puissions vous fournir des suggestions adaptées. Nous ne recueillons pas de données personnelles dans le cadre de cette activité. Nous recueillons des données statistiques afin que nous puissions optimiser notre site.</li>\n</ul><p>Certains cookies sont installés jusqu\'à ce que vous fermiez votre navigateur, d\'autres sont conservés pendant plus longtemps. La durée maximale de nos cookies est de 12 mois.<br /><br /></p>\n<h1>Liste des cookies</h1>\n<ul><li>Cookies de votre session : pour activer toutes les fonctionnalités du site et pour permettre de mettre vos produits au panier ou de vous connecter à votre compte.</li>\n<li>Cookie de statistiques Google Analytics : pour collecter des statistiques anonymes sur votre visite.</li>\n</ul><h1>Comment accepter ou refuser les cookies ?</h1>\n<p>Vous pouvez à tout moment choisir de désactiver ces cookies en paramétrant votre navigateur internet.<br />La plupart des navigateurs vous permettent de gérer vos cookies préférés. Vous pouvez régler votre navigateur pour refuser ou effacer certains cookies. Généralement, vous pouvez également gérer les technologies similaires de la même façon, en utilisant vos navigateurs préférés.<br />Les liens suivants vous montrent comment régler les cookies en fonction des navigateurs :</p>\n<ul><li>\n<p>Si vous utilisez le navigateur Internet Explorer, <a href=\"http://windows.microsoft.com/fr-fr/internet-explorer/delete-manage-cookies#ie=ie-11\" target=\"_blank\">cliquez ici</a></p>\n</li>\n<li>\n<p><a href=\"http://windows.microsoft.com/fr-fr/internet-explorer/delete-manage-cookies#ie=ie-11\" target=\"_blank\"></a>Si vous utilisez le navigateur Firefox, <a href=\"https://support.mozilla.org/fr/kb/activer-desactiver-cookies\" target=\"_blank\">cliquez ici</a></p>\n</li>\n<li>\n<p><a href=\"https://support.mozilla.org/fr/kb/activer-desactiver-cookies\" target=\"_blank\"></a>Si vous utilisez le navigateur Safari, <a href=\"http://support.apple.com/kb/PH17191?viewlocale=fr_FR&amp;locale=en_US\" target=\"_blank\">cliquez ici</a></p>\n</li>\n<li>\n<p><a href=\"http://support.apple.com/kb/PH17191?viewlocale=fr_FR&amp;locale=en_US\" target=\"_blank\"></a>Si vous utilisez le navigateur Google Chrome, <a href=\"https://support.google.com/chrome/answer/95647?hl=fr\" target=\"_blank\">cliquez ici</a></p>\n</li>\n</ul><p>Pour plus d’informations sur les cookies vous pouvez consulter le site de la CNIL :<a href=\"http://www.cnil.fr/vos-droits/vos-traces/les-cookies/\" target=\"_blank\"> http://www.cnil.fr/vos-droits/vos-traces/les-cookies/</a></p>','info-cookies'),(14,2,1,'More informations on cookies','','','<h1><span>WHAT IS A COOKIE</span>?</h1>\n<p><span>A « cookie » is a small text file that we put on your computer’s hard disk through your Internet browser, it helps our website to recognize particular device or browser and give you better services when you visit or interact with our websites.<br /><br /></span></p>\n<h1><span>WHAT ARE COOKIES USED FOR?</span></h1>\n<p>We use cookies for different functionnalities, they are either necessary to store your preferences, give you a better user experience or improve our website by displaying you contents more appropriate to your needs.</p>\n<p>We are using cookies for :</p>\n<ul><li>Identify you when you register on our website.</li>\n<li>Find which Internet browser you are using, it’s parameters and the plug-ins you have installed.</li>\n<li>Store your shop cart and your buying options.</li>\n<li>Know which products you are looking at and you are buying in our shop in order to give you better products\' selection. We don’t keep personnal information for this particular activity but we do keep statistics datas in order to optimise our website.</li>\n</ul><p>We use cookies that only remain on your device for as long as you keep your browser active (session) and cookies that remain on your device for a longer period (persistent). The maximum time for a cookie is 12 months.</p>\n<p></p>\n<h1><span>WHAT TYPES OF COOKIES ARE USED?</span></h1>\n<ul><li>\n<p>Session cookies : allow to activate all the fonctionnalities of our website, to put products in the shop cart and register to your account.</p>\n</li>\n<li>\n<p>Statistics’ cookies from Google analytics : we collect anonymous statistics datas about your visit on our website to help us understand how our visitors use our websites or to improve our website content.</p>\n</li>\n</ul><p></p>\n<h1><span>HOW TO ACCEPT OR REJECT COOKIES ?</span></h1>\n<p>Some people prefer not to allow cookies, which is why most browsers give you the ability to manage cookies’ settings.</p>\n<p>In some browsers you can set up rules to manage cookies on a site-by-site basis, giving you more suitable control over your privacy. This means you can disallow cookies from all sites except those you trust.</p>\n<p>The following links show you how to manage cookies depending on the browser you use:</p>\n<p>If you use Internet Explorer, <a href=\"http://windows.microsoft.com/en-us/internet-explorer/delete-manage-cookies#ie=ie-11\" target=\"_blank\">click here</a></p>\n<p>If you use Firefox, <a href=\"https://support.mozilla.org/en-US/kb/enable-and-disable-cookies-website-preferences\" target=\"_blank\">click here</a></p>\n<p>If you use Safari, <a href=\"http://support.apple.com/kb/PH17191?viewlocale=en_US&amp;locale=en_US\" target=\"_blank\">click here</a></p>\n<p>If you use Google Chrome, <a href=\"https://support.google.com/chrome/answer/95647?hl=en\" target=\"_blank\">click here</a></p>\n<p>To know more about cookies, you can browse CNIL website: <a href=\"http://www.cnil.fr/vos-droits/vos-traces/les-cookies/\">http://www.cnil.fr/vos-droits/vos-traces/les-cookies/</a></p>','info-cookies'),(16,1,1,'Notre catalogue','COUTEAUX DE TABLE, COUTEAUX DE POCHE, COUTEAUX DE CUISINE, DECOUVREZ LE CATALOGUE GOYON-CHAZEAU','couteau, couteaux,thiers,Laguiole, table, cuisine, poche,goyon-chazeau','<h1>Catalogue Goyon Chazeau</h1>\n<p>Visualisez ou téléchargez notre catalogue</p>\n<hr /><p style=\"text-align:center;\"><a href=\"/upload/catalogue-goyon-chazeau-2019.pdf\" target=\"_blank\"><img src=\"https://goyon-chazeau.com/img/cms/Catalogue%202019.jpg\" width=\"660\" height=\"436\" alt=\"Catalogue 2019.jpg\" /></a></p>\n<p class=\"btn btn-inverse-o\" id=\"btn_download\" style=\"text-align:left;\"><a href=\"/upload/catalogue-goyon-chazeau-2019.pdf\" target=\"_blank\"> Télécharger le catalogue</a></p>','Catalogue-Coutellerie-GOYON-CHAZEAU'),(16,2,1,'Our catalog','TABLE KNIVES, COOKING KNIVES, POCKET KNIVES, DISCOVER GOYON-CHAZEAU CATALOG','knife, knives, table, steak, pocket, folding,cooking, kitchen, Thiers, Laguiole, GOYON-CHAZEAU','<h1>Goyon Chazeau Catalog</h1>\n<p>Quick view or download our catalog.</p>\n<hr /><p style=\"text-align:center;\"><a href=\"/upload/catalogue-goyon-chazeau-en-2019.pdf\"><img src=\"https://goyon-chazeau.com/img/cms/Catalogue%202019.jpg\" width=\"660\" height=\"436\" alt=\"Catalogue 2019.jpg\" /></a></p>\n<p class=\"btn btn-inverse-o\" id=\"btn_download\" style=\"text-align:left;\"><a href=\"/upload/catalogue-goyon-chazeau-en-2019.pdf\" target=\"_blank\"> Download catalog</a></p>','GOYON-CHAZEAU-Cutlery-catalog'),(17,1,1,'Frais de livraison','Frais de livraison du site de vente de couteaux en ligne GOYON-CHAZEAU','couteau, couteaux, France,goyon-chazeau','<table width=\"1009\" style=\"height:18px;width:1009px;\"><tbody><tr><td style=\"text-align:center;\">\n<h3><span style=\"color:#ffffff;background-color:#e6361b;\">LIVRAISON OFFERTE EN EUROPE (EEE) A PARTIR DE 399€ TTC D\'ACHAT.</span></h3>\n</td>\n</tr></tbody></table><h3 class=\"scrollTable\"></h3>\n<div class=\"scrollTable\"></div>\n<div class=\"scrollTable\"></div>\n<div class=\"scrollTable\">\n<table style=\"height:673px;width:100%;margin-left:auto;margin-right:auto;\" class=\"frais-livraison\"><tbody><tr style=\"background-color:#e6361b;text-align:center;color:#ffffff;font-weight:bold;\"><td style=\"width:50%;\">France METROPOLITAINE (Corse incluse)</td>\n<td style=\"width:25%;\" colspan=\"4\">Poids</td>\n<td style=\"width:25%;\">\n<p>Prix (€)</p>\n</td>\n</tr><tr><td rowspan=\"18\">\n<p><strong>Colissimo Domicile</strong><br /><br /><br /></p>\n<p><span style=\"color:#f60202;\"><strong>Délai de livraison approximatif de 2 jours </strong></span></p>\n</td>\n<td colspan=\"4\"><span>Jusqu\'à 0.25kg</span></td>\n<td>7,90</td>\n</tr><tr><td colspan=\"4\">Jusqu\'à 0.50kg</td>\n<td>8,90</td>\n</tr><tr><td colspan=\"4\">Jusqu\'à 1kg</td>\n<td>9,90</td>\n</tr><tr><td colspan=\"4\">Jusqu\'à 2kg</td>\n<td>10,90</td>\n</tr><tr><td colspan=\"4\">Jusqu\'à 3kg</td>\n<td>11,90</td>\n</tr><tr><td colspan=\"4\">Jusqu\'à 5kg</td>\n<td>12,90</td>\n</tr><tr><td colspan=\"4\">Jusqu\'à 6kg</td>\n<td>13,90</td>\n</tr><tr><td colspan=\"4\">Jusqu\'à 7kg</td>\n<td>14,90</td>\n</tr><tr><td colspan=\"4\">Jusqu\'à 8kg</td>\n<td>15,90</td>\n</tr><tr><td colspan=\"4\">Jusqu\'à 10kg</td>\n<td>16,90</td>\n</tr><tr><td colspan=\"4\">Jusqu\'à 11kg</td>\n<td>17,90</td>\n</tr><tr><td colspan=\"4\">Jusqu\'à 12kg</td>\n<td>18,90</td>\n</tr><tr><td colspan=\"4\">Jusqu\'à 13kg</td>\n<td>19,90</td>\n</tr><tr><td colspan=\"4\">Jusqu\'à 15kg</td>\n<td>20,90</td>\n</tr><tr><td colspan=\"4\">Jusqu\'à 16kg</td>\n<td>21,90</td>\n</tr><tr><td colspan=\"4\">Jusqu\'à 17kg</td>\n<td>22,90</td>\n</tr><tr><td colspan=\"4\">Jusqu\'à 18kg</td>\n<td>23,90</td>\n</tr><tr><td colspan=\"4\">Jusqu\'à 20kg</td>\n<td>24,90</td>\n</tr><tr><td rowspan=\"19\"><strong>Colissimo Point Retrait</strong><br /><br /><br /><span style=\"color:#f60202;\"><strong>Délai de livraison approximatif de 2 jours</strong></span></td>\n<td colspan=\"4\">Jusqu\'à 0.25kg</td>\n<td>5,90</td>\n</tr><tr><td colspan=\"4\">Jusqu\'à 0.50kg</td>\n<td>6,90</td>\n</tr><tr><td colspan=\"4\">Jusqu\'à 1kg</td>\n<td>7,90</td>\n</tr><tr><td colspan=\"4\">Jusqu\'à 2kg</td>\n<td>8,90</td>\n</tr><tr><td colspan=\"4\">Jusqu\'à 3kg</td>\n<td>9,90</td>\n</tr><tr><td colspan=\"4\">Jusqu\'à 4kg</td>\n<td>10,90</td>\n</tr><tr><td colspan=\"4\">Jusqu\'à 5kg</td>\n<td>11,90</td>\n</tr><tr><td colspan=\"4\">Jusqu\'à 7kg</td>\n<td>12,90</td>\n</tr><tr><td colspan=\"4\">Jusqu\'à 8kg</td>\n<td>13,90</td>\n</tr><tr><td colspan=\"4\">Jusqu\'à 9kg</td>\n<td>14,90</td>\n</tr><tr><td colspan=\"4\">Jusqu\'à 10kg</td>\n<td>15,90</td>\n</tr><tr><td colspan=\"4\">Jusqu\'à 11kg</td>\n<td>16,90</td>\n</tr><tr><td colspan=\"4\">Jusqu\'à 13kg</td>\n<td>17,90</td>\n</tr><tr><td colspan=\"4\">Jusqu\'à 14kg</td>\n<td>18,90</td>\n</tr><tr><td colspan=\"4\">Jusqu\'à 15kg</td>\n<td>19,90</td>\n</tr><tr><td colspan=\"4\">Jusqu\'à 16kg</td>\n<td>20,90</td>\n</tr><tr><td colspan=\"4\">Jusqu\'à 17kg</td>\n<td>21,90</td>\n</tr><tr><td colspan=\"4\">Jusqu\'à 19kg</td>\n<td>22,90</td>\n</tr><tr><td colspan=\"4\">Jusqu\'à 20kg</td>\n<td>23,90</td>\n</tr><tr style=\"background-color:#e6361b;text-align:center;color:#ffffff;font-weight:bold;\"><td style=\"width:50%;\">OUTRE-MER</td>\n<td style=\"width:16%;\">Poids</td>\n<td style=\"width:16%;\" colspan=\"2\">Prix Zone OM1<span> (€)</span></td>\n<td style=\"width:18%;\" colspan=\"2\">\n<p><br />Prix <br />Zone OM2<span> (€)</span></p>\n</td>\n</tr><tr><td rowspan=\"13\">\n<p><strong>Colissimo Domicile</strong></p>\n<p><br /><span style=\"color:#f60202;\"><strong>Délai de livraison approximatif de 5 à 10 jours</strong></span></p>\n<p><strong>Zone OM1</strong> : Guadeloupe, Guyane, Martinique, Réunion, Saint-Martin, Saint-Barthélémy, Saint-Pierre et Miquelon, Mayotte.</p>\n<p><strong>Zone OM2</strong> : Nouvelle Calédonie et territoires rattachés (Ile Belep, Ile Chesterfield, Ile Huon, Iles Loyauté, Ile des Pins, Ile Surprise, Ile Walpole), Polynésie française et territoires rattachés (Archipel des Gambiers, Archipel des Marquises, Archipel de La Société, Archipel Sous-le-Vent, Archipel de Tuamoutou, Archipel de Tubai), Iles Wallis et Futuna, Terres australes et antarctiques françasies (TAAF) (Iles Amsterdam et Saint-Paul, Iles Crozet, Archipel des Kerguelen, Terre Adélie)</p>\n</td>\n<td>Jusqu\'à 0,5kg</td>\n<td colspan=\"3\">15.90</td>\n<td>22.90</td>\n</tr><tr><td>Jusqu\'à 1kg</td>\n<td colspan=\"3\">18.90</td>\n<td>26.90</td>\n</tr><tr><td>Jusqu\'à 2kg</td>\n<td colspan=\"3\">23.90</td>\n<td>39.90</td>\n</tr><tr><td>Jusqu\'à 3kg</td>\n<td colspan=\"3\">30.90</td>\n<td>54.90</td>\n</tr><tr><td>Jusqu\'à 4kg</td>\n<td colspan=\"3\">35.90</td>\n<td>65.90</td>\n</tr><tr><td>Jusqu\'à 5kg</td>\n<td colspan=\"3\">40.90</td>\n<td>78.90</td>\n</tr><tr><td>Jusqu\'à 6kg</td>\n<td colspan=\"3\">48.90</td>\n<td>94.90</td>\n</tr><tr><td>Jusqu\'à 7kg</td>\n<td colspan=\"3\">53.90</td>\n<td>109.00</td>\n</tr><tr><td>Jusqu\'à 8kg</td>\n<td colspan=\"3\">57.90</td>\n<td>119.00</td>\n</tr><tr><td>Jusqu\'à 9kg</td>\n<td colspan=\"3\">63.90</td>\n<td>129.00</td>\n</tr><tr><td>Jusqu\'à 10kg</td>\n<td colspan=\"3\">71.90</td>\n<td>145.00</td>\n</tr><tr><td>Jusqu\'à 15kg</td>\n<td colspan=\"3\">99.00</td>\n<td>215.00</td>\n</tr><tr><td>Jusqu\'à 20kg</td>\n<td colspan=\"3\">125.00</td>\n<td>275.00</td>\n</tr><tr style=\"background-color:#e6361b;text-align:center;color:#ffffff;font-weight:bold;\"><td style=\"width:50%;\">\n<p>EUROPE A </p>\n<p>Zone 1 : Allemagne, Belgique, Luxembourg, Pays-Bas.</p>\n<p>Zone 2 : Autriche, Espagne* , Portugal *,  Royaume-Uni.</p>\n<p>Zone 3 : Estonie, Lettonie, Lituanie, Pologne, Suède.</p>\n<p>* Hors territoires spécifiques</p>\n</td>\n<td style=\"width:10%;\">Poids</td>\n<td style=\"width:10%;\">Prix Zone 1 <span> (€)</span></td>\n<td style=\"width:10%;\">Prix Zone 2<span> (€)</span></td>\n<td style=\"width:10%;\" colspan=\"2\"><br />Prix <br />Zone 3<span> (€)<br /><br /></span></td>\n</tr><tr><td rowspan=\"13\">\n<p><strong>Colissimo Domicile </strong><br /><br /><span><strong>Délai de livraison approximatif de 3 à 7 jours</strong></span></p>\n<p></p>\n</td>\n<td><span>Jusqu\'à 0,5kg</span></td>\n<td>9.90</td>\n<td>10.90</td>\n<td colspan=\"2\">11.90</td>\n</tr><tr><td>Jusqu\'à 1kg</td>\n<td>11.90</td>\n<td>13.90</td>\n<td colspan=\"2\">14.90</td>\n</tr><tr><td>Jusqu\'à 2kg</td>\n<td>11.90</td>\n<td>14.90</td>\n<td colspan=\"2\">15.90</td>\n</tr><tr><td>Jusqu\'à 3kg</td>\n<td>12.90</td>\n<td>15.90</td>\n<td colspan=\"2\">16.90</td>\n</tr><tr><td>Jusqu\'à 4kg</td>\n<td>13.90</td>\n<td>15.90</td>\n<td colspan=\"2\">18.90</td>\n</tr><tr><td>Jusqu\'à 5kg</td>\n<td>13.90</td>\n<td>16.90</td>\n<td colspan=\"2\">19.90</td>\n</tr><tr><td>Jusqu\'à 6kg</td>\n<td>14.90</td>\n<td>17.90</td>\n<td colspan=\"2\">25.90</td>\n</tr><tr><td>Jusqu\'à 7kg</td>\n<td>15.90</td>\n<td>18.90</td>\n<td colspan=\"2\">27.90</td>\n</tr><tr><td>Jusqu\'à 8kg</td>\n<td>16.90</td>\n<td>19.90</td>\n<td colspan=\"2\">28.90</td>\n</tr><tr><td>Jusqu\'à 9kg</td>\n<td>16.90</td>\n<td>19.90</td>\n<td colspan=\"2\">29.90</td>\n</tr><tr><td>Jusqu\'à 10kg</td>\n<td>17.90</td>\n<td>20.90</td>\n<td colspan=\"2\">30.90</td>\n</tr><tr><td>Jusqu\'à 15kg</td>\n<td>21.90</td>\n<td>24.90</td>\n<td colspan=\"2\">38.90</td>\n</tr><tr><td>Jusqu\'à 20kg</td>\n<td>25.90</td>\n<td>28.90</td>\n<td colspan=\"2\">45.90</td>\n</tr><tr><td rowspan=\"13\"><strong>Colissimo Point retrait</strong><br /><br /><strong>Délai de livraison approximatif de 2 à 6 jours</strong></td>\n<td>Jusqu\'à 0,5kg</td>\n<td>8.90</td>\n<td>10.90</td>\n<td colspan=\"2\">11.90</td>\n</tr><tr><td>Jusqu\'à 1kg</td>\n<td>10.90</td>\n<td>12.90</td>\n<td colspan=\"2\">13.90</td>\n</tr><tr><td>Jusqu\'à 2kg</td>\n<td>11.90</td>\n<td>13.90</td>\n<td colspan=\"2\">15.90</td>\n</tr><tr><td>Jusqu\'à 3kg</td>\n<td>12.90</td>\n<td>14.90</td>\n<td colspan=\"2\">16.90</td>\n</tr><tr><td>Jusqu\'à 4kg</td>\n<td>12.90</td>\n<td>15.90</td>\n<td colspan=\"2\">17.90</td>\n</tr><tr><td>Jusqu\'à 5kg</td>\n<td>13.90</td>\n<td>16.90</td>\n<td colspan=\"2\">19.90</td>\n</tr><tr><td>Jusqu\'à 6kg</td>\n<td>14.90</td>\n<td>17.90</td>\n<td colspan=\"2\">25.90</td>\n</tr><tr><td>Jusqu\'à 7kg</td>\n<td>14.90</td>\n<td>17.90</td>\n<td colspan=\"2\">26.90</td>\n</tr><tr><td>Jusqu\'à 8kg</td>\n<td>15.90</td>\n<td>18.90</td>\n<td colspan=\"2\">27.90</td>\n</tr><tr><td>Jusqu\'à 9kg</td>\n<td>16.90</td>\n<td>19.90</td>\n<td colspan=\"2\">29.90</td>\n</tr><tr><td>Jusqu\'à 10kg</td>\n<td>16.90</td>\n<td>20.90</td>\n<td colspan=\"2\">30.90</td>\n</tr><tr><td>Jusqu\'à 15kg</td>\n<td>20.90</td>\n<td>24.90</td>\n<td colspan=\"2\">37.90</td>\n</tr><tr><td>Jusqu\'à 20kg</td>\n<td>24.90</td>\n<td>28.90</td>\n<td colspan=\"2\">44.90</td>\n</tr><tr style=\"background-color:#e6361b;text-align:center;color:#ffffff;font-weight:bold;\"><td style=\"width:50%;\">EUROPE B - Domicile uniquement</td>\n<td style=\"width:10%;\">Poids</td>\n<td style=\"width:10%;\">Prix Zone 2 <span> (€)</span></td>\n<td style=\"width:10%;\"><span>Prix Zone 3</span><span> (€)</span></td>\n<td style=\"width:10%;\" colspan=\"2\">\n<p><br />Prix <br />Zone 4<span> (€)</span></p>\n</td>\n</tr><tr><td rowspan=\"13\">\n<p><strong>Colissimo Domicile</strong> <br /><br /><span style=\"color:#f60202;\"><strong>Délai de livraison approximatif de 3 à 7 jours</strong></span></p>\n<p><strong>Zone 2</strong> : Irlande, Italie.</p>\n<p><strong>Zone 3</strong> : Hongrie, Rép Tchèque, Slovaquie, Slovénie.</p>\n<p><strong>Zone 4</strong> : Andorre, Bulgarie, Chypre, Croatie, Finlande, Grèce, Islande, Malte, Monaco, Norvège, Roumanie, Suisse, Territoires spécifiques (Baléares, Canaries, Ceuta, Melilla).</p>\n</td>\n<td>Jusqu\'à 0,5kg</td>\n<td>10,90</td>\n<td>11,90</td>\n<td colspan=\"2\">13,90</td>\n</tr><tr><td>Jusqu\'à 1kg</td>\n<td>13,90</td>\n<td>14,90</td>\n<td colspan=\"2\">16,90</td>\n</tr><tr><td>Jusqu\'à 2kg</td>\n<td>14,90</td>\n<td>15,90</td>\n<td colspan=\"2\">17,90</td>\n</tr><tr><td>Jusqu\'à 3kg</td>\n<td>15,90</td>\n<td>16,90</td>\n<td colspan=\"2\">19,90</td>\n</tr><tr><td>Jusqu\'à 4kg</td>\n<td>15,90</td>\n<td>18,90</td>\n<td colspan=\"2\">21,90</td>\n</tr><tr><td>Jusqu\'à 5kg</td>\n<td>16,90</td>\n<td>19,90</td>\n<td colspan=\"2\">25,90</td>\n</tr><tr><td>Jusqu\'à 6kg</td>\n<td>17,90</td>\n<td>25,90</td>\n<td colspan=\"2\">28,90</td>\n</tr><tr><td>Jusqu\'à 7kg</td>\n<td>18,90</td>\n<td>27,90</td>\n<td colspan=\"2\">32,90</td>\n</tr><tr><td>Jusqu\'à 8kg</td>\n<td>19,90</td>\n<td>28,90</td>\n<td colspan=\"2\">37,90</td>\n</tr><tr><td>Jusqu\'à 9kg</td>\n<td>19,90</td>\n<td>29,90</td>\n<td colspan=\"2\">39,90</td>\n</tr><tr><td>Jusqu\'à 10kg</td>\n<td>20,90</td>\n<td>30,90</td>\n<td colspan=\"2\">43,90</td>\n</tr><tr><td>Jusqu\'à 15kg</td>\n<td>24,90</td>\n<td>38,90</td>\n<td colspan=\"2\">57,90</td>\n</tr><tr><td>Jusqu\'à 20kg</td>\n<td>28,90</td>\n<td>45,90</td>\n<td colspan=\"2\">67,90</td>\n</tr><tr style=\"background-color:#e6361b;text-align:center;color:#ffffff;font-weight:bold;\"><td style=\"width:50%;\">GRAND EXPORT</td>\n<td style=\"width:12%;\">Poids</td>\n<td style=\"width:12%;\">Prix Zone 5<span> (€)</span></td>\n<td style=\"width:13%;\">Prix Zone 6<span> (€)</span></td>\n<td style=\"width:12%;\" colspan=\"2\">\n<p><br />Prix<br />Zone 7 <span>(€)</span></p>\n</td>\n</tr><tr><td rowspan=\"13\">\n<p><strong>Colissimo Domicile et Colissimo Point Retrait</strong></p>\n<p><strong><br /><span style=\"color:#f60202;\"><strong>Délai de livraison approximatif de 4 à 10 jours</strong></span><br /></strong></p>\n<p><strong>Zone 5</strong> : Pays du Maghreb, Turquie, Liechtenstein, autres pays d\'Europe de l\'est.</p>\n<p><strong>Zone 6</strong> : Australie, Canada, Chine, Corée du sud, Etat-unis, Hong kong, Inde, Israël, Japon, Russie, Singapour, Taïlande, Taïwan, Vietnam.</p>\n<p><strong>Zone 7</strong> : Afrique (hors Maghreb), Amériques (hors Usa et Canada), Moyen-Orient, Autres pays d\'Asie, Océanie (hors Australie).</p>\n</td>\n<td>Jusqu\'à 0,5kg</td>\n<td>16,90</td>\n<td>23,90</td>\n<td colspan=\"2\">26,90</td>\n</tr><tr><td>Jusqu\'à 1kg</td>\n<td>19,90</td>\n<td>26,90</td>\n<td colspan=\"2\">31,90</td>\n</tr><tr><td>Jusqu\'à 2kg</td>\n<td>20,90</td>\n<td>34,90</td>\n<td colspan=\"2\">41,90</td>\n</tr><tr><td>Jusqu\'à 3kg</td>\n<td>22,90</td>\n<td>43,90</td>\n<td colspan=\"2\">52,90</td>\n</tr><tr><td>Jusqu\'à 4kg</td>\n<td>24,90</td>\n<td>48,90</td>\n<td colspan=\"2\">62,90</td>\n</tr><tr><td>Jusqu\'à 5kg</td>\n<td>28,90</td>\n<td>52,90</td>\n<td colspan=\"2\">71,90</td>\n</tr><tr><td>Jusqu\'à 6kg</td>\n<td>31,90</td>\n<td>65,90</td>\n<td colspan=\"2\">81,90</td>\n</tr><tr><td>Jusqu\'à 7kg</td>\n<td>34,90</td>\n<td>75,90</td>\n<td colspan=\"2\">92,90</td>\n</tr><tr><td>Jusqu\'à 8kg</td>\n<td>39,90</td>\n<td>83,90</td>\n<td colspan=\"2\">105.00</td>\n</tr><tr><td>Jusqu\'à 9kg</td>\n<td>41,90</td>\n<td>86,90</td>\n<td colspan=\"2\">115.00</td>\n</tr><tr><td>Jusqu\'à 10kg</td>\n<td>45,90</td>\n<td>90,90</td>\n<td colspan=\"2\">125.00</td>\n</tr><tr><td>Jusqu\'à 15kg</td>\n<td>59.00</td>\n<td>129.00</td>\n<td colspan=\"2\">169.00</td>\n</tr><tr><td>Jusqu\'à 20kg</td>\n<td>69.00</td>\n<td>145.00</td>\n<td colspan=\"2\">215.00</td>\n</tr></tbody></table></div>\n<p>Les colis de plus de 20 kg ne peuvent être pris en charge par les solutions de livraisons proposées sur notre site.<br /> Merci de nous contacter afin de mettre en place une autre solution de livraison.</p>\n<p></p>','frais-de-livraison'),(17,2,1,'Delivery cost','Delivery cost for knives sales 100% France GOYON-CHAZEAU','knife, knives,France,Goyon-Chazeau','<p></p>\n<table width=\"1010\" style=\"height:18px;\"><tbody><tr><td>\n<h2 style=\"text-align:center;\"><span style=\"color:#ffffff;background-color:#e6361b;\">FREE DELIVERY IN EUROPE (EEA) FROM 399€ TTC.</span></h2>\n</td>\n</tr></tbody></table><h2></h2>\n<p></p>\n<div class=\"scrollTable\">\n<table style=\"height:673px;width:100%;margin-left:auto;margin-right:auto;\" class=\"frais-livraison\"><tbody><tr style=\"background-color:#e6361b;text-align:center;color:#ffffff;font-weight:bold;\"><td style=\"width:50%;\">METROPOLITAN FRANCE (including Corsica)</td>\n<td style=\"width:25%;\" colspan=\"4\">Weight</td>\n<td style=\"width:25%;\">Price (€)</td>\n</tr><tr><td rowspan=\"18\">\n<p><strong>Colissimo Home</strong><br /><br /><br /></p>\n<p><span style=\"color:#f60202;\"><strong><span style=\"color:#f60202;\"><strong>Approximate delivery time : 2 days </strong></span></strong></span></p>\n</td>\n<td colspan=\"4\">Up to 0.25kg</td>\n<td>7,90</td>\n</tr><tr><td colspan=\"4\">Up to 0.50kg</td>\n<td>8,90</td>\n</tr><tr><td colspan=\"4\">Up to 1kg</td>\n<td>9,90</td>\n</tr><tr><td colspan=\"4\">Up to 2kg</td>\n<td>10,90</td>\n</tr><tr><td colspan=\"4\">Up to 3kg</td>\n<td>11,90</td>\n</tr><tr><td colspan=\"4\">Up to 5kg</td>\n<td>12,90</td>\n</tr><tr><td colspan=\"4\">Up to 6kg</td>\n<td>13,90</td>\n</tr><tr><td colspan=\"4\">Up to 7kg</td>\n<td>14,90</td>\n</tr><tr><td colspan=\"4\">Up to 8kg</td>\n<td>15,90</td>\n</tr><tr><td colspan=\"4\">Up to 10kg</td>\n<td>16,90</td>\n</tr><tr><td colspan=\"4\">Up to 11kg</td>\n<td>17,90</td>\n</tr><tr><td colspan=\"4\">Up to 12kg</td>\n<td>18,90</td>\n</tr><tr><td colspan=\"4\">Up to 13kg</td>\n<td>19,90</td>\n</tr><tr><td colspan=\"4\">Up to 15kg</td>\n<td>20,90</td>\n</tr><tr><td colspan=\"4\">Up to 16kg</td>\n<td>21,90</td>\n</tr><tr><td colspan=\"4\">Up to 17kg</td>\n<td>22,90</td>\n</tr><tr><td colspan=\"4\">Up to 18kg</td>\n<td>23,90</td>\n</tr><tr><td colspan=\"4\">Up to 20kg</td>\n<td>24,90</td>\n</tr><tr><td rowspan=\"19\">\n<p><strong>Colissimo relay point</strong><br /><br /><br /><span style=\"color:#f60202;\"><strong><span style=\"color:#f60202;\"><strong>Approximate delivery time :</strong></span></strong></span><strong><span style=\"color:#f60202;\"><strong> 2 days</strong></span></strong></p>\n</td>\n<td colspan=\"4\">Up to 0.25kg</td>\n<td>5,90</td>\n</tr><tr><td colspan=\"4\">Up to 0.50kg</td>\n<td>6,90</td>\n</tr><tr><td colspan=\"4\">Up to 1kg</td>\n<td>7,90</td>\n</tr><tr><td colspan=\"4\">Up to 2kg</td>\n<td>8,90</td>\n</tr><tr><td colspan=\"4\">Up to 3kg</td>\n<td>9,90</td>\n</tr><tr><td colspan=\"4\">Up to 4kg</td>\n<td>10,90</td>\n</tr><tr><td colspan=\"4\">Up to 5kg</td>\n<td>11,90</td>\n</tr><tr><td colspan=\"4\">Up to 7kg</td>\n<td>12,90</td>\n</tr><tr><td colspan=\"4\">Up to 8kg</td>\n<td>13,90</td>\n</tr><tr><td colspan=\"4\">Up to 9kg</td>\n<td>14,90</td>\n</tr><tr><td colspan=\"4\">Up to 10kg</td>\n<td>15,90</td>\n</tr><tr><td colspan=\"4\">Up to 11kg</td>\n<td>16,90</td>\n</tr><tr><td colspan=\"4\">Up to 13kg</td>\n<td>17,90</td>\n</tr><tr><td colspan=\"4\">Up to 14kg</td>\n<td>18,90</td>\n</tr><tr><td colspan=\"4\">Up to 15kg</td>\n<td>19,90</td>\n</tr><tr><td colspan=\"4\">Up to 16kg</td>\n<td>20,90</td>\n</tr><tr><td colspan=\"4\">Up to 17kg</td>\n<td>21,90</td>\n</tr><tr><td colspan=\"4\">Up to 19kg</td>\n<td>22,90</td>\n</tr><tr><td colspan=\"4\">Up to 20kg</td>\n<td>23,90</td>\n</tr><tr style=\"background-color:#e6361b;text-align:center;color:#ffffff;font-weight:bold;\"><td style=\"width:50%;\">OVERSEAS</td>\n<td style=\"width:16%;\">Weight</td>\n<td style=\"width:16%;\" colspan=\"3\">Price Zone OM1<span> (€)</span></td>\n<td style=\"width:18%;\"><br />Price Zone OM2 <span>(€)</span></td>\n</tr><tr><td rowspan=\"13\">\n<p><strong><strong>Colissimo Home </strong></strong></p>\n<p><br /><span style=\"color:#f60202;\"><strong><span style=\"color:#f60202;\"><strong>Approximate delivery time : between 5 and 10 days </strong></span></strong></span></p>\n<p><strong>Zone OM1</strong> : Guadeloupe, Guyane, Martinique, Réunion, Saint-Martin, Saint-Barthélémy, Saint-Pierre and Miquelon, Mayotte.</p>\n<p><strong>Zone OM2</strong> : New Caledonia and related territories (Belep Island, Chesterfield Island, Huon Island, Loyalty Islands, Isle of Pines, Surprise Island, Walpole Island), French Polynesia and related territories (Gambier Islands, Marquesas Islands, Society islands,<span>Leeward Islands</span>, <span>Tuamotus, Austral islands</span>), <span>Wallis and Futuna</span>, <span>French Southern and Antarctic Lands</span> (îles Amsterdam and St. Paul, Crozet Islands, Kerguelen islands, Adélie Land)</p>\n</td>\n<td>Up to 0,5kg</td>\n<td colspan=\"3\">15.90</td>\n<td>22.90</td>\n</tr><tr><td>Up to 1kg</td>\n<td colspan=\"3\">18.90</td>\n<td>26.90</td>\n</tr><tr><td>Up to 2kg</td>\n<td colspan=\"3\">23.90</td>\n<td>39.90</td>\n</tr><tr><td>Up to 3kg</td>\n<td colspan=\"3\">30.90</td>\n<td>54.90</td>\n</tr><tr><td>Up to 4kg</td>\n<td colspan=\"3\">35.90</td>\n<td>65.90</td>\n</tr><tr><td>Up to 5kg</td>\n<td colspan=\"3\">40.90</td>\n<td>78.90</td>\n</tr><tr><td>Up to 6kg</td>\n<td colspan=\"3\">48.90</td>\n<td>94.90</td>\n</tr><tr><td>Up to 7kg</td>\n<td colspan=\"3\">53.90</td>\n<td>109.00</td>\n</tr><tr><td>Up to 8kg</td>\n<td colspan=\"3\">57.90</td>\n<td>119.00</td>\n</tr><tr><td>Up to 9kg</td>\n<td colspan=\"3\">63.90</td>\n<td>129.00</td>\n</tr><tr><td>Up to 10kg</td>\n<td colspan=\"3\">71.90</td>\n<td>145.00</td>\n</tr><tr><td>Up to 15kg</td>\n<td colspan=\"3\">99.00</td>\n<td>215.00</td>\n</tr><tr><td>Up to 20kg</td>\n<td colspan=\"3\">125.00</td>\n<td>275.00</td>\n</tr><tr style=\"background-color:#e6361b;text-align:center;color:#ffffff;font-weight:bold;\"><td style=\"width:50%;\">\n<p>EUROPE A - HOME</p>\n<p><strong>Zone 1</strong> : Germany, Belgium, Netherlands, Luxembourg.</p>\n<p><strong>Zone 2</strong> : Austria, Spain*, Portugal*, United Kingdom.</p>\n<p><strong>Zone 3</strong> : Estonia, Latvia, Lithuania, Poland, Sweden.</p>\n<p>* Except <span class=\"short_text\" lang=\"en\" xml:lang=\"en\">specific territories</span></p>\n</td>\n<td style=\"width:10%;\">Weight</td>\n<td style=\"width:10%;\">Price Zone 1<span> (€)</span></td>\n<td style=\"width:10%;\">Price Zone 2<span> (€)</span></td>\n<td style=\"width:10%;\" colspan=\"2\"><br />Price Zone 3<span> (€)</span></td>\n</tr><tr><td rowspan=\"13\"><strong>Colissimo Home</strong><br /><br /><span style=\"color:#e6361b;\"><strong>Approximate delivery time : between 3 and 7 days</strong></span></td>\n<td>Up to 0.5kg</td>\n<td>9.90</td>\n<td>10.90</td>\n<td colspan=\"2\">11.90</td>\n</tr><tr><td>Up to 1kg</td>\n<td>11.90</td>\n<td>13.90</td>\n<td colspan=\"2\">14.90</td>\n</tr><tr><td>Up to 2kg</td>\n<td>11.90</td>\n<td>14.90</td>\n<td colspan=\"2\">15.90</td>\n</tr><tr><td>Up to 3kg</td>\n<td>12.90</td>\n<td>15.90</td>\n<td colspan=\"2\">16.90</td>\n</tr><tr><td>Up to 4kg</td>\n<td>13.90</td>\n<td>15.90</td>\n<td colspan=\"2\">18.90</td>\n</tr><tr><td>Up to 5kg</td>\n<td>13.90</td>\n<td>16.90</td>\n<td colspan=\"2\">19.90</td>\n</tr><tr><td>Up to 6kg</td>\n<td>14.90</td>\n<td>17.90</td>\n<td colspan=\"2\">25.90</td>\n</tr><tr><td>Up to 7kg</td>\n<td>15.90</td>\n<td>18.90</td>\n<td colspan=\"2\">27.90</td>\n</tr><tr><td>Up to 8kg</td>\n<td>16.90</td>\n<td>19.90</td>\n<td colspan=\"2\">28.90</td>\n</tr><tr><td>Up to 9kg</td>\n<td>16.90</td>\n<td>19.90</td>\n<td colspan=\"2\">29.90</td>\n</tr><tr><td>Up to 10kg</td>\n<td>17.90</td>\n<td>20.90</td>\n<td colspan=\"2\">30.90</td>\n</tr><tr><td>Up to 15kg</td>\n<td>21.90</td>\n<td>24.90</td>\n<td colspan=\"2\">38.90</td>\n</tr><tr><td>Up to 20kg</td>\n<td>25.90</td>\n<td>28.90</td>\n<td colspan=\"2\">45.90</td>\n</tr><tr><td rowspan=\"13\"><strong>Colissimo Relay point</strong><br /><br /><span style=\"color:#e6361b;\"><strong>Approximate delivery time : between 2 and 6 days</strong></span></td>\n<td>Up to 0.5kg</td>\n<td>8.90</td>\n<td>10.90</td>\n<td colspan=\"2\">11.90</td>\n</tr><tr><td>Up to 1kg</td>\n<td>10.90</td>\n<td>12.90</td>\n<td colspan=\"2\">13.90</td>\n</tr><tr><td>Up to 2kg</td>\n<td>11.90</td>\n<td>13.90</td>\n<td colspan=\"2\">15.90</td>\n</tr><tr><td>Up to 3kg</td>\n<td>12.90</td>\n<td>14.90</td>\n<td colspan=\"2\">16.90</td>\n</tr><tr><td>Up to 4kg</td>\n<td>12.90</td>\n<td>15.90</td>\n<td colspan=\"2\">17.90</td>\n</tr><tr><td>Up to 5kg</td>\n<td>13.90</td>\n<td>16.90</td>\n<td colspan=\"2\">19.90</td>\n</tr><tr><td>Up to 6kg</td>\n<td>14.90</td>\n<td>17.90</td>\n<td colspan=\"2\">25.90</td>\n</tr><tr><td>Up to 7kg</td>\n<td>14.90</td>\n<td>17.90</td>\n<td colspan=\"2\">26.90</td>\n</tr><tr><td>Up to 8kg</td>\n<td>15.90</td>\n<td>18.90</td>\n<td colspan=\"2\">27.90</td>\n</tr><tr><td>Up to 9kg</td>\n<td>16.90</td>\n<td>19.90</td>\n<td colspan=\"2\">29.90</td>\n</tr><tr><td>up to 10kg</td>\n<td>16.90</td>\n<td>20.90</td>\n<td colspan=\"2\">30.90</td>\n</tr><tr><td>Up to 15kg</td>\n<td>20.90</td>\n<td>24.90</td>\n<td colspan=\"2\">37.90</td>\n</tr><tr><td>Up to 20kg</td>\n<td>24.90</td>\n<td>28.90</td>\n<td colspan=\"2\">44.90</td>\n</tr><tr style=\"background-color:#e6361b;text-align:center;color:#ffffff;font-weight:bold;\"><td style=\"width:50%;\">EUROPE B - HOME ONLY</td>\n<td style=\"width:10%;\">Weight</td>\n<td style=\"width:10%;\"><span>Price </span><span>Zone 2</span><span> (€)</span></td>\n<td style=\"width:10%;\"><span>Price </span>Zone 3<span> (€)</span></td>\n<td style=\"width:10%;\" colspan=\"2\"><br />Price Zone 4<span> (€)</span></td>\n</tr><tr><td rowspan=\"13\">\n<p><strong>Colissimo Home </strong><br /><br /><span style=\"color:#f60202;\"><strong><span style=\"color:#f60202;\"><strong>Approximate delivery time : between 3 and 7 days </strong></span></strong></span></p>\n<p><strong>Zone 2</strong> : Ireland, Italy.</p>\n<p><strong>Zone 3</strong> : Hungary, Czech Republic, Slovakia, Slovenia.</p>\n<p><strong>Zone 4</strong> :Andorra, Bulgaria, Cyprus, Croatia, Finland, Greece, Iceland, Malta, Monaco, Norway, Romania, Switzerland, Specific Territories (Balearic Islands, Canary Islands, Ceuta, Melilla).</p>\n</td>\n<td>Up to 0,5kg</td>\n<td>10,90</td>\n<td>11,90</td>\n<td colspan=\"2\">13,90</td>\n</tr><tr><td>Up to 1kg</td>\n<td>13,90</td>\n<td>14,90</td>\n<td colspan=\"2\">16,90</td>\n</tr><tr><td>Up to 2kg</td>\n<td>14,90</td>\n<td>15,90</td>\n<td colspan=\"2\">17,90</td>\n</tr><tr><td>Up to 3kg</td>\n<td>15,90</td>\n<td>16,90</td>\n<td colspan=\"2\">19,90</td>\n</tr><tr><td>Up to 4kg</td>\n<td>15,90</td>\n<td>18,90</td>\n<td colspan=\"2\">21,90</td>\n</tr><tr><td>Up to 5kg</td>\n<td>16,90</td>\n<td>19,90</td>\n<td colspan=\"2\">25,90</td>\n</tr><tr><td>Up to 6kg</td>\n<td>17,90</td>\n<td>25,90</td>\n<td colspan=\"2\">28,90</td>\n</tr><tr><td>Up to 7kg</td>\n<td>18,90</td>\n<td>27,90</td>\n<td colspan=\"2\">32,90</td>\n</tr><tr><td>Up to 8kg</td>\n<td>19,90</td>\n<td>28,90</td>\n<td colspan=\"2\">37,90</td>\n</tr><tr><td>Up to 9kg</td>\n<td>19,90</td>\n<td>29,90</td>\n<td colspan=\"2\">39,90</td>\n</tr><tr><td>Up to 10kg</td>\n<td>20,90</td>\n<td>30,90</td>\n<td colspan=\"2\">43,90</td>\n</tr><tr><td>Up to 15kg</td>\n<td>24,90</td>\n<td>38,90</td>\n<td colspan=\"2\">57,90</td>\n</tr><tr><td>Up to 20kg</td>\n<td>28,90</td>\n<td>45,90</td>\n<td colspan=\"2\">67,90</td>\n</tr><tr style=\"background-color:#e6361b;text-align:center;color:#ffffff;font-weight:bold;\"><td style=\"width:50%;\">Grand Export</td>\n<td style=\"width:12%;\">Weight</td>\n<td style=\"width:12%;\"><span>Price </span>Zone 5<span> (€)</span></td>\n<td style=\"width:13%;\"><span>Price </span>Zone 6<span> (€)</span></td>\n<td style=\"width:12%;\" colspan=\"2\"><br />Price Zone 7<span> (€)</span></td>\n</tr><tr><td rowspan=\"13\">\n<p><strong>Colissimo Home <br /></strong></p>\n<p><strong><br /><span style=\"color:#f60202;\"><strong><span style=\"color:#f60202;\"><strong>Approximate delivery time : between 4 and 10 days </strong></span></strong></span><br /></strong></p>\n<p><strong>Zone 5</strong> : Maghreb countries, Turkey, Liechtenstein, Other Eastern Europe.</p>\n<p><strong>Zone 6</strong> : Australia, Canada, China, South Korea, United States, Hong Kong, India, Israel, Japan, Russia, Singapore, Thailand, Vietnam, Taiwan.</p>\n<p><strong>Zone 7</strong> : Africa (excluding Maghreb), Americas (excluding USA and Canada), Middle East, Other Asian countries, Oceania (excluding Australia).</p>\n</td>\n<td>Up to 0,5kg</td>\n<td>16,90</td>\n<td>23,90</td>\n<td colspan=\"2\">26,90</td>\n</tr><tr><td>Up to 1kg</td>\n<td>19,90</td>\n<td>26,90</td>\n<td colspan=\"2\">31,90</td>\n</tr><tr><td>Up to 2kg</td>\n<td>21,90</td>\n<td>34,90</td>\n<td colspan=\"2\">41,90</td>\n</tr><tr><td>Up to 3kg</td>\n<td>22,90</td>\n<td>43,90</td>\n<td colspan=\"2\">52,90</td>\n</tr><tr><td>Up to 4kg</td>\n<td>24,90</td>\n<td>48,90</td>\n<td colspan=\"2\">62,90</td>\n</tr><tr><td>Up to 5kg</td>\n<td>28,90</td>\n<td>52,90</td>\n<td colspan=\"2\">71,90</td>\n</tr><tr><td>Up to 6kg</td>\n<td>31,90</td>\n<td>65,90</td>\n<td colspan=\"2\">81,90</td>\n</tr><tr><td>Up to 7kg</td>\n<td>34,90</td>\n<td>75,90</td>\n<td colspan=\"2\">92,90</td>\n</tr><tr><td>Up to 8kg</td>\n<td>39,90</td>\n<td>83,90</td>\n<td colspan=\"2\">105.00</td>\n</tr><tr><td>Up to 9kg</td>\n<td>41,90</td>\n<td>86,90</td>\n<td colspan=\"2\">115.00</td>\n</tr><tr><td>Up to 10kg</td>\n<td>45,90</td>\n<td>90,90</td>\n<td colspan=\"2\">125,00</td>\n</tr><tr><td>Up to 15kg</td>\n<td>59.00</td>\n<td>129.00</td>\n<td colspan=\"2\">169.00</td>\n</tr><tr><td>Up to 20kg</td>\n<td>69.00</td>\n<td>145.00</td>\n<td colspan=\"2\">215.00</td>\n</tr></tbody></table></div>\n<p><span style=\"font-size:13px;color:#000000;font-weight:400;text-decoration:none;font-family:Arial;font-style:normal;\"><span xml:lang=\"en\" lang=\"en\"><span>For orders above 20 kg, our usual carriers can not deliver because of the excessive weight. Please contact us to arrange another delivery method.</span></span></span></p>\n<p></p>','delivery-cost');

--
