(113,2,'[ApRow form_id=\"form_1517429474\" id=\"scroll_pull_in\" container=\"container home-top\" class=\"row\" bg_config=\"boxed\" bg_type=\"normal\" bg_color=\"f7f7f7\" bg_repeat=\"no-repeat\" parallax_speed=\"0.1\" parallax_axis=\"both\" parallax_strength=\"0.5\" parallax_rid=\"0.5\" parallax_hoffsets=\"0.1\" parallax_voffsets=\"0.1\" animation=\"none\" animation_delay=\"2\" specific_type=\"all\" controller_pages=\"\" controller_id=\"\"][ApColumn form_id=\"form_1517444795\" class=\"home-topleft\" lg=\"6\" md=\"6\" sm=\"12\" xs=\"12\" sp=\"12\" animation=\"none\" animation_delay=\"2\" specific_type=\"all\" controller_pages=\"\" controller_id=\"\"][ApHtml form_id=\"form_1517418528\" content_html=\"<h3 class=_APQUOT_title_block_topleft_APQUOT_ style=_APQUOT_text-align: right;_APQUOT_>Couteliers depuis 3 générations</h3>_APENTER_<p style=_APQUOT_text-align: right;_APQUOT_>GOYON-CHAZEAU est une entreprise familiale qui cultive son savoir-faire artisanal depuis trois générations. Installée près de Thiers depuis les années 50, l’entreprise a obtenu le label EPV (Entreprise du Patrimoine Vivant) pour son expertise unique de la soudure de l’inox et du travail de la forge.</p>_APENTER_<p style=_APQUOT_text-align: right;_APQUOT_><a class=_APQUOT_btn btn-inverse_APQUOT_ href=_APQUOT_#_APQUOT_>En savoir plus</a></p>\"][/ApHtml][/ApColumn][ApColumn form_id=\"form_1517424161\" lg=\"3\" md=\"3\" sm=\"6\" xs=\"6\" sp=\"12\" animation=\"none\" animation_delay=\"2\" specific_type=\"all\" controller_pages=\"\" controller_id=\"\"][ApImage form_id=\"form_1517435534\" animation=\"none\" animation_delay=\"0.5\" css_class=\"effect border-orange\" is_open=\"0\" width=\"100%\" height=\"auto\" image=\"Plan de travail 4.png\" url=\"http://prestashop.com\"][/ApImage][ApImage form_id=\"form_1517443831\" animation=\"none\" animation_delay=\"1\" css_class=\"effect border-orange\" is_open=\"0\" width=\"100%\" height=\"auto\" image=\"couteur-divise-2.jpg\" url=\"http://prestashop.com\"][/ApImage][ApImage form_id=\"form_1517430188\" animation=\"none\" animation_delay=\"1.5\" css_class=\"effect border-orange\" is_open=\"0\" width=\"100%\" height=\"auto\" image=\"couteau-dive-3.png\" url=\"http://prestashop.com\"][/ApImage][/ApColumn][ApColumn form_id=\"form_1517427389\" class=\"home-topright\" lg=\"3\" md=\"3\" sm=\"6\" xs=\"6\" sp=\"12\" animation=\"none\" animation_delay=\"2\" specific_type=\"all\" controller_pages=\"\" controller_id=\"\"][ApRawHtml form_id=\"form_1517428986\" content_html=\"<a href=_APQUOT_#_APQUOT_ title=_APQUOT__APQUOT_>La Coutellerie <i class=_APQUOT_fa fa-long-arrow-right_APQUOT_></i></a>\"][/ApRawHtml][/ApColumn][/ApRow][ApRow form_id=\"form_1517444851\" class=\"row no-margin\" bg_config=\"boxed\" bg_type=\"normal\" bg_repeat=\"no-repeat\" parallax_speed=\"0.1\" parallax_axis=\"both\" parallax_strength=\"0.5\" parallax_rid=\"0.5\" parallax_hoffsets=\"0.1\" parallax_voffsets=\"0.1\" animation=\"none\" animation_delay=\"2\" specific_type=\"all\" active=\"1\" controller_pages=\"\" controller_id=\"\"][ApColumn form_id=\"form_1517428728\" class=\"no-padding grid-block\" lg=\"12\" md=\"12\" sm=\"12\" xs=\"12\" sp=\"12\" animation=\"none\" animation_delay=\"2\" specific_type=\"all\" controller_pages=\"\" controller_id=\"\"][ApImage form_id=\"form_1517442329\" animation=\"none\" animation_delay=\"0.5\" alt=\"Un savoir-faire reconnu\" is_open=\"0\" width=\"100%\" height=\"auto\" override_folder=\"grid-block\" image=\"img-savoir-faire.png  \" url=\"http://prestashop.com\" description=\"<h3 class=_APQUOT_title_block_APQUOT_>Un savoir-faire reconnu</h3>_APENTER_<p>Depuis trois générations, cette entreprise familiale fabrique des couteaux haut de gamme où la main et la passion sont omniprésentes.La touche d_APAPOST_originalité et le soin apporté au détail sont des composants indissociables de l_APAPOST_identité artisanale de cette coutellerie.</p>_APENTER_<p><a class=_APQUOT_btn btn-inverse_APQUOT_ href=_APQUOT_#_APQUOT_>En savoir plus</a></p>\"][/ApImage][/ApColumn][ApColumn form_id=\"form_1517421094\" class=\"no-padding grid-block grid-block1\" lg=\"12\" md=\"12\" sm=\"12\" xs=\"12\" sp=\"12\" animation=\"none\" animation_delay=\"2\" specific_type=\"all\" controller_pages=\"\" controller_id=\"\"][ApImage form_id=\"form_1517430447\" animation=\"none\" animation_delay=\"0.5\" alt=\"Forge Goyon Chazeau\" is_open=\"0\" width=\"100%\" height=\"auto\" override_folder=\"grid-block\" image=\"img-forge.jpg   \" url=\"http://prestashop.com\" description=\"<h3 class=_APQUOT_title_block_APQUOT_>Un cœur de forge</h3>_APENTER_<p>Les lames sont découpées, forgées, émoulées avec une minutie d_APAPOST_horlogerie et les bois (loupe de cade, pistachier ou chêne) sont montés et polis comme de la marqueterie. « Chaque pièce est unique parce qu_APAPOST_elle est exécutée entièrement à la main. »</p>_APENTER_<p><a class=_APQUOT_btn btn-inverse_APQUOT_ href=_APQUOT_#_APQUOT_>En savoir plus</a></p>\"][/ApImage][/ApColumn][ApColumn form_id=\"form_1517417220\" id=\"bg_texture\" class=\"no-padding grid-block\" lg=\"12\" md=\"12\" sm=\"12\" xs=\"12\" sp=\"12\" animation=\"none\" animation_delay=\"2\" specific_type=\"all\" controller_pages=\"\" controller_id=\"\"][ApImage form_id=\"form_1517443381\" animation=\"none\" animation_delay=\"0.5\" alt=\"Matériaux des couteaux Goyon Chazeau\" is_open=\"0\" width=\"100%\" height=\"auto\" override_folder=\"grid-block\" image=\"knife-bread-knife-wire-sharp-cut-knife-blade.jpg \" url=\"http://prestashop.com\" description=\"<h3 class=_APQUOT_title_block_APQUOT_>Des matériaux finement sélectionnés</h3>_APENTER_<p>Les lames sont découpées, forgées, émoulées avec une minutie d_APAPOST_horlogerie et les bois (loupe de cade, pistachier ou chêne) sont montés et polis comme de la marqueterie. « Chaque pièce est unique parce qu_APAPOST_elle est exécutée entièrement à la main. »</p>_APENTER_<p><a class=_APQUOT_btn btn-inverse_APQUOT_ href=_APQUOT_#_APQUOT_>En savoir plus</a></p>\"][/ApImage][/ApColumn][/ApRow][ApRow form_id=\"form_1517439506\" container=\"container\" class=\"row home-viewall\" padding_top=\"70px\" padding_bottom=\"25px\" bg_config=\"fullwidth\" bg_type=\"normal\" bg_color=\"#383948\" bg_img=\"bandeau-triangle.jpg\" bg_repeat=\"no-repeat\" parallax_speed=\"0.1\" parallax_axis=\"both\" parallax_strength=\"0.5\" parallax_rid=\"0.5\" parallax_hoffsets=\"0.1\" parallax_voffsets=\"0.1\" animation=\"none\" animation_delay=\"2\" specific_type=\"all\" controller_pages=\"\" controller_id=\"\"][ApColumn form_id=\"form_1517432363\" lg=\"8\" md=\"8\" sm=\"12\" xs=\"12\" sp=\"12\" animation=\"none\" animation_delay=\"2\" specific_type=\"all\" controller_pages=\"\" controller_id=\"\"][ApHtml form_id=\"form_1517415120\" content_html=\"<p class=_APQUOT_text_1_APQUOT_>Trouvez votre couteau idéale</p>\"][/ApHtml][/ApColumn][ApColumn form_id=\"form_1517421329\" lg=\"4\" md=\"4\" sm=\"12\" xs=\"12\" sp=\"12\" animation=\"none\" animation_delay=\"2\" specific_type=\"all\" controller_pages=\"\" controller_id=\"\"][ApHtml form_id=\"form_1517429950\" content_html=\"<p><a class=_APQUOT_btn btn-inverse-border_APQUOT_ href=_APQUOT_#_APQUOT_ title=_APQUOT_Aller à la boutique_APQUOT_>La boutique</a></p>\"][/ApHtml][/ApColumn][/ApRow][ApRow form_id=\"form_1517433191\" container=\"container\" class=\"row\" padding_top=\"70px\" padding_bottom=\"70px\" bg_config=\"fullwidth\" bg_type=\"normal\" bg_color=\"#383948\" bg_img=\"fond_testi.jpg\" bg_repeat=\"no-repeat\" parallax_speed=\"0.1\" parallax_axis=\"both\" parallax_strength=\"0.5\" parallax_rid=\"0.5\" parallax_hoffsets=\"0.1\" parallax_voffsets=\"0.1\" animation=\"none\" animation_delay=\"2\" specific_type=\"all\" controller_pages=\"\" controller_id=\"\"][ApColumn form_id=\"form_1517425500\" lg=\"12\" md=\"12\" sm=\"12\" xs=\"12\" sp=\"12\" animation=\"none\" animation_delay=\"2\" specific_type=\"all\" controller_pages=\"\" controller_id=\"\"][ApHtml form_id=\"form_1517416109\" content_html=\"<h3 class=_APQUOT_title_block_APQUOT_><span style=_APQUOT_color: #ffffff;_APQUOT_>Ils nous font confiance</span></h3>\"][/ApHtml][ApBlockCarousel form_id=\"form_1517420074\" is_open=\"0\" carousel_type=\"owlcarousel\" items=\"3\" itemsdesktop=\"3\" itemsdesktopsmall=\"2\" itemstablet=\"2\" itemsmobile=\"1\" itempercolumn=\"1\" autoplay=\"0\" slidespeed=\"200\" stoponhover=\"0\" responsive=\"1\" navigation=\"0\" scrollperpage=\"1\" autoheight=\"0\" mousedrag=\"1\" touchdrag=\"1\" lazyload=\"false\" lazyfollow=\"0\" lazyeffect=\"fade\" pagination=\"false\" paginationnumbers=\"0\" paginationspeed=\"800\" nbitemsperpage=\"12\" nbitemsperline=\"4\" nbitemsperlinetablet=\"3\" nbitemsperlinemobile=\"2\" interval=\"5000\" total_slider=\"4|3|2|1\" img_4_1=\"testi3.png\" descript_4_1=\"<div class=_APQUOT_testi_APQUOT_>_APENTER_    <p class=_APQUOT_testi_name_APQUOT_>Angela</p>_APENTER_    <p class=_APQUOT_testi_info_APQUOT_>Super Master Chef</p>_APENTER_</div>_APENTER_<div class=_APQUOT_testi_des_APQUOT_>Claritas est etiam processus dynamicus, qui sequitur mutationem consuetudium lectorum. Mirum est notare quam littera gothica</div>\" img_3_1=\"testi1.png\" descript_3_1=\"<div class=_APQUOT_testi_APQUOT_>_APENTER_    <p class=_APQUOT_testi_name_APQUOT_>Angela</p>_APENTER_    <p class=_APQUOT_testi_info_APQUOT_>Super Master Chef</p>_APENTER_</div>_APENTER_<div class=_APQUOT_testi_des_APQUOT_>Claritas est etiam processus dynamicus, qui sequitur mutationem consuetudium lectorum. Mirum est notare quam littera gothica</div>\" img_2_1=\"testi2.png\" descript_2_1=\"<div class=_APQUOT_testi_APQUOT_>_APENTER_    <p class=_APQUOT_testi_name_APQUOT_>Wayne r.</p>_APENTER_    <p class=_APQUOT_testi_info_APQUOT_>Football Player</p>_APENTER_</div>_APENTER_<div class=_APQUOT_testi_des_APQUOT_>Claritas est etiam processus dynamicus, qui sequitur mutationem consuetudium lectorum. Mirum est notare quam littera gothica</div>\" img_1_1=\"testi1.png\" descript_1_1=\"<div class=_APQUOT_testi_APQUOT_>_APENTER_    <p class=_APQUOT_testi_name_APQUOT_>Kevin lee</p>_APENTER_    <p class=_APQUOT_testi_info_APQUOT_>Co-Founder at Mango.co</p>_APENTER_</div>_APENTER_<div class=_APQUOT_testi_des_APQUOT_>Claritas est etiam processus dynamicus, qui sequitur mutationem consuetudium lectorum. Mirum est notare quam littera gothica</div>\"][/ApBlockCarousel][ApHtml form_id=\"form_1517431907\" content_html=\"<div id=_APQUOT_btn_testi_APQUOT_>_APENTER_<p><a class=_APQUOT_btn btn-inverse-border_APQUOT_ href=_APQUOT_#_APQUOT_>Découvrir</a></p>_APENTER_</div>\"][/ApHtml][/ApColumn][/ApRow][ApRow form_id=\"form_1517435048\" container=\"container\" class=\"row home-featured\" bg_config=\"boxed\" bg_type=\"normal\" bg_repeat=\"no-repeat\" parallax_speed=\"0.1\" parallax_axis=\"both\" parallax_strength=\"0.5\" parallax_rid=\"0.5\" parallax_hoffsets=\"0.1\" parallax_voffsets=\"0.1\" animation=\"none\" animation_delay=\"2\" specific_type=\"all\" controller_pages=\"\" controller_id=\"\"][ApColumn form_id=\"form_1517418505\" class=\"hidden-sm hidden-xs hidden-sp\" lg=\"4\" md=\"4\" sm=\"12\" xs=\"12\" sp=\"12\" animation=\"none\" animation_delay=\"2\" specific_type=\"all\" controller_pages=\"\" controller_id=\"\"][ApImage form_id=\"form_1517421142\" animation=\"none\" animation_delay=\"0.5\" css_class=\"coffret-reassurance\" is_open=\"0\" width=\"100%\" height=\"auto\" image=\"catalogue-lag-av-inox.png \" url=\"http://prestashop.com\"][/ApImage][/ApColumn][ApColumn form_id=\"form_1517443871\" class=\"box-service\" lg=\"4\" md=\"4\" sm=\"6\" xs=\"12\" sp=\"12\" animation=\"none\" animation_delay=\"2\" specific_type=\"all\" controller_pages=\"\" controller_id=\"\"][ApRawHtml form_id=\"form_1517446836\" content_html=\"<div class=_APQUOT_media_APQUOT_>_APENTER_    <div class=_APQUOT_pull-left icon-box_APQUOT_>_APENTER_        <em class=_APQUOT_fa fa-diamond_APQUOT_></em>_APENTER_    </div>_APENTER_    <div class=_APQUOT_media-body_APQUOT_>_APENTER_        <h4>_APENTER_            <a title=_APQUOT_Fabrication française_APQUOT_ href=_APQUOT_#_APQUOT_>Fabrication française</a>_APENTER_        </h4>_APENTER_        <p>Duis autem vel eum iriure dolor in hendrerit vulputate _APENTER_        molestie consequat illum dolore eu feugiat nulla facilisis</p>_APENTER_    </div>_APENTER_</div>\"][/ApRawHtml][ApRawHtml form_id=\"form_1517435685\" content_html=\"<div class=_APQUOT_media_APQUOT_>_APENTER_    <div class=_APQUOT_pull-left icon-box_APQUOT_>_APENTER_        <em class=_APQUOT_fa fa-credit-card_APQUOT_></em>_APENTER_    </div>_APENTER_    <div class=_APQUOT_media-body_APQUOT_>_APENTER_        <h4>_APENTER_            <a title=_APQUOT_Paiement sécurisé_APQUOT_ href=_APQUOT_#_APQUOT_>Paiement sécurisé</a>_APENTER_        </h4>_APENTER_        <p>Duis autem vel eum iriure dolor in hendrerit vulputate _APENTER_        molestie consequat illum dolore eu feugiat nulla facilisis</p>_APENTER_    </div>_APENTER_</div>\"][/ApRawHtml][/ApColumn][ApColumn form_id=\"form_1517428034\" class=\"box-service\" lg=\"4\" md=\"4\" sm=\"6\" xs=\"12\" sp=\"12\" animation=\"none\" animation_delay=\"2\" specific_type=\"all\" controller_pages=\"\" controller_id=\"\"][ApRawHtml form_id=\"form_1517435291\" content_html=\"<div class=_APQUOT_media_APQUOT_>_APENTER_    <div class=_APQUOT_pull-left icon-box_APQUOT_>_APENTER_        <em class=_APQUOT_fa fa-truck_APQUOT_></em>_APENTER_    </div>_APENTER_    <div class=_APQUOT_media-body_APQUOT_>_APENTER_        <h4>_APENTER_            <a title=_APQUOT_Livraison rapide_APQUOT_ href=_APQUOT_#_APQUOT_>Livraison rapide</a>_APENTER_        </h4>_APENTER_        <p>Duis autem vel eum iriure dolor in hendrerit vulputate _APENTER_        molestie consequat illum dolore eu feugiat nulla facilisis</p>_APENTER_    </div>_APENTER_</div>\"][/ApRawHtml][ApRawHtml form_id=\"form_1517414784\" content_html=\"<div class=_APQUOT_media_APQUOT_>_APENTER_    <div class=_APQUOT_pull-left icon-box_APQUOT_>_APENTER_        <em class=_APQUOT_fa fa-heart_APQUOT_></em>_APENTER_    </div>_APENTER_    <div class=_APQUOT_media-body_APQUOT_>_APENTER_        <h4>_APENTER_            <a title=_APQUOT_Satisfaction garanties_APQUOT_ href=_APQUOT_#_APQUOT_>Satisfaction garanties</a>_APENTER_        </h4>_APENTER_        <p>Duis autem vel eum iriure dolor in hendrerit vulputate _APENTER_        molestie consequat illum dolore eu feugiat nulla facilisis</p>_APENTER_    </div>_APENTER_</div>\"][/ApRawHtml][/ApColumn][/ApRow]'),(114,1,''),(114,2,''),(115,1,'[ApRow form_id=\"form_1517434323\" class=\"row footer-center fs-style fs-style1\" padding_top=\"40px\" padding_bottom=\"60px\" bg_config=\"none\" bg_type=\"normal\" bg_repeat=\"no-repeat\" parallax_speed=\"0.1\" parallax_axis=\"both\" parallax_strength=\"0.5\" parallax_rid=\"0.5\" parallax_hoffsets=\"0.1\" parallax_voffsets=\"0.1\" animation=\"none\" animation_delay=\"2\" specific_type=\"all\" controller_pages=\"\" controller_id=\"\"][ApColumn form_id=\"form_1517444440\" lg=\"4\" md=\"3\" sm=\"3\" xs=\"12\" sp=\"12\" animation=\"none\" animation_delay=\"2\" specific_type=\"all\" controller_pages=\"\" controller_id=\"\"][ApHtml form_id=\"form_1517434617\" title=\"Contactez nous\" content_html=\"<ul class=_APQUOT_contact-us_APQUOT_>_APENTER_<li><em class=_APQUOT_fa fa-map-marker_APQUOT_> </em>17, Chailas I 63650 La Monnerie Le Montel I Thiers-France</li>_APENTER_<li><em class=_APQUOT_fa fa-phone_APQUOT_> </em>_APPLUS_33 (0)4 73 51 44 86 - Fax : _APPLUS_33 (0)4 73 51 49 89</li>_APENTER_<li><em class=_APQUOT_fa fa-envelope-o_APQUOT_></em>contact@goyon-chazeau.fr</li>_APENTER_</ul>\"][/ApHtml][/ApColumn][ApColumn form_id=\"form_1517416070\" lg=\"2\" md=\"2\" sm=\"3\" xs=\"12\" sp=\"12\" animation=\"none\" animation_delay=\"2\" specific_type=\"all\" controller_pages=\"\" controller_id=\"\"][ApModule form_id=\"form_1517423503\" name_module=\"blockcategories\" hook=\"displayFooter\" is_display=\"1\"][/ApModule][ApBlockLink form_id=\"form_1517430372\" total_link=\"5\" title_1_1=\"La coutellerie\" link_1_1=\"#\" title_2_1=\"Nos revendeurs\" link_2_1=\"#\" title_3_1=\"Art de la table\" link_3_1=\"#\" title_4_1=\"La cuisine\" link_4_1=\"#\" title_5_1=\"Fermants\" link_5_1=\"#\" active=\"0\" name=\"RUBRIQUEs\"][/ApBlockLink][/ApColumn][ApColumn form_id=\"form_1517418773\" lg=\"2\" md=\"2\" sm=\"3\" xs=\"12\" sp=\"12\" animation=\"none\" animation_delay=\"2\" specific_type=\"all\" controller_pages=\"\" controller_id=\"\"][ApModule form_id=\"form_1517427826\" name_module=\"blockcms\" hook=\"displayFooter\" is_display=\"1\"][/ApModule][/ApColumn][ApColumn form_id=\"form_1517420811\" lg=\"2\" md=\"3\" sm=\"3\" xs=\"12\" sp=\"12\" animation=\"none\" animation_delay=\"2\" specific_type=\"all\" controller_pages=\"\" controller_id=\"\"][ApModule form_id=\"form_1517417520\" name_module=\"blockmyaccountfooter\" hook=\"displayFooter\" is_display=\"1\"][/ApModule][/ApColumn][ApColumn form_id=\"form_1517437169\" lg=\"2\" md=\"2\" sm=\"12\" xs=\"12\" sp=\"12\" animation=\"none\" animation_delay=\"2\" specific_type=\"all\" controller_pages=\"\" controller_id=\"\"][ApImage form_id=\"form_1517436190\" animation=\"none\" animation_delay=\"0.5\" css_class=\"epv-logo\" is_open=\"0\" width=\"auto\" height=\"auto\" image=\"EPV_signature_fond.png\"][/ApImage][/ApColumn][/ApRow][ApRow form_id=\"form_1517441607\" class=\"row footer-copyright\" padding_top=\"8px\" padding_bottom=\"2px\" bg_config=\"fullwidth\" bg_type=\"normal\" bg_color=\"#262626\" bg_repeat=\"no-repeat\" parallax_speed=\"0.1\" parallax_axis=\"both\" parallax_strength=\"0.5\" parallax_rid=\"0.5\" parallax_hoffsets=\"0.1\" parallax_voffsets=\"0.1\" animation=\"none\" animation_delay=\"2\" specific_type=\"all\" controller_pages=\"\" controller_id=\"\"][ApColumn form_id=\"form_1517441724\" lg=\"6\" md=\"6\" sm=\"12\" xs=\"12\" sp=\"12\" animation=\"none\" animation_delay=\"2\" specific_type=\"all\" controller_pages=\"\" controller_id=\"\"][ApHtml form_id=\"form_1517431437\" content_html=\"<p class=_APQUOT_copyright_APQUOT_>© 2017 Goyon Chazeau - All Rights Reserved. Designed by La Machine</p>\"][/ApHtml][/ApColumn][ApColumn form_id=\"form_1517436042\" lg=\"6\" md=\"6\" sm=\"12\" xs=\"12\" sp=\"12\" animation=\"none\" animation_delay=\"2\" specific_type=\"all\" controller_pages=\"\" controller_id=\"\"][ApModule form_id=\"form_1517419331\" name_module=\"blocksocial\" hook=\"displayFooter\" is_display=\"1\"][/ApModule][/ApColumn][/ApRow]'),(115,2,'[ApRow form_id=\"form_1517434323\" class=\"row footer-center fs-style fs-style1\" padding_top=\"40px\" padding_bottom=\"60px\" bg_config=\"none\" bg_type=\"normal\" bg_repeat=\"no-repeat\" parallax_speed=\"0.1\" parallax_axis=\"both\" parallax_strength=\"0.5\" parallax_rid=\"0.5\" parallax_hoffsets=\"0.1\" parallax_voffsets=\"0.1\" animation=\"none\" animation_delay=\"2\" specific_type=\"all\" controller_pages=\"\" controller_id=\"\"][ApColumn form_id=\"form_1517444440\" lg=\"4\" md=\"3\" sm=\"3\" xs=\"12\" sp=\"12\" animation=\"none\" animation_delay=\"2\" specific_type=\"all\" controller_pages=\"\" controller_id=\"\"][ApHtml form_id=\"form_1517434617\" title=\"Contactez nous\" content_html=\"<ul class=_APQUOT_contact-us_APQUOT_>_APENTER_<li><em class=_APQUOT_fa fa-map-marker_APQUOT_> </em>17, Chailas I 63650 La Monnerie Le Montel I Thiers-France</li>_APENTER_<li><em class=_APQUOT_fa fa-phone_APQUOT_> </em>_APPLUS_33 (0)4 73 51 44 86 - Fax : _APPLUS_33 (0)4 73 51 49 89</li>_APENTER_<li><em class=_APQUOT_fa fa-envelope-o_APQUOT_></em>contact@goyon-chazeau.fr</li>_APENTER_</ul>\"][/ApHtml][/ApColumn][ApColumn form_id=\"form_1517416070\" lg=\"2\" md=\"2\" sm=\"3\" xs=\"12\" sp=\"12\" animation=\"none\" animation_delay=\"2\" specific_type=\"all\" controller_pages=\"\" controller_id=\"\"][ApModule form_id=\"form_1517423503\" name_module=\"blockcategories\" hook=\"displayFooter\" is_display=\"1\"][/ApModule][ApBlockLink form_id=\"form_1517430372\" total_link=\"5\" title_1_1=\"La coutellerie\" link_1_1=\"#\" title_2_1=\"Nos revendeurs\" link_2_1=\"#\" title_3_1=\"Art de la table\" link_3_1=\"#\" title_4_1=\"La cuisine\" link_4_1=\"#\" title_5_1=\"Fermants\" link_5_1=\"#\" active=\"0\" name=\"RUBRIQUEs\"][/ApBlockLink][/ApColumn][ApColumn form_id=\"form_1517418773\" lg=\"2\" md=\"2\" sm=\"3\" xs=\"12\" sp=\"12\" animation=\"none\" animation_delay=\"2\" specific_type=\"all\" controller_pages=\"\" controller_id=\"\"][ApModule form_id=\"form_1517427826\" name_module=\"blockcms\" hook=\"displayFooter\" is_display=\"1\"][/ApModule][/ApColumn][ApColumn form_id=\"form_1517420811\" lg=\"2\" md=\"3\" sm=\"3\" xs=\"12\" sp=\"12\" animation=\"none\" animation_delay=\"2\" specific_type=\"all\" controller_pages=\"\" controller_id=\"\"][ApModule form_id=\"form_1517417520\" name_module=\"blockmyaccountfooter\" hook=\"displayFooter\" is_display=\"1\"][/ApModule][/ApColumn][ApColumn form_id=\"form_1517437169\" lg=\"2\" md=\"2\" sm=\"12\" xs=\"12\" sp=\"12\" animation=\"none\" animation_delay=\"2\" specific_type=\"all\" controller_pages=\"\" controller_id=\"\"][ApImage form_id=\"form_1517436190\" animation=\"none\" animation_delay=\"0.5\" css_class=\"epv-logo\" is_open=\"0\" width=\"auto\" height=\"auto\" image=\"EPV_signature_fond.png\"][/ApImage][/ApColumn][/ApRow][ApRow form_id=\"form_1517441607\" class=\"row footer-copyright\" padding_top=\"8px\" padding_bottom=\"2px\" bg_config=\"fullwidth\" bg_type=\"normal\" bg_color=\"#262626\" bg_repeat=\"no-repeat\" parallax_speed=\"0.1\" parallax_axis=\"both\" parallax_strength=\"0.5\" parallax_rid=\"0.5\" parallax_hoffsets=\"0.1\" parallax_voffsets=\"0.1\" animation=\"none\" animation_delay=\"2\" specific_type=\"all\" controller_pages=\"\" controller_id=\"\"][ApColumn form_id=\"form_1517441724\" lg=\"6\" md=\"6\" sm=\"12\" xs=\"12\" sp=\"12\" animation=\"none\" animation_delay=\"2\" specific_type=\"all\" controller_pages=\"\" controller_id=\"\"][ApHtml form_id=\"form_1517431437\" content_html=\"<p class=_APQUOT_copyright_APQUOT_>© 2017 Goyon Chazeau - All Rights Reserved. Designed by La Machine</p>\"][/ApHtml][/ApColumn][ApColumn form_id=\"form_1517436042\" lg=\"6\" md=\"6\" sm=\"12\" xs=\"12\" sp=\"12\" animation=\"none\" animation_delay=\"2\" specific_type=\"all\" controller_pages=\"\" controller_id=\"\"][ApModule form_id=\"form_1517419331\" name_module=\"blocksocial\" hook=\"displayFooter\" is_display=\"1\"][/ApModule][/ApColumn][/ApRow]'),(116,1,''),(116,2,''),(117,1,''),(117,2,''),(118,1,''),(118,2,''),(119,1,''),(119,2,''),(120,1,''),(120,2,''),(121,1,''),(121,2,''),(122,1,'[ApRow form_id=\"form_1517510437\" class=\"row \" padding_top=\"10px\" padding_bottom=\"0px\" bg_config=\"fullwidth\" bg_type=\"normal\" bg_color=\"#e63625\" bg_position=\"top\" bg_repeat=\"no-repeat\" parallax_speed=\"0.1\" parallax_axis=\"both\" parallax_strength=\"0.5\" parallax_rid=\"0.5\" parallax_hoffsets=\"0.1\" parallax_voffsets=\"0.1\" animation=\"none\" animation_delay=\"2\" specific_type=\"all\" controller_pages=\"\" controller_id=\"\"][ApColumn form_id=\"form_1517493614\" class=\"hidden-sm hidden-sp hidden-xs\" lg=\"6\" md=\"6\" sm=\"12\" xs=\"12\" sp=\"12\" animation=\"none\" animation_delay=\"2\" specific_type=\"all\" controller_pages=\"\" controller_id=\"\"][ApRawHtml form_id=\"form_1517510787\" content_html=\"<section id=_APQUOT_social_block_APQUOT_ class=_APQUOT_social_top_APQUOT_>_APENTER_    <ul>_APENTER_                    <li class=_APQUOT_facebook_APQUOT_>_APENTER_                <a class=_APQUOT__blank_APQUOT_ href=_APQUOT_http://www.facebook.com/prestashop_APQUOT_>_APENTER_                    <span>Facebook</span>_APENTER_                </a>_APENTER_            </li>_APENTER_                                                            <li class=_APQUOT_pinterest_APQUOT_>_APENTER_                <a class=_APQUOT__blank_APQUOT_ href=_APQUOT_https://www.google.com/_APPLUS_prestashop_APQUOT_>_APENTER_                    <span>Pinterest</span>_APENTER_                </a>_APENTER_            </li>_APENTER_                                    <li class=_APQUOT_instagram_APQUOT_>_APENTER_                <a class=_APQUOT__blank_APQUOT_ href=_APQUOT_https://www.google.com/_APPLUS_prestashop_APQUOT_>_APENTER_                    <span>Instagram</span>_APENTER_                </a>_APENTER_            </li>_APENTER_            </ul>_APENTER_    _APENTER_</section>\"][/ApRawHtml][/ApColumn][ApColumn form_id=\"form_1517508212\" lg=\"6\" md=\"6\" sm=\"12\" xs=\"12\" sp=\"12\" animation=\"none\" animation_delay=\"2\" specific_type=\"all\" controller_pages=\"\" controller_id=\"\"][ApModule form_id=\"form_1517485073\" name_module=\"blocksearch\" hook=\"displayTop\" is_display=\"1\"][/ApModule][/ApColumn][/ApRow]'),(122,2,'[ApRow form_id=\"form_1517510437\" class=\"row \" padding_top=\"10px\" padding_bottom=\"0px\" bg_config=\"fullwidth\" bg_type=\"normal\" bg_color=\"#e63625\" bg_position=\"top\" bg_repeat=\"no-repeat\" parallax_speed=\"0.1\" parallax_axis=\"both\" parallax_strength=\"0.5\" parallax_rid=\"0.5\" parallax_hoffsets=\"0.1\" parallax_voffsets=\"0.1\" animation=\"none\" animation_delay=\"2\" specific_type=\"all\" controller_pages=\"\" controller_id=\"\"][ApColumn form_id=\"form_1517493614\" class=\"hidden-sm hidden-sp hidden-xs\" lg=\"6\" md=\"6\" sm=\"12\" xs=\"12\" sp=\"12\" animation=\"none\" animation_delay=\"2\" specific_type=\"all\" controller_pages=\"\" controller_id=\"\"][ApRawHtml form_id=\"form_1517510787\" content_html=\"<section id=_APQUOT_social_block_APQUOT_ class=_APQUOT_social_top_APQUOT_>_APENTER_    <ul>_APENTER_                    <li class=_APQUOT_facebook_APQUOT_>_APENTER_                <a class=_APQUOT__blank_APQUOT_ href=_APQUOT_http://www.facebook.com/prestashop_APQUOT_>_APENTER_                    <span>Facebook</span>_APENTER_                </a>_APENTER_            </li>_APENTER_                                                            <li class=_APQUOT_pinterest_APQUOT_>_APENTER_                <a class=_APQUOT__blank_APQUOT_ href=_APQUOT_https://www.google.com/_APPLUS_prestashop_APQUOT_>_APENTER_                    <span>Pinterest</span>_APENTER_                </a>_APENTER_            </li>_APENTER_                                    <li class=_APQUOT_instagram_APQUOT_>_APENTER_                <a class=_APQUOT__blank_APQUOT_ href=_APQUOT_https://www.google.com/_APPLUS_prestashop_APQUOT_>_APENTER_                    <span>Instagram</span>_APENTER_                </a>_APENTER_            </li>_APENTER_            </ul>_APENTER_    _APENTER_</section>\"][/ApRawHtml][/ApColumn][ApColumn form_id=\"form_1517508212\" lg=\"6\" md=\"6\" sm=\"12\" xs=\"12\" sp=\"12\" animation=\"none\" animation_delay=\"2\" specific_type=\"all\" controller_pages=\"\" controller_id=\"\"][ApModule form_id=\"form_1517485073\" name_module=\"blocksearch\" hook=\"displayTop\" is_display=\"1\"][/ApModule][/ApColumn][/ApRow]'),(123,1,'[ApRow form_id=\"form_1517508074\" class=\"row position-static\" padding_top=\"15px\" padding_bottom=\"15px\" bg_config=\"boxed\" bg_type=\"normal\" bg_position=\"top\" bg_repeat=\"no-repeat\" parallax_speed=\"0.1\" parallax_axis=\"both\" parallax_strength=\"0.5\" parallax_rid=\"0.5\" parallax_hoffsets=\"0.1\" parallax_voffsets=\"0.1\" animation=\"none\" animation_delay=\"2\" specific_type=\"all\" controller_pages=\"\" controller_id=\"\"][ApColumn form_id=\"form_1517499727\" class=\"header-logo\" lg=\"2\" md=\"12\" sm=\"12\" xs=\"12\" sp=\"12\" animation=\"none\" animation_delay=\"2\" specific_type=\"all\" controller_pages=\"\" controller_id=\"\"][ApGenCode form_id=\"form_1517492560\" id_gencode=\"id_gencode_56717a9635694_1450277526\" content_html=\"<div id=_APQUOT_header_logo_APQUOT_> <a href=_APQUOT_{if $force_ssl}{$base_dir_ssl}{else}{$base_dir}{/if}_APQUOT_ title=_APQUOT_{$shop_name|escape:_APAPOST_html_APAPOST_:_APAPOST_UTF-8_APAPOST_}_APQUOT_><img class=_APQUOT_logo img-responsive_APQUOT_ src=_APQUOT_{$logo_url}_APQUOT_ alt=_APQUOT_{$shop_name|escape:_APAPOST_html_APAPOST_:_APAPOST_UTF-8_APAPOST_}_APQUOT_{if isset($logo_image_width) _APAMP__APAMP_ $logo_image_width} width=_APQUOT_{$logo_image_width}_APQUOT_{/if}{if isset($logo_image_height) _APAMP__APAMP_ $logo_image_height} height=_APQUOT_{$logo_image_height}_APQUOT_{/if}/>_APENTER_</a> </div> \"][/ApGenCode][/ApColumn][ApColumn form_id=\"form_1517484989\" class=\"margin-header\" lg=\"8\" md=\"8\" sm=\"6\" xs=\"6\" sp=\"3\" animation=\"none\" animation_delay=\"2\" specific_type=\"all\" controller_pages=\"\" controller_id=\"\"][ApModule form_id=\"form_1517492774\" name_module=\"leobootstrapmenu\" hook=\"displayTop\" is_display=\"1\"][/ApModule][/ApColumn][ApColumn form_id=\"form_1517488859\" class=\"position-static header-right margin-header\" lg=\"2\" md=\"4\" sm=\"6\" xs=\"6\" sp=\"8\" animation=\"none\" animation_delay=\"2\" specific_type=\"all\" controller_pages=\"\" controller_id=\"\"][ApModule form_id=\"form_1517497836\" name_module=\"blockuserinfo\" hook=\"displayTop\" is_display=\"1\"][/ApModule][ApModule form_id=\"form_1517505065\" name_module=\"blockgrouptop\" hook=\"displayTop\" is_display=\"1\"][/ApModule][ApModule form_id=\"form_1517512226\" name_module=\"blockcart\" hook=\"displayTop\" is_display=\"1\"][/ApModule][/ApColumn][/ApRow]'),(123,2,'[ApRow form_id=\"form_1517508074\" class=\"row position-static\" padding_top=\"15px\" padding_bottom=\"15px\" bg_config=\"boxed\" bg_type=\"normal\" bg_position=\"top\" bg_repeat=\"no-repeat\" parallax_speed=\"0.1\" parallax_axis=\"both\" parallax_strength=\"0.5\" parallax_rid=\"0.5\" parallax_hoffsets=\"0.1\" parallax_voffsets=\"0.1\" animation=\"none\" animation_delay=\"2\" specific_type=\"all\" controller_pages=\"\" controller_id=\"\"][ApColumn form_id=\"form_1517499727\" class=\"header-logo\" lg=\"2\" md=\"12\" sm=\"12\" xs=\"12\" sp=\"12\" animation=\"none\" animation_delay=\"2\" specific_type=\"all\" controller_pages=\"\" controller_id=\"\"][ApGenCode form_id=\"form_1517492560\" id_gencode=\"id_gencode_56717a9635694_1450277526\" content_html=\"<div id=_APQUOT_header_logo_APQUOT_> <a href=_APQUOT_{if $force_ssl}{$base_dir_ssl}{else}{$base_dir}{/if}_APQUOT_ title=_APQUOT_{$shop_name|escape:_APAPOST_html_APAPOST_:_APAPOST_UTF-8_APAPOST_}_APQUOT_><img class=_APQUOT_logo img-responsive_APQUOT_ src=_APQUOT_{$logo_url}_APQUOT_ alt=_APQUOT_{$shop_name|escape:_APAPOST_html_APAPOST_:_APAPOST_UTF-8_APAPOST_}_APQUOT_{if isset($logo_image_width) _APAMP__APAMP_ $logo_image_width} width=_APQUOT_{$logo_image_width}_APQUOT_{/if}{if isset($logo_image_height) _APAMP__APAMP_ $logo_image_height} height=_APQUOT_{$logo_image_height}_APQUOT_{/if}/>_APENTER_</a> </div> \"][/ApGenCode][/ApColumn][ApColumn form_id=\"form_1517484989\" class=\"margin-header\" lg=\"8\" md=\"8\" sm=\"6\" xs=\"6\" sp=\"3\" animation=\"none\" animation_delay=\"2\" specific_type=\"all\" controller_pages=\"\" controller_id=\"\"][ApModule form_id=\"form_1517492774\" name_module=\"leobootstrapmenu\" hook=\"displayTop\" is_display=\"1\"][/ApModule][/ApColumn][ApColumn form_id=\"form_1517488859\" class=\"position-static header-right margin-header\" lg=\"2\" md=\"4\" sm=\"6\" xs=\"6\" sp=\"8\" animation=\"none\" animation_delay=\"2\" specific_type=\"all\" controller_pages=\"\" controller_id=\"\"][ApModule form_id=\"form_1517497836\" name_module=\"blockuserinfo\" hook=\"displayTop\" is_display=\"1\"][/ApModule][ApModule form_id=\"form_1517505065\" name_module=\"blockgrouptop\" hook=\"displayTop\" is_display=\"1\"][/ApModule][ApModule form_id=\"form_1517512226\" name_module=\"blockcart\" hook=\"displayTop\" is_display=\"1\"][/ApModule][/ApColumn][/ApRow]'),(124,1,'[ApRow form_id=\"form_1517497639\" class=\"row\" bg_config=\"boxed\" bg_type=\"normal\" bg_repeat=\"no-repeat\" parallax_speed=\"0.1\" parallax_axis=\"both\" parallax_strength=\"0.5\" parallax_rid=\"0.5\" parallax_hoffsets=\"0.1\" parallax_voffsets=\"0.1\" animation=\"none\" animation_delay=\"2\" specific_type=\"index\" active=\"1\" controller_pages=\"\" controller_id=\"\"][ApColumn form_id=\"form_1517514824\" lg=\"12\" md=\"12\" sm=\"12\" xs=\"12\" sp=\"12\" specific_type=\"\" controller_pages=\"\" controller_id=\"\"][ApGenCode form_id=\"form_1517483486\" id_gencode=\"id_gencode_5a4cf46e9b556_1514992750\" content_html=\"<div id=_APQUOT_scroll_dow_APQUOT_>_APENTER_  <a href=_APQUOT_#scroll_pull_in_APQUOT_><span></span>Scroll</a>_APENTER_</div>\" active=\"1\"][/ApGenCode][ApSlideShow form_id=\"form_13923899918029955\" slideshow_group=\"29\" active=\"0\"][/ApSlideShow][ApModule form_id=\"form_9917662800424360\" name_module=\"ets_multilayerslider\" hook=\"displayHome\" is_display=\"1\"][/ApModule][/ApColumn][/ApRow]'),(124,2,'[ApRow form_id=\"form_1517497639\" class=\"row\" bg_config=\"boxed\" bg_type=\"normal\" bg_repeat=\"no-repeat\" parallax_speed=\"0.1\" parallax_axis=\"both\" parallax_strength=\"0.5\" parallax_rid=\"0.5\" parallax_hoffsets=\"0.1\" parallax_voffsets=\"0.1\" animation=\"none\" animation_delay=\"2\" specific_type=\"index\" active=\"1\" controller_pages=\"\" controller_id=\"\"][ApColumn form_id=\"form_1517514824\" lg=\"12\" md=\"12\" sm=\"12\" xs=\"12\" sp=\"12\" specific_type=\"\" controller_pages=\"\" controller_id=\"\"][ApGenCode form_id=\"form_1517483486\" id_gencode=\"id_gencode_5a4cf46e9b556_1514992750\" content_html=\"<div id=_APQUOT_scroll_dow_APQUOT_>_APENTER_  <a href=_APQUOT_#scroll_pull_in_APQUOT_><span></span>Scroll</a>_APENTER_</div>\" active=\"1\"][/ApGenCode][ApSlideShow form_id=\"form_13923899918029955\" slideshow_group=\"29\" active=\"0\"][/ApSlideShow][ApModule form_id=\"form_9917662800424360\" name_module=\"ets_multilayerslider\" hook=\"displayHome\" is_display=\"1\"][/ApModule][/ApColumn][/ApRow]'),(125,1,''),(125,2,''),(126,1,'[ApRow form_id=\"form_1517496371\" id=\"scroll_pull_in\" container=\"container home-top\" class=\"row\" bg_config=\"boxed\" bg_type=\"normal\" bg_color=\"f7f7f7\" bg_repeat=\"no-repeat\" parallax_speed=\"0.1\" parallax_axis=\"both\" parallax_strength=\"0.5\" parallax_rid=\"0.5\" parallax_hoffsets=\"0.1\" parallax_voffsets=\"0.1\" animation=\"none\" animation_delay=\"2\" specific_type=\"all\" controller_pages=\"\" controller_id=\"\"][ApColumn form_id=\"form_1517485156\" class=\"home-topleft\" lg=\"6\" md=\"6\" sm=\"12\" xs=\"12\" sp=\"12\" animation=\"none\" animation_delay=\"2\" specific_type=\"all\" controller_pages=\"\" controller_id=\"\"][ApHtml form_id=\"form_3348724286817404\" content_html=\"<h3 class=_APQUOT_title_block_topleft_APQUOT_ style=_APQUOT_text-align: right;_APQUOT_>3 générations d_APAPOST_histoire coutelière</h3>_APENTER_<p style=_APQUOT_text-align: right;_APQUOT_>GOYON-CHAZEAU est une coutellerie familiale installée à Thiers depuis les années 50. Elle crée et fabrique l’ensemble de ses couteaux et couverts de table, couteaux de cuisine et couteaux de poche.</p>_APENTER_<p style=_APQUOT_text-align: right;_APQUOT_><a class=_APQUOT_btn btn-inverse_APQUOT_ href=_APQUOT_content/6-histoire_APQUOT_>En savoir plus</a></p>\"][/ApHtml][/ApColumn][ApColumn form_id=\"form_9697362015553752\" lg=\"3\" md=\"3\" sm=\"6\" xs=\"12\" sp=\"12\" animation=\"none\" animation_delay=\"2\" specific_type=\"all\" controller_pages=\"\" controller_id=\"\"][ApImage form_id=\"form_3182947793924859\" animation=\"none\" animation_delay=\"0.5\" alt=\"Magali Soucille et Vincent Soucille\" css_class=\"effect border-orange\" is_open=\"0\" width=\"100%\" height=\"auto\" image=\"1-IMG_HAUT_260x210.jpg  \" url=\"content/6-histoire\"][/ApImage][ApImage form_id=\"form_8306061541088536\" animation=\"none\" animation_delay=\"1\" alt=\"Denis et Christine Goyon\" css_class=\"effect border-orange\" is_open=\"0\" width=\"100%\" height=\"auto\" image=\"2-IMG_MILIEU_260x269.jpg    \" url=\"content/6-histoire\"][/ApImage][ApImage form_id=\"form_7386377036752997\" animation=\"none\" animation_delay=\"1.5\" alt=\"Solange et Gabriel Goyon Chazeau\" css_class=\"effect border-orange\" is_open=\"0\" width=\"100%\" height=\"auto\" image=\"3-IMG_BAS_260x176.jpg  \" url=\"content/6-histoire\"][/ApImage][/ApColumn][ApColumn form_id=\"form_3680286807813554\" class=\"home-topright hidden-xs\" lg=\"3\" md=\"3\" sm=\"6\" xs=\"12\" sp=\"12\" animation=\"none\" animation_delay=\"2\" specific_type=\"all\" controller_pages=\"\" controller_id=\"\"][ApRawHtml form_id=\"form_4646564320068258\" content_html=\"<a href=_APQUOT_content/8-la-forge_APQUOT_ title=_APQUOT_La Coutellerie Goyon Chazeau_APQUOT_>La Coutellerie <i class=_APQUOT_fa fa-long-arrow-right_APQUOT_></i></a>\"][/ApRawHtml][/ApColumn][/ApRow][ApRow form_id=\"form_5811960969844699\" class=\"row no-margin info-center-home\" bg_config=\"boxed\" bg_type=\"normal\" bg_repeat=\"no-repeat\" parallax_speed=\"0.1\" parallax_axis=\"both\" parallax_strength=\"0.5\" parallax_rid=\"0.5\" parallax_hoffsets=\"0.1\" parallax_voffsets=\"0.1\" animation=\"none\" animation_delay=\"2\" specific_type=\"all\" controller_pages=\"\" controller_id=\"\"][ApColumn form_id=\"form_1517504345\" class=\"no-padding grid-block\" lg=\"12\" md=\"12\" sm=\"12\" xs=\"12\" sp=\"12\" animation=\"none\" animation_delay=\"2\" specific_type=\"all\" controller_pages=\"\" controller_id=\"\"][ApImage form_id=\"form_38585200669258965\" animation=\"none\" animation_delay=\"0.5\" alt=\"Un savoir-faire reconnu\" is_open=\"0\" width=\"100%\" height=\"auto\" override_folder=\"grid-block\" image=\"forge.jpg  \" url=\"content/7-savoir-faire\" description=\"<h3 class=_APQUOT_title_block_APQUOT_>Un savoir-faire reconnu</h3>_APENTER_<p>La passion de la coutellerie, le travail de la main et le soin apporté au détail sont omniprésents et indissociables de l’identité GOYON-CHAZEAU. Ces valeurs ont permis à l’entreprise de recevoir le label EPV, pour son expertise unique de la soudure de l’inox et du travail de la forge.</p>_APENTER_<p><a class=_APQUOT_btn btn-inverse_APQUOT_ href=_APQUOT_content/7-savoir-faire_APQUOT_>En savoir plus</a></p>\"][/ApImage][/ApColumn][ApColumn form_id=\"form_1517512151\" class=\"no-padding grid-block grid-block1\" lg=\"12\" md=\"12\" sm=\"12\" xs=\"12\" sp=\"12\" animation=\"none\" animation_delay=\"2\" specific_type=\"all\" controller_pages=\"\" controller_id=\"\"][ApImage form_id=\"form_9039383675514200\" animation=\"none\" animation_delay=\"0.5\" alt=\"Forge Goyon Chazeau\" is_open=\"0\" width=\"100%\" height=\"auto\" override_folder=\"grid-block\" image=\"FORGE.jpg   \" url=\"content/8-la-forge\" description=\"<h3 class=_APQUOT_title_block_APQUOT_>Un cœur de forge</h3>_APENTER_<p>Au début de l’histoire, il y a une barre d’acier. Forgée puis travaillée avec une minutie d’horloger, elle va peu à peu prendre forme dans la main du coutelier.</p>_APENTER_<p><a class=_APQUOT_btn btn-inverse_APQUOT_ href=_APQUOT_content/8-la-forge_APQUOT_>En savoir plus</a></p>\"][/ApImage][/ApColumn][ApColumn form_id=\"form_1517499269\" id=\"bg_texture\" class=\"no-padding grid-block\" lg=\"12\" md=\"12\" sm=\"12\" xs=\"12\" sp=\"12\" animation=\"none\" animation_delay=\"2\" specific_type=\"all\" controller_pages=\"\" controller_id=\"\"][ApImage form_id=\"form_7744204802119376\" animation=\"none\" animation_delay=\"0.5\" alt=\"Matériaux des couteaux Goyon Chazeau\" is_open=\"0\" width=\"100%\" height=\"auto\" override_folder=\"grid-block\" image=\"MATIERES.jpg    \" url=\"content/9-nos-matieres\" description=\"<h3 class=_APQUOT_title_block_APQUOT_>Des matériaux finement sélectionnés</h3>_APENTER_<p>De l’acier de la lame au bois, acrylique, ou corne du manche, chaque matière est sélectionnée minutieusement pour ses qualités techniques et esthétiques.</p>_APENTER_<p><a class=_APQUOT_btn btn-inverse_APQUOT_ href=_APQUOT_content/9-nos-matieres_APQUOT_>En savoir plus</a></p>\"][/ApImage][/ApColumn][/ApRow][ApRow form_id=\"form_3368614727438929\" container=\"container\" class=\"row home-viewall hidden-xs hidden-sp\" padding_top=\"70px\" padding_bottom=\"25px\" bg_config=\"fullwidth\" bg_type=\"normal\" bg_color=\"#e6361b\" bg_img=\"bandeau-triangle.jpg\" bg_repeat=\"no-repeat\" parallax_speed=\"0.1\" parallax_axis=\"both\" parallax_strength=\"0.5\" parallax_rid=\"0.5\" parallax_hoffsets=\"0.1\" parallax_voffsets=\"0.1\" animation=\"none\" animation_delay=\"2\" specific_type=\"all\" controller_pages=\"\" controller_id=\"\"][ApColumn form_id=\"form_27169860682764135\" id=\"find-left\" lg=\"9\" md=\"9\" sm=\"9\" xs=\"9\" sp=\"12\" animation=\"none\" animation_delay=\"2\" specific_type=\"all\" controller_pages=\"\" controller_id=\"\"][ApHtml form_id=\"form_37902767466342745\" content_html=\"<p class=_APQUOT_text_1_APQUOT_>Trouvez votre couteau idéal</p>\"][/ApHtml][/ApColumn][ApColumn form_id=\"form_6604685638414864\" id=\"find-right\" lg=\"3\" md=\"3\" sm=\"3\" xs=\"3\" sp=\"12\" animation=\"none\" animation_delay=\"2\" specific_type=\"all\" controller_pages=\"\" controller_id=\"\"][ApHtml form_id=\"form_5399433557783812\" content_html=\"<p><a class=_APQUOT_btn btn-inverse-border_APQUOT_ href=_APQUOT_3-la-boutique_APQUOT_ title=_APQUOT_Aller à la boutique_APQUOT_>La boutique</a></p>\"][/ApHtml][/ApColumn][/ApRow][ApRow form_id=\"form_25648923947886278\" container=\"container\" class=\"row home-viewall hidden-lg hidden-md hidden-sm\" padding_top=\"40px\" padding_bottom=\"25px\" bg_config=\"fullwidth\" bg_type=\"normal\" bg_color=\"#e6361b\" bg_repeat=\"no-repeat\" parallax_speed=\"0.1\" parallax_axis=\"both\" parallax_strength=\"0.5\" parallax_rid=\"0.5\" parallax_hoffsets=\"0.1\" parallax_voffsets=\"0.1\" animation=\"none\" animation_delay=\"2\" specific_type=\"all\" controller_pages=\"\" controller_id=\"\"][ApColumn form_id=\"form_3666245674810910\" id=\"find-left\" lg=\"8\" md=\"8\" sm=\"8\" xs=\"12\" sp=\"12\" animation=\"none\" animation_delay=\"2\" specific_type=\"all\" controller_pages=\"\" controller_id=\"\"][ApHtml form_id=\"form_9515926055867532\" content_html=\"<p class=_APQUOT_text_1_APQUOT_>Trouvez votre couteau idéal</p>\"][/ApHtml][/ApColumn][ApColumn form_id=\"form_37556258051741544\" id=\"find-right\" lg=\"4\" md=\"4\" sm=\"4\" xs=\"12\" sp=\"12\" animation=\"none\" animation_delay=\"2\" specific_type=\"all\" controller_pages=\"\" controller_id=\"\"][ApHtml form_id=\"form_6043127727491363\" content_html=\"<p><a class=_APQUOT_btn btn-inverse-border_APQUOT_ href=_APQUOT_3-la-boutique_APQUOT_ title=_APQUOT_Aller à la boutique_APQUOT_>La boutique</a></p>\"][/ApHtml][/ApColumn][/ApRow][ApRow form_id=\"form_6998881434010933\" container=\"container\" class=\"row\" padding_top=\"70px\" padding_bottom=\"70px\" bg_config=\"fullwidth\" bg_type=\"normal\" bg_color=\"#383948\" bg_img=\"fond_testi.jpg\" bg_repeat=\"repeat\" parallax_speed=\"0.1\" parallax_axis=\"both\" parallax_strength=\"0.5\" parallax_rid=\"0.5\" parallax_hoffsets=\"0.1\" parallax_voffsets=\"0.1\" animation=\"none\" animation_delay=\"2\" specific_type=\"all\" controller_pages=\"\" controller_id=\"\"][ApColumn form_id=\"form_1517485085\" lg=\"12\" md=\"12\" sm=\"12\" xs=\"12\" sp=\"12\" animation=\"none\" animation_delay=\"2\" specific_type=\"all\" controller_pages=\"\" controller_id=\"\"][ApHtml form_id=\"form_3905142161833176\" content_html=\"<h3 class=_APQUOT_title_block_APQUOT_><span style=_APQUOT_color: #ffffff;_APQUOT_>Ils nous font confiance</span></h3>\"][/ApHtml][ApModule form_id=\"form_6588252167513584\" name_module=\"temoignage\" hook=\"displayHome\" is_display=\"1\"][/ApModule][/ApColumn][/ApRow][ApRow form_id=\"form_1517514889\" container=\"container\" class=\"row home-featured\" bg_config=\"boxed\" bg_type=\"normal\" bg_repeat=\"no-repeat\" parallax_speed=\"0.1\" parallax_axis=\"both\" parallax_strength=\"0.5\" parallax_rid=\"0.5\" parallax_hoffsets=\"0.1\" parallax_voffsets=\"0.1\" animation=\"none\" animation_delay=\"2\" specific_type=\"all\" controller_pages=\"\" controller_id=\"\"][ApColumn form_id=\"form_1517485314\" class=\"hidden-sm hidden-xs hidden-sp\" lg=\"4\" md=\"4\" sm=\"12\" xs=\"12\" sp=\"12\" animation=\"none\" animation_delay=\"2\" specific_type=\"all\" controller_pages=\"\" controller_id=\"\"][ApImage form_id=\"form_7104897890791170\" animation=\"none\" animation_delay=\"0.5\" css_class=\"coffret-reassurance\" is_open=\"0\" width=\"100%\" height=\"auto\" image=\"coffret-home.png \"][/ApImage][/ApColumn][ApColumn form_id=\"form_1517490728\" class=\"box-service\" lg=\"4\" md=\"4\" sm=\"6\" xs=\"12\" sp=\"12\" animation=\"none\" animation_delay=\"2\" specific_type=\"all\" controller_pages=\"\" controller_id=\"\"][ApRawHtml form_id=\"form_9244337276653388\" content_html=\"<div class=_APQUOT_media_APQUOT_>_APENTER_    <div class=_APQUOT_pull-left icon-box_APQUOT_>_APENTER_        <em class=_APQUOT_fa fa-diamond_APQUOT_></em>_APENTER_    </div>_APENTER_    <div class=_APQUOT_media-body_APQUOT_>_APENTER_        <h4>_APENTER_            Fabrication française_APENTER_        </h4>_APENTER_        <p>Entreprise ambassadrice du Made in France, et représentante du Made in Thiers</p>_APENTER_    </div>_APENTER_</div>\"][/ApRawHtml][ApRawHtml form_id=\"form_42711434884986865\" content_html=\"<div class=_APQUOT_media_APQUOT_>_APENTER_    <div class=_APQUOT_pull-left icon-box_APQUOT_>_APENTER_        <em class=_APQUOT_fa fa-credit-card_APQUOT_></em>_APENTER_    </div>_APENTER_    <div class=_APQUOT_media-body_APQUOT_>_APENTER_        <h4>_APENTER_            Paiement sécurisé_APENTER_        </h4>_APENTER_        <p>Avec la procédure d’authentification 3D Secure ou Paypal</p>_APENTER_    </div>_APENTER_</div>\"][/ApRawHtml][/ApColumn][ApColumn form_id=\"form_1517493139\" class=\"box-service\" lg=\"4\" md=\"4\" sm=\"6\" xs=\"12\" sp=\"12\" animation=\"none\" animation_delay=\"2\" specific_type=\"all\" controller_pages=\"\" controller_id=\"\"][ApRawHtml form_id=\"form_9710498247274132\" content_html=\"<div class=_APQUOT_media_APQUOT_>_APENTER_    <div class=_APQUOT_pull-left icon-box_APQUOT_>_APENTER_        <em class=_APQUOT_fa fa-truck_APQUOT_></em>_APENTER_    </div>_APENTER_    <div class=_APQUOT_media-body_APQUOT_>_APENTER_        <h4>_APENTER_            Livraison sur mesure_APENTER_        </h4>_APENTER_        <p>A domicile ou en point retrait, faites livrer vos colis là où vous le souhaitez</p>_APENTER_    </div>_APENTER_</div>\"][/ApRawHtml][ApRawHtml form_id=\"form_9240819142813988\" content_html=\"<div class=_APQUOT_media_APQUOT_>_APENTER_    <div class=_APQUOT_pull-left icon-box_APQUOT_>_APENTER_        <em class=_APQUOT_fa fa-heart_APQUOT_></em>_APENTER_    </div>_APENTER_    <div class=_APQUOT_media-body_APQUOT_>_APENTER_        <h4>_APENTER_            Satisfaction garantie_APENTER_        </h4>_APENTER_        <p>Expédition 72h sauf produits sur mesure<br/>Notre service client est à votre service au _APPLUS_33 (0)4 73 51 44 86 ou sur contact@goyon-chazeau.fr</p>_APENTER_    </div>_APENTER_</div>\"][/ApRawHtml][/ApColumn][/ApRow]'),(126,2,'[ApRow form_id=\"form_1517496371\" id=\"scroll_pull_in\" container=\"container home-top\" class=\"row\" bg_config=\"boxed\" bg_type=\"normal\" bg_color=\"f7f7f7\" bg_repeat=\"no-repeat\" parallax_speed=\"0.1\" parallax_axis=\"both\" parallax_strength=\"0.5\" parallax_rid=\"0.5\" parallax_hoffsets=\"0.1\" parallax_voffsets=\"0.1\" animation=\"none\" animation_delay=\"2\" specific_type=\"all\" controller_pages=\"\" controller_id=\"\"][ApColumn form_id=\"form_1517485156\" class=\"home-topleft\" lg=\"6\" md=\"6\" sm=\"12\" xs=\"12\" sp=\"12\" animation=\"none\" animation_delay=\"2\" specific_type=\"all\" controller_pages=\"\" controller_id=\"\"][ApHtml form_id=\"form_3348724286817404\" content_html=\"<h3 class=_APQUOT_title_block_topleft_APQUOT_ style=_APQUOT_text-align: right;_APQUOT_>THIRD GENERATION OF CUTLER STORY</h3>_APENTER_<p style=_APQUOT_text-align: right;_APQUOT_>GOYON-CHAZEAU is a high-end craftsmanship family cutlery since the 1950s.The company creates and manufactures 100% French table knives and cutlery, cooking knives and folding knives</p>_APENTER_<p style=_APQUOT_text-align: right;_APQUOT_><a class=_APQUOT_btn btn-inverse_APQUOT_ href=_APQUOT_content/6-history_APQUOT_>More info</a></p>\"][/ApHtml][/ApColumn][ApColumn form_id=\"form_9697362015553752\" lg=\"3\" md=\"3\" sm=\"6\" xs=\"12\" sp=\"12\" animation=\"none\" animation_delay=\"2\" specific_type=\"all\" controller_pages=\"\" controller_id=\"\"][ApImage form_id=\"form_3182947793924859\" animation=\"none\" animation_delay=\"0.5\" alt=\"Magali Soucille et Vincent Soucille\" css_class=\"effect border-orange\" is_open=\"0\" width=\"100%\" height=\"auto\" image=\"1-IMG_HAUT_260x210.jpg  \" url=\"content/6-history\"][/ApImage][ApImage form_id=\"form_8306061541088536\" animation=\"none\" animation_delay=\"1\" alt=\"Denis et Christine Goyon\" css_class=\"effect border-orange\" is_open=\"0\" width=\"100%\" height=\"auto\" image=\"2-IMG_MILIEU_260x269.jpg    \" url=\"content/6-history\"][/ApImage][ApImage form_id=\"form_7386377036752997\" animation=\"none\" animation_delay=\"1.5\" alt=\"Solange et Gabriel Goyon Chazeau\" css_class=\"effect border-orange\" is_open=\"0\" width=\"100%\" height=\"auto\" image=\"3-IMG_BAS_260x176.jpg  \" url=\"content/6-history\"][/ApImage][/ApColumn][ApColumn form_id=\"form_3680286807813554\" class=\"home-topright hidden-xs\" lg=\"3\" md=\"3\" sm=\"6\" xs=\"12\" sp=\"12\" animation=\"none\" animation_delay=\"2\" specific_type=\"all\" controller_pages=\"\" controller_id=\"\"][ApRawHtml form_id=\"form_4646564320068258\" content_html=\"<a href=_APQUOT_content/8-the-forge_APQUOT_ title=_APQUOT_The Cutlery_APQUOT_>The Cutlery <i class=_APQUOT_fa fa-long-arrow-right_APQUOT_></i></a>\"][/ApRawHtml][/ApColumn][/ApRow][ApRow form_id=\"form_5811960969844699\" class=\"row no-margin info-center-home\" bg_config=\"boxed\" bg_type=\"normal\" bg_repeat=\"no-repeat\" parallax_speed=\"0.1\" parallax_axis=\"both\" parallax_strength=\"0.5\" parallax_rid=\"0.5\" parallax_hoffsets=\"0.1\" parallax_voffsets=\"0.1\" animation=\"none\" animation_delay=\"2\" specific_type=\"all\" controller_pages=\"\" controller_id=\"\"][ApColumn form_id=\"form_1517504345\" class=\"no-padding grid-block\" lg=\"12\" md=\"12\" sm=\"12\" xs=\"12\" sp=\"12\" animation=\"none\" animation_delay=\"2\" specific_type=\"all\" controller_pages=\"\" controller_id=\"\"][ApImage form_id=\"form_38585200669258965\" animation=\"none\" animation_delay=\"0.5\" alt=\"Un savoir-faire reconnu\" is_open=\"0\" width=\"100%\" height=\"auto\" override_folder=\"grid-block\" image=\"forge.jpg\" url=\"content/7-expertise\" description=\"<h3 class=_APQUOT_title_block_APQUOT_>A renowned expertise</h3>_APENTER_<p>Passion for cutlery, work of the hand _APAMP_ care brought to the details are omnipresent _APAMP_ indissociable of GOYON-CHAZEAU’s identity. These values have enabled the company to receive the Living Heritage Company label, for its unique expertise in stainless steel welding and forged knives manufacturing.</p>_APENTER_<p><a class=_APQUOT_btn btn-inverse_APQUOT_ href=_APQUOT_content/7-expertise_APQUOT_>More info</a></p>\"][/ApImage][/ApColumn][ApColumn form_id=\"form_1517512151\" class=\"no-padding grid-block grid-block1\" lg=\"12\" md=\"12\" sm=\"12\" xs=\"12\" sp=\"12\" animation=\"none\" animation_delay=\"2\" specific_type=\"all\" controller_pages=\"\" controller_id=\"\"][ApImage form_id=\"form_9039383675514200\" animation=\"none\" animation_delay=\"0.5\" alt=\"Forge Goyon Chazeau\" is_open=\"0\" width=\"100%\" height=\"auto\" override_folder=\"grid-block\" image=\"FORGE.jpg   \" url=\"content/8-the-forge\" description=\"<h3 class=_APQUOT_title_block_APQUOT_>The forge in the heart</h3>_APENTER_<p>The story always begins with a stainless steel bar. Forged then worked with meticulousness as watchmaking, it gradually takes shape in the cutler’s hand.</p>_APENTER_<p><a class=_APQUOT_btn btn-inverse_APQUOT_ href=_APQUOT_content/8-the-forge_APQUOT_>More info</a></p>\"][/ApImage][/ApColumn][ApColumn form_id=\"form_1517499269\" id=\"bg_texture\" class=\"no-padding grid-block\" lg=\"12\" md=\"12\" sm=\"12\" xs=\"12\" sp=\"12\" animation=\"none\" animation_delay=\"2\" specific_type=\"all\" controller_pages=\"\" controller_id=\"\"][ApImage form_id=\"form_7744204802119376\" animation=\"none\" animation_delay=\"0.5\" alt=\"Matériaux des couteaux Goyon Chazeau\" is_open=\"0\" width=\"100%\" height=\"auto\" override_folder=\"grid-block\" image=\"MATIERES.jpg    \" url=\"content/9-our-materials\" description=\"<h3 class=_APQUOT_title_block_APQUOT_>Carefully selected materials</h3>_APENTER_<p>From the blade’s steel to the wood, acrylic, or horn tips for the handle, each material is carefully selected for its technical and aesthetic qualities.</p>_APENTER_<p><a class=_APQUOT_btn btn-inverse_APQUOT_ href=_APQUOT_content/9-our-materials_APQUOT_>More info</a></p>\"][/ApImage][/ApColumn][/ApRow][ApRow form_id=\"form_3368614727438929\" container=\"container\" class=\"row home-viewall hidden-xs hidden-sp\" padding_top=\"70px\" padding_bottom=\"25px\" bg_config=\"fullwidth\" bg_type=\"normal\" bg_color=\"#e6361b\" bg_img=\"bandeau-triangle.jpg\" bg_repeat=\"no-repeat\" parallax_speed=\"0.1\" parallax_axis=\"both\" parallax_strength=\"0.5\" parallax_rid=\"0.5\" parallax_hoffsets=\"0.1\" parallax_voffsets=\"0.1\" animation=\"none\" animation_delay=\"2\" specific_type=\"all\" controller_pages=\"\" controller_id=\"\"][ApColumn form_id=\"form_27169860682764135\" id=\"find-left\" lg=\"9\" md=\"9\" sm=\"9\" xs=\"9\" sp=\"12\" animation=\"none\" animation_delay=\"2\" specific_type=\"all\" controller_pages=\"\" controller_id=\"\"][ApHtml form_id=\"form_37902767466342745\" content_html=\"<p class=_APQUOT_text_1_APQUOT_>Find the knife made for you</p>\"][/ApHtml][/ApColumn][ApColumn form_id=\"form_6604685638414864\" id=\"find-right\" lg=\"3\" md=\"3\" sm=\"3\" xs=\"3\" sp=\"12\" animation=\"none\" animation_delay=\"2\" specific_type=\"all\" controller_pages=\"\" controller_id=\"\"][ApHtml form_id=\"form_5399433557783812\" content_html=\"<p><a class=_APQUOT_btn btn-inverse-border_APQUOT_ href=_APQUOT_3-the-store_APQUOT_ title=_APQUOT_Go to the shop_APQUOT_>The store</a></p>\"][/ApHtml][/ApColumn][/ApRow][ApRow form_id=\"form_25648923947886278\" container=\"container\" class=\"row home-viewall hidden-lg hidden-md hidden-sm\" padding_top=\"40px\" padding_bottom=\"25px\" bg_config=\"fullwidth\" bg_type=\"normal\" bg_color=\"#e6361b\" bg_repeat=\"no-repeat\" parallax_speed=\"0.1\" parallax_axis=\"both\" parallax_strength=\"0.5\" parallax_rid=\"0.5\" parallax_hoffsets=\"0.1\" parallax_voffsets=\"0.1\" animation=\"none\" animation_delay=\"2\" specific_type=\"all\" controller_pages=\"\" controller_id=\"\"][ApColumn form_id=\"form_3666245674810910\" id=\"find-left\" lg=\"8\" md=\"8\" sm=\"8\" xs=\"12\" sp=\"12\" animation=\"none\" animation_delay=\"2\" specific_type=\"all\" controller_pages=\"\" controller_id=\"\"][ApHtml form_id=\"form_9515926055867532\" content_html=\"<p class=_APQUOT_text_1_APQUOT_>Find the knife made for you</p>\"][/ApHtml][/ApColumn][ApColumn form_id=\"form_37556258051741544\" id=\"find-right\" lg=\"4\" md=\"4\" sm=\"4\" xs=\"12\" sp=\"12\" animation=\"none\" animation_delay=\"2\" specific_type=\"all\" controller_pages=\"\" controller_id=\"\"][ApHtml form_id=\"form_6043127727491363\" content_html=\"<p><a class=_APQUOT_btn btn-inverse-border_APQUOT_ href=_APQUOT_3-the-store_APQUOT_ title=_APQUOT_Go to the shop_APQUOT_>The store</a></p>\"][/ApHtml][/ApColumn][/ApRow][ApRow form_id=\"form_6998881434010933\" container=\"container\" class=\"row\" padding_top=\"70px\" padding_bottom=\"70px\" bg_config=\"fullwidth\" bg_type=\"normal\" bg_color=\"#383948\" bg_img=\"fond_testi.jpg\" bg_repeat=\"repeat\" parallax_speed=\"0.1\" parallax_axis=\"both\" parallax_strength=\"0.5\" parallax_rid=\"0.5\" parallax_hoffsets=\"0.1\" parallax_voffsets=\"0.1\" animation=\"none\" animation_delay=\"2\" specific_type=\"all\" controller_pages=\"\" controller_id=\"\"][ApColumn form_id=\"form_1517485085\" lg=\"12\" md=\"12\" sm=\"12\" xs=\"12\" sp=\"12\" animation=\"none\" animation_delay=\"2\" specific_type=\"all\" controller_pages=\"\" controller_id=\"\"][ApHtml form_id=\"form_3905142161833176\" content_html=\"<h3 class=_APQUOT_title_block_APQUOT_><span style=_APQUOT_color: #ffffff;_APQUOT_>They trust us</span></h3>\"][/ApHtml][ApModule form_id=\"form_6588252167513584\" name_module=\"temoignage\" hook=\"displayHome\" is_display=\"1\"][/ApModule][/ApColumn][/ApRow][ApRow form_id=\"form_1517514889\" container=\"container\" class=\"row home-featured\" bg_config=\"boxed\" bg_type=\"normal\" bg_repeat=\"no-repeat\" parallax_speed=\"0.1\" parallax_axis=\"both\" parallax_strength=\"0.5\" parallax_rid=\"0.5\" parallax_hoffsets=\"0.1\" parallax_voffsets=\"0.1\" animation=\"none\" animation_delay=\"2\" specific_type=\"all\" controller_pages=\"\" controller_id=\"\"][ApColumn form_id=\"form_1517485314\" class=\"hidden-sm hidden-xs hidden-sp\" lg=\"4\" md=\"4\" sm=\"12\" xs=\"12\" sp=\"12\" animation=\"none\" animation_delay=\"2\" specific_type=\"all\" controller_pages=\"\" controller_id=\"\"][ApImage form_id=\"form_7104897890791170\" animation=\"none\" animation_delay=\"0.5\" css_class=\"coffret-reassurance\" is_open=\"0\" width=\"100%\" height=\"auto\" image=\"coffret-home.png\"][/ApImage][/ApColumn][ApColumn form_id=\"form_1517490728\" class=\"box-service\" lg=\"4\" md=\"4\" sm=\"6\" xs=\"12\" sp=\"12\" animation=\"none\" animation_delay=\"2\" specific_type=\"all\" controller_pages=\"\" controller_id=\"\"][ApRawHtml form_id=\"form_9244337276653388\" content_html=\"<div class=_APQUOT_media_APQUOT_>_APENTER_    <div class=_APQUOT_pull-left icon-box_APQUOT_>_APENTER_        <em class=_APQUOT_fa fa-diamond_APQUOT_></em>_APENTER_    </div>_APENTER_    <div class=_APQUOT_media-body_APQUOT_>_APENTER_        <h4>_APENTER_            <a title=_APQUOT_Made in France_APQUOT_ href=_APQUOT_#_APQUOT_>Made in France</a>_APENTER_        </h4>_APENTER_        <p>Made in France ambassador and Made in Thiers representative company</p>_APENTER_    </div>_APENTER_</div>\"][/ApRawHtml][ApRawHtml form_id=\"form_42711434884986865\" content_html=\"<div class=_APQUOT_media_APQUOT_>_APENTER_    <div class=_APQUOT_pull-left icon-box_APQUOT_>_APENTER_        <em class=_APQUOT_fa fa-credit-card_APQUOT_></em>_APENTER_    </div>_APENTER_    <div class=_APQUOT_media-body_APQUOT_>_APENTER_        <h4>_APENTER_            <a title=_APQUOT_Several payment options_APQUOT_ href=_APQUOT_#_APQUOT_>Several payment options</a>_APENTER_        </h4>_APENTER_        <p>Credit cards, wire transfer or paypal, feel free to choose the best option for you</p>_APENTER_    </div>_APENTER_</div>\"][/ApRawHtml][/ApColumn][ApColumn form_id=\"form_1517493139\" class=\"box-service\" lg=\"4\" md=\"4\" sm=\"6\" xs=\"12\" sp=\"12\" animation=\"none\" animation_delay=\"2\" specific_type=\"all\" controller_pages=\"\" controller_id=\"\"][ApRawHtml form_id=\"form_9710498247274132\" content_html=\"<div class=_APQUOT_media_APQUOT_>_APENTER_    <div class=_APQUOT_pull-left icon-box_APQUOT_>_APENTER_        <em class=_APQUOT_fa fa-truck_APQUOT_></em>_APENTER_    </div>_APENTER_    <div class=_APQUOT_media-body_APQUOT_>_APENTER_        <h4>_APENTER_            <a title=_APQUOT_Custom delivery_APQUOT_ href=_APQUOT_#_APQUOT_>Custom delivery</a>_APENTER_        </h4>_APENTER_        <p>At home or in a point of withdrawal, have your parcel delivered where it is the better for you</p>_APENTER_    </div>_APENTER_</div>\"][/ApRawHtml][ApRawHtml form_id=\"form_9240819142813988\" content_html=\"<div class=_APQUOT_media_APQUOT_>_APENTER_    <div class=_APQUOT_pull-left icon-box_APQUOT_>_APENTER_        <em class=_APQUOT_fa fa-heart_APQUOT_></em>_APENTER_    </div>_APENTER_    <div class=_APQUOT_media-body_APQUOT_>_APENTER_        <h4>_APENTER_            <a title=_APQUOT_Satisfaction guaranteed_APQUOT_ href=_APQUOT_#_APQUOT_>Satisfaction guaranteed</a>_APENTER_        </h4>_APENTER_        <p>Shipping 72H except custom-made products<br/>Feel free to contact our customer service at _APPLUS_33 4 73 51 44 86 or contact@goyon-chazeau.fr</p>_APENTER_    </div>_APENTER_</div>\"][/ApRawHtml][/ApColumn][/ApRow]'),(127,1,''),(127,2,''),(128,1,'[ApRow form_id=\"form_1517493692\" class=\"row footer-center fs-style fs-style1\" padding_top=\"40px\" padding_bottom=\"60px\" bg_config=\"none\" bg_type=\"normal\" bg_repeat=\"no-repeat\" parallax_speed=\"0.1\" parallax_axis=\"both\" parallax_strength=\"0.5\" parallax_rid=\"0.5\" parallax_hoffsets=\"0.1\" parallax_voffsets=\"0.1\" animation=\"none\" animation_delay=\"2\" specific_type=\"all\" controller_pages=\"\" controller_id=\"\"][ApColumn form_id=\"form_1517503929\" lg=\"4\" md=\"3\" sm=\"3\" xs=\"12\" sp=\"12\" animation=\"none\" animation_delay=\"2\" specific_type=\"all\" controller_pages=\"\" controller_id=\"\"][ApHtml form_id=\"form_4587495941648858\" title=\"Contactez nous\" content_html=\"<ul class=_APQUOT_contact-us_APQUOT_>_APENTER_<li><em class=_APQUOT_fa fa-map-marker_APQUOT_> </em>17, Chailas I 63650 La Monnerie Le Montel I Thiers-France</li>_APENTER_<li><em class=_APQUOT_fa fa-phone_APQUOT_> </em>_APPLUS_33 (0)4 73 51 44 86 - Fax : _APPLUS_33 (0)4 73 51 49 89</li>_APENTER_<li><em class=_APQUOT_fa fa-envelope-o_APQUOT_></em>contact@goyon-chazeau.fr</li>_APENTER_</ul>\"][/ApHtml][/ApColumn][ApColumn form_id=\"form_7942831828875943\" class=\"footer-block\" lg=\"2\" md=\"2\" sm=\"3\" xs=\"12\" sp=\"12\" animation=\"none\" animation_delay=\"2\" specific_type=\"all\" controller_pages=\"\" controller_id=\"\"][ApBlockLink form_id=\"form_2021823224508989\" total_link=\"6\" title_1_1=\"La table\" title_1_2=\"Tableware\" link_1_1=\"4-la-table\" link_1_2=\"4-tableware\" title_2_1=\"La cuisine\" title_2_2=\"Cooking knives\" link_2_1=\"5-la-cuisine\" link_2_2=\"5-cooking-knives\" title_3_1=\"Les fermants\" title_3_2=\"Folding knives\" link_3_1=\"6-les-fermants\" link_3_2=\"6-folding-knives\" title_4_1=\"Collection exclusive\" title_4_2=\"Tailor made collection\" link_4_1=\"7-collection-exclusive\" link_4_2=\"7-tailor-made-collection\" title_5_1=\"Nos revendeurs\" title_5_2=\"Boutiques\" link_5_1=\"points-de-vente\" link_5_2=\"points-of-sale\" title_6_1=\"Actualités\" title_6_2=\"News\" link_6_1=\"blog.html\" link_6_2=\"blog.html\" name=\"RUBRIQUES\"][/ApBlockLink][/ApColumn][ApColumn form_id=\"form_1517512494\" lg=\"2\" md=\"2\" sm=\"3\" xs=\"12\" sp=\"12\" animation=\"none\" animation_delay=\"2\" specific_type=\"all\" controller_pages=\"\" controller_id=\"\"][ApModule form_id=\"form_1517504323\" name_module=\"blockcms\" hook=\"displayFooter\" is_display=\"1\" active=\"1\"][/ApModule][/ApColumn][ApColumn form_id=\"form_1517491764\" lg=\"2\" md=\"3\" sm=\"3\" xs=\"12\" sp=\"12\" animation=\"none\" animation_delay=\"2\" specific_type=\"all\" controller_pages=\"\" controller_id=\"\"][ApModule form_id=\"form_1517494481\" name_module=\"blockmyaccountfooter\" hook=\"displayFooter\" is_display=\"1\"][/ApModule][/ApColumn][ApColumn form_id=\"form_1517484970\" lg=\"2\" md=\"2\" sm=\"12\" xs=\"12\" sp=\"12\" animation=\"none\" animation_delay=\"2\" specific_type=\"all\" controller_pages=\"\" controller_id=\"\"][ApImage form_id=\"form_6927900574532659\" animation=\"none\" animation_delay=\"0.5\" alt=\"Logo EPV\" css_class=\"epv-logo\" is_open=\"1\" width=\"auto\" height=\"auto\" image=\"EPV_signature_fond.png \" url=\"http://www.patrimoine-vivant.com/\"][/ApImage][/ApColumn][/ApRow][ApRow form_id=\"form_1517491472\" class=\"row footer-copyright\" padding_top=\"8px\" padding_bottom=\"2px\" bg_config=\"fullwidth\" bg_type=\"normal\" bg_color=\"#262626\" bg_repeat=\"no-repeat\" parallax_speed=\"0.1\" parallax_axis=\"both\" parallax_strength=\"0.5\" parallax_rid=\"0.5\" parallax_hoffsets=\"0.1\" parallax_voffsets=\"0.1\" animation=\"none\" animation_delay=\"2\" specific_type=\"all\" controller_pages=\"\" controller_id=\"\"][ApColumn form_id=\"form_1517497469\" lg=\"6\" md=\"6\" sm=\"12\" xs=\"12\" sp=\"12\" animation=\"none\" animation_delay=\"2\" specific_type=\"all\" controller_pages=\"\" controller_id=\"\"][ApHtml form_id=\"form_9065351370067444\" content_html=\"<p class=_APQUOT_copyright_APQUOT_><span>© 2018 Goyon Chazeau - Tous droits réservés. Conçu par <a href=_APQUOT_http://www.la-machine.fr/_APQUOT_ target=_APQUOT__blank_APQUOT_><span>La Machine</span></a></span></p>\"][/ApHtml][/ApColumn][ApColumn form_id=\"form_1517488539\" lg=\"6\" md=\"6\" sm=\"12\" xs=\"12\" sp=\"12\" animation=\"none\" animation_delay=\"2\" specific_type=\"all\" controller_pages=\"\" controller_id=\"\"][ApModule form_id=\"form_1517495724\" name_module=\"blocksocial\" hook=\"displayFooter\" is_display=\"1\"][/ApModule][/ApColumn][/ApRow]'),(128,2,'[ApRow form_id=\"form_1517493692\" class=\"row footer-center fs-style fs-style1\" padding_top=\"40px\" padding_bottom=\"60px\" bg_config=\"none\" bg_type=\"normal\" bg_repeat=\"no-repeat\" parallax_speed=\"0.1\" parallax_axis=\"both\" parallax_strength=\"0.5\" parallax_rid=\"0.5\" parallax_hoffsets=\"0.1\" parallax_voffsets=\"0.1\" animation=\"none\" animation_delay=\"2\" specific_type=\"all\" controller_pages=\"\" controller_id=\"\"][ApColumn form_id=\"form_1517503929\" lg=\"4\" md=\"3\" sm=\"3\" xs=\"12\" sp=\"12\" animation=\"none\" animation_delay=\"2\" specific_type=\"all\" controller_pages=\"\" controller_id=\"\"][ApHtml form_id=\"form_4587495941648858\" title=\"Contact us\" content_html=\"<ul class=_APQUOT_contact-us_APQUOT_>_APENTER_<li><em class=_APQUOT_fa fa-map-marker_APQUOT_> </em>17, Chailas I 63650 La Monnerie Le Montel I Thiers-France</li>_APENTER_<li><em class=_APQUOT_fa fa-phone_APQUOT_> </em>_APPLUS_33 (0)4 73 51 44 86 - Fax : _APPLUS_33 (0)4 73 51 49 89</li>_APENTER_<li><em class=_APQUOT_fa fa-envelope-o_APQUOT_></em>contact@goyon-chazeau.fr</li>_APENTER_</ul>\"][/ApHtml][/ApColumn][ApColumn form_id=\"form_7942831828875943\" class=\"footer-block\" lg=\"2\" md=\"2\" sm=\"3\" xs=\"12\" sp=\"12\" animation=\"none\" animation_delay=\"2\" specific_type=\"all\" controller_pages=\"\" controller_id=\"\"][ApBlockLink form_id=\"form_2021823224508989\" total_link=\"6\" title_1_1=\"La table\" title_1_2=\"Tableware\" link_1_1=\"4-la-table\" link_1_2=\"4-tableware\" title_2_1=\"La cuisine\" title_2_2=\"Cooking knives\" link_2_1=\"5-la-cuisine\" link_2_2=\"5-cooking-knives\" title_3_1=\"Les fermants\" title_3_2=\"Folding knives\" link_3_1=\"6-les-fermants\" link_3_2=\"6-folding-knives\" title_4_1=\"Collection exclusive\" title_4_2=\"Tailor made collection\" link_4_1=\"7-collection-exclusive\" link_4_2=\"7-tailor-made-collection\" title_5_1=\"Nos revendeurs\" title_5_2=\"Boutiques\" link_5_1=\"points-de-vente\" link_5_2=\"points-of-sale\" title_6_1=\"Actualités\" title_6_2=\"News\" link_6_1=\"blog.html\" link_6_2=\"blog.html\" name=\"CUSTOMER SERVICES\"][/ApBlockLink][/ApColumn][ApColumn form_id=\"form_1517512494\" lg=\"2\" md=\"2\" sm=\"3\" xs=\"12\" sp=\"12\" animation=\"none\" animation_delay=\"2\" specific_type=\"all\" controller_pages=\"\" controller_id=\"\"][ApModule form_id=\"form_1517504323\" name_module=\"blockcms\" hook=\"displayFooter\" is_display=\"1\" active=\"1\"][/ApModule][/ApColumn][ApColumn form_id=\"form_1517491764\" lg=\"2\" md=\"3\" sm=\"3\" xs=\"12\" sp=\"12\" animation=\"none\" animation_delay=\"2\" specific_type=\"all\" controller_pages=\"\" controller_id=\"\"][ApModule form_id=\"form_1517494481\" name_module=\"blockmyaccountfooter\" hook=\"displayFooter\" is_display=\"1\"][/ApModule][/ApColumn][ApColumn form_id=\"form_1517484970\" lg=\"2\" md=\"2\" sm=\"12\" xs=\"12\" sp=\"12\" animation=\"none\" animation_delay=\"2\" specific_type=\"all\" controller_pages=\"\" controller_id=\"\"][ApImage form_id=\"form_6927900574532659\" animation=\"none\" animation_delay=\"0.5\" alt=\"Logo EPV\" css_class=\"epv-logo\" is_open=\"1\" width=\"auto\" height=\"auto\" image=\"EPV_GB_fond.png \" url=\"http://www.patrimoine-vivant.com/\"][/ApImage][/ApColumn][/ApRow][ApRow form_id=\"form_1517491472\" class=\"row footer-copyright\" padding_top=\"8px\" padding_bottom=\"2px\" bg_config=\"fullwidth\" bg_type=\"normal\" bg_color=\"#262626\" bg_repeat=\"no-repeat\" parallax_speed=\"0.1\" parallax_axis=\"both\" parallax_strength=\"0.5\" parallax_rid=\"0.5\" parallax_hoffsets=\"0.1\" parallax_voffsets=\"0.1\" animation=\"none\" animation_delay=\"2\" specific_type=\"all\" controller_pages=\"\" controller_id=\"\"][ApColumn form_id=\"form_1517497469\" lg=\"6\" md=\"6\" sm=\"12\" xs=\"12\" sp=\"12\" animation=\"none\" animation_delay=\"2\" specific_type=\"all\" controller_pages=\"\" controller_id=\"\"][ApHtml form_id=\"form_9065351370067444\" content_html=\"<p class=_APQUOT_copyright_APQUOT_>© 2018 Goyon Chazeau - All Rights Reserved. Designed by <a href=_APQUOT_http://www.la-machine.fr/_APQUOT_ target=_APQUOT__blank_APQUOT_>La Machine</a></p>\"][/ApHtml][/ApColumn][ApColumn form_id=\"form_1517488539\" lg=\"6\" md=\"6\" sm=\"12\" xs=\"12\" sp=\"12\" animation=\"none\" animation_delay=\"2\" specific_type=\"all\" controller_pages=\"\" controller_id=\"\"][ApModule form_id=\"form_1517495724\" name_module=\"blocksocial\" hook=\"displayFooter\" is_display=\"1\"][/ApModule][/ApColumn][/ApRow]'),(129,1,''),(129,2,''),(130,1,''),(130,2,''),(131,1,''),(131,2,''),(132,1,''),(132,2,''),(133,1,'[ApRow form_id=\"form_1517504873\" class=\"row position-static\" padding_top=\"25px\" padding_bottom=\"25px\" bg_config=\"boxed\" bg_type=\"normal\" bg_position=\"top\" bg_repeat=\"no-repeat\" parallax_speed=\"0.1\" parallax_axis=\"both\" parallax_strength=\"0.5\" parallax_rid=\"0.5\" parallax_hoffsets=\"0.1\" parallax_voffsets=\"0.1\" animation=\"none\" animation_delay=\"2\" specific_type=\"all\" controller_pages=\"\" controller_id=\"\"][ApColumn form_id=\"form_1517514170\" class=\"header-logo\" lg=\"2.4\" md=\"12\" sm=\"12\" xs=\"12\" sp=\"12\" animation=\"none\" animation_delay=\"2\" specific_type=\"all\" controller_pages=\"\" controller_id=\"\"][ApGenCode form_id=\"form_1517490743\" id_gencode=\"id_gencode_56717a9635694_1450277526\" content_html=\" _APENTER_  \"][/ApGenCode][/ApColumn][ApColumn form_id=\"form_1517498736\" lg=\"7.2\" md=\"8\" sm=\"6\" xs=\"6\" sp=\"3\" animation=\"none\" animation_delay=\"2\" specific_type=\"all\" controller_pages=\"\" controller_id=\"\"][ApModule form_id=\"form_1517509301\" name_module=\"leobootstrapmenu\" hook=\"displayTop\" is_display=\"1\"][/ApModule][/ApColumn][ApColumn form_id=\"form_1517515542\" class=\"position-static header-right\" lg=\"2.4\" md=\"4\" sm=\"6\" xs=\"6\" sp=\"8\" animation=\"none\" animation_delay=\"2\" specific_type=\"all\" controller_pages=\"\" controller_id=\"\"][ApModule form_id=\"form_1517511267\" name_module=\"blocksearch\" hook=\"displayTop\" is_display=\"1\"][/ApModule][ApModule form_id=\"form_1517501484\" name_module=\"blockuserinfo\" hook=\"displayTop\" is_display=\"1\"][/ApModule][ApModule form_id=\"form_1517499585\" name_module=\"blockgrouptop\" hook=\"displayTop\" is_display=\"1\"][/ApModule][ApModule form_id=\"form_1517515314\" name_module=\"blockcart\" hook=\"displayTop\" is_display=\"1\"][/ApModule][/ApColumn][/ApRow]'),(133,2,'[ApRow form_id=\"form_1517504873\" class=\"row position-static\" padding_top=\"25px\" padding_bottom=\"25px\" bg_config=\"boxed\" bg_type=\"normal\" bg_position=\"top\" bg_repeat=\"no-repeat\" parallax_speed=\"0.1\" parallax_axis=\"both\" parallax_strength=\"0.5\" parallax_rid=\"0.5\" parallax_hoffsets=\"0.1\" parallax_voffsets=\"0.1\" animation=\"none\" animation_delay=\"2\" specific_type=\"all\" controller_pages=\"\" controller_id=\"\"][ApColumn form_id=\"form_1517514170\" class=\"header-logo\" lg=\"2.4\" md=\"12\" sm=\"12\" xs=\"12\" sp=\"12\" animation=\"none\" animation_delay=\"2\" specific_type=\"all\" controller_pages=\"\" controller_id=\"\"][ApGenCode form_id=\"form_1517490743\" id_gencode=\"id_gencode_56717a9635694_1450277526\" content_html=\" _APENTER_  \"][/ApGenCode][/ApColumn][ApColumn form_id=\"form_1517498736\" lg=\"7.2\" md=\"8\" sm=\"6\" xs=\"6\" sp=\"3\" animation=\"none\" animation_delay=\"2\" specific_type=\"all\" controller_pages=\"\" controller_id=\"\"][ApModule form_id=\"form_1517509301\" name_module=\"leobootstrapmenu\" hook=\"displayTop\" is_display=\"1\"][/ApModule][/ApColumn][ApColumn form_id=\"form_1517515542\" class=\"position-static header-right\" lg=\"2.4\" md=\"4\" sm=\"6\" xs=\"6\" sp=\"8\" animation=\"none\" animation_delay=\"2\" specific_type=\"all\" controller_pages=\"\" controller_id=\"\"][ApModule form_id=\"form_1517511267\" name_module=\"blocksearch\" hook=\"displayTop\" is_display=\"1\"][/ApModule][ApModule form_id=\"form_1517501484\" name_module=\"blockuserinfo\" hook=\"displayTop\" is_display=\"1\"][/ApModule][ApModule form_id=\"form_1517499585\" name_module=\"blockgrouptop\" hook=\"displayTop\" is_display=\"1\"][/ApModule][ApModule form_id=\"form_1517515314\" name_module=\"blockcart\" hook=\"displayTop\" is_display=\"1\"][/ApModule][/ApColumn][/ApRow]'),(134,1,'[ApRow form_id=\"form_1517500072\" class=\"row\" bg_config=\"boxed\" bg_type=\"normal\" bg_repeat=\"no-repeat\" parallax_speed=\"0.1\" parallax_axis=\"both\" parallax_strength=\"0.5\" parallax_rid=\"0.5\" parallax_hoffsets=\"0.1\" parallax_voffsets=\"0.1\" animation=\"none\" animation_delay=\"2\" specific_type=\"index\" active=\"1\" controller_pages=\"\" controller_id=\"\"][ApColumn form_id=\"form_1517495181\" lg=\"12\" md=\"12\" sm=\"12\" xs=\"12\" sp=\"12\" specific_type=\"\" controller_pages=\"\" controller_id=\"\"][ApSlideShow form_id=\"form_1517504270\" slideshow_group=\"29\"][/ApSlideShow][/ApColumn][/ApRow]'),(134,2,'[ApRow form_id=\"form_1517500072\" class=\"row\" bg_config=\"boxed\" bg_type=\"normal\" bg_repeat=\"no-repeat\" parallax_speed=\"0.1\" parallax_axis=\"both\" parallax_strength=\"0.5\" parallax_rid=\"0.5\" parallax_hoffsets=\"0.1\" parallax_voffsets=\"0.1\" animation=\"none\" animation_delay=\"2\" specific_type=\"index\" active=\"1\" controller_pages=\"\" controller_id=\"\"][ApColumn form_id=\"form_1517495181\" lg=\"12\" md=\"12\" sm=\"12\" xs=\"12\" sp=\"12\" specific_type=\"\" controller_pages=\"\" controller_id=\"\"][ApSlideShow form_id=\"form_1517504270\" slideshow_group=\"29\"][/ApSlideShow][/ApColumn][/ApRow]'),(135,1,''),(135,2,''),(136,1,'[ApRow form_id=\"form_1517499131\" container=\"container home-top\" class=\"row\" bg_config=\"boxed\" bg_type=\"normal\" bg_repeat=\"no-repeat\" parallax_speed=\"0.1\" parallax_axis=\"both\" parallax_strength=\"0.5\" parallax_rid=\"0.5\" parallax_hoffsets=\"0.1\" parallax_voffsets=\"0.1\" animation=\"none\" animation_delay=\"2\" specific_type=\"all\" controller_pages=\"\" controller_id=\"\"][ApColumn form_id=\"form_1517509860\" class=\"home-topleft\" lg=\"6\" md=\"6\" sm=\"12\" xs=\"12\" sp=\"12\" animation=\"none\" animation_delay=\"2\" specific_type=\"all\" controller_pages=\"\" controller_id=\"\"][ApHtml form_id=\"form_1517499161\" content_html=\"Ravi de vous rencontrer_APENTER_Nous sont gelés_APENTER_Duis autem vel eum iriure dolor in hendrerit vulputate molestie consequat illum dolore eu feugiat nulla facilisis at vero eros et accumsan et iusto odio dignissim qui blandit praesent luptatum zril delenit augue duis dolore te feugait nulla facilisi. Nam liber tempor cum soluta nobis eleifend option putamus parum anteposuerit formas humanitatis claram congue_APENTER_Achetez maintenant\"][/ApHtml][/ApColumn][ApColumn form_id=\"form_1517489578\" lg=\"3\" md=\"3\" sm=\"6\" xs=\"6\" sp=\"12\" animation=\"none\" animation_delay=\"2\" specific_type=\"all\" controller_pages=\"\" controller_id=\"\"][ApImage form_id=\"form_1517505383\" animation=\"none\" animation_delay=\"0.5\" css_class=\"effect\" is_open=\"0\" width=\"100%\" height=\"auto\" image=\"bner1-h1.jpg\" url=\"http://prestashop.com\"][/ApImage][ApImage form_id=\"form_1517497056\" animation=\"none\" animation_delay=\"0.5\" css_class=\"effect\" is_open=\"0\" width=\"100%\" height=\"auto\" image=\"bner2-h1.jpg\" url=\"http://prestashop.com\"][/ApImage][ApImage form_id=\"form_1517498213\" animation=\"none\" animation_delay=\"0.5\" css_class=\"effect\" is_open=\"0\" width=\"100%\" height=\"auto\" image=\"bner3-h1.jpg\" url=\"http://prestashop.com\"][/ApImage][/ApColumn][ApColumn form_id=\"form_1517494790\" class=\"home-topright\" lg=\"3\" md=\"3\" sm=\"6\" xs=\"6\" sp=\"12\" animation=\"none\" animation_delay=\"2\" specific_type=\"all\" controller_pages=\"\" controller_id=\"\"][ApImage form_id=\"form_1517518483\" animation=\"none\" animation_delay=\"0.5\" css_class=\"effect\" is_open=\"0\" width=\"100%\" height=\"auto\" image=\"bner4-h1.jpg\" url=\"http://prestashop.com\"][/ApImage][ApRawHtml form_id=\"form_1517509788\" content_html=\"Plus à venir \"][/ApRawHtml][/ApColumn][/ApRow][ApRow form_id=\"form_1517495409\" container=\"container\" class=\"row home-statistic\" padding_top=\"130px\" padding_bottom=\"43px\" bg_config=\"fullwidth\" bg_type=\"normal\" bg_color=\"#f7f7f7\" bg_repeat=\"no-repeat\" parallax_speed=\"0.1\" parallax_axis=\"both\" parallax_strength=\"0.5\" parallax_rid=\"0.5\" parallax_hoffsets=\"0.1\" parallax_voffsets=\"0.1\" animation=\"none\" animation_delay=\"2\" specific_type=\"all\" controller_pages=\"\" controller_id=\"\"][ApColumn form_id=\"form_1517494306\" lg=\"3\" md=\"3\" sm=\"6\" xs=\"12\" sp=\"12\" animation=\"none\" animation_delay=\"2\" specific_type=\"all\" controller_pages=\"\" controller_id=\"\"][ApHtml form_id=\"form_1517500543\" content_html=\"_APENTER_11_APENTER_En stock Stores_APENTER_\"][/ApHtml][/ApColumn][ApColumn form_id=\"form_1517514264\" lg=\"3\" md=\"3\" sm=\"6\" xs=\"12\" sp=\"12\" animation=\"none\" animation_delay=\"2\" specific_type=\"all\" controller_pages=\"\" controller_id=\"\"][ApHtml form_id=\"form_1517510205\" content_html=\"_APENTER_29_APENTER_Top catégories_APENTER_\"][/ApHtml][/ApColumn][ApColumn form_id=\"form_1517511678\" lg=\"3\" md=\"3\" sm=\"6\" xs=\"12\" sp=\"12\" animation=\"none\" animation_delay=\"2\" specific_type=\"all\" controller_pages=\"\" controller_id=\"\"][ApHtml form_id=\"form_1517495595\" content_html=\"_APENTER_142_APENTER_Super personnel_APENTER_\"][/ApHtml][/ApColumn][ApColumn form_id=\"form_1517493076\" lg=\"3\" md=\"3\" sm=\"6\" xs=\"12\" sp=\"12\" animation=\"none\" animation_delay=\"2\" specific_type=\"all\" controller_pages=\"\" controller_id=\"\"][ApHtml form_id=\"form_1517512905\" content_html=\"_APENTER_7_APENTER_Primé_APENTER_\"][/ApHtml][/ApColumn][/ApRow][ApRow form_id=\"form_1517488538\" class=\"row no-margin\" bg_config=\"boxed\" bg_type=\"normal\" bg_repeat=\"no-repeat\" parallax_speed=\"0.1\" parallax_axis=\"both\" parallax_strength=\"0.5\" parallax_rid=\"0.5\" parallax_hoffsets=\"0.1\" parallax_voffsets=\"0.1\" animation=\"none\" animation_delay=\"2\" specific_type=\"all\" active=\"1\" controller_pages=\"\" controller_id=\"\"][ApColumn form_id=\"form_1517498519\" class=\"no-padding grid-block\" lg=\"12\" md=\"12\" sm=\"12\" xs=\"12\" sp=\"12\" animation=\"none\" animation_delay=\"2\" specific_type=\"all\" controller_pages=\"\" controller_id=\"\"][ApImage form_id=\"form_1517510736\" animation=\"none\" animation_delay=\"0.5\" is_open=\"0\" width=\"100%\" height=\"auto\" override_folder=\"grid-block\" image=\"bner5-h1.jpg\" url=\"http://prestashop.com\" description=\"Acheter avec nous_APENTER_Les articles de café_APENTER_Duis autem vel eum iriure dolor in hendrerit vulputate molestie consequat illum dolore eu feugiat nulla facilisis at vero eros et accumsan et iusto odio dignissim qui blandit praesent luptatum delenit augue duis dolore nulla facilisiam liber tempor soluta seacula decima_APENTER_Achetez maintenant\"][/ApImage][/ApColumn][ApColumn form_id=\"form_1517490197\" class=\"no-padding grid-block grid-block1\" lg=\"12\" md=\"12\" sm=\"12\" xs=\"12\" sp=\"12\" animation=\"none\" animation_delay=\"2\" specific_type=\"all\" controller_pages=\"\" controller_id=\"\"][ApImage form_id=\"form_1517513974\" animation=\"none\" animation_delay=\"0.5\" is_open=\"0\" width=\"100%\" height=\"auto\" override_folder=\"grid-block\" image=\"bner6-h1.jpg\" url=\"http://prestashop.com\" description=\"Acheter avec nous_APENTER_Les produits de thé_APENTER_Duis autem vel eum iriure dolor in hendrerit vulputate molestie consequat illum dolore eu feugiat nulla facilisis at vero eros et accumsan et iusto odio dignissim qui blandit praesent luptatum delenit augue duis dolore nulla facilisiam liber tempor soluta seacula decima_APENTER_Achetez maintenant\"][/ApImage][/ApColumn][/ApRow][ApRow form_id=\"form_1517487811\" container=\"container\" class=\"row home-viewall\" padding_top=\"70px\" padding_bottom=\"25px\" bg_config=\"fullwidth\" bg_type=\"normal\" bg_color=\"#383948\" bg_repeat=\"no-repeat\" parallax_speed=\"0.1\" parallax_axis=\"both\" parallax_strength=\"0.5\" parallax_rid=\"0.5\" parallax_hoffsets=\"0.1\" parallax_voffsets=\"0.1\" animation=\"none\" animation_delay=\"2\" specific_type=\"all\" controller_pages=\"\" controller_id=\"\"][ApColumn form_id=\"form_1517517068\" lg=\"8\" md=\"8\" sm=\"12\" xs=\"12\" sp=\"12\" animation=\"none\" animation_delay=\"2\" specific_type=\"all\" controller_pages=\"\" controller_id=\"\"][ApHtml form_id=\"form_1517510689\" content_html=\"Choisissez votre café le plus préféré et le thé de nous maintenant\"][/ApHtml][/ApColumn][ApColumn form_id=\"form_1517496850\" lg=\"4\" md=\"4\" sm=\"12\" xs=\"12\" sp=\"12\" animation=\"none\" animation_delay=\"2\" specific_type=\"all\" controller_pages=\"\" controller_id=\"\"][ApHtml form_id=\"form_1517491119\" content_html=\"Aller à la boutique\"][/ApHtml][/ApColumn][/ApRow][ApRow form_id=\"form_1517511048\" container=\"container\" class=\"row home-featured\" bg_config=\"boxed\" bg_type=\"normal\" bg_repeat=\"no-repeat\" parallax_speed=\"0.1\" parallax_axis=\"both\" parallax_strength=\"0.5\" parallax_rid=\"0.5\" parallax_hoffsets=\"0.1\" parallax_voffsets=\"0.1\" animation=\"none\" animation_delay=\"2\" specific_type=\"all\" controller_pages=\"\" controller_id=\"\"][ApColumn form_id=\"form_1517495533\" class=\"hidden-sm hidden-xs hidden-sp\" lg=\"4\" md=\"4\" sm=\"12\" xs=\"12\" sp=\"12\" animation=\"none\" animation_delay=\"2\" specific_type=\"all\" controller_pages=\"\" controller_id=\"\"][ApImage form_id=\"form_1517493486\" animation=\"none\" animation_delay=\"0.5\" is_open=\"0\" width=\"100%\" height=\"auto\" image=\"bner7-h1.png\" url=\"http://prestashop.com\"][/ApImage][/ApColumn][ApColumn form_id=\"form_1517486939\" class=\"box-service\" lg=\"4\" md=\"4\" sm=\"6\" xs=\"12\" sp=\"12\" animation=\"none\" animation_delay=\"2\" specific_type=\"all\" controller_pages=\"\" controller_id=\"\"][ApRawHtml form_id=\"form_1517508036\" content_html=\"_APENTER_    _APENTER_        _APENTER_    _APENTER_    _APENTER_        _APENTER_            Livraison gratuite_APENTER_        _APENTER_        Duis autem vel eum iriure dolor in hendrerit vulputate _APENTER_        molestie consequat illum dolore eu feugiat nulla facilisis_APENTER_    _APENTER_\"][/ApRawHtml][ApRawHtml form_id=\"form_1517513337\" content_html=\"_APENTER_    _APENTER_        _APENTER_    _APENTER_    _APENTER_        _APENTER_            7 jours argent_APENTER_        _APENTER_        Duis autem vel eum iriure dolor in hendrerit vulputate _APENTER_        molestie consequat illum dolore eu feugiat nulla facilisis_APENTER_    _APENTER_\"][/ApRawHtml][/ApColumn][ApColumn form_id=\"form_1517511050\" class=\"box-service\" lg=\"4\" md=\"4\" sm=\"6\" xs=\"12\" sp=\"12\" animation=\"none\" animation_delay=\"2\" specific_type=\"all\" controller_pages=\"\" controller_id=\"\"][ApRawHtml form_id=\"form_1517502919\" content_html=\"_APENTER_    _APENTER_        _APENTER_    _APENTER_    _APENTER_        _APENTER_            Rabais de membres_APENTER_        _APENTER_        Duis autem vel eum iriure dolor in hendrerit vulputate _APENTER_        molestie consequat illum dolore eu feugiat nulla facilisis_APENTER_    _APENTER_\"][/ApRawHtml][ApRawHtml form_id=\"form_1517507008\" content_html=\"_APENTER_    _APENTER_        _APENTER_    _APENTER_    _APENTER_        _APENTER_            Soutien amical_APENTER_        _APENTER_        Duis autem vel eum iriure dolor in hendrerit vulputate _APENTER_        molestie consequat illum dolore eu feugiat nulla facilisis_APENTER_    _APENTER_\"][/ApRawHtml][/ApColumn][/ApRow][ApRow form_id=\"form_1517518021\" container=\"container\" class=\"row\" padding_top=\"80px\" padding_bottom=\"62px\" bg_config=\"fullwidth\" bg_type=\"normal\" bg_img=\"bner8-h1.jpg\" bg_repeat=\"repeat\" parallax_speed=\"0.1\" parallax_axis=\"both\" parallax_strength=\"0.5\" parallax_rid=\"0.5\" parallax_hoffsets=\"0.1\" parallax_voffsets=\"0.1\" animation=\"none\" animation_delay=\"2\" specific_type=\"all\" controller_pages=\"\" controller_id=\"\"][ApColumn form_id=\"form_1517507558\" class=\"home-product\" lg=\"12\" md=\"12\" sm=\"12\" xs=\"12\" sp=\"12\" animation=\"none\" animation_delay=\"2\" specific_type=\"all\" controller_pages=\"\" controller_id=\"\"][ApHtml form_id=\"form_1517517555\" content_html=\"Découvrir_APENTER_Articles populaires\"][/ApHtml][ApProductCarousel form_id=\"form_1517490556\" class=\"product-viewlist\" select_by_product_type=\"1\" category_type=\"all\" product_type=\"new_product\" order_way=\"asc\" order_by=\"position\" nb_products=\"8\" carousel_type=\"owlcarousel\" items=\"2\" itemsdesktop=\"2\" itemsdesktopsmall=\"2\" itemstablet=\"2\" itemsmobile=\"1\" itempercolumn=\"2\" autoplay=\"0\" slidespeed=\"200\" stoponhover=\"0\" responsive=\"1\" navigation=\"0\" scrollperpage=\"0\" autoheight=\"0\" mousedrag=\"1\" touchdrag=\"1\" lazyload=\"false\" lazyfollow=\"0\" lazyeffect=\"fade\" pagination=\"false\" paginationnumbers=\"0\" paginationspeed=\"800\" nbitemsperpage=\"12\" nbitemsperline=\"4\" nbitemsperlinetablet=\"3\" nbitemsperlinemobile=\"2\" interval=\"5000\" profile=\"plist1452115129\"][/ApProductCarousel][/ApColumn][/ApRow][ApRow form_id=\"form_1517512657\" container=\"container\" class=\"row\" padding_top=\"70px\" padding_bottom=\"70px\" bg_config=\"boxed\" bg_type=\"normal\" bg_repeat=\"no-repeat\" parallax_speed=\"0.1\" parallax_axis=\"both\" parallax_strength=\"0.5\" parallax_rid=\"0.5\" parallax_hoffsets=\"0.1\" parallax_voffsets=\"0.1\" animation=\"none\" animation_delay=\"2\" specific_type=\"all\" controller_pages=\"\" controller_id=\"\"][ApColumn form_id=\"form_1517490178\" lg=\"12\" md=\"12\" sm=\"12\" xs=\"12\" sp=\"12\" specific_type=\"\" controller_pages=\"\" controller_id=\"\"][ApHtml form_id=\"form_1517492959\" content_html=\"Témoignage_APENTER_Que clients disent\"][/ApHtml][ApBlockCarousel form_id=\"form_1517490424\" is_open=\"0\" carousel_type=\"owlcarousel\" items=\"3\" itemsdesktop=\"3\" itemsdesktopsmall=\"2\" itemstablet=\"2\" itemsmobile=\"1\" itempercolumn=\"1\" autoplay=\"0\" slidespeed=\"200\" stoponhover=\"0\" responsive=\"1\" navigation=\"0\" scrollperpage=\"1\" autoheight=\"0\" mousedrag=\"1\" touchdrag=\"1\" lazyload=\"false\" lazyfollow=\"0\" lazyeffect=\"fade\" pagination=\"false\" paginationnumbers=\"0\" paginationspeed=\"800\" nbitemsperpage=\"12\" nbitemsperline=\"4\" nbitemsperlinetablet=\"3\" nbitemsperlinemobile=\"2\" interval=\"5000\" total_slider=\"4|3|2|1\" img_4_1=\"testi1.png\" descript_4_1=\"_APENTER_    Kevin lee_APENTER_    Co-Founder at Mango.co_APENTER__APENTER_Claritas est etiam processus dynamicus, qui sequitur mutationem consuetudium lectorum. Mirum est notare quam littera gothica\" img_4_2=\"testi1.png\" descript_4_2=\"_APENTER_    Kevin lee_APENTER_    Co-Fondateur au Mango.co_APENTER__APENTER_Claritas est etiam processus dynamicus, qui sequitur mutationem consuetudium lectorum. Mirum est notare quam littera gothica\" img_4_3=\"testi1.png\" descript_4_3=\"_APENTER_    Kevin lee_APENTER_    Co-Founder at Mango.co_APENTER__APENTER_Claritas est etiam processus dynamicus, qui sequitur mutationem consuetudium lectorum. Mirum est notare quam littera gothica\" img_4_4=\"testi1.png\" descript_4_4=\"_APENTER_    Kevin lee_APENTER_    Co-Founder at Mango.co_APENTER__APENTER_Claritas est etiam processus dynamicus, qui sequitur mutationem consuetudium lectorum. Mirum est notare quam littera gothica\" img_4_5=\"testi1.png\" descript_4_5=\"_APENTER_    Kevin lee_APENTER_    Co-Founder at Mango.co_APENTER__APENTER_Claritas est etiam processus dynamicus, qui sequitur mutationem consuetudium lectorum. Mirum est notare quam littera gothica\" img_4_6=\"testi1.png\" descript_4_6=\"_APENTER_    Kevin lee_APENTER_    Co-fundador en Mango.co_APENTER__APENTER_Claritas est etiam processus dynamicus, qui sequitur mutationem consuetudium lectorum. Mirum est notare quam littera gothica\" img_4_7=\"testi1.png\" descript_4_7=\"_APENTER_    Kevin lee_APENTER_    Co-Founder at Mango.co_APENTER__APENTER_Claritas est etiam processus dynamicus, qui sequitur mutationem consuetudium lectorum. Mirum est notare quam littera gothica\" img_4_8=\"testi1.png\" descript_4_8=\"_APENTER_    Kevin lee_APENTER_    Co-Founder at Mango.co_APENTER__APENTER_Claritas est etiam processus dynamicus, qui sequitur mutationem consuetudium lectorum. Mirum est notare quam littera gothica\" img_4_9=\"testi1.png\" descript_4_9=\"_APENTER_    Kevin lee_APENTER_    المؤسس المشارك في Mango.co_APENTER__APENTER_Claritas est etiam processus dynamicus, qui sequitur mutationem consuetudium lectorum. Mirum est notare quam littera gothica\" img_3_1=\"testi3.png\" descript_3_1=\"_APENTER_    Angela_APENTER_    Super Master Chef_APENTER__APENTER_Claritas est etiam processus dynamicus, qui sequitur mutationem consuetudium lectorum. Mirum est notare quam littera gothica\" img_3_2=\"testi3.png\" descript_3_2=\"_APENTER_    Angela_APENTER_    De Super Master Chef_APENTER__APENTER_Claritas est etiam processus dynamicus, qui sequitur mutationem consuetudium lectorum. Mirum est notare quam littera gothica\" img_3_3=\"testi3.png\" descript_3_3=\"_APENTER_    Angela_APENTER_    Super Master Chef_APENTER__APENTER_Claritas est etiam processus dynamicus, qui sequitur mutationem consuetudium lectorum. Mirum est notare quam littera gothica\" img_3_4=\"testi3.png\" descript_3_4=\"_APENTER_    Angela_APENTER_    Super Master Chef_APENTER__APENTER_Claritas est etiam processus dynamicus, qui sequitur mutationem consuetudium lectorum. Mirum est notare quam littera gothica\" img_3_5=\"testi3.png\" descript_3_5=\"_APENTER_    Angela_APENTER_    Super Master Chef_APENTER__APENTER_Claritas est etiam processus dynamicus, qui sequitur mutationem consuetudium lectorum. Mirum est notare quam littera gothica\" img_3_6=\"testi3.png\" descript_3_6=\"_APENTER_    Angela_APENTER_    Súper Master Chef_APENTER__APENTER_Claritas est etiam processus dynamicus, qui sequitur mutationem consuetudium lectorum. Mirum est notare quam littera gothica\" img_3_7=\"testi3.png\" descript_3_7=\"_APENTER_    Angela_APENTER_    Super Master Chef_APENTER__APENTER_Claritas est etiam processus dynamicus, qui sequitur mutationem consuetudium lectorum. Mirum est notare quam littera gothica\" img_3_8=\"testi3.png\" descript_3_8=\"_APENTER_    Angela_APENTER_    Super Master Chef_APENTER__APENTER_Claritas est etiam processus dynamicus, qui sequitur mutationem consuetudium lectorum. Mirum est notare quam littera gothica\" img_3_9=\"testi3.png\" descript_3_9=\"_APENTER_    Angela_APENTER_    سوبر ماستر شيف_APENTER__APENTER_Claritas est etiam processus dynamicus, qui sequitur mutationem consuetudium lectorum. Mirum est notare quam littera gothica\" img_2_1=\"testi2.png\" descript_2_1=\"_APENTER_    Wayne r._APENTER_    Football Player_APENTER__APENTER_Claritas est etiam processus dynamicus, qui sequitur mutationem consuetudium lectorum. Mirum est notare quam littera gothica\" img_2_2=\"testi2.png\" descript_2_2=\"_APENTER_    Wayne r._APENTER_    Joueur de football_APENTER__APENTER_Claritas est etiam processus dynamicus, qui sequitur mutationem consuetudium lectorum. Mirum est notare quam littera gothica\" img_2_3=\"testi2.png\" descript_2_3=\"_APENTER_    Wayne r._APENTER_    Football Player_APENTER__APENTER_Claritas est etiam processus dynamicus, qui sequitur mutationem consuetudium lectorum. Mirum est notare quam littera gothica\" img_2_4=\"testi2.png\" descript_2_4=\"_APENTER_    Wayne r._APENTER_    Football Player_APENTER__APENTER_Claritas est etiam processus dynamicus, qui sequitur mutationem consuetudium lectorum. Mirum est notare quam littera gothica\" img_2_5=\"testi2.png\" descript_2_5=\"_APENTER_    Wayne r._APENTER_    Football Player_APENTER__APENTER_Claritas est etiam processus dynamicus, qui sequitur mutationem consuetudium lectorum. Mirum est notare quam littera gothica\" img_2_6=\"testi2.png\" descript_2_6=\"_APENTER_    Wayne r._APENTER_    Jugador de fútbol_APENTER__APENTER_Claritas est etiam processus dynamicus, qui sequitur mutationem consuetudium lectorum. Mirum est notare quam littera gothica\" img_2_7=\"testi2.png\" descript_2_7=\"_APENTER_    Wayne r._APENTER_    Football Player_APENTER__APENTER_Claritas est etiam processus dynamicus, qui sequitur mutationem consuetudium lectorum. Mirum est notare quam littera gothica\" img_2_8=\"testi2.png\" descript_2_8=\"_APENTER_    Wayne r._APENTER_    Football Player_APENTER__APENTER_Claritas est etiam processus dynamicus, qui sequitur mutationem consuetudium lectorum. Mirum est notare quam littera gothica\" img_2_9=\"testi2.png\" descript_2_9=\"_APENTER_    Wayne r._APENTER_    لاعب كرة قدم_APENTER__APENTER_Claritas est etiam processus dynamicus, qui sequitur mutationem consuetudium lectorum. Mirum est notare quam littera gothica\" img_1_1=\"testi1.png\" descript_1_1=\"_APENTER_    Kevin lee_APENTER_    Co-Founder at Mango.co_APENTER__APENTER_Claritas est etiam processus dynamicus, qui sequitur mutationem consuetudium lectorum. Mirum est notare quam littera gothica\" img_1_2=\"testi1.png\" descript_1_2=\"_APENTER_    Kevin lee_APENTER_    Co-Fondateur au Mango.co_APENTER__APENTER_Claritas est etiam processus dynamicus, qui sequitur mutationem consuetudium lectorum. Mirum est notare quam littera gothica\" img_1_3=\"testi1.png\" descript_1_3=\"_APENTER_    Kevin lee_APENTER_    Co-Founder at Mango.co_APENTER__APENTER_Claritas est etiam processus dynamicus, qui sequitur mutationem consuetudium lectorum. Mirum est notare quam littera gothica\" img_1_4=\"testi1.png\" descript_1_4=\"_APENTER_    Kevin lee_APENTER_    Co-Founder at Mango.co_APENTER__APENTER_Claritas est etiam processus dynamicus, qui sequitur mutationem consuetudium lectorum. Mirum est notare quam littera gothica\" img_1_5=\"testi1.png\" descript_1_5=\"_APENTER_    Kevin lee_APENTER_    Co-Founder at Mango.co_APENTER__APENTER_Claritas est etiam processus dynamicus, qui sequitur mutationem consuetudium lectorum. Mirum est notare quam littera gothica\" img_1_6=\"testi1.png\" descript_1_6=\"_APENTER_    Kevin lee_APENTER_    Co-fundador en Mango.co_APENTER__APENTER_Claritas est etiam processus dynamicus, qui sequitur mutationem consuetudium lectorum. Mirum est notare quam littera gothica\" img_1_7=\"testi1.png\" descript_1_7=\"_APENTER_    Kevin lee_APENTER_    Co-Founder at Mango.co_APENTER__APENTER_Claritas est etiam processus dynamicus, qui sequitur mutationem consuetudium lectorum. Mirum est notare quam littera gothica\" img_1_8=\"testi1.png\" descript_1_8=\"_APENTER_    Kevin lee_APENTER_    Co-Founder at Mango.co_APENTER__APENTER_Claritas est etiam processus dynamicus, qui sequitur mutationem consuetudium lectorum. Mirum est notare quam littera gothica\" img_1_9=\"testi1.png\" descript_1_9=\"_APENTER_    Kevin lee_APENTER_    المؤسس المشارك في Mango.co_APENTER__APENTER_Claritas est etiam processus dynamicus, qui sequitur mutationem consuetudium lectorum. Mirum est notare quam littera gothica\"][/ApBlockCarousel][/ApColumn][/ApRow][ApRow form_id=\"form_1517516701\" container=\"container\" class=\"row contact-box\" bg_config=\"fullwidth\" bg_type=\"normal\" bg_color=\"#f8f8f8\" bg_repeat=\"no-repeat\" parallax_speed=\"0.1\" parallax_axis=\"both\" parallax_strength=\"0.5\" parallax_rid=\"0.5\" parallax_hoffsets=\"0.1\" parallax_voffsets=\"0.1\" animation=\"none\" animation_delay=\"2\" specific_type=\"all\" controller_pages=\"\" controller_id=\"\"][ApColumn form_id=\"form_1517515230\" lg=\"7\" md=\"7\" sm=\"12\" xs=\"12\" sp=\"12\" animation=\"none\" animation_delay=\"2\" specific_type=\"all\" controller_pages=\"\" controller_id=\"\"][ApHtml form_id=\"form_1517505931\" content_html=\"Prêt à essayer_APENTER_Entrer en contact\"][/ApHtml][ApModule form_id=\"form_1517489204\" name_module=\"apcontactform\" hook=\"displayFooter\" is_display=\"1\"][/ApModule][/ApColumn][ApColumn form_id=\"form_1517500457\" class=\"hidden-sm hidden-xs hidden-sp\" lg=\"5\" md=\"5\" sm=\"12\" xs=\"12\" sp=\"12\" animation=\"none\" animation_delay=\"2\" specific_type=\"all\" controller_pages=\"\" controller_id=\"\"][ApImage form_id=\"form_1517491578\" animation=\"none\" animation_delay=\"0.5\" is_open=\"0\" width=\"100%\" height=\"auto\" image=\"bner9-h1.png\" url=\"http://prestashop.com\"][/ApImage][/ApColumn][/ApRow]'),(136,2,'[ApRow form_id=\"form_1517499131\" container=\"container home-top\" class=\"row\" bg_config=\"boxed\" bg_type=\"normal\" bg_repeat=\"no-repeat\" parallax_speed=\"0.1\" parallax_axis=\"both\" parallax_strength=\"0.5\" parallax_rid=\"0.5\" parallax_hoffsets=\"0.1\" parallax_voffsets=\"0.1\" animation=\"none\" animation_delay=\"2\" specific_type=\"all\" controller_pages=\"\" controller_id=\"\"][ApColumn form_id=\"form_1517509860\" class=\"home-topleft\" lg=\"6\" md=\"6\" sm=\"12\" xs=\"12\" sp=\"12\" animation=\"none\" animation_delay=\"2\" specific_type=\"all\" controller_pages=\"\" controller_id=\"\"][ApHtml form_id=\"form_1517499161\" content_html=\"Ravi de vous rencontrer_APENTER_Nous sont gelés_APENTER_Duis autem vel eum iriure dolor in hendrerit vulputate molestie consequat illum dolore eu feugiat nulla facilisis at vero eros et accumsan et iusto odio dignissim qui blandit praesent luptatum zril delenit augue duis dolore te feugait nulla facilisi. Nam liber tempor cum soluta nobis eleifend option putamus parum anteposuerit formas humanitatis claram congue_APENTER_Achetez maintenant\"][/ApHtml][/ApColumn][ApColumn form_id=\"form_1517489578\" lg=\"3\" md=\"3\" sm=\"6\" xs=\"6\" sp=\"12\" animation=\"none\" animation_delay=\"2\" specific_type=\"all\" controller_pages=\"\" controller_id=\"\"][ApImage form_id=\"form_1517505383\" animation=\"none\" animation_delay=\"0.5\" css_class=\"effect\" is_open=\"0\" width=\"100%\" height=\"auto\" image=\"bner1-h1.jpg\" url=\"http://prestashop.com\"][/ApImage][ApImage form_id=\"form_1517497056\" animation=\"none\" animation_delay=\"0.5\" css_class=\"effect\" is_open=\"0\" width=\"100%\" height=\"auto\" image=\"bner2-h1.jpg\" url=\"http://prestashop.com\"][/ApImage][ApImage form_id=\"form_1517498213\" animation=\"none\" animation_delay=\"0.5\" css_class=\"effect\" is_open=\"0\" width=\"100%\" height=\"auto\" image=\"bner3-h1.jpg\" url=\"http://prestashop.com\"][/ApImage][/ApColumn][ApColumn form_id=\"form_1517494790\" class=\"home-topright\" lg=\"3\" md=\"3\" sm=\"6\" xs=\"6\" sp=\"12\" animation=\"none\" animation_delay=\"2\" specific_type=\"all\" controller_pages=\"\" controller_id=\"\"][ApImage form_id=\"form_1517518483\" animation=\"none\" animation_delay=\"0.5\" css_class=\"effect\" is_open=\"0\" width=\"100%\" height=\"auto\" image=\"bner4-h1.jpg\" url=\"http://prestashop.com\"][/ApImage][ApRawHtml form_id=\"form_1517509788\" content_html=\"Plus à venir \"][/ApRawHtml][/ApColumn][/ApRow][ApRow form_id=\"form_1517495409\" container=\"container\" class=\"row home-statistic\" padding_top=\"130px\" padding_bottom=\"43px\" bg_config=\"fullwidth\" bg_type=\"normal\" bg_color=\"#f7f7f7\" bg_repeat=\"no-repeat\" parallax_speed=\"0.1\" parallax_axis=\"both\" parallax_strength=\"0.5\" parallax_rid=\"0.5\" parallax_hoffsets=\"0.1\" parallax_voffsets=\"0.1\" animation=\"none\" animation_delay=\"2\" specific_type=\"all\" controller_pages=\"\" controller_id=\"\"][ApColumn form_id=\"form_1517494306\" lg=\"3\" md=\"3\" sm=\"6\" xs=\"12\" sp=\"12\" animation=\"none\" animation_delay=\"2\" specific_type=\"all\" controller_pages=\"\" controller_id=\"\"][ApHtml form_id=\"form_1517500543\" content_html=\"_APENTER_11_APENTER_En stock Stores_APENTER_\"][/ApHtml][/ApColumn][ApColumn form_id=\"form_1517514264\" lg=\"3\" md=\"3\" sm=\"6\" xs=\"12\" sp=\"12\" animation=\"none\" animation_delay=\"2\" specific_type=\"all\" controller_pages=\"\" controller_id=\"\"][ApHtml form_id=\"form_1517510205\" content_html=\"_APENTER_29_APENTER_Top catégories_APENTER_\"][/ApHtml][/ApColumn][ApColumn form_id=\"form_1517511678\" lg=\"3\" md=\"3\" sm=\"6\" xs=\"12\" sp=\"12\" animation=\"none\" animation_delay=\"2\" specific_type=\"all\" controller_pages=\"\" controller_id=\"\"][ApHtml form_id=\"form_1517495595\" content_html=\"_APENTER_142_APENTER_Super personnel_APENTER_\"][/ApHtml][/ApColumn][ApColumn form_id=\"form_1517493076\" lg=\"3\" md=\"3\" sm=\"6\" xs=\"12\" sp=\"12\" animation=\"none\" animation_delay=\"2\" specific_type=\"all\" controller_pages=\"\" controller_id=\"\"][ApHtml form_id=\"form_1517512905\" content_html=\"_APENTER_7_APENTER_Primé_APENTER_\"][/ApHtml][/ApColumn][/ApRow][ApRow form_id=\"form_1517488538\" class=\"row no-margin\" bg_config=\"boxed\" bg_type=\"normal\" bg_repeat=\"no-repeat\" parallax_speed=\"0.1\" parallax_axis=\"both\" parallax_strength=\"0.5\" parallax_rid=\"0.5\" parallax_hoffsets=\"0.1\" parallax_voffsets=\"0.1\" animation=\"none\" animation_delay=\"2\" specific_type=\"all\" active=\"1\" controller_pages=\"\" controller_id=\"\"][ApColumn form_id=\"form_1517498519\" class=\"no-padding grid-block\" lg=\"12\" md=\"12\" sm=\"12\" xs=\"12\" sp=\"12\" animation=\"none\" animation_delay=\"2\" specific_type=\"all\" controller_pages=\"\" controller_id=\"\"][ApImage form_id=\"form_1517510736\" animation=\"none\" animation_delay=\"0.5\" is_open=\"0\" width=\"100%\" height=\"auto\" override_folder=\"grid-block\" image=\"bner5-h1.jpg\" url=\"http://prestashop.com\" description=\"Acheter avec nous_APENTER_Les articles de café_APENTER_Duis autem vel eum iriure dolor in hendrerit vulputate molestie consequat illum dolore eu feugiat nulla facilisis at vero eros et accumsan et iusto odio dignissim qui blandit praesent luptatum delenit augue duis dolore nulla facilisiam liber tempor soluta seacula decima_APENTER_Achetez maintenant\"][/ApImage][/ApColumn][ApColumn form_id=\"form_1517490197\" class=\"no-padding grid-block grid-block1\" lg=\"12\" md=\"12\" sm=\"12\" xs=\"12\" sp=\"12\" animation=\"none\" animation_delay=\"2\" specific_type=\"all\" controller_pages=\"\" controller_id=\"\"][ApImage form_id=\"form_1517513974\" animation=\"none\" animation_delay=\"0.5\" is_open=\"0\" width=\"100%\" height=\"auto\" override_folder=\"grid-block\" image=\"bner6-h1.jpg\" url=\"http://prestashop.com\" description=\"Acheter avec nous_APENTER_Les produits de thé_APENTER_Duis autem vel eum iriure dolor in hendrerit vulputate molestie consequat illum dolore eu feugiat nulla facilisis at vero eros et accumsan et iusto odio dignissim qui blandit praesent luptatum delenit augue duis dolore nulla facilisiam liber tempor soluta seacula decima_APENTER_Achetez maintenant\"][/ApImage][/ApColumn][/ApRow][ApRow form_id=\"form_1517487811\" container=\"container\" class=\"row home-viewall\" padding_top=\"70px\" padding_bottom=\"25px\" bg_config=\"fullwidth\" bg_type=\"normal\" bg_color=\"#383948\" bg_repeat=\"no-repeat\" parallax_speed=\"0.1\" parallax_axis=\"both\" parallax_strength=\"0.5\" parallax_rid=\"0.5\" parallax_hoffsets=\"0.1\" parallax_voffsets=\"0.1\" animation=\"none\" animation_delay=\"2\" specific_type=\"all\" controller_pages=\"\" controller_id=\"\"][ApColumn form_id=\"form_1517517068\" lg=\"8\" md=\"8\" sm=\"12\" xs=\"12\" sp=\"12\" animation=\"none\" animation_delay=\"2\" specific_type=\"all\" controller_pages=\"\" controller_id=\"\"][ApHtml form_id=\"form_1517510689\" content_html=\"Choisissez votre café le plus préféré et le thé de nous maintenant\"][/ApHtml][/ApColumn][ApColumn form_id=\"form_1517496850\" lg=\"4\" md=\"4\" sm=\"12\" xs=\"12\" sp=\"12\" animation=\"none\" animation_delay=\"2\" specific_type=\"all\" controller_pages=\"\" controller_id=\"\"][ApHtml form_id=\"form_1517491119\" content_html=\"Aller à la boutique\"][/ApHtml][/ApColumn][/ApRow][ApRow form_id=\"form_1517511048\" container=\"container\" class=\"row home-featured\" bg_config=\"boxed\" bg_type=\"normal\" bg_repeat=\"no-repeat\" parallax_speed=\"0.1\" parallax_axis=\"both\" parallax_strength=\"0.5\" parallax_rid=\"0.5\" parallax_hoffsets=\"0.1\" parallax_voffsets=\"0.1\" animation=\"none\" animation_delay=\"2\" specific_type=\"all\" controller_pages=\"\" controller_id=\"\"][ApColumn form_id=\"form_1517495533\" class=\"hidden-sm hidden-xs hidden-sp\" lg=\"4\" md=\"4\" sm=\"12\" xs=\"12\" sp=\"12\" animation=\"none\" animation_delay=\"2\" specific_type=\"all\" controller_pages=\"\" controller_id=\"\"][ApImage form_id=\"form_1517493486\" animation=\"none\" animation_delay=\"0.5\" is_open=\"0\" width=\"100%\" height=\"auto\" image=\"bner7-h1.png\" url=\"http://prestashop.com\"][/ApImage][/ApColumn][ApColumn form_id=\"form_1517486939\" class=\"box-service\" lg=\"4\" md=\"4\" sm=\"6\" xs=\"12\" sp=\"12\" animation=\"none\" animation_delay=\"2\" specific_type=\"all\" controller_pages=\"\" controller_id=\"\"][ApRawHtml form_id=\"form_1517508036\" content_html=\"_APENTER_    _APENTER_        _APENTER_    _APENTER_    _APENTER_        _APENTER_            Livraison gratuite_APENTER_        _APENTER_        Duis autem vel eum iriure dolor in hendrerit vulputate _APENTER_        molestie consequat illum dolore eu feugiat nulla facilisis_APENTER_    _APENTER_\"][/ApRawHtml][ApRawHtml form_id=\"form_1517513337\" content_html=\"_APENTER_    _APENTER_        _APENTER_    _APENTER_    _APENTER_        _APENTER_            7 jours argent_APENTER_        _APENTER_        Duis autem vel eum iriure dolor in hendrerit vulputate _APENTER_        molestie consequat illum dolore eu feugiat nulla facilisis_APENTER_    _APENTER_\"][/ApRawHtml][/ApColumn][ApColumn form_id=\"form_1517511050\" class=\"box-service\" lg=\"4\" md=\"4\" sm=\"6\" xs=\"12\" sp=\"12\" animation=\"none\" animation_delay=\"2\" specific_type=\"all\" controller_pages=\"\" controller_id=\"\"][ApRawHtml form_id=\"form_1517502919\" content_html=\"_APENTER_    _APENTER_        _APENTER_    _APENTER_    _APENTER_        _APENTER_            Rabais de membres_APENTER_        _APENTER_        Duis autem vel eum iriure dolor in hendrerit vulputate _APENTER_        molestie consequat illum dolore eu feugiat nulla facilisis_APENTER_    _APENTER_\"][/ApRawHtml][ApRawHtml form_id=\"form_1517507008\" content_html=\"_APENTER_    _APENTER_        _APENTER_    _APENTER_    _APENTER_        _APENTER_            Soutien amical_APENTER_        _APENTER_        Duis autem vel eum iriure dolor in hendrerit vulputate _APENTER_        molestie consequat illum dolore eu feugiat nulla facilisis_APENTER_    _APENTER_\"][/ApRawHtml][/ApColumn][/ApRow][ApRow form_id=\"form_1517518021\" container=\"container\" class=\"row\" padding_top=\"80px\" padding_bottom=\"62px\" bg_config=\"fullwidth\" bg_type=\"normal\" bg_img=\"bner8-h1.jpg\" bg_repeat=\"repeat\" parallax_speed=\"0.1\" parallax_axis=\"both\" parallax_strength=\"0.5\" parallax_rid=\"0.5\" parallax_hoffsets=\"0.1\" parallax_voffsets=\"0.1\" animation=\"none\" animation_delay=\"2\" specific_type=\"all\" controller_pages=\"\" controller_id=\"\"][ApColumn form_id=\"form_1517507558\" class=\"home-product\" lg=\"12\" md=\"12\" sm=\"12\" xs=\"12\" sp=\"12\" animation=\"none\" animation_delay=\"2\" specific_type=\"all\" controller_pages=\"\" controller_id=\"\"][ApHtml form_id=\"form_1517517555\" content_html=\"Découvrir_APENTER_Articles populaires\"][/ApHtml][ApProductCarousel form_id=\"form_1517490556\" class=\"product-viewlist\" select_by_product_type=\"1\" category_type=\"all\" product_type=\"new_product\" order_way=\"asc\" order_by=\"position\" nb_products=\"8\" carousel_type=\"owlcarousel\" items=\"2\" itemsdesktop=\"2\" itemsdesktopsmall=\"2\" itemstablet=\"2\" itemsmobile=\"1\" itempercolumn=\"2\" autoplay=\"0\" slidespeed=\"200\" stoponhover=\"0\" responsive=\"1\" navigation=\"0\" scrollperpage=\"0\" autoheight=\"0\" mousedrag=\"1\" touchdrag=\"1\" lazyload=\"false\" lazyfollow=\"0\" lazyeffect=\"fade\" pagination=\"false\" paginationnumbers=\"0\" paginationspeed=\"800\" nbitemsperpage=\"12\" nbitemsperline=\"4\" nbitemsperlinetablet=\"3\" nbitemsperlinemobile=\"2\" interval=\"5000\" profile=\"plist1452115129\"][/ApProductCarousel][/ApColumn][/ApRow][ApRow form_id=\"form_1517512657\" container=\"container\" class=\"row\" padding_top=\"70px\" padding_bottom=\"70px\" bg_config=\"boxed\" bg_type=\"normal\" bg_repeat=\"no-repeat\" parallax_speed=\"0.1\" parallax_axis=\"both\" parallax_strength=\"0.5\" parallax_rid=\"0.5\" parallax_hoffsets=\"0.1\" parallax_voffsets=\"0.1\" animation=\"none\" animation_delay=\"2\" specific_type=\"all\" controller_pages=\"\" controller_id=\"\"][ApColumn form_id=\"form_1517490178\" lg=\"12\" md=\"12\" sm=\"12\" xs=\"12\" sp=\"12\" specific_type=\"\" controller_pages=\"\" controller_id=\"\"][ApHtml form_id=\"form_1517492959\" content_html=\"Témoignage_APENTER_Que clients disent\"][/ApHtml][ApBlockCarousel form_id=\"form_1517490424\" is_open=\"0\" carousel_type=\"owlcarousel\" items=\"3\" itemsdesktop=\"3\" itemsdesktopsmall=\"2\" itemstablet=\"2\" itemsmobile=\"1\" itempercolumn=\"1\" autoplay=\"0\" slidespeed=\"200\" stoponhover=\"0\" responsive=\"1\" navigation=\"0\" scrollperpage=\"1\" autoheight=\"0\" mousedrag=\"1\" touchdrag=\"1\" lazyload=\"false\" lazyfollow=\"0\" lazyeffect=\"fade\" pagination=\"false\" paginationnumbers=\"0\" paginationspeed=\"800\" nbitemsperpage=\"12\" nbitemsperline=\"4\" nbitemsperlinetablet=\"3\" nbitemsperlinemobile=\"2\" interval=\"5000\" total_slider=\"4|3|2|1\" img_4_1=\"testi1.png\" descript_4_1=\"_APENTER_    Kevin lee_APENTER_    Co-Founder at Mango.co_APENTER__APENTER_Claritas est etiam processus dynamicus, qui sequitur mutationem consuetudium lectorum. Mirum est notare quam littera gothica\" img_4_2=\"testi1.png\" descript_4_2=\"_APENTER_    Kevin lee_APENTER_    Co-Fondateur au Mango.co_APENTER__APENTER_Claritas est etiam processus dynamicus, qui sequitur mutationem consuetudium lectorum. Mirum est notare quam littera gothica\" img_4_3=\"testi1.png\" descript_4_3=\"_APENTER_    Kevin lee_APENTER_    Co-Founder at Mango.co_APENTER__APENTER_Claritas est etiam processus dynamicus, qui sequitur mutationem consuetudium lectorum. Mirum est notare quam littera gothica\" img_4_4=\"testi1.png\" descript_4_4=\"_APENTER_    Kevin lee_APENTER_    Co-Founder at Mango.co_APENTER__APENTER_Claritas est etiam processus dynamicus, qui sequitur mutationem consuetudium lectorum. Mirum est notare quam littera gothica\" img_4_5=\"testi1.png\" descript_4_5=\"_APENTER_    Kevin lee_APENTER_    Co-Founder at Mango.co_APENTER__APENTER_Claritas est etiam processus dynamicus, qui sequitur mutationem consuetudium lectorum. Mirum est notare quam littera gothica\" img_4_6=\"testi1.png\" descript_4_6=\"_APENTER_    Kevin lee_APENTER_    Co-fundador en Mango.co_APENTER__APENTER_Claritas est etiam processus dynamicus, qui sequitur mutationem consuetudium lectorum. Mirum est notare quam littera gothica\" img_4_7=\"testi1.png\" descript_4_7=\"_APENTER_    Kevin lee_APENTER_    Co-Founder at Mango.co_APENTER__APENTER_Claritas est etiam processus dynamicus, qui sequitur mutationem consuetudium lectorum. Mirum est notare quam littera gothica\" img_4_8=\"testi1.png\" descript_4_8=\"_APENTER_    Kevin lee_APENTER_    Co-Founder at Mango.co_APENTER__APENTER_Claritas est etiam processus dynamicus, qui sequitur mutationem consuetudium lectorum. Mirum est notare quam littera gothica\" img_4_9=\"testi1.png\" descript_4_9=\"_APENTER_    Kevin lee_APENTER_    المؤسس المشارك في Mango.co_APENTER__APENTER_Claritas est etiam processus dynamicus, qui sequitur mutationem consuetudium lectorum. Mirum est notare quam littera gothica\" img_3_1=\"testi3.png\" descript_3_1=\"_APENTER_    Angela_APENTER_    Super Master Chef_APENTER__APENTER_Claritas est etiam processus dynamicus, qui sequitur mutationem consuetudium lectorum. Mirum est notare quam littera gothica\" img_3_2=\"testi3.png\" descript_3_2=\"_APENTER_    Angela_APENTER_    De Super Master Chef_APENTER__APENTER_Claritas est etiam processus dynamicus, qui sequitur mutationem consuetudium lectorum. Mirum est notare quam littera gothica\" img_3_3=\"testi3.png\" descript_3_3=\"_APENTER_    Angela_APENTER_    Super Master Chef_APENTER__APENTER_Claritas est etiam processus dynamicus, qui sequitur mutationem consuetudium lectorum. Mirum est notare quam littera gothica\" img_3_4=\"testi3.png\" descript_3_4=\"_APENTER_    Angela_APENTER_    Super Master Chef_APENTER__APENTER_Claritas est etiam processus dynamicus, qui sequitur mutationem consuetudium lectorum. Mirum est notare quam littera gothica\" img_3_5=\"testi3.png\" descript_3_5=\"_APENTER_    Angela_APENTER_    Super Master Chef_APENTER__APENTER_Claritas est etiam processus dynamicus, qui sequitur mutationem consuetudium lectorum. Mirum est notare quam littera gothica\" img_3_6=\"testi3.png\" descript_3_6=\"_APENTER_    Angela_APENTER_    Súper Master Chef_APENTER__APENTER_Claritas est etiam processus dynamicus, qui sequitur mutationem consuetudium lectorum. Mirum est notare quam littera gothica\" img_3_7=\"testi3.png\" descript_3_7=\"_APENTER_    Angela_APENTER_    Super Master Chef_APENTER__APENTER_Claritas est etiam processus dynamicus, qui sequitur mutationem consuetudium lectorum. Mirum est notare quam littera gothica\" img_3_8=\"testi3.png\" descript_3_8=\"_APENTER_    Angela_APENTER_    Super Master Chef_APENTER__APENTER_Claritas est etiam processus dynamicus, qui sequitur mutationem consuetudium lectorum. Mirum est notare quam littera gothica\" img_3_9=\"testi3.png\" descript_3_9=\"_APENTER_    Angela_APENTER_    سوبر ماستر شيف_APENTER__APENTER_Claritas est etiam processus dynamicus, qui sequitur mutationem consuetudium lectorum. Mirum est notare quam littera gothica\" img_2_1=\"testi2.png\" descript_2_1=\"_APENTER_    Wayne r._APENTER_    Football Player_APENTER__APENTER_Claritas est etiam processus dynamicus, qui sequitur mutationem consuetudium lectorum. Mirum est notare quam littera gothica\" img_2_2=\"testi2.png\" descript_2_2=\"_APENTER_    Wayne r._APENTER_    Joueur de football_APENTER__APENTER_Claritas est etiam processus dynamicus, qui sequitur mutationem consuetudium lectorum. Mirum est notare quam littera gothica\" img_2_3=\"testi2.png\" descript_2_3=\"_APENTER_    Wayne r._APENTER_    Football Player_APENTER__APENTER_Claritas est etiam processus dynamicus, qui sequitur mutationem consuetudium lectorum. Mirum est notare quam littera gothica\" img_2_4=\"testi2.png\" descript_2_4=\"_APENTER_    Wayne r._APENTER_    Football Player_APENTER__APENTER_Claritas est etiam processus dynamicus, qui sequitur mutationem consuetudium lectorum. Mirum est notare quam littera gothica\" img_2_5=\"testi2.png\" descript_2_5=\"_APENTER_    Wayne r._APENTER_    Football Player_APENTER__APENTER_Claritas est etiam processus dynamicus, qui sequitur mutationem consuetudium lectorum. Mirum est notare quam littera gothica\" img_2_6=\"testi2.png\" descript_2_6=\"_APENTER_    Wayne r._APENTER_    Jugador de fútbol_APENTER__APENTER_Claritas est etiam processus dynamicus, qui sequitur mutationem consuetudium lectorum. Mirum est notare quam littera gothica\" img_2_7=\"testi2.png\" descript_2_7=\"_APENTER_    Wayne r._APENTER_    Football Player_APENTER__APENTER_Claritas est etiam processus dynamicus, qui sequitur mutationem consuetudium lectorum. Mirum est notare quam littera gothica\" img_2_8=\"testi2.png\" descript_2_8=\"_APENTER_    Wayne r._APENTER_    Football Player_APENTER__APENTER_Claritas est etiam processus dynamicus, qui sequitur mutationem consuetudium lectorum. Mirum est notare quam littera gothica\" img_2_9=\"testi2.png\" descript_2_9=\"_APENTER_    Wayne r._APENTER_    لاعب كرة قدم_APENTER__APENTER_Claritas est etiam processus dynamicus, qui sequitur mutationem consuetudium lectorum. Mirum est notare quam littera gothica\" img_1_1=\"testi1.png\" descript_1_1=\"_APENTER_    Kevin lee_APENTER_    Co-Founder at Mango.co_APENTER__APENTER_Claritas est etiam processus dynamicus, qui sequitur mutationem consuetudium lectorum. Mirum est notare quam littera gothica\" img_1_2=\"testi1.png\" descript_1_2=\"_APENTER_    Kevin lee_APENTER_    Co-Fondateur au Mango.co_APENTER__APENTER_Claritas est etiam processus dynamicus, qui sequitur mutationem consuetudium lectorum. Mirum est notare quam littera gothica\" img_1_3=\"testi1.png\" descript_1_3=\"_APENTER_    Kevin lee_APENTER_    Co-Founder at Mango.co_APENTER__APENTER_Claritas est etiam processus dynamicus, qui sequitur mutationem consuetudium lectorum. Mirum est notare quam littera gothica\" img_1_4=\"testi1.png\" descript_1_4=\"_APENTER_    Kevin lee_APENTER_    Co-Founder at Mango.co_APENTER__APENTER_Claritas est etiam processus dynamicus, qui sequitur mutationem consuetudium lectorum. Mirum est notare quam littera gothica\" img_1_5=\"testi1.png\" descript_1_5=\"_APENTER_    Kevin lee_APENTER_    Co-Founder at Mango.co_APENTER__APENTER_Claritas est etiam processus dynamicus, qui sequitur mutationem consuetudium lectorum. Mirum est notare quam littera gothica\" img_1_6=\"testi1.png\" descript_1_6=\"_APENTER_    Kevin lee_APENTER_    Co-fundador en Mango.co_APENTER__APENTER_Claritas est etiam processus dynamicus, qui sequitur mutationem consuetudium lectorum. Mirum est notare quam littera gothica\" img_1_7=\"testi1.png\" descript_1_7=\"_APENTER_    Kevin lee_APENTER_    Co-Founder at Mango.co_APENTER__APENTER_Claritas est etiam processus dynamicus, qui sequitur mutationem consuetudium lectorum. Mirum est notare quam littera gothica\" img_1_8=\"testi1.png\" descript_1_8=\"_APENTER_    Kevin lee_APENTER_    Co-Founder at Mango.co_APENTER__APENTER_Claritas est etiam processus dynamicus, qui sequitur mutationem consuetudium lectorum. Mirum est notare quam littera gothica\" img_1_9=\"testi1.png\" descript_1_9=\"_APENTER_    Kevin lee_APENTER_    المؤسس المشارك في Mango.co_APENTER__APENTER_Claritas est etiam processus dynamicus, qui sequitur mutationem consuetudium lectorum. Mirum est notare quam littera gothica\"][/ApBlockCarousel][/ApColumn][/ApRow][ApRow form_id=\"form_1517516701\" container=\"container\" class=\"row contact-box\" bg_config=\"fullwidth\" bg_type=\"normal\" bg_color=\"#f8f8f8\" bg_repeat=\"no-repeat\" parallax_speed=\"0.1\" parallax_axis=\"both\" parallax_strength=\"0.5\" parallax_rid=\"0.5\" parallax_hoffsets=\"0.1\" parallax_voffsets=\"0.1\" animation=\"none\" animation_delay=\"2\" specific_type=\"all\" controller_pages=\"\" controller_id=\"\"][ApColumn form_id=\"form_1517515230\" lg=\"7\" md=\"7\" sm=\"12\" xs=\"12\" sp=\"12\" animation=\"none\" animation_delay=\"2\" specific_type=\"all\" controller_pages=\"\" controller_id=\"\"][ApHtml form_id=\"form_1517505931\" content_html=\"Prêt à essayer_APENTER_Entrer en contact\"][/ApHtml][ApModule form_id=\"form_1517489204\" name_module=\"apcontactform\" hook=\"displayFooter\" is_display=\"1\"][/ApModule][/ApColumn][ApColumn form_id=\"form_1517500457\" class=\"hidden-sm hidden-xs hidden-sp\" lg=\"5\" md=\"5\" sm=\"12\" xs=\"12\" sp=\"12\" animation=\"none\" animation_delay=\"2\" specific_type=\"all\" controller_pages=\"\" controller_id=\"\"][ApImage form_id=\"form_1517491578\" animation=\"none\" animation_delay=\"0.5\" is_open=\"0\" width=\"100%\" height=\"auto\" image=\"bner9-h1.png\" url=\"http://prestashop.com\"][/ApImage][/ApColumn][/ApRow]'),(137,1,''),(137,2,''),(138,1,'[ApRow form_id=\"form_1517518641\" class=\"row\" padding_top=\"50px\" padding_bottom=\"20px\" bg_config=\"boxed\" bg_type=\"normal\" bg_repeat=\"no-repeat\" parallax_speed=\"0.1\" parallax_axis=\"both\" parallax_strength=\"0.5\" parallax_rid=\"0.5\" parallax_hoffsets=\"0.1\" parallax_voffsets=\"0.1\" animation=\"none\" animation_delay=\"2\" specific_type=\"all\" controller_pages=\"\" controller_id=\"\"][ApColumn form_id=\"form_1517516150\" md=\"4\" lg=\"4\" specific_type=\"\" controller_pages=\"\" controller_id=\"\"][ApHtml form_id=\"form_1517508311\" title=\"Contactez nous\" content_html=\"_APENTER_ 221b Baker Street - London - UK_APENTER_ (00) 123 456 789 / (00) 123 456 789_APENTER_  contac@yourcompany.com_APENTER_\"][/ApHtml][/ApColumn][ApColumn form_id=\"form_1517509412\" md=\"4\" lg=\"4\" specific_type=\"\" controller_pages=\"\" controller_id=\"\"][ApTwitter form_id=\"form_1517495789\" twidget_id=\"578806287158251521\" count=\"1\" username=\"prestashop\" border_color=\"#28e5ff\" link_color=\"#a0ff14\" text_color=\"#ffffff\" name_color=\"#ffffff\" mail_color=\"#ffffff\" width=\"180\" height=\"200\" transparent=\"0\" show_replies=\"0\" show_header=\"0\" show_footer=\"0\" show_border=\"0\" show_scrollbar=\"0\" title=\"Tweet récente\"][/ApTwitter][/ApColumn][ApColumn form_id=\"form_1517501314\" md=\"4\" lg=\"4\" specific_type=\"\" controller_pages=\"\" controller_id=\"\"][ApBlog form_id=\"form_1517507059\" bleoblogs_width=\"370\" bleoblogs_height=\"213\" bleoblogs_show=\"0\" show_title=\"1\" show_desc=\"1\" bleoblogs_sima=\"0\" bleoblogs_saut=\"0\" bleoblogs_scat=\"0\" bleoblogs_scre=\"1\" bleoblogs_scoun=\"0\" bleoblogs_shits=\"0\" order_way=\"desc\" order_by=\"id_leoblog_blog\" nb_blogs=\"6\" carousel_type=\"owlcarousel\" items=\"1\" itemsdesktop=\"1\" itemsdesktopsmall=\"1\" itemstablet=\"1\" itemsmobile=\"1\" itempercolumn=\"1\" autoplay=\"0\" slidespeed=\"200\" stoponhover=\"0\" responsive=\"1\" navigation=\"0\" scrollperpage=\"0\" autoheight=\"0\" mousedrag=\"1\" touchdrag=\"1\" lazyload=\"false\" lazyfollow=\"0\" lazyeffect=\"fade\" pagination=\"false\" paginationnumbers=\"0\" paginationspeed=\"800\" nbitemsperpage=\"12\" nbitemsperline=\"4\" nbitemsperlinetablet=\"3\" nbitemsperlinemobile=\"2\" interval=\"5000\" title=\"Dernier message\"][/ApBlog][/ApColumn][/ApRow][ApRow form_id=\"form_1517506064\" class=\"row footer-center fs-style fs-style1\" padding_top=\"40px\" padding_bottom=\"60px\" bg_config=\"none\" bg_type=\"normal\" bg_repeat=\"no-repeat\" parallax_speed=\"0.1\" parallax_axis=\"both\" parallax_strength=\"0.5\" parallax_rid=\"0.5\" parallax_hoffsets=\"0.1\" parallax_voffsets=\"0.1\" animation=\"none\" animation_delay=\"2\" specific_type=\"all\" controller_pages=\"\" controller_id=\"\"][ApColumn form_id=\"form_1517517929\" lg=\"3\" md=\"3\" sm=\"3\" xs=\"12\" sp=\"12\" animation=\"none\" animation_delay=\"2\" specific_type=\"all\" controller_pages=\"\" controller_id=\"\"][ApHtml form_id=\"form_1517508174\" override_folder=\"footer-bottom\" title=\"Des happy hours\" content_html=\"Du lundi au vendredi: 8h à 22 heures_APENTER_Samedi: 10h à 8 h, heure_APENTER_Le dimanche est fermé\"][/ApHtml][/ApColumn][ApColumn form_id=\"form_1517511375\" lg=\"3\" md=\"3\" sm=\"3\" xs=\"12\" sp=\"12\" animation=\"none\" animation_delay=\"2\" specific_type=\"all\" controller_pages=\"\" controller_id=\"\"][ApModule form_id=\"form_1517487036\" name_module=\"blockcms\" hook=\"displayFooter\" is_display=\"1\"][/ApModule][/ApColumn][ApColumn form_id=\"form_1517502117\" lg=\"3\" md=\"3\" sm=\"3\" xs=\"12\" sp=\"12\" animation=\"none\" animation_delay=\"2\" specific_type=\"all\" controller_pages=\"\" controller_id=\"\"][ApModule form_id=\"form_1517507034\" name_module=\"blockmyaccountfooter\" hook=\"displayFooter\" is_display=\"1\"][/ApModule][/ApColumn][ApColumn form_id=\"form_1517495659\" lg=\"3\" md=\"3\" sm=\"3\" xs=\"12\" sp=\"12\" animation=\"none\" animation_delay=\"2\" specific_type=\"all\" controller_pages=\"\" controller_id=\"\"][ApModule form_id=\"form_1517512744\" name_module=\"blocknewsletter\" hook=\"displayFooter\" is_display=\"1\"][/ApModule][/ApColumn][/ApRow][ApRow form_id=\"form_1517512865\" class=\"row footer-copyright\" padding_top=\"8px\" padding_bottom=\"2px\" bg_config=\"fullwidth\" bg_type=\"normal\" bg_color=\"#262626\" bg_repeat=\"no-repeat\" parallax_speed=\"0.1\" parallax_axis=\"both\" parallax_strength=\"0.5\" parallax_rid=\"0.5\" parallax_hoffsets=\"0.1\" parallax_voffsets=\"0.1\" animation=\"none\" animation_delay=\"2\" specific_type=\"all\" controller_pages=\"\" controller_id=\"\"][ApColumn form_id=\"form_1517517350\" lg=\"6\" md=\"6\" sm=\"12\" xs=\"12\" sp=\"12\" animation=\"none\" animation_delay=\"2\" specific_type=\"all\" controller_pages=\"\" controller_id=\"\"][ApHtml form_id=\"form_1517516231\" content_html=\"© 2016 Frozen - All Rights Reserved. Designed by Leotheme\"][/ApHtml][/ApColumn][ApColumn form_id=\"form_1517496148\" lg=\"6\" md=\"6\" sm=\"12\" xs=\"12\" sp=\"12\" animation=\"none\" animation_delay=\"2\" specific_type=\"all\" controller_pages=\"\" controller_id=\"\"][ApModule form_id=\"form_1517499997\" name_module=\"blocksocial\" hook=\"displayFooter\" is_display=\"1\"][/ApModule][/ApColumn][/ApRow]'),(138,2,'[ApRow form_id=\"form_1517518641\" class=\"row\" padding_top=\"50px\" padding_bottom=\"20px\" bg_config=\"boxed\" bg_type=\"normal\" bg_repeat=\"no-repeat\" parallax_speed=\"0.1\" parallax_axis=\"both\" parallax_strength=\"0.5\" parallax_rid=\"0.5\" parallax_hoffsets=\"0.1\" parallax_voffsets=\"0.1\" animation=\"none\" animation_delay=\"2\" specific_type=\"all\" controller_pages=\"\" controller_id=\"\"][ApColumn form_id=\"form_1517516150\" md=\"4\" lg=\"4\" specific_type=\"\" controller_pages=\"\" controller_id=\"\"][ApHtml form_id=\"form_1517508311\" title=\"Contactez nous\" content_html=\"_APENTER_ 221b Baker Street - London - UK_APENTER_ (00) 123 456 789 / (00) 123 456 789_APENTER_  contac@yourcompany.com_APENTER_\"][/ApHtml][/ApColumn][ApColumn form_id=\"form_1517509412\" md=\"4\" lg=\"4\" specific_type=\"\" controller_pages=\"\" controller_id=\"\"][ApTwitter form_id=\"form_1517495789\" twidget_id=\"578806287158251521\" count=\"1\" username=\"prestashop\" border_color=\"#28e5ff\" link_color=\"#a0ff14\" text_color=\"#ffffff\" name_color=\"#ffffff\" mail_color=\"#ffffff\" width=\"180\" height=\"200\" transparent=\"0\" show_replies=\"0\" show_header=\"0\" show_footer=\"0\" show_border=\"0\" show_scrollbar=\"0\" title=\"Tweet récente\"][/ApTwitter][/ApColumn][ApColumn form_id=\"form_1517501314\" md=\"4\" lg=\"4\" specific_type=\"\" controller_pages=\"\" controller_id=\"\"][ApBlog form_id=\"form_1517507059\" bleoblogs_width=\"370\" bleoblogs_height=\"213\" bleoblogs_show=\"0\" show_title=\"1\" show_desc=\"1\" bleoblogs_sima=\"0\" bleoblogs_saut=\"0\" bleoblogs_scat=\"0\" bleoblogs_scre=\"1\" bleoblogs_scoun=\"0\" bleoblogs_shits=\"0\" order_way=\"desc\" order_by=\"id_leoblog_blog\" nb_blogs=\"6\" carousel_type=\"owlcarousel\" items=\"1\" itemsdesktop=\"1\" itemsdesktopsmall=\"1\" itemstablet=\"1\" itemsmobile=\"1\" itempercolumn=\"1\" autoplay=\"0\" slidespeed=\"200\" stoponhover=\"0\" responsive=\"1\" navigation=\"0\" scrollperpage=\"0\" autoheight=\"0\" mousedrag=\"1\" touchdrag=\"1\" lazyload=\"false\" lazyfollow=\"0\" lazyeffect=\"fade\" pagination=\"false\" paginationnumbers=\"0\" paginationspeed=\"800\" nbitemsperpage=\"12\" nbitemsperline=\"4\" nbitemsperlinetablet=\"3\" nbitemsperlinemobile=\"2\" interval=\"5000\" title=\"Dernier message\"][/ApBlog][/ApColumn][/ApRow][ApRow form_id=\"form_1517506064\" class=\"row footer-center fs-style fs-style1\" padding_top=\"40px\" padding_bottom=\"60px\" bg_config=\"none\" bg_type=\"normal\" bg_repeat=\"no-repeat\" parallax_speed=\"0.1\" parallax_axis=\"both\" parallax_strength=\"0.5\" parallax_rid=\"0.5\" parallax_hoffsets=\"0.1\" parallax_voffsets=\"0.1\" animation=\"none\" animation_delay=\"2\" specific_type=\"all\" controller_pages=\"\" controller_id=\"\"][ApColumn form_id=\"form_1517517929\" lg=\"3\" md=\"3\" sm=\"3\" xs=\"12\" sp=\"12\" animation=\"none\" animation_delay=\"2\" specific_type=\"all\" controller_pages=\"\" controller_id=\"\"][ApHtml form_id=\"form_1517508174\" override_folder=\"footer-bottom\" title=\"Des happy hours\" content_html=\"Du lundi au vendredi: 8h à 22 heures_APENTER_Samedi: 10h à 8 h, heure_APENTER_Le dimanche est fermé\"][/ApHtml][/ApColumn][ApColumn form_id=\"form_1517511375\" lg=\"3\" md=\"3\" sm=\"3\" xs=\"12\" sp=\"12\" animation=\"none\" animation_delay=\"2\" specific_type=\"all\" controller_pages=\"\" controller_id=\"\"][ApModule form_id=\"form_1517487036\" name_module=\"blockcms\" hook=\"displayFooter\" is_display=\"1\"][/ApModule][/ApColumn][ApColumn form_id=\"form_1517502117\" lg=\"3\" md=\"3\" sm=\"3\" xs=\"12\" sp=\"12\" animation=\"none\" animation_delay=\"2\" specific_type=\"all\" controller_pages=\"\" controller_id=\"\"][ApModule form_id=\"form_1517507034\" name_module=\"blockmyaccountfooter\" hook=\"displayFooter\" is_display=\"1\"][/ApModule][/ApColumn][ApColumn form_id=\"form_1517495659\" lg=\"3\" md=\"3\" sm=\"3\" xs=\"12\" sp=\"12\" animation=\"none\" animation_delay=\"2\" specific_type=\"all\" controller_pages=\"\" controller_id=\"\"][ApModule form_id=\"form_1517512744\" name_module=\"blocknewsletter\" hook=\"displayFooter\" is_display=\"1\"][/ApModule][/ApColumn][/ApRow][ApRow form_id=\"form_1517512865\" class=\"row footer-copyright\" padding_top=\"8px\" padding_bottom=\"2px\" bg_config=\"fullwidth\" bg_type=\"normal\" bg_color=\"#262626\" bg_repeat=\"no-repeat\" parallax_speed=\"0.1\" parallax_axis=\"both\" parallax_strength=\"0.5\" parallax_rid=\"0.5\" parallax_hoffsets=\"0.1\" parallax_voffsets=\"0.1\" animation=\"none\" animation_delay=\"2\" specific_type=\"all\" controller_pages=\"\" controller_id=\"\"][ApColumn form_id=\"form_1517517350\" lg=\"6\" md=\"6\" sm=\"12\" xs=\"12\" sp=\"12\" animation=\"none\" animation_delay=\"2\" specific_type=\"all\" controller_pages=\"\" controller_id=\"\"][ApHtml form_id=\"form_1517516231\" content_html=\"© 2016 Frozen - All Rights Reserved. Designed by Leotheme\"][/ApHtml][/ApColumn][ApColumn form_id=\"form_1517496148\" lg=\"6\" md=\"6\" sm=\"12\" xs=\"12\" sp=\"12\" animation=\"none\" animation_delay=\"2\" specific_type=\"all\" controller_pages=\"\" controller_id=\"\"][ApModule form_id=\"form_1517499997\" name_module=\"blocksocial\" hook=\"displayFooter\" is_display=\"1\"][/ApModule][/ApColumn][/ApRow]'),(139,1,''),(139,2,''),(140,1,''),(140,2,'');

--
-- Table structure for table `gcahdy_appagebuilder_positions`
--

CREATE TABLE `gcahdy_appagebuilder_positions` (
  `id_appagebuilder_positions` int(11) NOT NULL AUTO_INCREMENT,
  `name` varchar(255) NOT NULL,
  `position` varchar(255) NOT NULL,
  `position_key` varchar(255) NOT NULL,
  `params` text,
  PRIMARY KEY (`id_appagebuilder_positions`)
) ENGINE=InnoDB AUTO_INCREMENT=86 DEFAULT CHARSET=utf8;

--
-- Dumping data for table `gcahdy_appagebuilder_positions`
--

INSERT INTO `gcahdy_appagebuilder_positions` VALUES (42,'header1','header','position1452006962',''),(43,'content1','content','position1451999740',''),(44,'footer1','footer','position1452003209',''),(45,'product1','product','position1452010013',''),(46,'content2','content','position1453052160',''),(47,'product2','product','position1453047016',''),(48,'header3','header','position1453152007',''),(49,'content3','content','position1453149482',''),(50,'footer3','footer','position1453143005',''),(51,'product3','product','position1453141546',''),(52,'header4','header','position1453394927',''),(53,'content4','content','position1453389750',''),(54,'footer4','footer','position1453387064',''),(55,'product4','product','position1453412301',''),(56,'header5','header','position1453681082',''),(57,'content5','content','position1453659259',''),(58,'product5','product','position1453655306',''),(59,'displaybanner1453681161','displaybanner','position1453681161',''),(60,'displaynav1453674566','displaynav','position1453674566',''),(61,'displaytop1453682239','displaytop','position1453682239',''),(62,'displaytopcolumn1453674111','displaytopcolumn','position1453674111',''),(63,'displayleftcolumn1453652064','displayleftcolumn','position1453652064',''),(64,'displayhome1453677357','displayhome','position1453677357',''),(65,'displayrightcolumn1453679223','displayrightcolumn','position1453679223',''),(66,'1453672925','','position1453672925',''),(67,'footer5','footer','position1453654429',''),(68,'displayfooter1453656308','displayfooter','position1453656308',''),(69,'header1517442034','header','position1517442034',NULL),(70,'content1517443188','content','position1517443188',NULL),(71,'footer1517424994','footer','position1517424994',NULL),(72,'product1517421643','product','position1517421643',NULL),(73,'Duplicate 1517435199','header','duplicate_1517435199',NULL),(74,'Duplicate 1517437619','content','duplicate_1517437619',NULL),(75,'Duplicate 1517414299','footer','duplicate_1517414299',NULL),(76,'Duplicate 1517414949','product','duplicate_1517414949',NULL),(77,'header-goyon-chazeau','header','position1517497230',NULL),(78,'header1517511958','header','position1517511958',NULL),(79,'content1517493952','content','position1517493952',NULL),(80,'footer1517496757','footer','position1517496757',NULL),(81,'product1517484551','product','position1517484551',NULL),(82,'Duplicate 1517492852','header','duplicate_1517492852',NULL),(83,'Duplicate 1517488463','content','duplicate_1517488463',NULL),(84,'Duplicate 1517518583','footer','duplicate_1517518583',NULL),(85,'Duplicate 1517509426','product','duplicate_1517509426',NULL);

--
-- Table structure for table `gcahdy_appagebuilder_positions_shop`
--

CREATE TABLE `gcahdy_appagebuilder_positions_shop` (
  `id_appagebuilder_positions` int(11) NOT NULL AUTO_INCREMENT,
  `id_shop` int(10) unsigned NOT NULL,
  PRIMARY KEY (`id_appagebuilder_positions`,`id_shop`)
) ENGINE=InnoDB AUTO_INCREMENT=86 DEFAULT CHARSET=utf8;

--
-- Dumping data for table `gcahdy_appagebuilder_positions_shop`
--

INSERT INTO `gcahdy_appagebuilder_positions_shop` VALUES (42,1),(43,1),(44,1),(45,1),(46,1),(47,1),(48,1),(49,1),(50,1),(51,1),(52,1),(53,1),(54,1),(55,1),(56,1),(57,1),(58,1),(59,1),(60,1),(61,1),(62,1),(63,1),(64,1),(65,1),(66,1),(67,1),(68,1),(69,1),(70,1),(71,1),(72,1),(73,1),(74,1),(75,1),(76,1),(77,1),(78,1),(79,1),(80,1),(81,1),(82,1),(83,1),(84,1),(85,1);

--
-- Table structure for table `gcahdy_appagebuilder_products`
--

CREATE TABLE `gcahdy_appagebuilder_products` (
  `id_appagebuilder_products` int(11) NOT NULL AUTO_INCREMENT,
  `plist_key` varchar(255) DEFAULT NULL,
  `name` varchar(255) DEFAULT NULL,
  `class` varchar(255) DEFAULT NULL,
  `params` text,
  `type` tinyint(1) DEFAULT NULL,
  `active` tinyint(1) DEFAULT NULL,
  PRIMARY KEY (`id_appagebuilder_products`)
) ENGINE=InnoDB AUTO_INCREMENT=5 DEFAULT CHARSET=utf8;

--
-- Dumping data for table `gcahdy_appagebuilder_products`
--

INSERT INTO `gcahdy_appagebuilder_products` VALUES (3,'plist1452115129','Product list - default','product-list-1452115129','{\"gridLeft\":{\"0\":{\"name\":\"image_container\"},\"1\":{\"name\":\"code\",\"code\":\"<div class=_APQUOT_box-buttons_APQUOT_>\"},\"2\":{\"name\":\"quick_view\"},\"3\":{\"name\":\"compare\"},\"4\":{\"name\":\"wishlist\"},\"5\":{\"name\":\"add_to_cart\"},\"6\":{\"name\":\"code\",\"code\":\"</div>\"}},\"gridRight\":{\"0\":{\"name\":\"name\"},\"1\":{\"name\":\"reviews\"},\"2\":{\"name\":\"description\"},\"3\":{\"name\":\"price\"}}}',0,1),(4,'plist1453486742','Product list - home','product-list-1453486742','{\"gridLeft\":{\"0\":{\"name\":\"image_container\"},\"1\":{\"name\":\"code\",\"code\":\"<div class=_APQUOT_box-buttons_APQUOT_>\"},\"2\":{\"name\":\"quick_view\"},\"3\":{\"name\":\"compare\"},\"4\":{\"name\":\"wishlist\"},\"5\":{\"name\":\"add_to_cart\"},\"6\":{\"name\":\"code\",\"code\":\"</div>\"},\"7\":{\"name\":\"code\",\"code\":\"<div class=_APQUOT_productinfor_APQUOT_>\"},\"8\":{\"name\":\"name\"},\"9\":{\"name\":\"price\"},\"10\":{\"name\":\"code\",\"code\":\"</div>\"}},\"gridRight\":{}}',0,0);

--
-- Table structure for table `gcahdy_appagebuilder_products_shop`
--

CREATE TABLE `gcahdy_appagebuilder_products_shop` (
  `id_appagebuilder_products` int(11) NOT NULL AUTO_INCREMENT,
  `id_shop` int(10) unsigned NOT NULL,
  `active` tinyint(1) DEFAULT NULL,
  PRIMARY KEY (`id_appagebuilder_products`,`id_shop`)
) ENGINE=InnoDB AUTO_INCREMENT=5 DEFAULT CHARSET=utf8;

--
-- Dumping data for table `gcahdy_appagebuilder_products_shop`
--

INSERT INTO `gcahdy_appagebuilder_products_shop` VALUES (3,1,1),(4,1,NULL);

--
-- Table structure for table `gcahdy_appagebuilder_profiles`
--

CREATE TABLE `gcahdy_appagebuilder_profiles` (
  `id_appagebuilder_profiles` int(11) NOT NULL AUTO_INCREMENT,
  `name` varchar(255) DEFAULT NULL,
  `profile_key` varchar(255) DEFAULT NULL,
  `page` varchar(255) DEFAULT NULL,
  `params` text,
  `header` int(11) unsigned NOT NULL,
  `content` int(11) unsigned NOT NULL,
  `footer` int(11) unsigned NOT NULL,
  `product` int(11) unsigned NOT NULL,
  `active` tinyint(1) DEFAULT NULL,
  `group_box` varchar(255) DEFAULT NULL,
  PRIMARY KEY (`id_appagebuilder_profiles`)
) ENGINE=InnoDB AUTO_INCREMENT=14 DEFAULT CHARSET=utf8;

--
-- Dumping data for table `gcahdy_appagebuilder_profiles`
--

INSERT INTO `gcahdy_appagebuilder_profiles` VALUES (6,'Home 1','profile1452015678','index','{\"displayTopColumn\":{\"index\":[]},\"fullwidth_index_hook\":{\"displayBanner\":0,\"displayNav\":0,\"displayTop\":\"1\",\"displayTopColumn\":\"1\",\"displayHome\":\"1\",\"displayFooter\":0},\"fullwidth_other_hook\":{\"displayBanner\":0,\"displayNav\":0,\"displayTop\":\"1\",\"displayTopColumn\":0,\"displayHome\":0,\"displayFooter\":0}}',42,43,44,45,1,''),(7,'Home 2','profile1453039489','index','{\"displayTopColumn\":{\"index\":[]},\"fullwidth_index_hook\":{\"displayBanner\":0,\"displayNav\":0,\"displayTop\":\"1\",\"displayTopColumn\":\"1\",\"displayHome\":0,\"displayFooter\":0},\"fullwidth_other_hook\":{\"displayBanner\":0,\"displayNav\":0,\"displayTop\":\"1\",\"displayTopColumn\":0,\"displayHome\":0,\"displayFooter\":0}}',42,46,44,47,0,''),(8,'Home 3','profile1453139997','index','{\"fullwidth_index_hook\":{\"displayBanner\":0,\"displayNav\":\"1\",\"displayTop\":\"1\",\"displayTopColumn\":0,\"displayHome\":\"1\",\"displayFooter\":0},\"fullwidth_other_hook\":{\"displayBanner\":0,\"displayNav\":0,\"displayTop\":0,\"displayTopColumn\":0,\"displayHome\":0,\"displayFooter\":0}}',48,49,50,51,0,''),(9,'Home 4','profile1453404375','index','{\"displayTopColumn\":{\"index\":[]},\"fullwidth_index_hook\":{\"displayBanner\":0,\"displayNav\":0,\"displayTop\":0,\"displayTopColumn\":\"1\",\"displayHome\":0,\"displayFooter\":0},\"fullwidth_other_hook\":{\"displayBanner\":0,\"displayNav\":0,\"displayTop\":0,\"displayTopColumn\":0,\"displayHome\":0,\"displayFooter\":0}}',52,53,54,55,0,''),(10,'Home 5','profile1453680267','index','{\"displayTopColumn\":{\"index\":[]},\"fullwidth_index_hook\":{\"displayBanner\":0,\"displayNav\":0,\"displayTop\":0,\"displayTopColumn\":\"1\",\"displayHome\":0,\"displayFooter\":0},\"fullwidth_other_hook\":{\"displayBanner\":0,\"displayNav\":0,\"displayTop\":0,\"displayTopColumn\":0,\"displayHome\":0,\"displayFooter\":0}}',56,57,67,58,0,''),(13,'Goyon Chazeau','profile1517483650','index','{\"displayTopColumn\":{\"index\":[]},\"fullwidth_index_hook\":{\"displayBanner\":0,\"displayNav\":\"1\",\"displayTop\":\"1\",\"displayTopColumn\":\"1\",\"displayHome\":\"1\",\"displayFooter\":0},\"fullwidth_other_hook\":{\"displayBanner\":0,\"displayNav\":\"1\",\"displayTop\":\"1\",\"displayTopColumn\":0,\"displayHome\":0,\"displayFooter\":0},\"disable_cache_hook\":{\"displayBanner\":0,\"displayNav\":\"1\",\"displayTop\":\"1\",\"displayTopColumn\":0,\"displayHome\":0,\"displayFooter\":0}}',42,79,80,81,0,'');

--
-- Table structure for table `gcahdy_appagebuilder_profiles_lang`
--

CREATE TABLE `gcahdy_appagebuilder_profiles_lang` (
  `id_appagebuilder_profiles` int(11) NOT NULL AUTO_INCREMENT,
  `id_lang` int(10) unsigned NOT NULL,
  `friendly_url` varchar(255) DEFAULT NULL,
  `meta_title` varchar(255) DEFAULT NULL,
  `meta_description` varchar(255) DEFAULT NULL,
  `meta_keywords` varchar(255) DEFAULT NULL,
  PRIMARY KEY (`id_appagebuilder_profiles`,`id_lang`)
) ENGINE=InnoDB AUTO_INCREMENT=14 DEFAULT CHARSET=utf8;

--
-- Dumping data for table `gcahdy_appagebuilder_profiles_lang`
--

INSERT INTO `gcahdy_appagebuilder_profiles_lang` VALUES (6,1,'','','',''),(6,2,'','','',''),(7,1,'','','',''),(7,2,'','','',''),(8,1,'','','',''),(8,2,'','','',''),(9,1,'','','',''),(9,2,'','','',''),(10,1,'','','',''),(10,2,'','','',''),(13,1,'','','',''),(13,2,'','','','');

--
-- Table structure for table `gcahdy_appagebuilder_profiles_shop`
--

CREATE TABLE `gcahdy_appagebuilder_profiles_shop` (
  `id_appagebuilder_profiles` int(11) NOT NULL AUTO_INCREMENT,
  `id_shop` int(10) unsigned NOT NULL,
  `active` tinyint(1) DEFAULT NULL,
  PRIMARY KEY (`id_appagebuilder_profiles`,`id_shop`)
) ENGINE=InnoDB AUTO_INCREMENT=14 DEFAULT CHARSET=utf8;

--
-- Dumping data for table `gcahdy_appagebuilder_profiles_shop`
--

INSERT INTO `gcahdy_appagebuilder_profiles_shop` VALUES (6,1,0),(7,1,0),(8,1,0),(9,1,0),(10,1,0),(13,1,1);

--
-- Table structure for table `gcahdy_appagebuilder_shop`
--

CREATE TABLE `gcahdy_appagebuilder_shop` (
  `id_appagebuilder` int(11) NOT NULL AUTO_INCREMENT,
  `id_shop` int(10) unsigned NOT NULL,
  PRIMARY KEY (`id_appagebuilder`,`id_shop`)
) ENGINE=InnoDB AUTO_INCREMENT=141 DEFAULT CHARSET=utf8;

--
-- Dumping data for table `gcahdy_appagebuilder_shop`
--

INSERT INTO `gcahdy_appagebuilder_shop` VALUES (52,1),(53,1),(54,1),(55,1),(56,1),(57,1),(58,1),(59,1),(60,1),(61,1),(62,1),(63,1),(64,1),(65,1),(66,1),(67,1),(68,1),(69,1),(70,1),(71,1),(72,1),(73,1),(74,1),(75,1),(76,1),(77,1),(78,1),(79,1),(80,1),(81,1),(82,1),(83,1),(84,1),(85,1),(86,1),(87,1),(88,1),(89,1),(90,1),(91,1),(92,1),(93,1),(94,1),(95,1),(96,1),(97,1),(98,1),(99,1),(100,1),(101,1),(102,1),(103,1),(104,1),(105,1),(106,1),(107,1),(108,1),(109,1),(110,1),(111,1),(112,1),(113,1),(114,1),(115,1),(116,1),(117,1),(118,1),(119,1),(120,1),(121,1),(122,1),(123,1),(124,1),(125,1),(126,1),(127,1),(128,1),(129,1),(130,1),(131,1),(132,1),(133,1),(134,1),(135,1),(136,1),(137,1),(138,1),(139,1),(140,1);

--
-- Table structure for table `gcahdy_attachment`
--

CREATE TABLE `gcahdy_attachment` (
  `id_attachment` int(10) unsigned NOT NULL AUTO_INCREMENT,
  `file` varchar(40) NOT NULL,
  `file_name` varchar(128) NOT NULL,
  `file_size` bigint(10) unsigned NOT NULL DEFAULT '0',
  `mime` varchar(128) NOT NULL,
  PRIMARY KEY (`id_attachment`)
) ENGINE=InnoDB AUTO_INCREMENT=4 DEFAULT CHARSET=utf8;

--
-- Dumping data for table `gcahdy_attachment`
--

INSERT INTO `gcahdy_attachment` VALUES (1,'a504d8274d10a2a94492cdabba7f0723f4a34248','image.png',13722,'image/png'),(2,'fdbb93e9e526cb9df1a5fa972244d2b0892c1b0c','image.png',13722,'image/png'),(3,'72cca198c358606253803fb40180c4423d04b213','CP_DamasHestia.pdf',564534,'application/pdf');

--
-- Table structure for table `gcahdy_attachment_lang`
--

CREATE TABLE `gcahdy_attachment_lang` (
  `id_attachment` int(10) unsigned NOT NULL AUTO_INCREMENT,
  `id_lang` int(10) unsigned NOT NULL,
  `name` varchar(32) DEFAULT NULL,
  `description` text,
  PRIMARY KEY (`id_attachment`,`id_lang`)
) ENGINE=InnoDB AUTO_INCREMENT=4 DEFAULT CHARSET=utf8;

--
-- Dumping data for table `gcahdy_attachment_lang`
--

INSERT INTO `gcahdy_attachment_lang` VALUES (1,1,'CP Le Thiers Damas Hestia',''),(1,2,'CP Le Thiers Damas Hestia',''),(2,1,'CP Le Thiers Damas Hestia',''),(2,2,'CP Le Thiers Damas Hestia',''),(3,1,'CP Le Thiers Damas Hestia','Couteau LE THIERS® Δαμα Hestia, une innovation technologique signée GOYON-CHAZEAU\n'),(3,2,'CP Le Thiers Damas Hestia','');

--
-- Table structure for table `gcahdy_attribute`
--

CREATE TABLE `gcahdy_attribute` (
  `id_attribute` int(10) unsigned NOT NULL AUTO_INCREMENT,
  `id_attribute_group` int(10) unsigned NOT NULL,
  `color` varchar(32) DEFAULT NULL,
  `position` int(10) unsigned NOT NULL DEFAULT '0',
  PRIMARY KEY (`id_attribute`),
  KEY `attribute_group` (`id_attribute_group`)
) ENGINE=InnoDB AUTO_INCREMENT=110 DEFAULT CHARSET=utf8;

--
-- Dumping data for table `gcahdy_attribute`
--

INSERT INTO `gcahdy_attribute` VALUES (1,1,'',8),(2,1,'',1),(3,1,'',9),(4,1,'',2),(5,1,'',0),(6,1,'',11),(7,1,'',3),(8,1,'',5),(9,1,'',4),(10,1,'',7),(11,1,'',10),(12,1,'',13),(13,6,'',12),(14,6,'',13),(15,6,'',14),(16,6,'',15),(17,6,'',16),(18,1,'',6),(19,1,'',19),(20,1,'',20),(21,1,'',21),(22,1,'',22),(23,1,'',23),(24,2,'',0),(25,2,'',1),(26,2,'',2),(27,2,'',24),(28,2,'',25),(29,2,'',3),(30,2,'',26),(31,2,'',27),(32,2,'',28),(33,2,'',29),(34,2,'',30),(36,3,'',1),(37,3,'',2),(38,3,'',3),(39,3,'',4),(40,3,'',5),(41,3,'',6),(42,3,'',7),(43,3,'',8),(44,3,'',9),(45,3,'',10),(46,3,'',11),(47,3,'',12),(48,3,'',13),(49,3,'',14),(50,3,'',15),(51,3,'',16),(52,3,'',17),(53,3,'',18),(54,3,'',19),(55,3,'',20),(56,3,'',21),(57,3,'',22),(58,3,'',23),(59,3,'',24),(60,4,'',0),(61,4,'',1),(62,4,'',2),(63,4,'',3),(64,5,'',0),(65,5,'',1),(66,5,'',2),(67,6,'',0),(68,7,'',0),(69,7,'',1),(70,8,'',0),(71,8,'',1),(72,8,'',2),(73,8,'',3),(74,8,'',4),(75,8,'',5),(76,9,'',0),(77,9,'',1),(78,9,'',2),(79,9,'',3),(80,9,'',4),(81,9,'',5),(82,9,'',6),(83,1,'',12),(84,2,'',9),(85,4,'',4),(87,8,'',6),(88,3,'',0),(89,1,'',24),(90,4,'',5),(91,4,'',6),(92,4,'',7),(93,7,'',2),(94,2,'',31),(97,8,'',7),(98,3,'#000000',25),(99,4,'',8),(100,1,'',25),(101,1,'',26),(102,1,'',27),(103,9,'',7),(104,1,'',28),(105,8,'',8),(107,10,'',0),(108,7,'',3);

--
-- Table structure for table `gcahdy_attribute_group`
--

CREATE TABLE `gcahdy_attribute_group` (
  `id_attribute_group` int(10) unsigned NOT NULL AUTO_INCREMENT,
  `is_color_group` tinyint(1) NOT NULL DEFAULT '0',
  `group_type` enum('select','radio','color') NOT NULL DEFAULT 'select',
  `position` int(10) unsigned NOT NULL DEFAULT '0',
  PRIMARY KEY (`id_attribute_group`)
) ENGINE=InnoDB AUTO_INCREMENT=11 DEFAULT CHARSET=utf8;

--
-- Dumping data for table `gcahdy_attribute_group`
--

INSERT INTO `gcahdy_attribute_group` VALUES (1,1,'color',0),(2,1,'color',1),(3,1,'color',2),(4,1,'color',4),(5,1,'color',5),(6,1,'color',3),(7,0,'select',6),(8,0,'select',7),(9,0,'select',8),(10,0,'select',9);

--
-- Table structure for table `gcahdy_attribute_group_attribute_group_global`
--

CREATE TABLE `gcahdy_attribute_group_attribute_group_global` (
  `id_attribute_group` int(10) NOT NULL,
  `id_attribute_group_global` int(10) NOT NULL,
  PRIMARY KEY (`id_attribute_group`,`id_attribute_group_global`)
) ENGINE=InnoDB DEFAULT CHARSET=utf8 COLLATE=utf8_unicode_ci;

--
-- Dumping data for table `gcahdy_attribute_group_attribute_group_global`
--

INSERT INTO `gcahdy_attribute_group_attribute_group_global` VALUES (1,1),(2,1),(3,1),(4,1),(5,1),(6,1),(7,2),(8,3),(9,4);

--
-- Table structure for table `gcahdy_attribute_group_global`
--

CREATE TABLE `gcahdy_attribute_group_global` (
  `id_attribute_group_global` int(10) NOT NULL AUTO_INCREMENT,
  PRIMARY KEY (`id_attribute_group_global`)
) ENGINE=InnoDB AUTO_INCREMENT=5 DEFAULT CHARSET=utf8 COLLATE=utf8_unicode_ci;

--
-- Dumping data for table `gcahdy_attribute_group_global`
--

INSERT INTO `gcahdy_attribute_group_global` VALUES (1),(2),(3),(4);

--
-- Table structure for table `gcahdy_attribute_group_global_lang`
--

CREATE TABLE `gcahdy_attribute_group_global_lang` (
  `id_attribute_group_global` int(10) NOT NULL,
  `id_lang` int(10) NOT NULL,
  `name` varchar(128) COLLATE utf8_unicode_ci NOT NULL,
  PRIMARY KEY (`id_attribute_group_global`,`id_lang`)
) ENGINE=InnoDB DEFAULT CHARSET=utf8 COLLATE=utf8_unicode_ci;

--
-- Dumping data for table `gcahdy_attribute_group_global_lang`
--

INSERT INTO `gcahdy_attribute_group_global_lang` VALUES (1,1,'Matière manche'),(1,2,'Handle materials'),(2,1,'Finition'),(2,2,'Finish'),(3,1,'Matière lame'),(3,2,'Blade materials'),(4,1,'Unité'),(4,2,'Unit');

--
-- Table structure for table `gcahdy_attribute_group_lang`
--

CREATE TABLE `gcahdy_attribute_group_lang` (
  `id_attribute_group` int(10) unsigned NOT NULL,
  `id_lang` int(10) unsigned NOT NULL,
  `name` varchar(128) NOT NULL,
  `public_name` varchar(64) NOT NULL,
  PRIMARY KEY (`id_attribute_group`,`id_lang`)
) ENGINE=InnoDB DEFAULT CHARSET=utf8;

--
-- Dumping data for table `gcahdy_attribute_group_lang`
--

INSERT INTO `gcahdy_attribute_group_lang` VALUES (1,1,'Manche Bois','Bois'),(1,2,'Wooden handle','Wood'),(2,1,'Manche Corne','Corne'),(2,2,'Horn handle','Horn'),(3,1,'Manche acrylique','Acrylique'),(3,2,'Acrylic handle','Acrylic'),(4,1,'Manche inclusion','Inclusion'),(4,2,'Inclusion handle','Inclusion'),(5,1,'Finition manche inox','Finition inox '),(5,2,'Stainless steel handle finish','Stainless steel finish'),(6,1,'Manche composite','Composite'),(6,2,'Composite handle','Composite'),(7,1,'Finition','Finition'),(7,2,'Finishing','Finishing'),(8,1,'Matière haut de couvert','Haut de couvert'),(8,2,'Article\'s head material','Head material'),(9,1,'Unité','Unité'),(9,2,'Unit','Unit'),(10,1,'Acompte','Acompte'),(10,2,'Deposit','Deposit');

--
-- Table structure for table `gcahdy_attribute_group_shop`
--

CREATE TABLE `gcahdy_attribute_group_shop` (
  `id_attribute_group` int(11) unsigned NOT NULL,
  `id_shop` int(11) unsigned NOT NULL,
  PRIMARY KEY (`id_attribute_group`,`id_shop`),
  KEY `id_shop` (`id_shop`)
) ENGINE=InnoDB DEFAULT CHARSET=utf8;

--
-- Dumping data for table `gcahdy_attribute_group_shop`
--

INSERT INTO `gcahdy_attribute_group_shop` VALUES (1,1),(2,1),(3,1),(4,1),(5,1),(6,1),(7,1),(8,1),(9,1),(10,1);

--
-- Table structure for table `gcahdy_attribute_impact`
--

CREATE TABLE `gcahdy_attribute_impact` (
  `id_attribute_impact` int(10) unsigned NOT NULL AUTO_INCREMENT,
  `id_product` int(11) unsigned NOT NULL,
  `id_attribute` int(11) unsigned NOT NULL,
  `weight` decimal(20,6) NOT NULL,
  `price` decimal(17,2) NOT NULL,
  PRIMARY KEY (`id_attribute_impact`),
  UNIQUE KEY `id_product` (`id_product`,`id_attribute`)
) ENGINE=InnoDB DEFAULT CHARSET=utf8;

--
-- Dumping data for table `gcahdy_attribute_impact`
--


--
-- Table structure for table `gcahdy_attribute_lang`
--

CREATE TABLE `gcahdy_attribute_lang` (
  `id_attribute` int(10) unsigned NOT NULL,
  `id_lang` int(10) unsigned NOT NULL,
  `name` varchar(128) NOT NULL,
  PRIMARY KEY (`id_attribute`,`id_lang`),
  KEY `id_lang` (`id_lang`,`name`)
) ENGINE=InnoDB DEFAULT CHARSET=utf8;

--
-- Dumping data for table `gcahdy_attribute_lang`
--

INSERT INTO `gcahdy_attribute_lang` VALUES (107,1,' 10%'),(76,1,'A l\'unité'),(75,1,'Acier carbone XC75'),(74,1,'Acier damas carbone'),(73,1,'Acier damas inox'),(72,1,'Acier inox 12c27'),(71,1,'Acier inox 18-10'),(70,1,'Acier inox X46cr13'),(87,1,'Acier inox X50CrMov15'),(105,1,'Acier Sandvik 14C28N'),(7,1,'Amourette'),(42,1,'Asperge'),(58,1,'Assortiment automne'),(99,1,'Assortiment chasse'),(57,1,'Assortiment nacré'),(59,1,'Assortiment nougat'),(44,1,'Assortiment pastello'),(40,1,'Aubergine '),(18,1,'Bois Assortis - Groupe 1'),(101,1,'Bois assortis - Groupe 2'),(26,1,'Bois de cerf'),(9,1,'Bois de rose'),(6,1,'Bois de serpent'),(8,1,'Bois de violette'),(11,1,'Bouleau'),(64,1,'Brillant'),(69,1,'Brillant'),(66,1,'Brossé'),(93,1,'Brut'),(25,1,'Buffle noir'),(4,1,'Buis'),(89,1,'Buis de bout'),(5,1,'Cade - genévrier'),(92,1,'Chasse - Bécasse'),(85,1,'Chasse - Cerf'),(91,1,'Chasse - Faisan vénéré'),(63,1,'Chasse - Plumes et douille'),(90,1,'Chasse - Sanglier'),(19,1,'Chêne'),(62,1,'Copeaux corne'),(32,1,'Corail rouge'),(84,1,'Corail tigre'),(27,1,'Corne de bélier'),(94,1,'Cornes assorties'),(34,1,'Croûte de mammouth'),(22,1,'Duo Ébène/Buis'),(21,1,'Duo violette/rose'),(10,1,'Ébène'),(80,1,'En coffret de 12'),(103,1,'En coffret de 12 pièces'),(77,1,'En coffret de 2 pièces'),(78,1,'En coffret de 6'),(79,1,'En coffret de 8'),(81,1,'En ménagère de 12'),(82,1,'En ménagère de 24'),(67,1,'Fibre de carbone'),(39,1,'Ficelle '),(108,1,'Forge brute'),(83,1,'Frêne olivier'),(100,1,'Grenadille'),(38,1,'Gris anthracite '),(43,1,'Gris bleu '),(102,1,'Hêtre échauffé'),(97,1,'Inox trempé rainuré'),(28,1,'Ivoire de phacochère'),(36,1,'Ivoire uni'),(33,1,'Mammouth naturel'),(23,1,'Marqueterie'),(41,1,'Mastic '),(68,1,'Mat'),(31,1,'Molaire de mammouth'),(98,1,'Nacré blanc'),(45,1,'Nacré bleu lavande '),(52,1,'Nacré bleu nuit '),(53,1,'Nacré cerise '),(56,1,'Nacré champagne '),(47,1,'Nacré fuschia '),(51,1,'Nacré gris '),(48,1,'Nacré jaune '),(54,1,'Nacré noir '),(49,1,'Nacré orange '),(55,1,'Nacré rouge orangé '),(50,1,'Nacré saumon '),(46,1,'Nacré vert anis'),(88,1,'Noir uni'),(104,1,'Noyer vieilli'),(2,1,'Olivier'),(29,1,'Os de girafe '),(16,1,'Paperstone denim'),(14,1,'Paperstone gris'),(17,1,'Paperstone moka'),(13,1,'Paperstone noir'),(15,1,'Paperstone sable'),(61,1,'Pépites argent'),(60,1,'Pépites or'),(1,1,'Pistachier'),(24,1,'Pointe de corne'),(30,1,'Pulpe de mammouth'),(20,1,'Ronce de Noyer'),(37,1,'Rouge uni'),(65,1,'Sablé'),(12,1,'Thuya'),(3,1,'Wengé'),(107,2,' 10%'),(72,2,'12C27 stainless steel'),(71,2,'18-10 stainless steel'),(38,2,'Anthracite grey'),(42,2,'Asparagus'),(94,2,'Assorted horns'),(58,2,'Autumn mix'),(11,2,'Birch'),(25,2,'Black buffalo'),(13,2,'Black Paperstone'),(80,2,'Box of 12'),(77,2,'Box of 2 pieces'),(78,2,'Box of 6'),(79,2,'Box of 8'),(4,2,'Boxwood'),(64,2,'Brilliant'),(69,2,'Brilliant'),(66,2,'Brushed'),(67,2,'Carbon fiber'),(24,2,'Cattle '),(26,2,'Deer'),(16,2,'Denim Paperstone '),(22,2,'Duo ebony/boxwood'),(21,2,'Duo king/rosewood'),(10,2,'Ebony'),(40,2,'Eggplant'),(89,2,'End-grain boxwood'),(103,2,'Gift box of 12 pieces'),(29,2,'Giraffe bone'),(60,2,'Gold stones'),(43,2,'Grey blue'),(14,2,'Grey Paperstone'),(97,2,'Grooved hardened stainless steel'),(74,2,'Handcraft damascus'),(62,2,'Horn shaving'),(90,2,'Hunting - Boar'),(85,2,'Hunting - Deer'),(63,2,'Hunting - Feathers and cartridge'),(91,2,'Hunting - Reeves\'s pheasant'),(92,2,'Hunting - Woodcock'),(99,2,'Hunting assortment'),(76,2,'Individually'),(5,2,'Juniper'),(8,2,'Kingwood'),(34,2,'Mammoth crust'),(30,2,'Mammoth pulp'),(31,2,'Mammoth tooth'),(6,2,'Marble wood'),(23,2,'Marquetry'),(68,2,'Matt'),(18,2,'Mixed woods - Group 1'),(101,2,'Mixed woods - Group 2'),(17,2,'Moka Paperstone'),(100,2,'Mozambic ebony'),(33,2,'Natural mammoth'),(59,2,'Nougat mix'),(19,2,'Oak'),(2,2,'Olive'),(83,2,'Olive ash'),(44,2,'Pastello mix'),(46,2,'Pearly anise green'),(54,2,'Pearly black'),(56,2,'Pearly champagne '),(53,2,'Pearly cherry'),(47,2,'Pearly fuchsia'),(51,2,'Pearly grey'),(45,2,'Pearly lavender blue'),(52,2,'Pearly midnight blue'),(57,2,'Pearly mix'),(49,2,'Pearly orange'),(55,2,'Pearly orange-red'),(50,2,'Pearly salmon'),(98,2,'Pearly white'),(48,2,'Pearly yellow'),(1,2,'Pistachio'),(88,2,'Plain black'),(36,2,'Plain off-white'),(37,2,'Plain red'),(41,2,'Putty'),(27,2,'Ram '),(93,2,'Raw'),(108,2,'Raw forge'),(32,2,'Red coral'),(9,2,'Rosewood'),(102,2,'Sabilised beech wood'),(15,2,'Sand Paperstone'),(65,2,'Sandblasted'),(105,2,'Sandvik 14C28N steel'),(81,2,'Set of 12pcs'),(82,2,'Set of 24pcs'),(61,2,'Silver stones'),(7,2,'Snake wood'),(73,2,'Stainless steel damascus'),(39,2,'String'),(84,2,'Tiger coral'),(12,2,'Tuja'),(20,2,'Walnut'),(104,2,'Walnut wood'),(28,2,'Warthog ivory'),(3,2,'Wenge'),(70,2,'X46cr13 stainless steel'),(87,2,'X50CrMov15 stainless steel'),(75,2,'XC75 carbon steel');

--
-- Table structure for table `gcahdy_attribute_shop`
--

CREATE TABLE `gcahdy_attribute_shop` (
  `id_attribute` int(11) unsigned NOT NULL,
  `id_shop` int(11) unsigned NOT NULL,
  PRIMARY KEY (`id_attribute`,`id_shop`),
  KEY `id_shop` (`id_shop`)
) ENGINE=InnoDB DEFAULT CHARSET=utf8;

--
-- Dumping data for table `gcahdy_attribute_shop`
--

INSERT INTO `gcahdy_attribute_shop` VALUES (1,1),(2,1),(3,1),(4,1),(5,1),(6,1),(7,1),(8,1),(9,1),(10,1),(11,1),(12,1),(13,1),(14,1),(15,1),(16,1),(17,1),(18,1),(19,1),(20,1),(21,1),(22,1),(23,1),(24,1),(25,1),(26,1),(27,1),(28,1),(29,1),(30,1),(31,1),(32,1),(33,1),(34,1),(36,1),(37,1),(38,1),(39,1),(40,1),(41,1),(42,1),(43,1),(44,1),(45,1),(46,1),(47,1),(48,1),(49,1),(50,1),(51,1),(52,1),(53,1),(54,1),(55,1),(56,1),(57,1),(58,1),(59,1),(60,1),(61,1),(62,1),(63,1),(64,1),(65,1),(66,1),(67,1),(68,1),(69,1),(70,1),(71,1),(72,1),(73,1),(74,1),(75,1),(76,1),(77,1),(78,1),(79,1),(80,1),(81,1),(82,1),(83,1),(84,1),(85,1),(87,1),(88,1),(89,1),(90,1),(91,1),(92,1),(93,1),(94,1),(97,1),(98,1),(99,1),(100,1),(101,1),(102,1),(103,1),(104,1),(105,1),(107,1),(108,1);

--
-- Table structure for table `gcahdy_badge`
--

CREATE TABLE `gcahdy_badge` (
  `id_badge` int(11) NOT NULL AUTO_INCREMENT,
  `id_ps_badge` int(11) NOT NULL,
  `type` varchar(32) NOT NULL,
  `id_group` int(11) NOT NULL,
  `group_position` int(11) NOT NULL,
  `scoring` int(11) NOT NULL,
  `awb` int(11) DEFAULT '0',
  `validated` tinyint(1) unsigned NOT NULL DEFAULT '0',
  PRIMARY KEY (`id_badge`)
) ENGINE=InnoDB AUTO_INCREMENT=310 DEFAULT CHARSET=utf8;

--
-- Dumping data for table `gcahdy_badge`
--

INSERT INTO `gcahdy_badge` VALUES (21,159,'feature',41,1,5,1,0),(22,160,'feature',41,2,10,1,0),(23,161,'feature',41,3,15,1,0),(24,162,'feature',41,4,20,1,0),(25,163,'feature',41,1,5,1,0),(26,164,'feature',41,2,10,1,0),(27,165,'feature',41,3,15,1,0),(28,166,'feature',41,4,20,1,0),(53,195,'feature',41,1,5,1,0),(54,196,'feature',41,2,10,1,0),(81,233,'feature',41,1,5,1,0),(82,234,'feature',41,2,10,1,0),(83,235,'feature',41,3,15,1,0),(84,236,'feature',41,4,20,1,0),(85,249,'feature',41,1,5,1,0),(86,250,'feature',41,2,10,1,0),(87,251,'feature',41,3,15,1,0),(88,252,'feature',41,4,20,1,0),(89,253,'feature',41,1,5,1,0),(90,254,'feature',41,2,10,1,0),(91,255,'feature',41,3,15,1,0),(92,256,'feature',41,4,20,1,0),(93,261,'feature',41,1,5,1,0),(94,262,'feature',41,2,10,1,0),(95,269,'feature',41,1,5,1,0),(96,270,'feature',41,2,10,1,0),(97,271,'feature',41,3,15,1,0),(98,272,'feature',41,4,20,1,0),(99,273,'feature',41,1,5,1,0),(100,274,'feature',41,2,10,1,0),(101,275,'feature',41,3,15,1,0),(102,276,'feature',41,4,20,1,0),(103,277,'feature',41,1,5,1,0),(104,278,'feature',41,2,10,1,0),(105,279,'feature',41,3,15,1,0),(106,280,'feature',41,4,20,1,0),(107,281,'feature',41,1,5,1,0),(108,282,'feature',41,2,10,1,0),(109,283,'feature',41,3,15,1,0),(110,284,'feature',41,4,20,1,0),(111,285,'feature',41,1,5,1,0),(112,286,'feature',41,2,10,1,0),(113,287,'feature',41,3,15,1,0),(114,288,'feature',41,4,20,1,0),(115,289,'feature',41,1,5,1,0),(116,290,'feature',41,2,10,1,0),(117,291,'feature',41,3,15,1,0),(118,292,'feature',41,4,20,1,0),(119,293,'feature',41,1,5,1,0),(120,294,'feature',41,2,10,1,0),(121,295,'feature',41,3,15,1,0),(122,296,'feature',41,4,20,1,0),(123,297,'feature',41,1,5,1,0),(124,298,'feature',41,2,10,1,0),(125,299,'feature',41,3,15,1,0),(126,300,'feature',41,4,20,1,0),(127,301,'feature',41,1,5,1,0),(128,302,'feature',41,2,10,1,0),(129,303,'feature',41,3,15,1,0),(130,304,'feature',41,4,20,1,0),(131,305,'feature',41,1,5,1,0),(132,306,'feature',41,2,10,1,0),(133,307,'feature',41,3,15,1,0),(134,308,'feature',41,4,20,1,0),(135,309,'feature',41,1,5,1,0),(136,310,'feature',41,2,10,1,0),(137,311,'feature',41,3,15,1,0),(138,312,'feature',41,4,20,1,0),(139,313,'feature',41,1,5,1,0),(140,314,'feature',41,2,10,1,0),(141,315,'feature',41,3,15,1,0),(142,316,'feature',41,4,20,1,0),(143,317,'feature',41,1,5,1,0),(144,318,'feature',41,2,10,1,0),(145,319,'feature',41,3,15,1,0),(146,320,'feature',41,4,20,1,0),(147,321,'feature',41,1,5,1,0),(148,322,'feature',41,2,10,1,0),(149,323,'feature',41,3,15,1,0),(150,324,'feature',41,4,20,1,0),(151,325,'feature',41,1,5,1,0),(152,326,'feature',41,2,10,1,0),(153,327,'feature',41,3,15,1,0),(154,328,'feature',41,4,20,1,0),(155,329,'feature',41,1,5,1,0),(156,330,'feature',41,2,10,1,0),(157,331,'feature',41,3,15,1,0),(158,332,'feature',41,4,20,1,0),(159,333,'feature',41,1,5,1,0),(160,334,'feature',41,2,10,1,0),(161,335,'feature',41,3,15,1,0),(162,336,'feature',41,4,20,1,0),(163,337,'feature',41,1,5,1,0),(164,338,'feature',41,2,10,1,0),(165,339,'feature',41,3,15,1,0),(166,340,'feature',41,4,20,1,0),(167,341,'feature',41,1,5,1,0),(168,342,'feature',41,2,10,1,0),(169,343,'feature',41,3,15,1,0),(170,344,'feature',41,4,20,1,0),(171,345,'feature',41,1,5,1,0),(172,346,'feature',41,2,10,1,0),(173,347,'feature',41,3,15,1,0),(174,348,'feature',41,4,20,1,0),(175,349,'feature',41,1,5,1,0),(176,350,'feature',41,2,10,1,0),(177,351,'feature',41,3,15,1,0),(178,352,'feature',41,4,20,1,0),(179,353,'feature',41,1,5,1,0),(180,354,'feature',41,2,10,1,0),(181,355,'feature',41,3,15,1,0),(182,356,'feature',41,4,20,1,0),(183,357,'feature',41,1,5,1,0),(184,358,'feature',41,2,10,1,0),(185,359,'feature',41,3,15,1,0),(186,360,'feature',41,4,20,1,0),(187,1,'feature',1,1,10,0,1),(188,2,'feature',2,1,10,0,1),(189,3,'feature',2,2,15,0,0),(190,4,'feature',3,1,15,0,1),(191,5,'feature',3,2,15,0,1),(192,6,'feature',4,1,15,0,1),(193,7,'feature',4,2,15,0,1),(194,8,'feature',5,1,5,0,1),(195,9,'feature',5,2,10,0,1),(196,10,'feature',6,1,15,0,1),(197,11,'feature',6,2,10,0,0),(198,12,'feature',6,3,10,0,0),(199,13,'feature',5,3,10,0,1),(200,14,'feature',5,4,15,0,0),(201,15,'feature',5,5,20,0,0),(202,16,'feature',5,6,20,0,0),(203,17,'achievement',7,1,5,0,1),(204,18,'achievement',7,2,10,0,1),(205,19,'feature',8,1,15,0,1),(206,20,'feature',8,2,15,0,0),(207,21,'feature',9,1,15,0,1),(208,22,'feature',10,1,10,0,0),(209,23,'feature',10,2,10,0,0),(210,24,'feature',10,3,10,0,0),(211,25,'feature',10,4,10,0,0),(212,26,'feature',10,5,10,0,0),(213,27,'feature',4,3,10,0,1),(214,28,'feature',3,3,10,0,0),(215,29,'achievement',11,1,5,0,1),(216,30,'achievement',11,2,10,0,1),(217,31,'achievement',11,3,15,0,1),(218,32,'achievement',11,4,20,0,0),(219,33,'achievement',11,5,25,0,0),(220,34,'achievement',11,6,30,0,0),(221,35,'achievement',7,3,15,0,1),(222,36,'achievement',7,4,20,0,1),(223,37,'achievement',7,5,25,0,1),(224,38,'achievement',7,6,30,0,0),(225,39,'achievement',12,1,5,0,1),(226,40,'achievement',12,2,10,0,1),(227,41,'achievement',12,3,15,0,1),(228,42,'achievement',12,4,20,0,1),(229,43,'achievement',12,5,25,0,1),(230,44,'achievement',12,6,30,0,0),(231,45,'achievement',13,1,5,0,1),(232,46,'achievement',13,2,10,0,1),(233,47,'achievement',13,3,15,0,1),(234,48,'achievement',13,4,20,0,1),(235,49,'achievement',13,5,25,0,0),(236,50,'achievement',13,6,30,0,0),(237,51,'achievement',14,1,5,0,0),(238,52,'achievement',14,2,10,0,0),(239,53,'achievement',14,3,15,0,0),(240,54,'achievement',14,4,20,0,0),(241,55,'achievement',14,5,25,0,0),(242,56,'achievement',14,6,30,0,0),(243,57,'achievement',15,1,5,0,1),(244,58,'achievement',15,2,10,0,1),(245,59,'achievement',15,3,15,0,1),(246,60,'achievement',15,4,20,0,0),(247,61,'achievement',15,5,25,0,0),(248,62,'achievement',15,6,30,0,0),(249,63,'achievement',16,1,5,0,1),(250,64,'achievement',16,2,10,0,1),(251,65,'achievement',16,3,15,0,1),(252,66,'achievement',16,4,20,0,1),(253,67,'achievement',16,5,25,0,0),(254,68,'achievement',16,6,30,0,0),(260,74,'international',22,1,10,0,1),(261,75,'international',23,1,10,0,1),(262,83,'international',31,1,10,0,0),(263,84,'international',25,1,10,0,1),(264,86,'international',33,1,10,0,0),(265,87,'international',34,1,10,0,0),(266,88,'feature',35,1,5,0,1),(267,89,'feature',35,2,10,0,1),(268,90,'feature',35,3,10,0,0),(269,91,'feature',35,4,10,0,0),(270,92,'feature',35,5,10,0,0),(271,93,'feature',35,6,10,0,0),(272,94,'feature',36,1,5,0,1),(273,95,'feature',36,2,5,0,1),(274,96,'feature',36,3,10,0,1),(275,97,'feature',36,4,10,0,1),(276,98,'feature',36,5,20,0,0),(277,99,'feature',36,6,20,0,0),(278,100,'feature',8,3,15,0,1),(279,101,'achievement',37,1,5,0,0),(280,102,'achievement',37,2,5,0,0),(281,103,'achievement',37,3,10,0,0),(282,104,'achievement',37,4,10,0,0),(283,105,'achievement',37,5,15,0,0),(284,106,'achievement',37,6,15,0,0),(285,107,'achievement',38,1,10,0,1),(286,108,'achievement',38,2,10,0,1),(287,109,'achievement',38,3,15,0,0),(288,110,'achievement',38,4,20,0,0),(289,111,'achievement',38,5,25,0,0),(290,112,'achievement',38,6,30,0,0),(291,113,'achievement',39,1,10,0,1),(292,114,'achievement',39,2,20,0,1),(293,115,'achievement',39,3,30,0,1),(294,116,'achievement',39,4,40,0,1),(295,117,'achievement',39,5,50,0,1),(296,118,'achievement',39,6,50,0,1),(297,119,'feature',40,1,10,0,0),(298,120,'feature',40,2,15,0,0),(299,121,'feature',40,3,20,0,0),(300,122,'feature',40,4,25,0,0),(301,229,'feature',41,1,5,1,0),(302,230,'feature',41,2,10,1,0),(303,231,'feature',41,3,15,1,0),(304,232,'feature',41,4,20,1,0),(305,241,'feature',41,1,5,1,0),(306,242,'feature',41,2,10,1,0),(307,243,'feature',41,3,15,1,0),(308,244,'feature',41,4,20,1,0),(309,85,'international',32,1,10,0,1);

--
-- Table structure for table `gcahdy_badge_lang`
--

CREATE TABLE `gcahdy_badge_lang` (
  `id_badge` int(11) NOT NULL,
  `id_lang` int(11) NOT NULL,
  `name` varchar(64) DEFAULT NULL,
  `description` varchar(255) DEFAULT NULL,
  `group_name` varchar(255) DEFAULT NULL,
  PRIMARY KEY (`id_badge`,`id_lang`)
) ENGINE=InnoDB DEFAULT CHARSET=utf8;

--
-- Dumping data for table `gcahdy_badge_lang`
--

INSERT INTO `gcahdy_badge_lang` VALUES (21,1,'Shopgate installed','You have installed the Shopgate module','Partners'),(21,2,'Shopgate installé','Vous avez installé le module Shopgate','Partenaires'),(22,1,'Shopgate configured','You have configured the Shopgate module','Partners'),(22,2,'Shopgate configuré','Vous avez configuré le modul Shopgate','Partenaires'),(23,1,'Shopgate active','Your Shopgate module is active','Partners'),(23,2,'Shopgate actif','Le module Shopgate est actif','Partenaires'),(24,1,'Shopgate very active','Your Shopgate module is very active','Partners'),(24,2,'Shopgate très actif','Le module Shopgate est très actif','Partenaires'),(25,1,'Skrill installed','You have installed the Skrill module','Partners'),(25,2,'Skrill installé','Vous avez installé le module Skrill','Partenaires'),(26,1,'Skrill configured','You have configured the Skrill module','Partners'),(26,2,'Skrill configuré','Vous avez configuré le module Skrill','Partenaires'),(27,1,'Skrill active','Your Skrill module is active','Partners'),(27,2,'Skrill actif','Le module Skrill est actif','Partenaires'),(28,1,'Skrill very active','Your Skrill module is very active','Partners'),(28,2,'Skrill très actif','Le module Skrill est très actif','Partenaires'),(53,1,'Shopping Feed installed','You have installed the Shopping Feed module','Partners'),(53,2,'Shopping Flux installé','Vous avez installé le module Shopping Flux','Partenaires'),(54,1,'Shopping Feed configured','You have configured the Shopping Feed module','Partners'),(54,2,'Shopping Flux configuré','Vous avez configuré le module Shopping Flux','Partenaires'),(81,1,'Authorize Aim installed','You have installed the Authorize Aim module','Partners'),(81,2,'Authorize Aim installé','Vous avez installé le module Authorize Aim','Partenaires'),(82,1,'Authorize Aim configured','You have configured the Authorize Aim module','Partners'),(82,2,'Authorize Aim configuré','Vous avez configuré le module Authorize Aim','Partenaires'),(83,1,'Authorize Aim active','Your Authorize Aim module is active','Partners'),(83,2,'Authorize Aim actif','Le module Authorize Aim est actif','Partenaires'),(84,1,'Authorize Aim very active','Your Authorize Aim module is very active','Partners'),(84,2,'Authorize Aim très actif','Le module Authorize Aim est très actif','Partenaires'),(85,1,'Ebay installed','You have installed the Ebay module','Partners'),(85,2,'Ebay installé','Vous avez installé le module Ebay','Partenaires'),(86,1,'Ebay configured','You have configured the Ebay module','Partners'),(86,2,'Ebay configuré','Vous avez configuré le module Ebay','Partenaires'),(87,1,'Ebay active','Your Ebay module is active','Partners'),(87,2,'Ebay actif','Le module Ebay est actif','Partenaires'),(88,1,'Ebay very active','Your Ebay module is very active','Partners'),(88,2,'Ebay très actif','Le module Ebay est très actif','Partenaires'),(89,1,'PayPlug installed','You have installed the PayPlug module','Partners'),(89,2,'PayPlug installé','Vous avez installé le module PayPlug','Partenaires'),(90,1,'PayPlug configured','You have configured the PayPlug module','Partners'),(90,2,'PayPlug configuré','Vous avez configuré le module PayPlug','Partenaires'),(91,1,'PayPlug active','Your PayPlug module is active','Partners'),(91,2,'PayPlug actif','Le module PayPlug est actif','Partenaires'),(92,1,'PayPlug very active','Your PayPlug module is very active','Partners'),(92,2,'PayPlug très actif','Le module PayPlug est très actif','Partenaires'),(93,1,'Affinity Items installed','You have installed the Affinity Items module','Partners'),(93,2,'Affinity Items installé','Vous avez installé le module Affinity Items','Partenaires'),(94,1,'Affinity Items configured','You have configured the Affinity Items module','Partners'),(94,2,'Affinity Items configuré','Vous avez configuré le module Affinity Items','Partenaires'),(95,1,'DPD Poland installed','You have installed the DPD Poland module','Partners'),(95,2,'DPD Poland installé','Vous avez installé le module DPD Poland','Partenaires'),(96,1,'DPD Poland configured','You have configured the DPD Poland module','Partners'),(96,2,'DPD Poland configuré','Vous avez configuré le module DPD Poland','Partenaires'),(97,1,'DPD Poland active','Your DPD Poland module is active','Partners'),(97,2,'DPD Poland actif','Le module DPD Poland est actif','Partenaires'),(98,1,'DPD Poland very active','Your DPD Poland module is very active','Partners'),(98,2,'DPD Poland très actif','Le module DPD Poland est très actif','Partenaires'),(99,1,'Envoimoinscher installed','You have installed the Envoimoinscher module','Partners'),(99,2,'Envoimoinscher installé','Vous avez installé le module Envoimoinscher','Partenaires'),(100,1,'Envoimoinscher configured','You have configured the Envoimoinscher module','Partners'),(100,2,'Envoimoinscher configuré','Vous avez configuré le module Envoimoinscher','Partenaires'),(101,1,'Envoimoinscher active','Your Envoimoinscher module is active','Partners'),(101,2,'Envoimoinscher actif','Le module Envoimoinscher est actif','Partenaires'),(102,1,'Envoimoinscher very active','Your Envoimoinscher module is very active','Partners'),(102,2,'Envoimoinscher très actif','Le module Envoimoinscher est très actif','Partenaires'),(103,1,'Klik&Pay installed','You have installed the Klik&Pay module','Partners'),(103,2,'Klik&Pay installé','Vous avez installé le module Klik&Pay','Partenaires'),(104,1,'Klik&Pay configured','You have configured the Klik&Pay module','Partners'),(104,2,'Klik&Pay configuré','Vous avez configuré le module Klik&Pay','Partenaires'),(105,1,'Klik&Pay active','Your Klik&Pay module is active','Partners'),(105,2,'Klik&Pay actif','Le module Klik&Pay est actif','Partenaires'),(106,1,'Klik&Pay very active','Your Klik&Pay module is very active','Partners'),(106,2,'Klik&Pay très actif','Le module Klik&Pay est très actif','Partenaires'),(107,1,'Clickline installed','You have installed the Clickline module','Partners'),(107,2,'Clickline installé','Vous avez installé le module Clickline','Partenaires'),(108,1,'Clickline configured','You have configured the Clickline module','Partners'),(108,2,'Clickline configuré','Vous avez configuré le module Clickline','Partenaires'),(109,1,'Clickline active','Your Clickline module is active','Partners'),(109,2,'Clickline actif','Le module Clickline est actif','Partenaires'),(110,1,'Clickline very active','Your Clickline module is very active','Partners'),(110,2,'Clickline très actif','Le module Clickline est très actif','Partenaires'),(111,1,'CDiscount installed','You have installed the CDiscount module','Partners'),(111,2,'CDiscount installé','Vous avez installé le module CDiscount','Partenaires'),(112,1,'CDiscount configured','You have configured the CDiscount module','Partners'),(112,2,'CDiscount configuré','Vous avez configuré le module CDiscount','Partenaires'),(113,1,'CDiscount active','Your CDiscount module is active','Partners'),(113,2,'CDiscount actif','Le module CDiscount est actif','Partenaires'),(114,1,'CDiscount very active','Your CDiscount module is very active','Partners'),(114,2,'CDiscount très actif','Le module CDiscount est très actif','Partenaires'),(115,1,'illicoPresta installed','You have installed the illicoPresta module','Partners'),(115,2,'illicoPresta installé','Vous avez installé le module illicoPresta','Partenaires'),(116,1,'illicoPresta configured','You have configured the illicoPresta module','Partners'),(116,2,'illicoPresta configuré','Vous avez configuré le module illicoPresta','Partenaires'),(117,1,'illicoPresta active','Your illicoPresta module is active','Partners'),(117,2,'illicoPresta actif','Le module illicoPresta est actif','Partenaires'),(118,1,'illicoPresta very active','Your illicoPresta module is very active','Partners'),(118,2,'illicoPresta très actif','Le module illicoPresta est très actif','Partenaires'),(119,1,'NetReviews installed','You have installed the NetReviews module','Partners'),(119,2,'NetReviews installé','Vous avez installé le module NetReviews','Partenaires'),(120,1,'NetReviews configured','You have configured the NetReviews module','Partners'),(120,2,'NetReviews configuré','Vous avez configuré le module NetReviews','Partenaires'),(121,1,'NetReviews active','Your NetReviews module is active','Partners'),(121,2,'NetReviews actif','Le module NetReviews est actif','Partenaires'),(122,1,'NetReviews very active','Your NetReviews module is very active','Partners'),(122,2,'NetReviews très actif','Le module NetReviews est très actif','Partenaires'),(123,1,'Bluesnap installed','You have installed the Bluesnap module','Partners'),(123,2,'Bluesnap installé','Vous avez installé le module Bluesnap','Partenaires'),(124,1,'Bluesnap configured','You have configured the Bluesnap module','Partners'),(124,2,'Bluesnap configuré','Vous avez configuré le module Bluesnap','Partenaires'),(125,1,'Bluesnap active','Your Bluesnap module is active','Partners'),(125,2,'Bluesnap actif','Le module Bluesnap est actif','Partenaires'),(126,1,'Bluesnap very active','Your Bluesnap module is very active','Partners'),(126,2,'Bluesnap très actif','Le module Bluesnap est très actif','Partenaires'),(127,1,'Desjardins installed','You have installed the Desjardins module','Partners'),(127,2,'Desjardins installé','Vous avez installé le module Desjardins','Partenaires'),(128,1,'Desjardins configured','You have configured the Desjardins module','Partners'),(128,2,'Desjardins configuré','Vous avez configuré le module Desjardins','Partenaires'),(129,1,'Desjardins active','Your Desjardins module is active','Partners'),(129,2,'Desjardins actif','Le module Desjardins est actif','Partenaires'),(130,1,'Desjardins very active','Your Desjardins module is very active','Partners'),(130,2,'Desjardins très actif','Le module Desjardins est très actif','Partenaires'),(131,1,'First Data installed','You have installed the First Data module','Partners'),(131,2,'First Data installé','Vous avez installé le module First Data','Partenaires'),(132,1,'First Data configured','You have configured the First Data module','Partners'),(132,2,'First Data configuré','Vous avez configuré le module First Data','Partenaires'),(133,1,'First Data active','Your First Data module is active','Partners'),(133,2,'First Data actif','Le module First Data est actif','Partenaires'),(134,1,'First Data very active','Your First Data module is very active','Partners'),(134,2,'First Data très actif','Le module First Data est très actif','Partenaires'),(135,1,'Give.it installed','You have installed the Give.it module','Partners'),(135,2,'Give.it installé','Vous avez installé le module Give.it','Partenaires'),(136,1,'Give.it configured','You have configured the Give.it module','Partners'),(136,2,'Give.it configuré','Vous avez configuré le module Give.it','Partenaires'),(137,1,'Give.it active','Your Give.it module is active','Partners'),(137,2,'Give.it actif','Le module Give.it est actif','Partenaires'),(138,1,'Give.it very active','Your Give.it module is very active','Partners'),(138,2,'Give.it très actif','Le module Give.it est très actif','Partenaires'),(139,1,'Google Analytics installed','You have installed the Google Analytics module','Partners'),(139,2,'Google Analytics installé','Vous avez installé le module Google Analytics','Partenaires'),(140,1,'Google Analytics configured','You have configured the Google Analytics module','Partners'),(140,2,'Google Analytics configuré','Vous avez configuré le module Google Analytics','Partenaires'),(141,1,'Google Analytics active','Your Google Analytics module is active','Partners'),(141,2,'Google Analytics actif','Le module Google Analytics est actif','Partenaires'),(142,1,'Google Analytics very active','Your Google Analytics module is very active','Partners'),(142,2,'Google Analytics très actif','Le module Google Analytics est très actif','Partenaires'),(143,1,'PagSeguro installed','You have installed the PagSeguro module','Partners'),(143,2,'PagSeguro installé','Vous avez installé le module PagSeguro','Partenaires'),(144,1,'PagSeguro configured','You have configured the PagSeguro module','Partners'),(144,2,'PagSeguro configuré','Vous avez configuré le module PagSeguro','Partenaires'),(145,1,'PagSeguro active','Your PagSeguro module is active','Partners'),(145,2,'PagSeguro actif','Le module PagSeguro est actif','Partenaires'),(146,1,'PagSeguro very active','Your PagSeguro module is very active','Partners'),(146,2,'PagSeguro très actif','Le module PagSeguro est très actif','Partenaires'),(147,1,'Paypal MX installed','You have installed the Paypal MX module','Partners'),(147,2,'Paypal MX installé','Vous avez installé le module Paypal MX','Partenaires'),(148,1,'Paypal MX configured','You have configured the Paypal MX module','Partners'),(148,2,'Paypal MX configuré','Vous avez configuré le module Paypal MX','Partenaires'),(149,1,'Paypal MX active','Your Paypal MX module is active','Partners'),(149,2,'Paypal MX actif','Le module Paypal MX est actif','Partenaires'),(150,1,'Paypal MX very active','Your Paypal MX module is very active','Partners'),(150,2,'Paypal MX très actif','Le module Paypal MX est très actif','Partenaires'),(151,1,'Paypal USA installed','You have installed the Paypal USA module','Partners'),(151,2,'Paypal USA installé','Vous avez installé le module Paypal USA','Partenaires'),(152,1,'Paypal USA configured','You have configured the Paypal USA module','Partners'),(152,2,'Paypal USA configuré','Vous avez configuré le module Paypal USA','Partenaires'),(153,1,'Paypal USA active','Your Paypal USA module is active','Partners'),(153,2,'Paypal USA actif','Le module Paypal USA est actif','Partenaires'),(154,1,'Paypal USA very active','Your Paypal USA module is very active','Partners'),(154,2,'Paypal USA très actif','Le module Paypal USA est très actif','Partenaires'),(155,1,'PayULatam installed','You have installed the PayULatam module','Partners'),(155,2,'PayULatam installé','Vous avez installé le module PayULatam','Partenaires'),(156,1,'PayULatam configured','You have configured the PayULatam module','Partners'),(156,2,'PayULatam configuré','Vous avez configuré le module PayULatam','Partenaires'),(157,1,'PayULatam active','Your PayULatam module is active','Partners'),(157,2,'PayULatam actif','Le module PayULatam est actif','Partenaires'),(158,1,'PayULatam very active','Your PayULatam module is very active','Partners'),(158,2,'PayULatam très actif','Le module PayULatam est très actif','Partenaires'),(159,1,'PrestaStats installed','You have installed the PrestaStats module','Partners'),(159,2,'PrestaStats installé','Vous avez installé le module PrestaStats','Partenaires'),(160,1,'PrestaStats configured','You have configured the PrestaStats module','Partners'),(160,2,'PrestaStats configuré','Vous avez configuré le module PrestaStats','Partenaires'),(161,1,'PrestaStats active','Your PrestaStats module is active','Partners'),(161,2,'PrestaStats actif','Le module PrestaStats est actif','Partenaires'),(162,1,'PrestaStats very active','Your PrestaStats module is very active','Partners'),(162,2,'PrestaStats très actif','Le module PrestaStats est très actif','Partenaires'),(163,1,'Riskified installed','You have installed the Riskified module','Partners'),(163,2,'Riskified installé','Vous avez installé le module Riskified','Partenaires'),(164,1,'Riskified configured','You have configured the Riskified module','Partners'),(164,2,'Riskified configuré','Vous avez configuré le module Riskified','Partenaires'),(165,1,'Riskified active','Your Riskified module is active','Partners'),(165,2,'Riskified actif','Le module Riskified est actif','Partenaires'),(166,1,'Riskified very active','Your Riskified module is very active','Partners'),(166,2,'Riskified très actif','Le module Riskified est très actif','Partenaires'),(167,1,'Simplify installed','You have installed the Simplify module','Partners'),(167,2,'Simplify installé','Vous avez installé le module Simplify','Partenaires'),(168,1,'Simplify configured','You have configured the Simplify module','Partners'),(168,2,'Simplify configuré','Vous avez configuré le module Simplify','Partenaires'),(169,1,'Simplify active','Your Simplify module is active','Partners'),(169,2,'Simplify actif','Le module Simplify est actif','Partenaires'),(170,1,'Simplify very active','Your Simplify module is very active','Partners'),(170,2,'Simplify très actif','Le module Simplify est très actif','Partenaires'),(171,1,'VTPayment installed','You have installed the VTPayment module','Partners'),(171,2,'VTPayment installé','Vous avez installé le module VTPayment','Partenaires'),(172,1,'VTPayment configured','You have configured the VTPayment module','Partners'),(172,2,'VTPayment configuré','Vous avez configuré le module VTPayment','Partenaires'),(173,1,'VTPayment active','Your VTPayment module is active','Partners'),(173,2,'VTPayment actif','Le module VTPayment est actif','Partenaires'),(174,1,'VTPayment very active','Your VTPayment module is very active','Partners'),(174,2,'VTPayment très actif','Le module VTPayment est très actif','Partenaires'),(175,1,'Yotpo installed','You have installed the Yotpo module','Partners'),(175,2,'Yotpo installé','Vous avez installé le module Yotpo','Partenaires'),(176,1,'Yotpo configured','You have configured the Yotpo module','Partners'),(176,2,'Yotpo configuré','Vous avez configuré le module Yotpo','Partenaires'),(177,1,'Yotpo active','Your Yotpo module is active','Partners'),(177,2,'Yotpo actif','Le module Yotpo est actif','Partenaires'),(178,1,'Yotpo very active','Your Yotpo module is very active','Partners'),(178,2,'Yotpo très actif','Le module Yotpo est très actif','Partenaires'),(179,1,'Youstice installed','You have installed the Youstice module','Partners'),(179,2,'Youstice installé','Vous avez installé le module Youstice','Partenaires'),(180,1,'Youstice configured','You have configured the Youstice module','Partners'),(180,2,'Youstice configuré','Vous avez configuré le module Youstice','Partenaires'),(181,1,'Youstice active','Your Youstice module is active','Partners'),(181,2,'Youstice actif','Le module Youstice est actif','Partenaires'),(182,1,'Youstice very active','Your Youstice module is very active','Partners'),(182,2,'Youstice très actif','Le module Youstice est très actif','Partenaires'),(183,1,'Loyalty Lion installed','You have installed the Loyalty Lion module','Partners'),(183,2,'Loyalty Lion installé','Vous avez installé le module Loyalty Lion','Partenaires'),(184,1,'Loyalty Lion configured','You have configured the Loyalty Lion module','Partners'),(184,2,'Loyalty Lion configuré','Vous avez configuré le module Loyalty Lion','Partenaires'),(185,1,'Loyalty Lion active','Your Loyalty Lion module is active','Partners'),(185,2,'Loyalty Lion actif','Le module Loyalty Lion est actif','Partenaires'),(186,1,'Loyalty Lion very active','Your Loyalty Lion module is very active','Partners'),(186,2,'Loyalty Lion très actif','Le module Loyalty Lion est très actif','Partenaires'),(187,1,'SEO','You enabled the URL rewriting through the tab \"Preferences > SEO and URLs\".','SEO'),(187,2,'Référencement','Vous avez activé la réécriture d\'URL via l\'onglet \"Préférences > SEO et URLs\".','Référencement'),(188,1,'Site Performance','You enabled CCC (Combine, Compress and Cache), Rijndael and Smarty through the tab \r\nAdvanced Parameters > Performance.','Site Performance'),(188,2,'Performances','Vous avez activé CCC (Concaténation, Compression et mise en Cache), Rijndael et Smarty via l\'onglet \"Paramètres avancés > Performances\".','Performances'),(189,1,'Site Performance','You enabled media servers through the tab \"Advanced parameters > Performance\".','Site Performance'),(189,2,'Performances','Vous avez activé des serveurs de médias via l\'onglet \" Paramètres avancés > Performances\". ','Performances'),(190,1,'Payment','You configured a payment solution on your shop.','Payment'),(190,2,'Moyens de paiement','Vous avez configuré une méthode de paiement sur votre boutique.','Moyens de paiement'),(191,1,'Payment','You offer two different payment methods to your customers.','Payment'),(191,2,'Moyens de paiement','Vous offrez 2 méthodes de paiement différentes à vos clients.','Moyens de paiement'),(192,1,'Shipping','You configured a carrier on your shop.','Shipping'),(192,2,'Solutions de transport','Vous avez configuré un transporteur sur votre boutique.','Solutions de transport'),(193,1,'Shipping','You offer two shipping solutions (carriers) to your customers.','Shipping'),(193,2,'Solutions de transport','Vous proposez 2 solutions de livraison (transporteurs) à vos clients.','Solutions de transport'),(194,1,'Catalog Size','You added your first product to your catalog!','Catalog Size'),(194,2,'Taille de catalogue','Vous avez créé le premier produit dans votre catalogue.','Taille de catalogue'),(195,1,'Catalog Size','You have 10 products within your catalog.','Catalog Size'),(195,2,'Taille de catalogue','Vous avez 10 produits au sein de votre catalogue.','Taille de catalogue'),(196,1,'Contact information','You configured your phone number so your customers can reach you!','Contact information'),(196,2,'Points de contact','Vous avez configuré votre numéro de téléphone en guise de point de contact.','Points de contact'),(197,1,'Contact information','You added a third email address to your contact form.','Contact information'),(197,2,'Points de contact','Vous avez configuré une troisième adresse via votre formulaire de contact.','Points de contact'),(198,1,'Contact information','You suggest a total of 5 departments to be reached by your customers via your contact form.','Contact information'),(198,2,'Points de contact','5 services différents peuvent être contactés via votre formulaire de contact.','Points de contact'),(199,1,'Catalog Size','You have 100 products within your catalog.','Catalog Size'),(199,2,'Taille de catalogue','Vous avez 100 produits au sein de votre catalogue.','Taille de catalogue'),(200,1,'Catalog Size','You have 1,000 products within your catalog.','Catalog Size'),(200,2,'Taille de catalogue','Vous avez 1 000 produits au sein de votre catalogue.','Taille de catalogue'),(201,1,'Catalog Size','You have 10,000 products within your catalog.','Catalog Size'),(201,2,'Taille de catalogue','Vous avez 10 000 produits au sein de votre catalogue.','Taille de catalogue'),(202,1,'Catalog Size','You have 100,000 products within your catalog.','Catalog Size'),(202,2,'Taille de catalogue','Vous avez 100 000 produits au sein de votre catalogue.','Taille de catalogue'),(203,1,'Days of Experience','You just installed PrestaShop!','Days of Experience'),(203,2,'Expérience','Vous avez installé PrestaShop !','Expérience'),(204,1,'Days of Experience','You installed PrestaShop a week ago!','Days of Experience'),(204,2,'Expérience','Vous avez démarré avec PrestaShop il y a une semaine !','Expérience'),(205,1,'Customization','You uploaded your own logo.','Customization'),(205,2,'Personnalisation','Vous avez ajouté votre logo.','Personnalisation'),(206,1,'Customization','You installed a new template.','Customization'),(206,2,'Personnalisation','Vous avez installé un nouveau thème graphique.','Personnalisation'),(207,1,'Addons','You connected your back-office to the Addons platform using your PrestaShop Addons account.','Addons'),(207,2,'Addons','Vous avez connecté votre back-office à la plateforme Addons grâce à votre compte PrestaShop Addons.','Addons'),(208,1,'Multistores','You enabled the Multistores feature.','Multistores'),(208,2,'Multi-boutiques','Vous avez activé le multi-boutiques.','Multi-boutiques'),(209,1,'Multistores','You manage two shops with the Multistores feature.','Multistores'),(209,2,'Multi-boutiques','Vous gérez 2 boutiques différentes via la fonctionnalité de multi-boutiques.','Multi-boutiques'),(210,1,'Multistores','You manage two different groups of shops using the Multistores feature.','Multistores'),(210,2,'Multi-boutiques','Vous gérez 2 groupes de boutiques grâce à la fonctionnalité du multi-boutiques.','Multi-boutiques'),(211,1,'Multistores','You manage five shops with the Multistores feature.','Multistores'),(211,2,'Multi-boutiques','Vous gérez 5 boutiques différentes via la fonctionnalité de multi-boutiques.','Multi-boutiques'),(212,1,'Multistores','You manage five different groups of shops using the Multistores feature.','Multistores'),(212,2,'Multi-boutiques','Vous gérez 5 groupes de boutiques grâce à la fonctionnalité du multi-boutiques.','Multi-boutiques'),(213,1,'Shipping','You offer three different shipping solutions (carriers) to your customers.','Shipping'),(213,2,'Solutions de transport','Vous proposez 3 solutions de livraison différentes (transporteurs) à vos clients.','Solutions de transport'),(214,1,'Payment','You offer three different payment methods to your customers.','Payment'),(214,2,'Moyens de paiement','Vous offrez 3 méthodes de paiement différentes à vos clients.','Moyens de paiement'),(215,1,'Revenue','You get this badge when you reach 200 USD in sales.','Revenue'),(215,2,'Chiffre d\'affaires','Vous remportez ce badge lorsque vous atteignez un chiffre d\'affaires de 100 EUR.','Chiffre d\'affaires'),(216,1,'Revenue','You get this badge when you reach 1000 USD in sales.','Revenue'),(216,2,'Chiffre d\'affaires','Vous remportez ce badge lorsque vous atteignez un chiffre d\'affaires de 1000 EUR.','Chiffre d\'affaires'),(217,1,'Revenue','You get this badge when you reach 1000 USD in sales.','Revenue'),(217,2,'Chiffre d\'affaires','Vous remportez ce badge lorsque vous atteignez un chiffre d\'affaires de 10 000 EUR.','Chiffre d\'affaires'),(218,1,'Revenue','You get this badge when you reach 200 USD in sales.','Revenue'),(218,2,'Chiffre d\'affaires','Vous remportez ce badge lorsque vous atteignez un chiffre d\'affaires de 100 000 EUR.','Chiffre d\'affaires'),(219,1,'Revenue','You get this badge when you reach 1000 USD in sales.','Revenue'),(219,2,'Chiffre d\'affaires','Vous remportez ce badge lorsque vous atteignez un chiffre d\'affaires de 1 000 000 EUR','Chiffre d\'affaires'),(220,1,'Revenue','You get this badge when you reach 1000 USD in sales.','Revenue'),(220,2,'Chiffre d\'affaires','Vous remportez ce badge lorsque vous atteignez un chiffre d\'affaires de 10 000 000 EUR.','Chiffre d\'affaires'),(221,1,'Days of Experience','You installed PrestaShop a month ago!','Days of Experience'),(221,2,'Expérience','Déjà un mois que vous avez installé PrestaShop !','Expérience'),(222,1,'Days of Experience','You installed PrestaShop six months ago!','Days of Experience'),(222,2,'Expérience','Vous avez installé PrestaShop il y a 6 mois !','Expérience'),(223,1,'Days of Experience','You installed PrestaShop a year ago!','Days of Experience'),(223,2,'Expérience','Vous avez installé PrestaShop il y a un an !','Expérience'),(224,1,'Days of Experience','You installed PrestaShop two years ago!','Days of Experience'),(224,2,'Expérience','Vous avez installé PrestaShop il y a deux ans !','Expérience'),(225,1,'Visitors','You reached 10 visitors!','Visitors'),(225,2,'Visiteurs','Vous avez accueilli 10 visiteurs !','Visiteurs'),(226,1,'Visitors','You reached 100 visitors!','Visitors'),(226,2,'Visiteurs','Vous avez accueilli 100 visiteurs !','Visiteurs'),(227,1,'Visitors','You reached 1,000 visitors!','Visitors'),(227,2,'Visiteurs','Vous avez accueilli 1 000 visiteurs !','Visiteurs'),(228,1,'Visitors','You reached 10,000 visitors!','Visitors'),(228,2,'Visiteurs','Vous avez accueilli 10 000 visiteurs !','Visiteurs'),(229,1,'Visitors','You reached 100,000 visitors!','Visitors'),(229,2,'Visiteurs','Vous avez accueilli 100 000 visiteurs !','Visiteurs'),(230,1,'Visitors','You reached 1,000,000 visitors!','Visitors'),(230,2,'Visiteurs','Vous avez accueilli un million de visiteurs !','Visiteurs'),(231,1,'Customer Carts','Two carts have been created by visitors','Customer Carts'),(231,2,'Paniers','2 paniers ont été créés par vos visiteurs.','Paniers'),(232,1,'Customer Carts','Ten carts have been created by visitors.','Customer Carts'),(232,2,'Paniers','10 paniers ont été créés par vos visiteurs.','Paniers'),(233,1,'Customer Carts','A hundred carts have been created by visitors on your shop.','Customer Carts'),(233,2,'Paniers','100 paniers ont été créés par vos visiteurs.','Paniers'),(234,1,'Customer Carts','A thousand carts have been created by visitors on your shop.','Customer Carts'),(234,2,'Paniers','1 000 paniers ont été créés par vos visiteurs.','Paniers'),(235,1,'Customer Carts','10,000 carts have been created by visitors.','Customer Carts'),(235,2,'Paniers','10 000 paniers ont été créés par vos visiteurs.','Paniers'),(236,1,'Customer Carts','100,000 carts have been created by visitors.','Customer Carts'),(236,2,'Paniers','100 000 paniers ont été créés par vos visiteurs.','Paniers'),(237,1,'Orders','You received your first order.','Orders'),(237,2,'Commandes','Vous avez reçu votre première commande.','Commandes'),(238,1,'Orders','10 orders have been placed through your online shop.','Orders'),(238,2,'Commandes','10 commandes ont été passées sur votre boutique.','Commandes'),(239,1,'Orders','You received 100 orders through your online shop!','Orders'),(239,2,'Commandes','100 commandes ont été passées sur votre boutique.','Commandes'),(240,1,'Orders','You received 1,000 orders through your online shop, congrats!','Orders'),(240,2,'Commandes','1 000 commandes ont été passées sur votre boutique. Bravo !','Commandes'),(241,1,'Orders','You received 10,000 orders through your online shop, cheers!','Orders'),(241,2,'Commandes','10 000 commandes ont été passées sur votre boutique, félicitations !','Commandes'),(242,1,'Orders','You received 100,000 orders through your online shop!','Orders'),(242,2,'Commandes','100 000 commandes ont été passées sur votre boutique.','Commandes'),(243,1,'Customer Service Threads','You received  your first customer\'s message.','Customer Service Threads'),(243,2,'Messages Clients','Vous avez reçu votre premier message client.','Messages Clients'),(244,1,'Customer Service Threads','You received 10 messages from your customers.','Customer Service Threads'),(244,2,'Messages Clients','Vous avez reçu 10 messages clients.','Messages Clients'),(245,1,'Customer Service Threads','You received 100 messages from your customers.','Customer Service Threads'),(245,2,'Messages Clients','Vous avez reçu 100 messages clients.','Messages Clients'),(246,1,'Customer Service Threads','You received 1,000 messages from your customers.','Customer Service Threads'),(246,2,'Messages Clients','Vous avez reçu 1 000 messages clients.','Messages Clients'),(247,1,'Customer Service Threads','You received 10,000 messages from your customers.','Customer Service Threads'),(247,2,'Messages Clients','Vous avez reçu 10 000 messages clients.','Messages Clients'),(248,1,'Customer Service Threads','You received 100,000 messages from your customers.','Customer Service Threads'),(248,2,'Messages Clients','Vous avez reçu 100 000 messages clients.','Messages Clients'),(249,1,'Customers','You got the first customer registered on your shop!','Customers'),(249,2,'Clients','Votre premier client vient de s\'inscrire à votre boutique !','Clients'),(250,1,'Customers','You have over 10 customers registered on your shop.','Customers'),(250,2,'Clients','Vous avez plus de 10 clients inscrits sur votre boutique.','Clients'),(251,1,'Customers','You have over 100 customers registered on your shop.','Customers'),(251,2,'Clients','Vous avez plus de 100 clients inscrits sur votre boutique.','Clients'),(252,1,'Customers','You have over 1,000 customers registered on your shop.','Customers'),(252,2,'Clients','Vous avez plus de 1 000 clients inscrits sur votre boutique.','Clients'),(253,1,'Customers','You have over 10,000 customers registered on your shop.','Customers'),(253,2,'Clients','Vous avez plus de 10 000 clients inscrits sur votre boutique.','Clients'),(254,1,'Customers','You have over 100,000 customers registered on your shop.','Customers'),(254,2,'Clients','Vous avez plus de 100 000 clients inscrits sur votre boutique.','Clients'),(260,1,'North America','You got your first sale in North America','North America'),(260,2,'Amérique du Nord','Vous avez réalisé votre première vente en Amérique du Nord','Amérique du Nord'),(261,1,'Oceania','You got your first sale in Oceania','Oceania'),(261,2,'Océanie','Vous avez réalisé votre première vente en Océanie','Océanie'),(262,1,'Asia','You got your first sale in Asia','Asia'),(262,2,'Asie','Vous avez réalisé votre première vente en Asie','Asie'),(263,1,'South America','You got your first sale in South America','South America'),(263,2,'Amérique du Sud','Vous avez réalisé votre première vente en Amérique du Sud','Amérique du Sud'),(264,1,'Africa','You got your first sale in Africa','Africa'),(264,2,'Afrique','Vous avez réalisé votre première vente en Afrique','Afrique'),(265,1,'Maghreb','You got your first sale in Maghreb','Maghreb'),(265,2,'Maghreb','Vous avez réalisé votre première vente au Maghreb','Maghreb'),(266,1,'Your Team\'s Employees','First employee account added to your shop','Your Team\'s Employees'),(266,2,'Equipe','1er compte d\'employé ajouté à votre boutique','Equipe'),(267,1,'Your Team\'s Employees','3 employee accounts added to your shop','Your Team\'s Employees'),(267,2,'Equipe','3 comptes d\'employé ajoutés à votre boutique','Equipe'),(268,1,'Your Team\'s Employees','5 employee accounts added to your shop','Your Team\'s Employees'),(268,2,'Equipe','5 comptes d\'employé ajoutés à votre boutique','Equipe'),(269,1,'Your Team\'s Employees','10 employee accounts added to your shop','Your Team\'s Employees'),(269,2,'Equipe','10 comptes d\'employé ajoutés à votre boutique','Equipe'),(270,1,'Your Team\'s Employees','20 employee accounts added to your shop','Your Team\'s Employees'),(270,2,'Equipe','20 comptes d\'employé ajoutés à votre boutique','Equipe'),(271,1,'Your Team\'s Employees','40 employee accounts added to your shop','Your Team\'s Employees'),(271,2,'Equipe','40 comptes d\'employé ajoutés à votre boutique','Equipe'),(272,1,'Product Pictures','First photo added to your catalog','Product Pictures'),(272,2,'Photos produits','1re photo de produits ajoutée à votre catalogue','Photos produits'),(273,1,'Product Pictures','50 photos added to your catalog','Product Pictures'),(273,2,'Photos produits','50 photos de produits ajoutées à votre catalogue','Photos produits'),(274,1,'Product Pictures','100 photos added to your catalog','Product Pictures'),(274,2,'Photos produits','100 photos de produits ajoutées à votre catalogue','Photos produits'),(275,1,'Product Pictures','1,000 photos added to your catalog','Product Pictures'),(275,2,'Photos produits','1 000 photos de produits ajoutées à votre catalogue','Photos produits'),(276,1,'Product Pictures','10,000 photos added to your catalog','Product Pictures'),(276,2,'Photos produits','10 000 photos de produits ajoutées à votre catalogue','Photos produits'),(277,1,'Product Pictures','50,000 photos added to your catalog','Product Pictures'),(277,2,'Photos produits','50 000 photos de produits ajoutées à votre catalogue','Photos produits'),(278,1,'Customization','First CMS page added to your catalog','Customization'),(278,2,'Personnalisation','1re page CMS ajoutée à votre catalogue','Personnalisation'),(279,1,'Cart Rules','First cart rules configured on your shop','Cart Rules'),(279,2,'Règles panier','1re règle de promotion configurée sur votre boutique','Règles panier'),(280,1,'Cart Rules','You have 10 cart rules configured on your shop','Cart Rules'),(280,2,'Règles panier','Vous avez 10 règles de promotion configurées sur votre boutique','Règles panier'),(281,1,'Cart Rules','You have 100 cart rules configured on your shop','Cart Rules'),(281,2,'Règles panier','Vous avez 100 règles de promotion configurées sur votre boutique','Règles panier'),(282,1,'Cart Rules','You have 500 cart rules configured on your shop','Cart Rules'),(282,2,'Règles panier','Vous avez 500 règles de promotion configurées sur votre boutique','Règles panier'),(283,1,'Cart Rules','You have 1,000 cart rules configured on your shop','Cart Rules'),(283,2,'Règles panier','Vous avez 1 000 règles de promotion configurées sur votre boutique','Règles panier'),(284,1,'Cart Rules','You have 5,000 cart rules configured on your shop','Cart Rules'),(284,2,'Règles panier','Vous avez 5 000 règles de promotion configurées sur votre boutique','Règles panier'),(285,1,'International Orders','First international order placed on your shop.','International Orders'),(285,2,'Commandes à l\'étranger','Première commande passée par un client international sur votre boutique.','Commandes à l\'étranger'),(286,1,'International Orders','10 international orders placed on your shop.','International Orders'),(286,2,'Commandes à l\'étranger','10 commandes passées par des clients internationaux sur votre boutique.','Commandes à l\'étranger'),(287,1,'International Orders','100 international orders placed on your shop!','International Orders'),(287,2,'Commandes à l\'étranger','100 commandes passées par des clients internationaux sur votre boutique !','Commandes à l\'étranger'),(288,1,'International Orders','1,000 international orders placed on your shop!','International Orders'),(288,2,'Commandes à l\'étranger','1 000 commandes passées par des clients internationaux sur votre boutique !','Commandes à l\'étranger'),(289,1,'International Orders','5,000 international orders placed on your shop!','International Orders'),(289,2,'Commandes à l\'étranger','5 000 commandes passées par des clients internationaux sur votre boutique !','Commandes à l\'étranger'),(290,1,'International Orders','10,000 international orders placed on your shop!','International Orders'),(290,2,'Commandes à l\'étranger','10 000 commandes passées par des clients internationaux sur votre boutique','Commandes à l\'étranger'),(291,1,'Store','First store configured on your shop!','Store'),(291,2,'Boutique Physique','Premier magasin configuré sur votre boutique','Boutique Physique'),(292,1,'Store','You have 2 stores configured on your shop','Store'),(292,2,'Boutique Physique','Vous avez 2 magasins configurés sur votre boutique','Boutique Physique'),(293,1,'Store','You have 5 stores configured on your shop','Store'),(293,2,'Boutique Physique','Vous avez 5 magasins configurés sur votre boutique','Boutique Physique'),(294,1,'Store','You have 10 stores configured on your shop','Store'),(294,2,'Boutique Physique','Vous avez 10 magasins configurés sur votre boutique','Boutique Physique'),(295,1,'Store','You have 20 stores configured on your shop','Store'),(295,2,'Boutique Physique','Vous avez 20 magasins configurés sur votre boutique','Boutique Physique'),(296,1,'Store','You have 50 stores configured on your shop','Store'),(296,2,'Boutique Physique','Vous avez 50 magasins configurés sur votre boutique','Boutique Physique'),(297,1,'Webservice x1','First webservice account added to your shop','WebService'),(297,2,'Webservice x1','1er compte webservice ajouté à votre boutique\r\n','WebService'),(298,1,'Webservice x2','2 webservice accounts added to your shop','WebService'),(298,2,'Webservice x2','2 comptes webservice ajoutés à votre boutique','WebService'),(299,1,'Webservice x3','3 webservice accounts added to your shop','WebService'),(299,2,'Webservice x3','3 comptes webservice ajoutés à votre boutique','WebService'),(300,1,'Webservice x4','4 webservice accounts added to your shop','WebService'),(300,2,'Webservice x4','4 comptes webservice ajoutés à votre boutique','WebService'),(301,1,'Alliance Payment installed','You have installed the Alliance Payment module','Partners'),(301,2,'Alliance Payment installed','',''),(302,1,'Alliance Payment configured','You have configured the Alliance Payment module','Partners'),(302,2,'Alliance Payment configured','',''),(303,1,'Alliance Payment active','Your Alliance Payment module is active','Partners'),(303,2,'Alliance Payment active','',''),(304,1,'Alliance Payment very active','Your Alliance Payment module is very active','Partners'),(304,2,'Alliance Payment very active','',''),(305,1,'Blue Pay installed','You have installed the Blue Pay module','Partners'),(305,2,'Blue Pay installed','',''),(306,1,'Blue Pay configured','You have configured the Blue Pay module','Partners'),(306,2,'Blue Pay configured','',''),(307,1,'Blue Pay active','Your Blue Pay module is active','Partners'),(307,2,'Blue Pay active','',''),(308,1,'Blue Pay very active','Your Blue Pay module is very active','Partners'),(308,2,'Blue Pay very active','',''),(309,1,'Europe','You got your first sale in  Europe!','Europe'),(309,2,'Europe','','');

--
-- Table structure for table `gcahdy_btmegamenu`
--

CREATE TABLE `gcahdy_btmegamenu` (
  `id_btmegamenu` int(11) NOT NULL AUTO_INCREMENT,
  `image` varchar(255) NOT NULL,
  `id_parent` int(11) NOT NULL,
  `is_group` tinyint(1) NOT NULL,
  `width` varchar(255) DEFAULT NULL,
  `submenu_width` varchar(255) DEFAULT NULL,
  `submenu_colum_width` varchar(255) DEFAULT NULL,
  `item` varchar(255) DEFAULT NULL,
  `colums` varchar(255) DEFAULT NULL,
  `type` varchar(255) NOT NULL,
  `is_content` tinyint(1) NOT NULL,
  `show_title` tinyint(1) NOT NULL,
  `level_depth` smallint(6) NOT NULL,
  `active` tinyint(1) NOT NULL,
  `position` int(11) NOT NULL,
  `submenu_content` text NOT NULL,
  `show_sub` tinyint(1) NOT NULL,
  `target` varchar(25) DEFAULT NULL,
  `privacy` smallint(6) DEFAULT NULL,
  `position_type` varchar(25) DEFAULT NULL,
  `menu_class` varchar(25) DEFAULT NULL,
  `content` text,
  `icon_class` varchar(255) DEFAULT NULL,
  `level` int(11) NOT NULL,
  `left` int(11) NOT NULL,
  `right` int(11) NOT NULL,
  `submenu_catids` text,
  `is_cattree` tinyint(1) DEFAULT '1',
  `date_add` datetime DEFAULT NULL,
  `date_upd` datetime DEFAULT NULL,
  `groupBox` varchar(255) DEFAULT 'all',
  PRIMARY KEY (`id_btmegamenu`)
) ENGINE=InnoDB AUTO_INCREMENT=224 DEFAULT CHARSET=utf8;

--
-- Dumping data for table `gcahdy_btmegamenu`
--

INSERT INTO `gcahdy_btmegamenu` VALUES (143,'',1,0,'','','','6','1','empty',0,1,1,1,0,'',0,'_blank',0,'','menu-disabled','','',0,0,0,'',1,'2018-01-31 16:46:59','2018-03-22 09:41:27','1,2,3'),(144,'',143,0,'','','','7','1','cms',0,1,2,1,1,'',0,'_self',0,'','','','',0,0,0,'',1,'2018-01-31 16:46:59','2018-02-23 10:33:53','1,2,3'),(147,'',143,0,'','','','6','1','cms',0,1,2,1,0,'',0,'_self',0,'','','','',0,0,0,'',1,'2018-01-31 16:46:59','2018-02-23 10:30:57','1,2,3'),(149,'',1,0,'','','','12','1','url',0,1,1,1,3,'',0,'_self',0,'','','','',0,0,0,'',1,'2018-01-31 16:47:00','2018-03-23 15:10:17','1,2,3'),(151,'',1,0,'','','','','1','url',0,1,1,1,2,'',0,'_self',0,'','','','',0,0,0,'',1,'2018-01-31 16:47:00','2019-05-07 17:21:34','1,2,3'),(159,'',1,0,'','','','','1','url',0,1,1,1,4,'',0,'_self',0,'','','','',0,0,0,'',1,'2018-01-31 16:47:01','2018-02-15 16:32:23','1,2,3'),(163,'',1,0,'','','','3','1','category',0,1,1,1,1,'',0,'_self',0,'','','','',0,0,0,'',1,'2018-02-02 09:22:57','2018-04-04 15:14:24','1,2,3'),(164,'',163,0,'','','','4','1','category',0,1,2,1,0,'',0,'_self',0,'','','','',0,0,0,'',1,'2018-02-02 09:24:27','2018-03-06 15:19:35','1,2,3'),(165,'',163,0,'','','','5','1','category',0,1,2,1,1,'',0,'_self',0,'','','','',0,0,0,'',1,'2018-02-02 09:25:11','2018-03-06 15:22:17','1,2,3'),(166,'',163,0,'','','','6','1','category',0,1,2,1,2,'',0,'_self',0,'','','','',0,0,0,'',1,'2018-02-02 09:25:41','2018-03-06 15:13:43','1,2,3'),(167,'',163,0,'','','','7','1','category',0,1,2,1,3,'',0,'_self',0,'','','','',0,0,0,'',1,'2018-02-02 09:26:10','2019-04-25 08:50:27','1,2,3'),(168,'',164,0,'','','','8','1','category',0,1,1,1,0,'',0,'_self',0,'','','','',0,0,0,'',1,'2018-02-02 09:27:31','2018-02-02 09:27:31','1,2,3'),(169,'',168,0,'','','','9','1','category',0,1,1,1,0,'',0,'_self',0,'','','','',0,0,0,'',1,'2018-02-02 09:27:57','2018-02-02 09:28:29','1,2,3'),(170,'',143,0,'','','','8','1','cms',0,1,2,1,2,'',0,'_self',0,'','','','',0,0,0,'',1,'2018-02-02 10:34:29','2018-02-23 10:39:08','1,2,3'),(171,'',143,0,'','','','9','1','cms',0,1,2,1,3,'',0,'_self',0,'','','','',0,0,0,'',1,'2018-02-02 10:35:24','2018-02-23 10:41:48','1,2,3'),(173,'',164,0,'','','','14','1','category',0,1,3,1,1,'',0,'_self',0,'','','','',0,0,0,'',1,'2018-03-06 15:29:57','2018-03-06 15:29:57','1,2,3'),(174,'',164,0,'','','','17','1','category',0,1,3,1,3,'',0,'_self',0,'','','','',0,0,0,'',1,'2018-03-06 15:31:39','2018-03-06 15:31:39','1,2,3'),(175,'',164,0,'','','','21','1','category',0,1,3,1,4,'',0,'_self',0,'','','','',0,0,0,'',1,'2018-03-06 15:32:27','2018-03-06 15:32:27','1,2,3'),(176,'',164,0,'','','','27','1','category',0,1,3,1,5,'',0,'_self',0,'','','','',0,0,0,'',1,'2018-03-06 15:33:47','2018-03-06 15:33:47','1,2,3'),(177,'',168,0,'','','','10','1','category',0,1,2,1,1,'',0,'_self',0,'','','','',0,0,0,'',1,'2018-03-06 15:34:36','2018-03-06 15:34:36','1,2,3'),(178,'',168,0,'','','','11','1','category',0,1,2,1,2,'',0,'_self',0,'','','','',0,0,0,'',1,'2018-03-06 15:36:09','2018-03-06 15:36:09','1,2,3'),(179,'',168,0,'','','','12','1','category',0,1,2,1,3,'',0,'_self',0,'','','','',0,0,0,'',1,'2018-03-06 15:36:58','2018-03-06 15:36:58','1,2,3'),(180,'',168,0,'','','','13','1','category',0,1,2,1,4,'',0,'_self',0,'','','','',0,0,0,'',1,'2018-03-06 15:37:52','2018-03-06 15:37:52','1,2,3'),(181,'',173,0,'','','','15','1','category',0,1,4,1,0,'',0,'_self',0,'','','','',0,0,0,'',1,'2018-03-06 15:39:21','2018-03-06 15:39:21','1,2,3'),(182,'',173,0,'','','','16','1','category',0,1,4,1,1,'',0,'_self',0,'','','','',0,0,0,'',1,'2018-03-06 15:40:04','2018-03-06 15:40:04','1,2,3'),(183,'',174,0,'','','','18','1','category',0,1,4,1,0,'',0,'_self',0,'','','','',0,0,0,'',1,'2018-03-06 15:41:27','2018-03-06 15:41:27','1,2,3'),(184,'',174,0,'','','','19','1','category',0,1,4,1,1,'',0,'_self',0,'','','','',0,0,0,'',1,'2018-03-06 15:43:57','2018-03-06 15:43:57','1,2,3'),(185,'',174,0,'','','','20','1','category',0,1,4,1,2,'',0,'_self',0,'','','','',0,0,0,'',1,'2018-03-06 15:44:35','2018-03-06 15:44:35','1,2,3'),(186,'',175,0,'','','','22','1','category',0,1,4,1,0,'',0,'_self',0,'','','','',0,0,0,'',1,'2018-03-06 15:47:47','2018-03-06 15:47:47','1,2,3'),(187,'',175,0,'','','','23','1','category',0,1,4,1,1,'',0,'_self',0,'','','','',0,0,0,'',1,'2018-03-06 15:48:20','2018-03-06 15:48:20','1,2,3'),(188,'',175,0,'','','','24','1','category',0,1,4,1,2,'',0,'_self',0,'','','','',0,0,0,'',1,'2018-03-06 15:49:06','2018-03-06 15:49:06','1,2,3'),(189,'',175,0,'','','','25','1','category',0,1,4,1,3,'',0,'_self',0,'','','','',0,0,0,'',1,'2018-03-06 15:51:21','2018-03-06 15:51:21','1,2,3'),(190,'',175,0,'','','','26','1','category',0,1,4,1,4,'',0,'_self',0,'','','','',0,0,0,'',1,'2018-03-06 15:52:35','2018-03-06 15:52:35','1,2,3'),(191,'',176,0,'','','','28','1','category',0,1,4,1,0,'',0,'_self',0,'','','','',0,0,0,'',1,'2018-03-06 15:53:21','2018-03-06 15:53:21','1,2,3'),(192,'',176,0,'','','','29','1','category',0,1,4,1,1,'',0,'_self',0,'','','','',0,0,0,'',1,'2018-03-06 15:54:32','2018-03-06 15:54:32','1,2,3'),(193,'',176,0,'','','','30','1','category',0,1,4,1,2,'',0,'_self',0,'','','','',0,0,0,'',1,'2018-03-06 15:55:44','2018-03-06 15:55:44','1,2,3'),(194,'',165,0,'','','','31','1','category',0,1,3,1,0,'',0,'_self',0,'','','','',0,0,0,'',1,'2018-03-06 15:56:42','2018-03-06 15:56:42','1,2,3'),(195,'',165,0,'','','','32','1','category',0,1,3,1,1,'',0,'_self',0,'','','','',0,0,0,'',1,'2018-03-06 15:57:14','2018-03-06 15:57:14','1,2,3'),(196,'',165,0,'','','','33','1','category',0,1,3,1,3,'',0,'_self',0,'','','','',0,0,0,'',1,'2018-03-06 15:57:36','2018-03-06 15:57:36','1,2,3'),(197,'',165,0,'','','','34','1','category',0,1,3,1,4,'',0,'_self',0,'','','','',0,0,0,'',1,'2018-03-06 15:59:13','2018-03-06 15:59:13','1,2,3'),(198,'',165,0,'','','','35','1','category',0,1,3,1,6,'',0,'_self',0,'','','','',0,0,0,'',1,'2018-03-06 15:59:49','2018-03-06 15:59:49','1,2,3'),(199,'',166,0,'','','','36','1','category',0,1,3,1,0,'',0,'_self',0,'','','','',0,0,0,'',1,'2018-03-06 16:01:14','2018-03-06 16:01:14','1,2,3'),(200,'',199,0,'','','','37','1','category',0,1,4,1,0,'',0,'_self',0,'','','','',0,0,0,'',1,'2018-03-06 16:01:55','2018-03-06 16:01:55','1,2,3'),(201,'',166,0,'','','','38','1','category',0,1,3,1,1,'',0,'_self',0,'','','','',0,0,0,'',1,'2018-03-06 16:02:38','2018-03-06 16:02:38','1,2,3'),(202,'',201,0,'','','','39','1','category',0,1,4,1,0,'',0,'_self',0,'','','','',0,0,0,'',1,'2018-03-06 16:03:43','2018-11-08 15:42:49','1,2,3'),(203,'',201,0,'','','','40','1','category',0,1,4,1,1,'',0,'_self',0,'','','','',0,0,0,'',1,'2018-03-06 16:04:36','2018-11-08 15:43:08','1,2,3'),(204,'',201,0,'','','','41','1','category',0,1,4,1,2,'',0,'_self',0,'','','','',0,0,0,'',1,'2018-03-06 16:05:13','2018-03-06 16:05:13','1,2,3'),(205,'',166,0,'','','','42','1','category',0,1,3,1,2,'',0,'_self',0,'','','','',0,0,0,'',1,'2018-03-06 16:07:33','2018-03-06 16:07:33','1,2,3'),(206,'',205,0,'','','','43','1','category',0,1,4,1,0,'',0,'_self',0,'','','','',0,0,0,'',1,'2018-03-06 16:08:08','2018-03-06 16:08:08','1,2,3'),(207,'',205,0,'','','','44','1','category',0,1,4,1,1,'',0,'_self',0,'','','','',0,0,0,'',1,'2018-03-06 16:10:23','2018-03-06 16:10:23','1,2,3'),(208,'',205,0,'','','','45','1','category',0,1,4,1,2,'',0,'_self',0,'','','','',0,0,0,'',1,'2018-03-06 16:13:09','2018-03-06 16:13:09','1,2,3'),(209,'',205,0,'','','','46','1','category',0,1,4,1,3,'',0,'_self',0,'','','','',0,0,0,'',1,'2018-03-06 16:14:21','2018-03-06 16:14:21','1,2,3'),(210,'',167,0,'','','','47','1','category',0,1,3,1,0,'',0,'_self',0,'','','','',0,0,0,'',1,'2018-03-06 16:16:29','2018-03-06 16:16:29','1,2,3'),(211,'',210,0,'','','','48','1','category',0,1,4,1,0,'',0,'_self',0,'','','','',0,0,0,'',1,'2018-03-06 16:17:00','2018-03-06 16:20:27','1,2,3'),(212,'',167,0,'','','','49','1','category',0,1,3,1,1,'',0,'_self',0,'','','','',0,0,0,'',1,'2018-03-06 16:18:16','2018-03-06 16:18:16','1,2,3'),(213,'',212,0,'','','','50','1','category',0,1,4,1,0,'',0,'_self',0,'','','','',0,0,0,'',1,'2018-03-06 16:21:58','2018-03-06 16:21:58','1,2,3'),(214,'',149,0,'','','','','1','url',0,1,2,1,0,'',0,'_self',0,'','','','',0,0,0,'',1,'2018-03-23 15:11:09','2018-04-04 15:23:14','1,2,3'),(215,'',149,0,'','','','','1','url',0,1,2,1,1,'',0,'_self',0,'','','','',0,0,0,'',1,'2018-03-23 15:13:17','2018-04-04 15:30:31','1,2,3'),(216,'',149,0,'','','','','1','url',0,1,2,1,2,'',0,'_self',0,'','','','',0,0,0,'',1,'2018-03-23 15:14:29','2018-04-04 15:31:29','1,2,3'),(217,'',176,0,'','','','51','1','category',0,1,4,1,3,'',0,'_self',0,'','','','',0,0,0,'',1,'2018-06-15 08:55:40','2018-06-21 16:42:49','1,2,3'),(219,'',176,0,'','','','52','1','category',0,1,4,1,4,'',0,'_self',0,'','','','',0,0,0,'',1,'2018-06-15 09:06:17','2018-06-21 16:43:34','1,2,3'),(220,'',165,0,'','','','54','1','category',0,1,3,1,5,'',0,'_self',0,'','','','',0,0,0,'',1,'2018-09-27 14:37:38','2018-09-27 14:37:38','1,2,3'),(221,'',165,0,'','','','55','1','category',0,1,3,1,2,'',0,'_self',0,'','','','',0,0,0,'',1,'2019-03-19 13:31:10','2019-03-19 13:32:14','1,2,3,4,5'),(223,'',164,0,'','','','56','1','category',0,1,3,1,2,'',0,'_self',0,'','','','',0,0,0,'',1,'2019-04-26 16:14:28','2019-04-26 16:19:57','1,2,3,4,5');

--
-- Table structure for table `gcahdy_btmegamenu_lang`
--

CREATE TABLE `gcahdy_btmegamenu_lang` (
  `id_btmegamenu` int(11) NOT NULL,
  `id_lang` int(11) NOT NULL,
  `title` varchar(255) DEFAULT NULL,
  `text` varchar(255) DEFAULT NULL,
  `url` varchar(255) DEFAULT NULL,
  `description` text,
  `content_text` text,
  `submenu_content_text` text,
  PRIMARY KEY (`id_btmegamenu`,`id_lang`)
) ENGINE=InnoDB DEFAULT CHARSET=utf8;

--
-- Dumping data for table `gcahdy_btmegamenu_lang`
--

INSERT INTO `gcahdy_btmegamenu_lang` VALUES (143,1,'La fabrique','','index.php','','',NULL),(143,2,'The factory','','index.php','','',NULL),(144,1,'Savoir-faire','','?id_appagebuilder_profiles=2','','',NULL),(144,2,'Expertise','','?id_appagebuilder_profiles=2','','',NULL),(147,1,'Histoire','','index.php','','',NULL),(147,2,'History','','index.php','','',NULL),(149,1,'Points de vente ','','points-de-vente','','',NULL),(149,2,'Points of sale','','points-of-sale','','',NULL),(151,1,'Le blog','','blog.html','','',NULL),(151,2,'Blog','','blog.html','','',NULL),(159,1,'Contact','','nous-contacter','','',NULL),(159,2,'Contact','','contact-us','','',NULL),(163,1,'La boutique','','','','',NULL),(163,2,'E-shop','','','','',NULL),(164,1,'La table','','','','',NULL),(164,2,'Tableware','','','','',NULL),(165,1,'La cuisine','','','','',NULL),(165,2,'Cooking knives','','','','',NULL),(166,1,'Les fermants','','','','',NULL),(166,2,'Folding knives','','','','',NULL),(167,1,'Les fermants damas','','','','',NULL),(167,2,'Damascus blades','','','','',NULL),(168,1,'Laguiole','','','','',NULL),(168,2,'Laguiole','','','','',NULL),(169,1,'Brasserie','','','','',NULL),(169,2,'Brasserie','','','','',NULL),(170,1,'La forge','','','','',NULL),(170,2,'The forge','','','','',NULL),(171,1,'Nos matières','','','','',NULL),(171,2,'Our materials','','','','',NULL),(173,1,'Laguiole Klasse G','','','','',NULL),(173,2,'Laguiole Klasse G','','','','',NULL),(174,1,'Le Thiers Pirou','','','','',NULL),(174,2,'Le Thiers Pirou','','','','',NULL),(175,1,'Le Thiers','','','','',NULL),(175,2,'Le Thiers','','','','',NULL),(176,1,'Styl\'ver','','','','',NULL),(176,2,'Styl\'ver','','','','',NULL),(177,1,'Avantage','','','','',NULL),(177,2,'Avantage','','','','',NULL),(178,1,'Prestige','','','','',NULL),(178,2,'Prestige','','','','',NULL),(179,1,'Tout inox Avantage','','','','',NULL),(179,2,'Avantage stainless steel','','','','',NULL),(180,1,'Tout inox Prestige','','','','',NULL),(180,2,'Prestige stainless steel','','','','',NULL),(181,1,'Avantage','','','','',NULL),(181,2,'Avantage','','','','',NULL),(182,1,'Tout inox','','','','',NULL),(182,2,'Stainless steel','','','','',NULL),(183,1,'Brasserie','','','','',NULL),(183,2,'Brasserie','','','','',NULL),(184,1,'Avantage','','','','',NULL),(184,2,'Avantage','','','','',NULL),(185,1,'Prestige','','','','',NULL),(185,2,'Prestige','','','','',NULL),(186,1,'Avantage','','','','',NULL),(186,2,'Avantage','','','','',NULL),(187,1,'Prestige','','','','',NULL),(187,2,'Prestige','','','','',NULL),(188,1,'Tout inox monobloc','','','','',NULL),(188,2,'Stainless steel solid handle','','','','',NULL),(189,1,'Tout inox Avantage','','','','',NULL),(189,2,'Tout inox Avantage','','','','',NULL),(190,1,'Tout inox Prestige','','','','',NULL),(190,2,'Prestige stainless steel','','','','',NULL),(191,1,'Brasserie','','','','',NULL),(191,2,'Brasserie','','','','',NULL),(192,1,'Avantage','','','','',NULL),(192,2,'Avantage','','','','',NULL),(193,1,'Tout inox','','','','',NULL),(193,2,'Stainless steel','','','','',NULL),(194,1,'Le Thiers','','','','',NULL),(194,2,'Le Thiers','','','','',NULL),(195,1,'Styl\'ver','','','','',NULL),(195,2,'Styl\'ver','','','','',NULL),(196,1,'F1','','','','',NULL),(196,2,'F1','','','','',NULL),(197,1,'Tradi\'chef','','','','',NULL),(197,2,'Tradi\'chef','','','','',NULL),(198,1,'Blocs','','','','',NULL),(198,2,'Blocks','','','','',NULL),(199,1,'Le Thiers','','','','',NULL),(199,2,'Le Thiers','','','','',NULL),(200,1,'Etui ceinture','','','','',NULL),(200,2,'Belt pouch','','','','',NULL),(201,1,'Le Thiers Pirou','','','','',NULL),(201,2,'Le Thiers Pirou','','','','',NULL),(202,1,'10cm','','','','',NULL),(202,2,'10cm','','','','',NULL),(203,1,'12cm','','','','',NULL),(203,2,'12cm','','','','',NULL),(204,1,'Etui ceinture','','','','',NULL),(204,2,'Belt pouch','','','','',NULL),(205,1,'Styl\'ver','','','','',NULL),(205,2,'Styl\'ver','','','','',NULL),(206,1,'Ressort série','','','','',NULL),(206,2,'Machine chiselling','','','','',NULL),(207,1,'1 mitre, guilloché main','','','','',NULL),(207,2,'1 bolster, handmade chiselling','','','','',NULL),(208,1,'Plein manche, guilloché main','','','','',NULL),(208,2,'Plain handle, handmade chiselling','','','','',NULL),(209,1,'Etui ceinture','','','','',NULL),(209,2,'Belt pouch','','','','',NULL),(210,1,'Le Thiers Pirou','','','','',NULL),(210,2,'Le Thiers Pirou','','','','',NULL),(211,1,'Etui ceinture','','','','',NULL),(211,2,'Belt pouch','','','','',NULL),(212,1,'Styl\'ver','','','','',NULL),(212,2,'Styl\'ver','','','','',NULL),(213,1,'Etui ceinture','','','','',NULL),(213,2,'Belt pouch','','','','',NULL),(214,1,'Trouver un revendeur','','points-de-vente#map','','',NULL),(214,2,'Find a boutique','','points-of-sale#map','','',NULL),(215,1,'Devenir revendeur','','points-de-vente#retailer','','',NULL),(215,2,'Sell our products','','points-of-sale#retailer','','',NULL),(216,1,'Notre catalogue','','points-de-vente#retailer','','',NULL),(216,2,'Catalog','','points-of-sale#retailer','','',NULL),(217,1,'Origines','','','','',NULL),(217,2,'Origines','','','','',NULL),(219,1,'Factory','','','','',NULL),(219,2,'Factory','','','','',NULL),(220,1,'Le P\'tit Tradi','','','','',NULL),(220,2,'Le P\'tit Tradi','','','','',NULL),(221,1,'Tridens','','','','',NULL),(221,2,'Tridens','','','','',NULL),(223,1,'Le Thiers Damas Hestia','','','','',NULL),(223,2,'Le Thiers Damas Hestia','','','','',NULL);

--
-- Table structure for table `gcahdy_btmegamenu_shop`
--

CREATE TABLE `gcahdy_btmegamenu_shop` (
  `id_btmegamenu` int(11) NOT NULL DEFAULT '0',
  `id_shop` int(11) NOT NULL DEFAULT '0',
  PRIMARY KEY (`id_btmegamenu`,`id_shop`)
) ENGINE=InnoDB DEFAULT CHARSET=utf8;

--
-- Dumping data for table `gcahdy_btmegamenu_shop`
--

INSERT INTO `gcahdy_btmegamenu_shop` VALUES (143,1),(144,1),(147,1),(149,1),(151,1),(159,1),(163,1),(164,1),(165,1),(166,1),(167,1),(168,1),(169,1),(170,1),(171,1),(173,1),(174,1),(175,1),(176,1),(177,1),(178,1),(179,1),(180,1),(181,1),(182,1),(183,1),(184,1),(185,1),(186,1),(187,1),(188,1),(189,1),(190,1),(191,1),(192,1),(193,1),(194,1),(195,1),(196,1),(197,1),(198,1),(199,1),(200,1),(201,1),(202,1),(203,1),(204,1),(205,1),(206,1),(207,1),(208,1),(209,1),(210,1),(211,1),(212,1),(213,1),(214,1),(215,1),(216,1),(217,1),(219,1),(220,1),(221,1),(223,1);

--
-- Table structure for table `gcahdy_carrier`
--

CREATE TABLE `gcahdy_carrier` (
  `id_carrier` int(10) unsigned NOT NULL AUTO_INCREMENT,
  `id_reference` int(10) unsigned NOT NULL,
  `id_tax_rules_group` int(10) unsigned DEFAULT '0',
  `name` varchar(64) NOT NULL,
  `url` varchar(255) DEFAULT NULL,
  `active` tinyint(1) unsigned NOT NULL DEFAULT '0',
  `deleted` tinyint(1) unsigned NOT NULL DEFAULT '0',
  `shipping_handling` tinyint(1) unsigned NOT NULL DEFAULT '1',
  `range_behavior` tinyint(1) unsigned NOT NULL DEFAULT '0',
  `is_module` tinyint(1) unsigned NOT NULL DEFAULT '0',
  `is_free` tinyint(1) unsigned NOT NULL DEFAULT '0',
  `shipping_external` tinyint(1) unsigned NOT NULL DEFAULT '0',
  `need_range` tinyint(1) unsigned NOT NULL DEFAULT '0',
  `external_module_name` varchar(64) DEFAULT NULL,
  `shipping_method` int(2) NOT NULL DEFAULT '0',
  `position` int(10) unsigned NOT NULL DEFAULT '0',
  `max_width` int(10) DEFAULT '0',
  `max_height` int(10) DEFAULT '0',
  `max_depth` int(10) DEFAULT '0',
  `max_weight` decimal(20,6) DEFAULT '0.000000',
  `grade` int(10) DEFAULT '0',
  PRIMARY KEY (`id_carrier`),
  KEY `deleted` (`deleted`,`active`),
  KEY `id_tax_rules_group` (`id_tax_rules_group`),
  KEY `reference` (`id_reference`,`deleted`,`active`)
) ENGINE=InnoDB AUTO_INCREMENT=106 DEFAULT CHARSET=utf8;

--
-- Dumping data for table `gcahdy_carrier`
--

INSERT INTO `gcahdy_carrier` VALUES (1,1,0,'Goyon Chazeau','',1,1,0,0,0,0,0,0,'',1,0,0,0,0,0.000000,0),(2,2,0,'My carrier','',1,1,1,0,0,0,0,0,'',1,1,0,0,0,0.000000,0),(3,3,0,'La Poste - Colissimo Simplicité','http://www.colissimo.fr/portail_colissimo/suivreResultat.do?parcelnumber=@',1,1,0,0,1,0,1,1,'socolissimo',1,2,0,0,0,0.000000,0),(4,4,0,'La Poste - Colissimo Simplicité - Commerce de proximité','http://www.colissimo.fr/portail_colissimo/suivreResultat.do?parcelnumber=@',0,1,0,0,1,0,1,1,'socolissimo',1,3,0,0,0,0.000000,0),(5,3,0,'La Poste - Colissimo Simplicité','http://www.colissimo.fr/portail_colissimo/suivreResultat.do?parcelnumber=@',1,1,0,0,1,0,1,1,'socolissimo',1,2,0,0,0,0.000000,0),(6,3,0,'La Poste - Colissimo Simplicité','http://www.colissimo.fr/portail_colissimo/suivreResultat.do?parcelnumber=@',1,1,0,0,1,0,1,1,'socolissimo',1,2,0,0,0,0.000000,0),(7,3,0,'La Poste - Colissimo Simplicité','http://www.colissimo.fr/portail_colissimo/suivreResultat.do?parcelnumber=@',1,1,0,0,1,0,1,1,'socolissimo',1,2,0,0,0,0.000000,0),(8,3,0,'La Poste - Colissimo Simplicité','http://www.colissimo.fr/portail_colissimo/suivreResultat.do?parcelnumber=@',1,1,0,0,1,0,1,1,'socolissimo',1,2,0,0,0,0.000000,0),(9,3,0,'La Poste - Colissimo Simplicité','http://www.colissimo.fr/portail_colissimo/suivreResultat.do?parcelnumber=@',1,1,0,0,1,0,1,1,'socolissimo',1,2,0,0,0,0.000000,0),(10,3,0,'La Poste - Colissimo Simplicité','http://www.colissimo.fr/portail_colissimo/suivreResultat.do?parcelnumber=@',1,1,0,0,1,0,1,1,'socolissimo',1,2,0,0,0,0.000000,0),(11,3,0,'La Poste - Colissimo Simplicité','http://www.colissimo.fr/portail_colissimo/suivreResultat.do?parcelnumber=@',1,1,0,0,1,0,1,1,'socolissimo',1,2,0,0,0,0.000000,0),(12,3,0,'La Poste - Colissimo Simplicité','http://www.colissimo.fr/portail_colissimo/suivreResultat.do?parcelnumber=@',1,1,0,1,1,0,1,1,'socolissimo',1,2,0,0,0,0.000000,0),(13,4,0,'La Poste - Colissimo Simplicité - Commerce de proximité','http://www.colissimo.fr/portail_colissimo/suivreResultat.do?parcelnumber=@',0,1,0,1,1,0,1,1,'socolissimo',1,3,0,0,0,0.000000,0),(14,4,0,'La Poste - Colissimo Simplicité - Commerce de proximité','http://www.colissimo.fr/portail_colissimo/suivreResultat.do?parcelnumber=@',0,1,0,1,1,0,1,1,'socolissimo',1,3,0,0,0,0.000000,0),(15,4,0,'La Poste - Colissimo Simplicité - Commerce de proximité','http://www.colissimo.fr/portail_colissimo/suivreResultat.do?parcelnumber=@',0,1,0,1,1,0,1,1,'socolissimo',1,3,0,0,0,0.000000,0),(16,4,0,'La Poste - Colissimo Simplicité - Commerce de proximité','http://www.colissimo.fr/portail_colissimo/suivreResultat.do?parcelnumber=@',0,1,0,1,1,0,1,1,'socolissimo',1,3,0,0,0,0.000000,0),(17,4,0,'La Poste - Colissimo Simplicité - Commerce de proximité','http://www.colissimo.fr/portail_colissimo/suivreResultat.do?parcelnumber=@',0,1,0,1,1,0,1,1,'socolissimo',1,3,0,0,0,0.000000,0),(18,3,0,'La Poste - Colissimo Simplicité','http://www.colissimo.fr/portail_colissimo/suivreResultat.do?parcelnumber=@',1,1,0,1,1,0,1,1,'socolissimo',1,2,0,0,0,0.000000,0),(19,4,0,'La Poste - Colissimo Simplicité - Commerce de proximité','http://www.colissimo.fr/portail_colissimo/suivreResultat.do?parcelnumber=@',0,1,0,1,1,0,1,1,'socolissimo',1,3,0,0,0,0.000000,0),(20,3,0,'La Poste - Colissimo Simplicité','http://www.colissimo.fr/portail_colissimo/suivreResultat.do?parcelnumber=@',1,1,0,1,1,0,1,1,'socolissimo',1,2,0,0,0,0.000000,0),(21,4,0,'La Poste - Colissimo Simplicité - Commerce de proximité','http://www.colissimo.fr/portail_colissimo/suivreResultat.do?parcelnumber=@',0,1,0,1,1,0,1,1,'socolissimo',1,3,0,0,0,0.000000,0),(22,1,0,'Goyon Chazeau','',0,0,0,0,0,0,0,0,'',1,0,0,0,0,0.000000,0),(23,2,0,'My carrier','',0,0,1,0,0,0,0,0,'',1,1,0,0,0,0.000000,0),(24,3,0,'La Poste - Colissimo Simplicité','http://www.colissimo.fr/portail_colissimo/suivreResultat.do?parcelnumber=@',1,1,0,1,1,0,1,1,'socolissimo',1,2,0,0,0,0.000000,0),(25,25,0,'La Poste int','',0,1,0,0,0,0,0,0,'',1,4,0,0,0,0.000000,0),(26,25,0,'La Poste international','http://www.colissimo.fr/portail_colissimo/suivreResultat.do?parcelnumber=@',0,1,0,0,0,0,0,0,'',1,4,0,0,0,0.000000,0),(27,25,0,'La Poste international','http://www.colissimo.fr/portail_colissimo/suivreResultat.do?parcelnumber=@',0,1,0,0,0,0,0,0,'',1,4,0,0,0,0.000000,0),(28,25,0,'La Poste international','http://www.colissimo.fr/portail_colissimo/suivreResultat.do?parcelnumber=@',0,1,0,0,0,0,0,0,'',1,4,0,0,0,0.000000,0),(29,3,0,'La Poste - Colissimo Simplicité','http://www.colissimo.fr/portail_colissimo/suivreResultat.do?parcelnumber=@',1,1,0,1,1,0,1,1,'socolissimo',1,2,0,0,0,0.000000,0),(30,25,0,'La Poste international','http://www.colissimo.fr/portail_colissimo/suivreResultat.do?parcelnumber=@',0,1,0,0,0,0,0,0,'',1,4,0,0,0,0.000000,0),(31,25,0,'La Poste international','http://www.colissimo.fr/portail_colissimo/suivreResultat.do?parcelnumber=@',0,1,0,0,0,0,0,0,'',1,4,0,0,0,0.000000,0),(32,25,0,'La Poste international','http://www.colissimo.fr/portail_colissimo/suivreResultat.do?parcelnumber=@',0,1,0,0,0,0,0,0,'',1,4,0,0,0,0.000000,0),(33,25,0,'La Poste international','http://www.colissimo.fr/portail_colissimo/suivreResultat.do?parcelnumber=@',0,1,0,0,0,0,0,0,'',1,4,0,0,0,0.000000,0),(34,25,0,'La Poste international','http://www.colissimo.fr/portail_colissimo/suivreResultat.do?parcelnumber=@',0,1,0,0,0,0,0,0,'',1,4,0,0,0,0.000000,0),(35,25,0,'La Poste international','http://www.colissimo.fr/portail_colissimo/suivreResultat.do?parcelnumber=@',0,1,0,1,0,0,0,0,'',1,4,0,0,0,0.000000,0),(36,25,0,'La Poste international','http://www.colissimo.fr/portail_colissimo/suivreResultat.do?parcelnumber=@',0,1,0,1,0,0,0,0,'',1,4,0,0,0,0.000000,0),(37,25,0,'La Poste international','http://www.colissimo.fr/portail_colissimo/suivreResultat.do?parcelnumber=@',0,1,0,1,0,0,0,0,'',1,4,0,0,0,0.000000,0),(38,25,0,'La Poste international','http://www.colissimo.fr/portail_colissimo/suivreResultat.do?parcelnumber=@',0,1,0,1,0,0,0,0,'',1,4,0,0,0,0.000000,0),(39,25,0,'La Poste international','http://www.colissimo.fr/portail_colissimo/suivreResultat.do?parcelnumber=@',0,1,0,1,0,0,0,0,'',1,4,0,0,0,0.000000,0),(40,25,0,'La Poste international','http://www.colissimo.fr/portail_colissimo/suivreResultat.do?parcelnumber=@',0,1,0,1,0,0,0,0,'',1,4,0,0,0,0.000000,0),(41,25,0,'La Poste international','http://www.colissimo.fr/portail_colissimo/suivreResultat.do?parcelnumber=@',0,1,0,1,0,0,0,0,'',1,4,0,0,0,0.000000,0),(42,25,0,'La Poste international','http://www.colissimo.fr/portail_colissimo/suivreResultat.do?parcelnumber=@',0,1,0,1,0,0,0,0,'',1,4,0,0,0,0.000000,0),(43,43,0,'Transporteur test','',1,1,0,0,0,0,0,0,'',1,5,0,0,0,0.000000,0),(44,43,0,'Transporteur test','',0,1,0,0,0,0,0,0,'',1,5,0,0,0,0.000000,0),(45,43,0,'Transporteur test','',0,1,0,0,0,0,0,0,'',1,5,0,0,0,0.000000,0),(46,43,0,'Transporteur test','',0,1,0,0,0,0,0,0,'',1,4,0,0,0,0.000000,0),(47,43,0,'La poste international','',0,1,0,0,0,0,0,0,'',1,4,0,0,0,0.000000,0),(48,43,0,'La poste international','http://www.colissimo.fr/portail_colissimo/suivreResultat.do?parcelnumber=@',0,1,0,0,0,0,0,0,'',1,4,0,0,0,0.000000,0),(49,43,0,'La poste international','http://www.colissimo.fr/portail_colissimo/suivreResultat.do?parcelnumber=@',0,1,0,0,0,0,0,0,'',1,4,0,0,0,0.000000,0),(50,43,0,'La poste international','http://www.colissimo.fr/portail_colissimo/suivreResultat.do?parcelnumber=@',0,1,0,1,0,0,0,0,'',1,4,0,0,0,0.000000,0),(51,43,0,'La poste international','http://www.colissimo.fr/portail_colissimo/suivreResultat.do?parcelnumber=@',0,1,0,1,0,0,0,0,'',1,4,0,0,0,0.000000,0),(52,43,0,'La poste international','http://www.colissimo.fr/portail_colissimo/suivreResultat.do?parcelnumber=@',0,1,0,1,0,0,0,0,'',1,4,0,0,0,0.000000,0),(53,43,0,'La poste international','http://www.colissimo.fr/portail_colissimo/suivreResultat.do?parcelnumber=@',0,1,0,1,0,0,0,0,'',1,4,0,0,0,0.000000,0),(54,43,0,'La poste international','http://www.colissimo.fr/portail_colissimo/suivreResultat.do?parcelnumber=@',0,1,0,1,0,0,0,0,'',1,4,0,0,0,0.000000,0),(55,43,0,'La poste international','http://www.colissimo.fr/portail_colissimo/suivreResultat.do?parcelnumber=@',1,1,0,1,0,0,0,0,'',1,4,0,0,0,0.000000,0),(56,3,0,'La Poste - Colissimo Simplicité','http://www.colissimo.fr/portail_colissimo/suivreResultat.do?parcelnumber=@',1,1,0,1,1,0,1,1,'socolissimo',1,2,0,0,0,0.000000,0),(57,4,0,'La Poste - Colissimo Simplicité - Commerce de proximité','http://www.colissimo.fr/portail_colissimo/suivreResultat.do?parcelnumber=@',0,1,0,1,1,0,1,1,'socolissimo',1,3,0,0,0,0.000000,0),(58,43,0,'La poste international','http://www.colissimo.fr/portail_colissimo/suivreResultat.do?parcelnumber=@',1,1,0,1,0,0,0,0,'',1,4,0,0,0,0.000000,0),(59,43,0,'La poste international','http://www.colissimo.fr/portail_colissimo/suivreResultat.do?parcelnumber=@',1,1,0,0,0,0,0,0,'',1,4,0,0,0,0.000000,0),(60,43,0,'La Poste international','http://www.colissimo.fr/portail_colissimo/suivreResultat.do?parcelnumber=@',1,1,0,1,0,0,0,0,'',1,4,0,0,0,0.000000,0),(61,3,0,'La Poste - Colissimo Simplicité','http://www.colissimo.fr/portail_colissimo/suivreResultat.do?parcelnumber=@',1,1,0,1,1,0,1,1,'socolissimo',1,2,0,0,0,0.000000,0),(62,4,0,'La Poste - Colissimo Simplicité - Commerce de proximité','http://www.colissimo.fr/portail_colissimo/suivreResultat.do?parcelnumber=@',0,1,0,1,1,0,1,1,'socolissimo',1,3,0,0,0,0.000000,0),(63,4,0,'La Poste - Colissimo Simplicité - Commerce de proximité','http://www.colissimo.fr/portail_colissimo/suivreResultat.do?parcelnumber=@',0,1,0,1,1,0,1,1,'socolissimo',1,3,0,0,0,0.000000,0),(64,43,0,'La Poste international','http://www.colissimo.fr/portail_colissimo/suivreResultat.do?parcelnumber=@',1,1,0,1,0,0,0,0,'',1,4,0,0,0,0.000000,0),(65,43,0,'La Poste international','http://www.colissimo.fr/portail_colissimo/suivreResultat.do?parcelnumber=@',1,1,0,1,0,0,0,0,'',1,4,0,0,0,0.000000,0),(66,43,0,'La Poste international','http://www.colissimo.fr/portail_colissimo/suivreResultat.do?parcelnumber=@',1,1,0,1,0,0,0,0,'',1,4,0,0,0,0.000000,0),(67,3,0,'La Poste - Colissimo Simplicité','http://www.colissimo.fr/portail_colissimo/suivreResultat.do?parcelnumber=@',1,1,0,1,1,0,1,1,'socolissimo',1,2,0,0,0,0.000000,0),(68,3,0,'La Poste - Colissimo Simplicité','http://www.colissimo.fr/portail_colissimo/suivreResultat.do?parcelnumber=@',1,1,0,1,1,0,1,1,'socolissimo',1,2,0,0,0,0.000000,0),(69,3,0,'La Poste - Colissimo Simplicité','http://www.colissimo.fr/portail_colissimo/suivreResultat.do?parcelnumber=@',1,1,0,1,1,0,1,1,'socolissimo',1,2,0,0,0,0.000000,0),(70,3,0,'La Poste - Colissimo Simplicité','http://www.colissimo.fr/portail_colissimo/suivreResultat.do?parcelnumber=@',1,1,0,1,1,0,1,1,'socolissimo',1,2,0,0,0,0.000000,0),(71,3,0,'La Poste - Colissimo Simplicité','http://www.colissimo.fr/portail_colissimo/suivreResultat.do?parcelnumber=@',1,1,0,1,1,0,1,1,'socolissimo',1,2,0,0,0,0.000000,0),(72,3,0,'La Poste - Colissimo Simplicité','http://www.colissimo.fr/portail_colissimo/suivreResultat.do?parcelnumber=@',1,1,0,1,1,0,1,1,'socolissimo',1,2,0,0,0,0.000000,0),(73,4,0,'La Poste - Colissimo Simplicité - Commerce de proximité','http://www.colissimo.fr/portail_colissimo/suivreResultat.do?parcelnumber=@',0,1,0,1,1,0,1,1,'socolissimo',1,3,0,0,0,0.000000,0),(74,43,0,'La Poste international','http://www.colissimo.fr/portail_colissimo/suivreResultat.do?parcelnumber=@',1,1,0,1,0,0,0,0,'',1,4,0,0,0,0.000000,0),(75,43,0,'La Poste international','http://www.colissimo.fr/portail_colissimo/suivreResultat.do?parcelnumber=@',1,1,0,1,0,0,0,0,'',1,4,0,0,0,0.000000,0),(76,76,0,'La Poste international EEE - Pays assujetti à la TVA','http://www.colissimo.fr/portail_colissimo/suivreResultat.do?parcelnumber=@',1,1,0,1,0,0,0,0,'',1,5,0,0,0,0.000000,0),(77,43,0,'La Poste international','http://www.colissimo.fr/portail_colissimo/suivreResultat.do?parcelnumber=@',1,1,0,1,0,0,0,0,'',1,4,0,0,0,0.000000,0),(78,76,0,'La Poste international EEE - Pays assujettis à la TVA','http://www.colissimo.fr/portail_colissimo/suivreResultat.do?parcelnumber=@',1,1,0,1,0,0,0,0,'',1,5,0,0,0,0.000000,0),(79,76,0,'La Poste international EEE - Pays assujettis à la TVA','http://www.colissimo.fr/portail_colissimo/suivreResultat.do?parcelnumber=@',1,1,0,1,0,0,0,0,'',1,5,0,0,0,0.000000,0),(80,43,0,'La Poste international','http://www.colissimo.fr/portail_colissimo/suivreResultat.do?parcelnumber=@',1,1,0,1,0,0,0,0,'',1,4,0,0,0,0.000000,0),(81,76,0,'La Poste international EEE - Pays assujettis à la TVA','http://www.colissimo.fr/portail_colissimo/suivreResultat.do?parcelnumber=@',1,1,0,1,0,0,0,0,'',1,5,0,0,0,0.000000,0),(82,43,0,'La Poste international','http://www.colissimo.fr/portail_colissimo/suivreResultat.do?parcelnumber=@',1,1,0,1,0,0,0,0,'',1,4,0,0,0,0.000000,0),(83,43,0,'La Poste international','http://www.colissimo.fr/portail_colissimo/suivreResultat.do?parcelnumber=@',1,1,0,1,0,0,0,0,'',1,4,0,0,0,0.000000,0),(84,43,0,'La Poste international','http://www.colissimo.fr/portail_colissimo/suivreResultat.do?parcelnumber=@',1,1,0,1,0,0,0,0,'',1,4,0,0,0,0.000000,0),(85,43,0,'La Poste international','http://www.colissimo.fr/portail_colissimo/suivreResultat.do?parcelnumber=@',1,1,0,1,0,0,0,0,'',1,4,0,0,0,0.000000,0),(86,43,0,'La Poste international','http://www.colissimo.fr/portail_colissimo/suivreResultat.do?parcelnumber=@',1,1,0,1,0,0,0,0,'',1,4,0,0,0,0.000000,0),(87,43,0,'La Poste international','http://www.colissimo.fr/portail_colissimo/suivreResultat.do?parcelnumber=@',1,1,0,1,0,0,0,0,'',1,4,0,0,0,0.000000,0),(88,43,0,'La Poste international','http://www.colissimo.fr/portail_colissimo/suivreResultat.do?parcelnumber=@',1,1,0,1,0,0,0,0,'',1,4,0,0,0,0.000000,0),(89,43,0,'La Poste international','http://www.colissimo.fr/portail_colissimo/suivreResultat.do?parcelnumber=@',1,1,0,1,0,0,0,0,'',1,4,0,0,0,0.000000,0),(90,3,0,'La Poste - Colissimo Simplicité','http://www.colissimo.fr/portail_colissimo/suivreResultat.do?parcelnumber=@',1,1,0,1,1,0,1,1,'socolissimo',1,2,0,0,0,0.000000,0),(91,4,0,'La Poste - Colissimo Simplicité - Commerce de proximité','http://www.colissimo.fr/portail_colissimo/suivreResultat.do?parcelnumber=@',0,1,0,1,1,0,1,1,'socolissimo',1,3,0,0,0,0.000000,0),(92,43,0,'La Poste international','http://www.colissimo.fr/portail_colissimo/suivreResultat.do?parcelnumber=@',1,1,0,1,0,0,0,0,'',1,4,0,0,0,0.000000,0),(93,3,0,'La Poste - Colissimo Simplicité','http://www.colissimo.fr/portail_colissimo/suivreResultat.do?parcelnumber=@',1,0,0,1,1,0,1,1,'socolissimo',1,2,0,0,0,0.000000,0),(94,4,0,'La Poste - Colissimo Simplicité - Commerce de proximité','http://www.colissimo.fr/portail_colissimo/suivreResultat.do?parcelnumber=@',0,1,0,1,1,0,1,1,'socolissimo',1,3,0,0,0,0.000000,0),(95,4,0,'La Poste - Colissimo Simplicité - Commerce de proximité','http://www.colissimo.fr/portail_colissimo/suivreResultat.do?parcelnumber=@',0,0,0,1,1,0,1,1,'socolissimo',1,3,0,0,0,0.000000,0),(96,76,0,'La Poste international EEE - Pays assujettis à la TVA','http://www.colissimo.fr/portail_colissimo/suivreResultat.do?parcelnumber=@',1,1,0,1,0,0,0,0,'',1,5,0,0,0,0.000000,0),(97,76,0,'La Poste international EEE - Pays assujettis à la TVA','http://www.colissimo.fr/portail_colissimo/suivreResultat.do?parcelnumber=@',1,1,0,1,0,0,0,0,'',1,5,0,0,0,0.000000,0),(98,76,0,'La Poste international EEE - Pays assujettis à la TVA','http://www.colissimo.fr/portail_colissimo/suivreResultat.do?parcelnumber=@',1,0,0,1,0,0,0,0,'',1,5,0,0,0,0.000000,0),(99,43,0,'La Poste international','http://www.colissimo.fr/portail_colissimo/suivreResultat.do?parcelnumber=@',1,1,0,1,0,0,0,0,'',1,4,0,0,0,0.000000,0),(100,43,0,'La Poste international','http://www.colissimo.fr/portail_colissimo/suivreResultat.do?parcelnumber=@',1,1,0,1,0,0,0,0,'',1,4,0,0,0,0.000000,0),(101,43,0,'La Poste international','http://www.colissimo.fr/portail_colissimo/suivreResultat.do?parcelnumber=@',1,1,0,1,0,0,0,0,'',1,4,0,0,0,0.000000,0),(102,43,0,'La Poste international','http://www.colissimo.fr/portail_colissimo/suivreResultat.do?parcelnumber=@',1,1,0,1,0,0,0,0,'',1,4,0,0,0,0.000000,0),(103,43,0,'La Poste international','http://www.colissimo.fr/portail_colissimo/suivreResultat.do?parcelnumber=@',1,0,0,1,0,0,0,0,'',1,4,0,0,0,0.000000,0),(104,104,0,'Gratuit ','',1,1,1,0,0,1,0,0,'',2,6,0,0,0,0.000000,0),(105,104,0,'Gratuit ','',1,0,1,0,0,0,0,0,'',2,6,0,0,0,0.000000,0);

--
-- Table structure for table `gcahdy_carrier_group`
--

CREATE TABLE `gcahdy_carrier_group` (
  `id_carrier` int(10) unsigned NOT NULL,
  `id_group` int(10) unsigned NOT NULL,
  PRIMARY KEY (`id_carrier`,`id_group`)
) ENGINE=InnoDB DEFAULT CHARSET=utf8;

--
-- Dumping data for table `gcahdy_carrier_group`
--

INSERT INTO `gcahdy_carrier_group` VALUES (1,1),(1,2),(1,3),(2,1),(2,2),(2,3),(3,1),(3,2),(3,3),(4,1),(4,2),(4,3),(5,1),(5,2),(5,3),(6,1),(6,2),(6,3),(7,1),(7,2),(7,3),(8,1),(8,2),(8,3),(9,1),(9,2),(9,3),(10,1),(10,2),(10,3),(11,1),(11,2),(11,3),(12,1),(12,2),(12,3),(13,1),(13,2),(13,3),(14,1),(14,2),(14,3),(15,1),(15,2),(15,3),(16,1),(16,2),(16,3),(17,1),(17,2),(17,3),(18,1),(18,2),(18,3),(19,1),(19,2),(19,3),(20,1),(20,2),(20,3),(21,1),(21,2),(21,3),(22,1),(22,2),(22,3),(22,4),(22,5),(22,6),(23,1),(23,2),(23,3),(23,4),(23,5),(23,6),(24,1),(24,2),(24,3),(25,1),(25,2),(25,3),(26,1),(26,2),(26,3),(27,1),(27,2),(27,3),(28,1),(28,2),(28,3),(29,1),(29,2),(29,3),(30,1),(30,2),(30,3),(31,1),(31,2),(31,3),(32,1),(32,2),(32,3),(33,1),(33,2),(33,3),(34,1),(34,2),(34,3),(35,1),(35,2),(35,3),(36,1),(36,2),(36,3),(37,1),(37,2),(37,3),(38,1),(38,2),(38,3),(39,1),(39,2),(39,3),(40,1),(40,2),(40,3),(41,1),(41,2),(41,3),(42,1),(42,2),(42,3),(43,1),(43,2),(43,3),(44,1),(44,2),(44,3),(45,1),(45,2),(45,3),(46,1),(46,2),(46,3),(47,1),(47,2),(47,3),(48,1),(48,2),(48,3),(49,1),(49,2),(49,3),(50,1),(50,2),(50,3),(51,1),(51,2),(51,3),(52,1),(52,2),(52,3),(53,1),(53,2),(53,3),(54,1),(54,2),(54,3),(55,1),(55,2),(55,3),(56,1),(56,2),(56,3),(57,1),(57,2),(57,3),(58,1),(58,2),(58,3),(59,1),(59,2),(59,3),(60,1),(60,2),(60,3),(61,1),(61,2),(61,3),(62,1),(62,2),(62,3),(63,1),(63,2),(63,3),(64,1),(64,2),(64,3),(65,1),(65,2),(65,3),(66,1),(66,2),(66,3),(67,1),(67,2),(67,3),(68,1),(68,2),(68,3),(69,1),(69,2),(69,3),(70,1),(70,2),(70,3),(71,1),(71,2),(71,3),(72,1),(72,2),(72,3),(72,4),(72,5),(73,1),(73,2),(73,3),(73,4),(73,5),(74,1),(74,2),(74,3),(75,1),(75,2),(75,3),(75,4),(75,5),(76,1),(76,2),(76,3),(76,4),(76,5),(77,1),(77,2),(77,3),(77,4),(77,5),(78,1),(78,2),(78,3),(78,4),(78,5),(79,1),(79,2),(79,3),(79,4),(79,5),(80,1),(80,2),(80,3),(80,4),(80,5),(81,1),(81,2),(81,3),(81,4),(81,5),(82,1),(82,2),(82,3),(82,4),(82,5),(83,1),(83,2),(83,3),(83,4),(83,5),(84,1),(84,2),(84,3),(84,4),(84,5),(85,1),(85,2),(85,3),(85,4),(85,5),(86,1),(86,2),(86,3),(86,4),(86,5),(87,1),(87,2),(87,3),(87,4),(87,5),(88,1),(88,2),(88,3),(88,4),(88,5),(89,1),(89,2),(89,3),(89,4),(89,5),(90,1),(90,2),(90,3),(90,4),(90,5),(91,1),(91,2),(91,3),(91,4),(91,5),(92,1),(92,2),(92,3),(92,4),(92,5),(93,1),(93,2),(93,3),(93,4),(93,5),(93,6),(94,1),(94,2),(94,3),(94,4),(94,5),(95,1),(95,2),(95,3),(95,4),(95,5),(95,6),(96,1),(96,2),(96,3),(96,4),(96,5),(97,1),(97,2),(97,3),(97,4),(97,5),(98,1),(98,2),(98,3),(98,4),(98,5),(98,6),(99,1),(99,2),(99,3),(99,4),(99,5),(100,1),(100,2),(100,3),(100,4),(100,5),(101,1),(101,2),(101,3),(101,4),(101,5),(102,1),(102,2),(102,3),(102,4),(102,5),(103,1),(103,2),(103,3),(103,4),(103,5),(103,6),(104,1),(104,2),(104,3),(104,4),(104,5),(105,1),(105,2),(105,3),(105,4),(105,5),(105,6);

--
-- Table structure for table `gcahdy_carrier_lang`
--

CREATE TABLE `gcahdy_carrier_lang` (
  `id_carrier` int(10) unsigned NOT NULL,
  `id_shop` int(11) unsigned NOT NULL DEFAULT '1',
  `id_lang` int(10) unsigned NOT NULL,
  `delay` varchar(512) DEFAULT NULL,
  PRIMARY KEY (`id_lang`,`id_shop`,`id_carrier`)
) ENGINE=InnoDB DEFAULT CHARSET=utf8;

--
-- Dumping data for table `gcahdy_carrier_lang`
--

INSERT INTO `gcahdy_carrier_lang` VALUES (1,1,1,'Retrait en magasin'),(2,1,1,'Livraison le lendemain !'),(3,1,1,'Faites vous livrer en France métropolitaine ou en Europe, dans un des points retrait Colissimo.'),(4,1,1,'Vous pouvez ici paramétrer votre tarif pour une livraison en commerce de proximité.'),(5,1,1,'Faites vous livrer en France métropolitaine ou en Europe, dans un des points retrait Colissimo.'),(6,1,1,'Faites vous livrer en France métropolitaine ou en Europe, dans un des points retrait Colissimo.'),(7,1,1,'Faites vous livrer en France métropolitaine ou en Europe, dans un des points retrait Colissimo.'),(8,1,1,'Faites vous livrer en France métropolitaine ou en Europe, dans un des points retrait Colissimo.'),(9,1,1,'Faites vous livrer en France métropolitaine ou en Europe, dans un des points retrait Colissimo.'),(10,1,1,'Faites vous livrer en France métropolitaine ou en Europe, dans un des points retrait Colissimo.'),(11,1,1,'Faites vous livrer en France métropolitaine ou en Europe, dans un des points retrait Colissimo.'),(12,1,1,'Faites vous livrer en France métropolitaine ou en Europe, dans un des points retrait Colissimo.'),(13,1,1,'Vous pouvez ici paramétrer votre tarif pour une livraison en commerce de proximité.'),(14,1,1,'Vous pouvez ici paramétrer votre tarif pour une livraison en commerce de proximité.'),(15,1,1,'Vous pouvez ici paramétrer votre tarif pour une livraison en commerce de proximité.'),(16,1,1,'Vous pouvez ici paramétrer votre tarif pour une livraison en commerce de proximité.'),(17,1,1,'Vous pouvez ici paramétrer votre tarif pour une livraison en commerce de proximité.'),(18,1,1,'Faites vous livrer en France métropolitaine ou en Europe, dans un des points retrait Colissimo.'),(19,1,1,'Vous pouvez ici paramétrer votre tarif pour une livraison en commerce de proximité.'),(20,1,1,'Faites vous livrer en France métropolitaine ou en Europe, dans un des points retrait Colissimo.'),(21,1,1,'Vous pouvez ici paramétrer votre tarif pour une livraison en commerce de proximité.'),(22,1,1,'Retrait en magasin'),(23,1,1,'Livraison le lendemain !'),(24,1,1,'Faites vous livrer en France métropolitaine ou partout dans le monde'),(25,1,1,'8 jours'),(26,1,1,'Livraison à l\'international'),(27,1,1,'Livraison à l\'international'),(28,1,1,'Livraison à l\'international'),(29,1,1,'Faites vous livrer en France métropolitaine ou partout dans le monde'),(30,1,1,'Livraison à l\'international'),(31,1,1,'Livraison à l\'international'),(32,1,1,'Livraison à l\'international'),(33,1,1,'Livraison à l\'international'),(34,1,1,'Livraison à l\'international'),(35,1,1,'Livraison à l\'international'),(36,1,1,'Livraison à l\'international'),(37,1,1,'Livraison à l\'international'),(38,1,1,'Livraison à l\'international'),(39,1,1,'Livraison à l\'international'),(40,1,1,'Livraison à linternational'),(41,1,1,'Livraison à linternational'),(42,1,1,'Livraison à linternational'),(43,1,1,'AAA'),(44,1,1,'AAA'),(45,1,1,'AAA'),(46,1,1,'AAA'),(47,1,1,'Livraison internationale'),(48,1,1,'Livraison à l\'international'),(49,1,1,'Livraison à l\'international'),(50,1,1,'Livraison à l\'international'),(51,1,1,'Livraison à l\'international'),(52,1,1,'Livraison à l\'international'),(53,1,1,'Livraison à l\'international'),(54,1,1,'Livraison à l\'international'),(55,1,1,'Livraison à l\'international'),(56,1,1,'Faites vous livrer en France métropolitaine ou partout dans le monde'),(57,1,1,'Vous pouvez ici paramétrer votre tarif pour une livraison en commerce de proximité.'),(58,1,1,'Livraison à l\'international'),(59,1,1,'Livraison à l\'international'),(60,1,1,'Livraison à l\'international'),(61,1,1,'Faites vous livrer en France métropolitaine ou partout dans le monde'),(62,1,1,'Vous pouvez ici paramétrer votre tarif pour une livraison en commerce de proximité.'),(63,1,1,'Vous pouvez ici paramétrer votre tarif pour une livraison en commerce de proximité.'),(64,1,1,'Livraison à l\'international'),(65,1,1,'Livraison à l\'international'),(66,1,1,'Livraison à l\'international'),(67,1,1,'Faites vous livrer en France métropolitaine ou partout dans le monde'),(68,1,1,'Faites vous livrer en France métropolitaine ou partout dans le monde'),(69,1,1,'Faites vous livrer en France métropolitaine ou partout dans le monde'),(70,1,1,'Faites vous livrer en France métropolitaine ou partout dans le monde'),(71,1,1,'Faites vous livrer en France métropolitaine ou partout dans le monde'),(72,1,1,'Faites vous livrer en France métropolitaine ou partout dans le monde'),(73,1,1,'Vous pouvez ici paramétrer votre tarif pour une livraison en commerce de proximité.'),(74,1,1,'Livraison à l\'international'),(75,1,1,'Livraison à l\'international'),(76,1,1,'Livraison au sein de l\'EEE'),(77,1,1,'Livraison à l\'international'),(78,1,1,'Livraison au sein de l\'EEE'),(79,1,1,'Livraison au sein de l\'EEE'),(80,1,1,'Livraison à l\'international'),(81,1,1,'Livraison au sein de l\'EEE'),(82,1,1,'Livraison à l\'international HT'),(83,1,1,'Livraison à l\'international HT'),(84,1,1,'Livraison à l\'international HT'),(85,1,1,'Livraison à l\'international HT'),(86,1,1,'Livraison à l\'international HT'),(87,1,1,'Livraison à l\'international HT'),(88,1,1,'Livraison à l\'international HT'),(89,1,1,'Livraison à l\'international HT'),(90,1,1,'Faites vous livrer en France métropolitaine ou partout dans le monde'),(91,1,1,'Vous pouvez ici paramétrer votre tarif pour une livraison en commerce de proximité.'),(92,1,1,'Livraison à l\'international HT'),(93,1,1,'Faites vous livrer en France métropolitaine ou partout dans le monde'),(94,1,1,'Vous pouvez ici paramétrer votre tarif pour une livraison en commerce de proximité.'),(95,1,1,'Vous pouvez ici paramétrer votre tarif pour une livraison en commerce de proximité.'),(96,1,1,'Livraison au sein de l\'EEE'),(97,1,1,'Livraison au sein de l\'EEE'),(98,1,1,'Livraison au sein de l\'EEE'),(99,1,1,'Livraison à l\'international HT'),(100,1,1,'Livraison à l\'international HT'),(101,1,1,'Livraison à l\'international HT'),(102,1,1,'Livraison à l\'international HT'),(103,1,1,'Livraison à l\'international HT'),(104,1,1,'Les frais de port sont offerts !'),(105,1,1,'Les frais de port sont offerts !'),(1,1,2,'Retrait en magasin'),(2,1,2,'Livraison le lendemain !'),(3,1,2,'Do you deliver wherever you want in France.'),(4,1,2,'Price management for Pick-up shipping points.'),(5,1,2,'Do you deliver wherever you want in France.'),(6,1,2,'Do you deliver wherever you want in France.'),(7,1,2,'Do you deliver wherever you want in France.'),(8,1,2,'Do you deliver wherever you want in France.'),(9,1,2,'Do you deliver wherever you want in France.'),(10,1,2,'Do you deliver wherever you want in France.'),(11,1,2,'Do you deliver wherever you want in France.'),(12,1,2,'Do you deliver wherever you want in France.'),(13,1,2,'Price management for Pick-up shipping points.'),(14,1,2,'Price management for Pick-up shipping points.'),(15,1,2,'Price management for Pick-up shipping points.'),(16,1,2,'Price management for Pick-up shipping points.'),(17,1,2,'Price management for Pick-up shipping points.'),(18,1,2,'Do you deliver wherever you want in France.'),(19,1,2,'Price management for Pick-up shipping points.'),(20,1,2,'Do you deliver wherever you want in France.'),(21,1,2,'Price management for Pick-up shipping points.'),(22,1,2,'Retrait en magasin'),(23,1,2,'Livraison le lendemain !'),(24,1,2,'Do you deliver wherever you want in France or everywhere in the world'),(25,1,2,'8 jours'),(26,1,2,'International delivery'),(27,1,2,'International delivery'),(28,1,2,'International delivery'),(29,1,2,'Do you deliver wherever you want in France or everywhere in the world'),(30,1,2,'International delivery'),(31,1,2,'International delivery'),(32,1,2,'International delivery'),(33,1,2,'International delivery'),(34,1,2,'International delivery'),(35,1,2,'International delivery'),(36,1,2,'International delivery'),(37,1,2,'International delivery'),(38,1,2,'International delivery'),(39,1,2,'International delivery'),(40,1,2,'International delivery'),(41,1,2,'International delivery'),(42,1,2,'International delivery'),(43,1,2,'AAA'),(44,1,2,'AAA'),(45,1,2,'AAA'),(46,1,2,'AAA'),(47,1,2,'Intenational delivery'),(48,1,2,'Intenational delivery'),(49,1,2,'Intenational delivery'),(50,1,2,'Intenational delivery'),(51,1,2,'Intenational delivery'),(52,1,2,'Intenational delivery'),(53,1,2,'Intenational delivery'),(54,1,2,'Intenational delivery'),(55,1,2,'Intenational delivery'),(56,1,2,'Do you deliver wherever you want in France or everywhere in the world'),(57,1,2,'Price management for Pick-up shipping points.'),(58,1,2,'Intenational delivery'),(59,1,2,'Intenational delivery'),(60,1,2,'Intenational delivery'),(61,1,2,'Do you deliver wherever you want in France or everywhere in the world'),(62,1,2,'Price management for Pick-up shipping points.'),(63,1,2,'Price management for Pick-up shipping points.'),(64,1,2,'Intenational delivery'),(65,1,2,'Intenational delivery'),(66,1,2,'Intenational delivery'),(67,1,2,'Do you deliver wherever you want in France or everywhere in the world'),(68,1,2,'Do you deliver wherever you want in France or everywhere in the world'),(69,1,2,'Do you deliver wherever you want in France or everywhere in the world'),(70,1,2,'Do you deliver wherever you want in France or everywhere in the world'),(71,1,2,'Do you deliver wherever you want in France or everywhere in the world'),(72,1,2,'Do you deliver wherever you want in France or everywhere in the world'),(73,1,2,'Price management for Pick-up shipping points.'),(74,1,2,'Intenational delivery'),(75,1,2,'Intenational delivery'),(76,1,2,'Delivery within the European Economic Area'),(77,1,2,'Intenational delivery'),(78,1,2,'Delivery within the European Economic Area'),(79,1,2,'Delivery within the European Economic Area'),(80,1,2,'Intenational delivery'),(81,1,2,'Delivery within the European Economic Area'),(82,1,2,'Intenational delivery VAT excluded'),(83,1,2,'Intenational delivery VAT excluded'),(84,1,2,'Intenational delivery VAT excluded'),(85,1,2,'Intenational delivery VAT excluded'),(86,1,2,'Intenational delivery VAT excluded'),(87,1,2,'Intenational delivery VAT excluded'),(88,1,2,'Intenational delivery VAT excluded'),(89,1,2,'Intenational delivery VAT excluded'),(90,1,2,'Do you deliver wherever you want in France or everywhere in the world'),(91,1,2,'Price management for Pick-up shipping points.'),(92,1,2,'Intenational delivery VAT excluded'),(93,1,2,'Do you deliver wherever you want in France or everywhere in the world'),(94,1,2,'Price management for Pick-up shipping points.'),(95,1,2,'Price management for Pick-up shipping points.'),(96,1,2,'Delivery within the European Economic Area'),(97,1,2,'Delivery within the European Economic Area'),(98,1,2,'Delivery within the European Economic Area'),(99,1,2,'Intenational delivery VAT excluded'),(100,1,2,'Intenational delivery VAT excluded'),(101,1,2,'Intenational delivery VAT excluded'),(102,1,2,'Intenational delivery VAT excluded'),(103,1,2,'Intenational delivery VAT excluded'),(104,1,2,'Shipping costs are offered!'),(105,1,2,'Shipping costs are offered!');

--
