-- Table structure for table `gcahdy_carrier_shop`
--

CREATE TABLE `gcahdy_carrier_shop` (
  `id_carrier` int(11) unsigned NOT NULL,
  `id_shop` int(11) unsigned NOT NULL,
  PRIMARY KEY (`id_carrier`,`id_shop`),
  KEY `id_shop` (`id_shop`)
) ENGINE=InnoDB DEFAULT CHARSET=utf8;

--
-- Dumping data for table `gcahdy_carrier_shop`
--

INSERT INTO `gcahdy_carrier_shop` VALUES (1,1),(2,1),(3,1),(4,1),(5,1),(6,1),(7,1),(8,1),(9,1),(10,1),(11,1),(12,1),(13,1),(14,1),(15,1),(16,1),(17,1),(18,1),(19,1),(20,1),(21,1),(22,1),(23,1),(24,1),(25,1),(26,1),(27,1),(28,1),(29,1),(30,1),(31,1),(32,1),(33,1),(34,1),(35,1),(36,1),(37,1),(38,1),(39,1),(40,1),(41,1),(42,1),(43,1),(44,1),(45,1),(46,1),(47,1),(48,1),(49,1),(50,1),(51,1),(52,1),(53,1),(54,1),(55,1),(56,1),(57,1),(58,1),(59,1),(60,1),(61,1),(62,1),(63,1),(64,1),(65,1),(66,1),(67,1),(68,1),(69,1),(70,1),(71,1),(72,1),(73,1),(74,1),(75,1),(76,1),(77,1),(78,1),(79,1),(80,1),(81,1),(82,1),(83,1),(84,1),(85,1),(86,1),(87,1),(88,1),(89,1),(90,1),(91,1),(92,1),(93,1),(94,1),(95,1),(96,1),(97,1),(98,1),(99,1),(100,1),(101,1),(102,1),(103,1),(104,1),(105,1);

--
-- Table structure for table `gcahdy_carrier_tax_rules_group_shop`
--

CREATE TABLE `gcahdy_carrier_tax_rules_group_shop` (
  `id_carrier` int(11) unsigned NOT NULL,
  `id_tax_rules_group` int(11) unsigned NOT NULL,
  `id_shop` int(11) unsigned NOT NULL,
  PRIMARY KEY (`id_carrier`,`id_tax_rules_group`,`id_shop`)
) ENGINE=InnoDB DEFAULT CHARSET=utf8;

--
-- Dumping data for table `gcahdy_carrier_tax_rules_group_shop`
--

INSERT INTO `gcahdy_carrier_tax_rules_group_shop` VALUES (1,6,1),(2,6,1),(5,0,1),(6,0,1),(7,0,1),(8,0,1),(9,0,1),(10,0,1),(11,0,1),(12,0,1),(13,0,1),(14,0,1),(15,0,1),(16,0,1),(17,0,1),(18,0,1),(19,0,1),(20,0,1),(21,0,1),(22,6,1),(23,6,1),(24,0,1),(25,0,1),(26,0,1),(27,0,1),(28,0,1),(29,0,1),(30,0,1),(31,0,1),(32,0,1),(33,0,1),(34,0,1),(35,0,1),(36,0,1),(37,0,1),(38,0,1),(39,0,1),(40,0,1),(41,0,1),(42,0,1),(43,0,1),(44,0,1),(45,0,1),(46,0,1),(47,0,1),(48,0,1),(49,0,1),(50,0,1),(51,0,1),(52,0,1),(53,0,1),(54,0,1),(55,0,1),(56,0,1),(57,0,1),(58,0,1),(59,0,1),(60,0,1),(61,6,1),(62,6,1),(63,6,1),(64,0,1),(65,0,1),(66,0,1),(67,0,1),(68,6,1),(69,6,1),(70,6,1),(71,6,1),(72,6,1),(73,6,1),(74,0,1),(75,0,1),(76,6,1),(77,0,1),(78,6,1),(79,6,1),(80,0,1),(81,6,1),(82,0,1),(83,0,1),(84,0,1),(85,0,1),(86,0,1),(87,0,1),(88,0,1),(89,0,1),(90,6,1),(91,6,1),(92,0,1),(93,6,1),(94,6,1),(95,6,1),(96,6,1),(97,6,1),(98,6,1),(99,0,1),(100,0,1),(101,0,1),(102,0,1),(103,0,1),(104,0,1),(105,0,1);

--
-- Table structure for table `gcahdy_carrier_zone`
--

CREATE TABLE `gcahdy_carrier_zone` (
  `id_carrier` int(10) unsigned NOT NULL,
  `id_zone` int(10) unsigned NOT NULL,
  PRIMARY KEY (`id_carrier`,`id_zone`)
) ENGINE=InnoDB DEFAULT CHARSET=utf8;

--
-- Dumping data for table `gcahdy_carrier_zone`
--

INSERT INTO `gcahdy_carrier_zone` VALUES (1,1),(2,1),(5,9),(6,9),(7,9),(7,10),(8,9),(8,10),(8,11),(9,1),(9,9),(9,10),(9,11),(9,12),(9,13),(9,14),(10,1),(10,9),(10,10),(10,11),(10,12),(10,13),(10,14),(10,15),(10,16),(10,17),(11,1),(11,9),(11,10),(11,11),(11,12),(11,13),(11,14),(11,15),(11,16),(11,17),(12,1),(12,9),(12,10),(12,11),(12,12),(12,13),(12,14),(12,15),(12,16),(12,17),(13,9),(14,9),(14,10),(14,11),(15,9),(16,1),(16,9),(16,12),(16,13),(16,14),(17,1),(17,9),(17,12),(17,13),(17,14),(17,15),(17,16),(17,17),(18,1),(18,9),(18,10),(18,11),(18,12),(18,13),(18,14),(18,15),(18,16),(18,17),(19,1),(19,9),(19,12),(19,13),(19,14),(19,15),(19,16),(19,17),(20,1),(20,9),(20,10),(20,11),(20,12),(20,13),(20,14),(20,15),(20,16),(20,17),(21,1),(21,9),(21,12),(21,13),(21,14),(21,15),(21,16),(21,17),(22,1),(22,9),(22,10),(22,11),(22,12),(22,13),(22,14),(22,15),(22,16),(22,17),(23,1),(23,9),(23,10),(23,11),(23,12),(23,13),(23,14),(23,15),(23,16),(23,17),(24,1),(24,9),(24,10),(24,11),(24,12),(24,13),(24,14),(24,15),(24,16),(24,17),(25,16),(26,10),(26,11),(26,14),(26,15),(26,16),(26,17),(26,20),(26,21),(27,10),(27,11),(27,14),(27,15),(27,16),(27,17),(27,20),(27,21),(28,10),(28,11),(28,14),(28,15),(28,16),(28,17),(28,20),(28,21),(29,1),(29,9),(29,10),(29,11),(29,12),(29,13),(29,15),(29,16),(29,17),(30,10),(30,11),(30,14),(30,15),(30,16),(30,17),(30,20),(30,21),(31,10),(31,11),(31,14),(31,15),(31,16),(31,17),(31,20),(31,21),(32,10),(32,11),(32,14),(32,15),(32,16),(32,17),(32,20),(32,21),(33,10),(33,11),(33,14),(33,15),(33,16),(33,17),(33,20),(33,21),(34,10),(34,11),(34,14),(34,15),(34,16),(34,17),(34,20),(34,21),(35,10),(35,11),(35,14),(35,15),(35,16),(35,17),(35,20),(35,21),(36,10),(36,11),(36,14),(36,15),(36,16),(36,17),(36,20),(36,21),(37,10),(37,11),(37,14),(37,15),(37,16),(37,17),(37,20),(37,21),(38,10),(38,11),(38,14),(38,15),(38,16),(38,17),(38,20),(38,21),(39,10),(39,11),(39,14),(39,15),(39,16),(39,17),(39,20),(39,21),(40,10),(40,11),(40,14),(40,15),(40,16),(40,17),(40,20),(40,21),(41,10),(41,11),(41,14),(41,15),(41,16),(41,17),(41,20),(41,21),(42,10),(42,11),(42,14),(42,15),(42,16),(42,17),(42,20),(42,21),(43,17),(44,17),(45,17),(46,10),(46,11),(46,14),(46,15),(46,16),(46,17),(46,20),(46,21),(47,10),(47,11),(47,14),(47,15),(47,16),(47,17),(47,20),(47,21),(48,10),(48,11),(48,14),(48,15),(48,16),(48,17),(48,20),(48,21),(49,10),(49,11),(49,14),(49,15),(49,16),(49,17),(49,20),(49,21),(50,10),(50,11),(50,14),(50,15),(50,16),(50,17),(50,20),(50,21),(51,10),(51,11),(51,14),(51,15),(51,16),(51,17),(51,20),(51,21),(52,10),(52,11),(52,14),(52,15),(52,16),(52,17),(52,20),(52,21),(53,10),(53,11),(53,14),(53,15),(53,16),(53,17),(53,20),(53,21),(54,10),(54,11),(54,14),(54,15),(54,16),(54,17),(54,20),(54,21),(55,10),(55,11),(55,14),(55,15),(55,16),(55,17),(55,20),(55,21),(56,1),(56,9),(56,12),(56,13),(57,1),(57,9),(57,12),(57,13),(58,10),(58,11),(58,14),(58,15),(58,16),(58,17),(58,20),(58,21),(59,10),(59,11),(59,14),(59,15),(59,16),(59,17),(59,20),(59,21),(60,10),(60,11),(60,14),(60,15),(60,16),(60,17),(60,20),(60,21),(61,1),(61,9),(61,12),(61,13),(62,1),(62,9),(62,12),(62,13),(63,1),(63,9),(63,12),(63,13),(64,10),(64,11),(64,14),(64,15),(64,16),(64,17),(64,20),(64,21),(65,10),(65,11),(65,14),(65,15),(65,16),(65,17),(65,20),(65,21),(66,10),(66,11),(66,14),(66,15),(66,16),(66,17),(66,20),(66,21),(67,1),(67,9),(67,12),(67,13),(68,1),(68,9),(68,12),(68,13),(69,1),(69,9),(69,12),(69,13),(70,1),(70,9),(70,12),(70,13),(71,1),(71,9),(71,12),(71,13),(72,1),(72,9),(72,12),(72,13),(73,1),(73,9),(73,12),(73,13),(74,10),(74,11),(74,14),(74,15),(74,16),(74,17),(74,20),(74,21),(75,10),(75,11),(75,14),(75,15),(75,16),(75,17),(75,20),(75,21),(76,20),(77,10),(77,11),(77,14),(77,15),(77,16),(77,17),(77,21),(78,20),(79,20),(79,21),(80,10),(80,11),(80,14),(80,15),(80,16),(80,17),(81,20),(81,21),(81,22),(82,10),(82,11),(82,14),(82,15),(82,16),(82,17),(83,10),(83,11),(83,14),(83,15),(83,16),(83,17),(84,10),(84,11),(84,14),(84,15),(84,16),(84,17),(85,10),(85,11),(85,14),(85,15),(85,16),(85,17),(86,10),(86,11),(86,14),(86,15),(86,16),(86,17),(87,10),(87,11),(87,14),(87,15),(87,16),(87,17),(88,10),(88,11),(88,14),(88,15),(88,16),(88,17),(89,10),(89,11),(89,14),(89,15),(89,16),(89,17),(90,1),(90,9),(90,12),(90,13),(91,1),(91,9),(91,12),(91,13),(92,10),(92,11),(92,14),(92,15),(92,16),(92,17),(93,1),(93,9),(93,12),(93,13),(94,1),(94,9),(94,12),(94,13),(95,1),(95,9),(95,12),(95,13),(96,20),(96,21),(96,22),(97,20),(97,21),(97,22),(98,20),(98,21),(98,22),(99,10),(99,11),(99,14),(99,15),(99,16),(99,17),(100,10),(100,11),(100,14),(100,15),(100,16),(100,17),(101,10),(101,11),(101,14),(101,15),(101,16),(101,17),(102,10),(102,11),(102,14),(102,15),(102,16),(102,17),(103,10),(103,11),(103,14),(103,15),(103,16),(103,17),(104,1),(104,9),(104,10),(104,11),(104,12),(104,13),(104,14),(104,15),(104,16),(104,17),(104,20),(104,21),(104,22),(105,1),(105,9),(105,10),(105,11),(105,12),(105,13),(105,14),(105,15),(105,16),(105,17),(105,20),(105,21),(105,22);

--
-- Table structure for table `gcahdy_cart`
--

CREATE TABLE `gcahdy_cart` (
  `id_cart` int(10) unsigned NOT NULL AUTO_INCREMENT,
  `id_shop_group` int(11) unsigned NOT NULL DEFAULT '1',
  `id_shop` int(11) unsigned NOT NULL DEFAULT '1',
  `id_carrier` int(10) unsigned NOT NULL,
  `delivery_option` text NOT NULL,
  `id_lang` int(10) unsigned NOT NULL,
  `id_address_delivery` int(10) unsigned NOT NULL,
  `id_address_invoice` int(10) unsigned NOT NULL,
  `id_currency` int(10) unsigned NOT NULL,
  `id_customer` int(10) unsigned NOT NULL,
  `id_guest` int(10) unsigned NOT NULL,
  `secure_key` varchar(32) NOT NULL DEFAULT '-1',
  `recyclable` tinyint(1) unsigned NOT NULL DEFAULT '1',
  `gift` tinyint(1) unsigned NOT NULL DEFAULT '0',
  `gift_message` text,
  `mobile_theme` tinyint(1) NOT NULL DEFAULT '0',
  `allow_seperated_package` tinyint(1) unsigned NOT NULL DEFAULT '0',
  `date_add` datetime NOT NULL,
  `date_upd` datetime NOT NULL,
  PRIMARY KEY (`id_cart`),
  KEY `cart_customer` (`id_customer`),
  KEY `id_address_delivery` (`id_address_delivery`),
  KEY `id_address_invoice` (`id_address_invoice`),
  KEY `id_carrier` (`id_carrier`),
  KEY `id_lang` (`id_lang`),
  KEY `id_currency` (`id_currency`),
  KEY `id_guest` (`id_guest`),
  KEY `id_shop_group` (`id_shop_group`),
  KEY `id_shop_2` (`id_shop`,`date_upd`),
  KEY `id_shop` (`id_shop`,`date_add`)
) ENGINE=InnoDB AUTO_INCREMENT=1299 DEFAULT CHARSET=utf8;

--
-- Dumping data for table `gcahdy_cart`
--

INSERT INTO `gcahdy_cart` VALUES (1,1,1,0,'',1,0,0,1,0,14,'',0,0,'',0,0,'2018-02-07 16:37:40','2018-02-07 16:37:41'),(2,1,1,0,'',1,0,0,1,0,14,'',0,0,'',0,0,'2018-02-07 17:19:40','2018-02-07 17:19:41'),(3,1,1,0,'',1,0,0,1,0,14,'',0,0,'',0,0,'2018-02-07 17:23:54','2018-02-07 17:23:54'),(4,1,1,0,'',1,0,0,1,0,14,'',0,0,'',0,0,'2018-02-07 17:28:39','2018-02-07 17:28:39'),(5,1,1,0,'',1,0,0,1,0,14,'',0,0,'',0,0,'2018-02-07 17:28:55','2018-02-07 17:28:55'),(6,1,1,1,'a:1:{i:1;s:2:\"1,\";}',1,1,1,1,1,14,'568b2fd88b5016b6ca13231ff4ad84f0',0,0,'',0,0,'2018-02-14 12:28:24','2018-02-19 11:21:15'),(7,1,1,2,'a:1:{i:1;s:2:\"2,\";}',1,1,1,1,1,1,'568b2fd88b5016b6ca13231ff4ad84f0',0,0,'',0,0,'2018-02-19 11:54:43','2018-02-19 11:55:05'),(8,1,1,1,'a:1:{i:1;s:2:\"1,\";}',1,1,1,1,1,1,'568b2fd88b5016b6ca13231ff4ad84f0',0,0,'',0,0,'2018-02-19 12:00:36','2018-02-19 12:02:51'),(9,1,1,1,'a:1:{i:1;s:2:\"1,\";}',1,1,1,1,1,1,'568b2fd88b5016b6ca13231ff4ad84f0',0,0,'',0,0,'2018-02-19 16:03:42','2018-03-06 17:29:28'),(10,1,1,0,'',1,1,1,1,1,29,'568b2fd88b5016b6ca13231ff4ad84f0',0,0,'',0,0,'2018-03-06 17:31:27','2018-03-06 17:31:27'),(11,1,1,2,'a:1:{i:1;s:2:\"2,\";}',1,1,1,1,1,32,'568b2fd88b5016b6ca13231ff4ad84f0',0,0,'',0,0,'2018-03-07 10:33:10','2018-03-07 14:37:32'),(12,1,1,0,'',1,1,1,1,1,1,'568b2fd88b5016b6ca13231ff4ad84f0',0,0,'',0,0,'2018-03-07 14:41:51','2018-03-12 11:28:41'),(13,1,1,0,'',1,6,6,1,2,31,'3cd7d60836e1a950491d8f7c44f4c730',0,0,'',0,0,'2018-03-09 14:17:36','2018-03-09 14:46:16'),(14,1,1,0,'',1,6,6,1,2,34,'3cd7d60836e1a950491d8f7c44f4c730',0,0,'',0,0,'2018-03-09 17:53:07','2018-03-09 17:53:54'),(15,0,1,0,'',1,1,1,1,1,0,'568b2fd88b5016b6ca13231ff4ad84f0',0,0,'',0,0,'2018-03-12 12:52:59','2018-03-12 12:52:59'),(16,0,1,20,'a:1:{i:6;s:3:\"20,\";}',1,6,6,1,2,0,'3cd7d60836e1a950491d8f7c44f4c730',0,0,'',0,0,'2018-03-12 12:53:57','2018-03-12 13:04:51'),(17,1,1,0,'',1,7,7,1,1,37,'568b2fd88b5016b6ca13231ff4ad84f0',0,0,'',0,0,'2018-03-12 13:05:43','2018-03-13 12:38:49'),(18,1,1,0,'',1,7,7,1,1,41,'568b2fd88b5016b6ca13231ff4ad84f0',0,0,'',0,0,'2018-03-12 15:47:20','2018-03-12 15:51:50'),(19,1,1,0,'',1,6,6,1,2,39,'3cd7d60836e1a950491d8f7c44f4c730',0,0,'',0,0,'2018-03-12 17:35:45','2018-04-27 17:47:40'),(20,1,1,20,'',1,1,1,1,1,43,'568b2fd88b5016b6ca13231ff4ad84f0',0,0,'',0,0,'2018-03-13 16:06:22','2018-03-22 16:02:25'),(21,0,1,0,'',1,6,6,1,2,0,'3cd7d60836e1a950491d8f7c44f4c730',0,0,'',0,0,'2018-03-15 11:38:05','2018-03-15 11:38:05'),(22,1,1,20,'',1,8,8,1,4,40,'f26efc1a38d384b7f4f119a04e92cd9e',0,0,'',0,0,'2018-03-20 11:16:58','2018-03-29 10:14:22'),(23,1,1,0,'',1,0,0,1,0,47,'',0,0,'',0,0,'2018-03-22 15:39:56','2018-04-27 16:48:17'),(24,1,1,0,'',1,1,1,1,1,59,'568b2fd88b5016b6ca13231ff4ad84f0',0,0,'',0,0,'2018-03-28 12:24:47','2018-04-09 11:07:08'),(25,1,1,22,'a:1:{i:8;s:3:\"22,\";}',1,8,8,1,4,65,'f26efc1a38d384b7f4f119a04e92cd9e',0,0,'',0,0,'2018-03-29 11:30:25','2018-04-09 12:15:40'),(26,1,1,22,'a:1:{i:8;s:3:\"22,\";}',1,8,8,1,4,40,'f26efc1a38d384b7f4f119a04e92cd9e',0,0,'',0,0,'2018-04-09 12:20:15','2018-04-20 12:24:09'),(27,1,1,22,'a:1:{i:7;s:3:\"22,\";}',1,7,7,1,1,98,'568b2fd88b5016b6ca13231ff4ad84f0',0,0,'',0,0,'2018-04-17 13:07:06','2018-04-25 10:17:01'),(28,1,1,0,'',1,9,9,1,3,99,'a508315035a3432ef2f3dc080a4a1ebf',0,0,'',0,0,'2018-04-25 09:32:04','2018-04-27 12:30:41'),(29,1,1,22,'a:1:{i:7;s:3:\"22,\";}',1,7,7,1,1,1,'568b2fd88b5016b6ca13231ff4ad84f0',0,0,'',0,0,'2018-04-25 10:19:18','2018-04-25 10:22:09'),(30,1,1,22,'a:1:{i:7;s:3:\"22,\";}',1,7,7,1,1,1,'568b2fd88b5016b6ca13231ff4ad84f0',0,0,'',0,0,'2018-04-25 10:48:29','2018-04-27 14:31:40'),(31,1,1,24,'',1,7,7,1,1,124,'568b2fd88b5016b6ca13231ff4ad84f0',0,0,'',0,0,'2018-05-02 13:15:16','2018-05-02 13:17:31'),(32,1,1,24,'',1,7,7,1,1,1,'568b2fd88b5016b6ca13231ff4ad84f0',0,0,'',0,0,'2018-05-02 14:19:14','2018-05-02 14:21:30'),(33,1,1,0,'',1,9,9,1,3,126,'a508315035a3432ef2f3dc080a4a1ebf',0,0,'',0,0,'2018-05-02 14:45:00','2018-05-04 09:53:57'),(34,1,1,24,'',1,7,7,1,1,1,'568b2fd88b5016b6ca13231ff4ad84f0',0,0,'',0,0,'2018-05-02 14:57:32','2018-05-03 15:51:15'),(35,1,1,0,'',1,8,8,1,4,131,'f26efc1a38d384b7f4f119a04e92cd9e',0,0,'',0,0,'2018-05-02 15:54:00','2018-05-02 16:02:32'),(36,1,1,0,'',1,0,0,1,0,136,'',0,0,'',0,0,'2018-05-02 16:19:11','2018-05-02 16:19:11'),(37,1,1,24,'',1,11,11,1,5,127,'18125782678c5c0f134e80f909eea1bc',0,0,'',1,0,'2018-05-03 13:46:47','2018-05-03 16:59:25'),(38,1,1,0,'',1,6,6,1,2,251,'3cd7d60836e1a950491d8f7c44f4c730',0,0,'',0,0,'2018-05-03 14:16:35','2018-05-03 14:19:09'),(39,1,1,24,'',1,11,11,1,5,135,'18125782678c5c0f134e80f909eea1bc',0,0,'',0,0,'2018-05-03 14:41:16','2018-05-03 14:45:59'),(40,1,1,0,'',1,9,9,1,3,130,'a508315035a3432ef2f3dc080a4a1ebf',0,0,'',1,0,'2018-05-03 14:43:42','2018-05-17 11:25:05'),(41,1,1,24,'',2,6,6,1,2,177,'3cd7d60836e1a950491d8f7c44f4c730',0,0,'',0,0,'2018-05-03 15:34:00','2018-05-03 15:37:48'),(42,1,1,0,'',1,6,6,1,2,262,'3cd7d60836e1a950491d8f7c44f4c730',0,0,'',0,0,'2018-05-03 15:45:59','2018-05-03 15:45:59'),(43,1,1,24,'',1,7,7,1,1,175,'568b2fd88b5016b6ca13231ff4ad84f0',0,0,'',1,0,'2018-05-03 15:53:06','2018-05-03 16:33:51'),(44,1,1,0,'',1,0,0,1,0,176,'',0,0,'',1,0,'2018-05-03 16:38:44','2018-05-03 16:38:44'),(45,1,1,0,'',1,0,0,1,0,174,'',0,0,'',1,0,'2018-05-03 16:42:35','2018-05-03 16:42:35'),(46,1,1,0,'',1,6,6,1,2,170,'3cd7d60836e1a950491d8f7c44f4c730',0,0,'',1,0,'2018-05-03 16:50:54','2018-05-04 14:11:48'),(47,1,1,0,'',1,1,1,1,1,269,'568b2fd88b5016b6ca13231ff4ad84f0',0,0,'',0,0,'2018-05-03 17:13:23','2018-05-03 17:13:23'),(48,1,1,24,'',1,13,13,1,6,274,'311ca5014fd4a2c95916632c3fce423b',0,0,'',0,0,'2018-05-03 17:26:26','2018-05-03 17:27:51'),(49,1,1,0,'',1,6,6,1,2,273,'3cd7d60836e1a950491d8f7c44f4c730',0,0,'',0,0,'2018-05-03 17:30:32','2018-05-03 17:30:32'),(50,1,1,0,'',1,0,0,1,0,585,'',0,0,'',0,0,'2018-05-04 12:33:19','2018-05-04 12:33:19'),(51,1,1,0,'',2,13,13,1,6,274,'311ca5014fd4a2c95916632c3fce423b',0,0,'',0,0,'2018-05-04 13:13:58','2018-05-04 13:16:04'),(52,1,1,0,'',1,1,1,1,1,590,'568b2fd88b5016b6ca13231ff4ad84f0',0,0,'',0,0,'2018-05-04 13:17:41','2018-05-04 14:20:32'),(53,1,1,0,'',2,15,15,1,7,1696,'ea42a489a282ebf368925135bb498ae1',0,0,'',0,0,'2018-05-06 21:10:28','2018-05-06 21:21:51'),(54,1,1,0,'',1,15,15,1,7,2334,'ea42a489a282ebf368925135bb498ae1',0,0,'',0,0,'2018-05-09 08:57:32','2018-05-09 08:58:18'),(55,1,1,0,'',2,20,20,1,8,2439,'29dad781c366a52ab22b020594f4a42c',0,0,'',1,0,'2018-05-10 00:47:32','2018-05-12 14:09:18'),(56,1,1,0,'',2,20,20,1,8,2440,'29dad781c366a52ab22b020594f4a42c',0,0,'',0,0,'2018-05-10 11:41:10','2018-05-10 14:13:50'),(57,1,1,0,'',2,20,20,1,8,2532,'29dad781c366a52ab22b020594f4a42c',0,0,'',0,0,'2018-05-10 11:52:44','2018-05-10 14:37:25'),(58,1,1,0,'',2,20,20,1,8,2535,'29dad781c366a52ab22b020594f4a42c',0,0,'',1,0,'2018-05-10 12:46:22','2018-05-10 14:04:25'),(59,1,1,0,'',2,0,0,1,8,2547,'29dad781c366a52ab22b020594f4a42c',0,0,'',0,0,'2018-05-10 13:21:22','2018-05-10 13:44:06'),(60,1,1,24,'',1,27,27,1,10,2721,'c288a13cd64a6407e97b5577df09abf6',0,0,'',1,0,'2018-05-13 00:39:32','2018-05-15 07:19:47'),(61,1,1,24,'',1,28,28,1,1,2878,'568b2fd88b5016b6ca13231ff4ad84f0',0,0,'',0,0,'2018-05-14 10:01:24','2018-05-14 11:20:40'),(62,1,1,0,'',1,6,6,1,2,31,'3cd7d60836e1a950491d8f7c44f4c730',0,0,'',1,0,'2018-05-14 10:12:11','2018-05-29 16:16:07'),(63,1,1,24,'',2,20,20,1,8,2741,'29dad781c366a52ab22b020594f4a42c',0,0,'',1,0,'2018-05-14 16:03:05','2018-05-14 19:52:47'),(64,1,1,25,'a:1:{i:4;s:3:\"25,\";}',1,4,4,1,1,2991,'568b2fd88b5016b6ca13231ff4ad84f0',0,0,'',0,0,'2018-05-15 09:16:15','2018-05-23 12:49:42'),(65,1,1,0,'',1,27,27,1,10,3084,'c288a13cd64a6407e97b5577df09abf6',0,0,'',0,0,'2018-05-15 11:16:16','2018-05-15 11:16:16'),(66,1,1,0,'',2,20,20,1,8,3102,'29dad781c366a52ab22b020594f4a42c',0,0,'',0,0,'2018-05-15 13:58:39','2018-05-15 13:58:39'),(67,1,1,0,'',1,9,9,1,3,2990,'a508315035a3432ef2f3dc080a4a1ebf',0,0,'',0,0,'2018-05-16 11:08:13','2018-06-22 10:06:23'),(68,1,1,0,'',2,0,0,1,0,4408,'',0,0,'',0,0,'2018-05-18 00:22:33','2018-05-18 01:43:18'),(69,1,1,0,'',2,0,0,1,0,4495,'',0,0,'',0,0,'2018-05-18 15:19:02','2018-05-18 15:19:02'),(70,1,1,0,'',1,0,0,1,0,4816,'',0,0,'',0,0,'2018-05-19 18:25:39','2018-05-19 18:25:40'),(71,1,1,0,'',2,0,0,1,0,5486,'',0,0,'',0,0,'2018-05-22 18:01:57','2018-05-22 18:19:22'),(72,1,1,0,'',1,0,0,1,0,5302,'',0,0,'',1,0,'2018-05-25 07:48:52','2018-06-05 21:17:22'),(73,1,1,0,'',1,0,0,1,0,5926,'',0,0,'',0,0,'2018-05-25 07:58:10','2018-05-25 07:58:10'),(74,1,1,0,'',1,0,0,1,0,5698,'',0,0,'',0,0,'2018-05-25 08:57:52','2018-06-05 11:31:30'),(75,1,1,0,'',1,0,0,1,0,5634,'',0,0,'',1,0,'2018-05-25 17:51:39','2018-05-25 17:52:09'),(77,1,1,72,'',1,7,7,1,1,5579,'568b2fd88b5016b6ca13231ff4ad84f0',0,0,'',0,0,'2018-05-30 12:08:59','2018-06-11 10:11:19'),(78,1,1,0,'',1,29,29,1,1,6635,'568b2fd88b5016b6ca13231ff4ad84f0',0,0,'',0,0,'2018-05-30 12:16:49','2018-05-30 12:29:51'),(79,1,1,0,'',1,29,29,1,1,6636,'568b2fd88b5016b6ca13231ff4ad84f0',0,0,'',0,0,'2018-05-30 12:24:27','2018-05-30 12:24:51'),(80,1,1,72,'',2,38,38,1,16,6949,'751fbd0c5b772d0559e2c4ce1dc9c1d0',0,0,'',0,0,'2018-05-31 12:32:47','2018-06-21 16:27:57'),(81,1,1,56,'',2,30,30,1,11,7150,'7383cc63631e6112ae8081f7d328b046',0,0,'',0,0,'2018-06-02 17:54:23','2018-06-02 17:58:06'),(82,1,1,0,'',2,0,0,1,0,7150,'',0,0,'',0,0,'2018-06-02 17:54:24','2018-06-02 17:54:24'),(83,1,1,56,'',2,31,31,1,12,7243,'8dc7c281ee8aed9d19168673f809602d',0,0,'',1,0,'2018-06-04 17:51:03','2018-06-04 18:03:23'),(84,1,1,0,'',1,0,0,1,0,8617,'',0,0,'',0,0,'2018-06-06 15:58:38','2018-06-06 15:58:38'),(85,1,1,0,'',1,0,0,1,0,8639,'',0,0,'',1,0,'2018-06-07 13:51:29','2018-06-07 13:51:29'),(86,1,1,0,'',1,0,0,1,0,8723,'',0,0,'',0,0,'2018-06-07 14:59:03','2018-06-07 14:59:04'),(87,1,1,0,'',1,0,0,1,0,6605,'',0,0,'',0,0,'2018-06-07 18:29:24','2018-06-07 18:29:25'),(88,1,1,56,'',1,33,33,1,13,8806,'6b8af2044ed58093d85c6d87ff121038',0,0,'',0,0,'2018-06-08 10:03:40','2018-06-08 10:07:00'),(89,1,1,0,'',1,0,0,1,0,6962,'',0,0,'',0,0,'2018-06-08 13:44:43','2018-06-21 18:07:48'),(90,1,1,0,'',1,0,0,1,0,6621,'',0,0,'',0,0,'2018-06-08 15:28:52','2018-06-18 12:59:00'),(91,0,1,61,'a:1:{i:1;s:3:\"61,\";}',1,1,1,1,1,0,'568b2fd88b5016b6ca13231ff4ad84f0',0,0,'',0,0,'2018-06-08 15:35:20','2018-06-08 15:53:44'),(92,0,1,69,'a:1:{i:1;s:3:\"69,\";}',1,1,1,1,1,0,'568b2fd88b5016b6ca13231ff4ad84f0',0,0,'',0,0,'2018-06-08 16:14:42','2018-06-08 16:15:23'),(93,0,1,70,'a:1:{i:1;s:3:\"70,\";}',1,1,1,1,1,0,'568b2fd88b5016b6ca13231ff4ad84f0',0,0,'',0,0,'2018-06-08 16:15:29','2018-06-08 16:56:27'),(94,1,1,0,'',2,0,0,1,0,9039,'',0,0,'',1,0,'2018-06-10 14:07:00','2018-06-10 14:07:00'),(95,1,1,0,'',2,35,35,1,14,9039,'343ee91233a838b9b753e59b8193c595',0,0,'',1,0,'2018-06-10 14:07:29','2018-06-10 14:14:06'),(96,1,1,72,'',1,28,28,1,1,1,'568b2fd88b5016b6ca13231ff4ad84f0',0,0,'',0,0,'2018-06-11 10:22:42','2018-06-11 10:24:35'),(97,1,1,0,'',2,37,37,1,15,9540,'7142267add5a237b4fb0664472bd2d00',0,0,'',1,0,'2018-06-12 16:50:27','2018-06-12 16:53:38'),(98,1,1,0,'',2,0,0,1,0,9915,'',0,0,'',0,0,'2018-06-14 23:24:50','2018-06-14 23:24:50'),(99,1,1,0,'',1,0,0,1,0,9983,'',0,0,'',0,0,'2018-06-15 08:58:25','2018-06-15 09:00:51'),(100,1,1,0,'',2,0,0,1,0,10120,'',0,0,'',0,0,'2018-06-16 04:06:40','2018-06-19 01:16:58'),(101,1,1,0,'',1,0,0,1,0,10450,'',0,0,'',1,0,'2018-06-18 01:44:34','2018-06-18 01:44:34'),(102,1,1,0,'',1,1,1,1,1,9145,'568b2fd88b5016b6ca13231ff4ad84f0',0,0,'',0,0,'2018-06-18 15:13:44','2018-07-11 12:41:33'),(103,1,1,0,'',2,0,0,1,0,10645,'',0,0,'',0,0,'2018-06-19 08:15:15','2018-06-19 08:15:16'),(105,1,1,0,'',1,41,40,1,17,11039,'4ffc9615b951fbe5556403cc99defa02',0,0,'',0,0,'2018-06-21 17:20:53','2018-06-21 17:30:55'),(107,1,1,72,'',1,42,42,1,18,12553,'71a72e2a76db7af1c0a54b42227c815d',0,0,'',0,0,'2018-06-28 15:04:25','2018-06-28 15:15:07'),(108,1,1,72,'',2,6,6,1,2,11809,'3cd7d60836e1a950491d8f7c44f4c730',0,0,'',0,0,'2018-06-28 16:47:35','2018-08-02 11:01:04'),(109,1,1,0,'',1,0,0,1,0,12775,'',0,0,'',1,0,'2018-06-29 17:22:01','2018-06-29 17:22:02'),(110,1,1,0,'',1,0,0,1,0,12921,'',0,0,'',0,0,'2018-06-30 21:17:55','2018-06-30 21:17:56'),(111,1,1,0,'',2,0,0,1,0,13573,'',0,0,'',1,0,'2018-07-05 09:16:32','2018-07-05 09:16:32'),(112,1,1,0,'',2,44,44,1,19,9904,'7fa167ce7eb7d5b93d47351e38b151f3',0,0,'',1,0,'2018-07-06 10:15:24','2018-07-06 10:21:48'),(113,1,1,72,'',2,44,44,1,19,13760,'7fa167ce7eb7d5b93d47351e38b151f3',0,0,'',0,0,'2018-07-06 12:47:48','2018-07-06 15:04:05'),(114,1,1,0,'',1,0,0,1,0,14382,'',0,0,'',0,0,'2018-07-09 00:39:07','2018-07-09 00:39:07'),(115,1,1,72,'',1,47,47,1,20,15744,'38a734107528dffbec5578505c67596f',0,0,'',0,0,'2018-07-11 14:37:06','2018-07-11 15:07:10'),(116,1,1,75,'a:1:{i:49;s:3:\"75,\";}',2,49,49,1,21,15887,'3e776b6d7e4b70acd34e7e88e1ba5421',0,0,'',0,0,'2018-07-12 06:46:22','2018-07-13 11:14:53'),(117,1,1,0,'',1,47,47,1,20,16066,'38a734107528dffbec5578505c67596f',0,0,'',0,0,'2018-07-13 11:26:39','2018-07-13 11:26:39'),(118,1,1,0,'',1,1,1,1,1,16722,'568b2fd88b5016b6ca13231ff4ad84f0',0,0,'',0,0,'2018-07-16 16:01:24','2018-07-16 16:01:24'),(119,1,1,0,'',2,1,1,1,1,16726,'568b2fd88b5016b6ca13231ff4ad84f0',0,0,'',0,0,'2018-07-16 16:35:47','2018-08-23 09:35:31'),(121,1,1,0,'',1,0,0,1,0,17254,'',0,0,'',0,0,'2018-07-19 12:05:16','2018-07-19 12:05:16'),(122,1,1,0,'',2,0,0,1,0,17573,'',0,0,'',0,0,'2018-07-20 23:48:01','2018-07-20 23:48:01'),(124,1,1,72,'',2,50,50,1,22,18816,'f53f5337b9d50bf118f0fe7276fc5094',0,0,'',0,0,'2018-07-25 09:10:41','2018-07-25 09:20:34'),(125,1,1,72,'',2,51,51,1,23,18939,'225f284eb263c5075d860c32decb4951',0,0,'',0,0,'2018-07-25 14:15:37','2018-07-25 15:07:47'),(126,1,1,0,'',1,0,0,1,0,19628,'',0,0,'',1,0,'2018-07-26 10:01:44','2018-07-26 10:01:44'),(127,1,1,0,'',2,50,50,1,22,20182,'f53f5337b9d50bf118f0fe7276fc5094',0,0,'',0,0,'2018-07-27 11:12:29','2018-07-27 11:12:29'),(128,1,1,0,'',1,53,53,1,26,20208,'90caa46261d19dde76c37e47ca035b0a',0,0,'',1,0,'2018-07-27 15:16:36','2018-07-28 19:40:17'),(131,1,1,72,'',1,53,53,1,26,20173,'90caa46261d19dde76c37e47ca035b0a',0,0,'',0,0,'2018-07-27 16:37:44','2018-07-27 16:46:26'),(132,1,1,0,'',1,0,0,1,0,17652,'',0,0,'',0,0,'2018-07-28 12:45:35','2018-07-28 12:48:20'),(133,1,1,0,'',1,0,0,1,0,20520,'',0,0,'',0,0,'2018-07-28 15:23:16','2018-07-28 15:23:57'),(134,1,1,0,'',2,0,0,1,0,17456,'',0,0,'',0,0,'2018-07-30 12:07:52','2018-08-19 13:55:27'),(135,1,1,0,'',2,0,0,1,0,21607,'',0,0,'',0,0,'2018-07-30 13:17:50','2018-07-30 13:45:16'),(136,1,1,0,'',1,1,1,1,1,15731,'568b2fd88b5016b6ca13231ff4ad84f0',0,0,'',0,0,'2018-07-30 16:31:44','2018-08-01 14:51:17'),(137,1,1,0,'',1,0,0,1,0,21780,'',0,0,'',0,0,'2018-07-31 01:19:43','2018-07-31 01:21:04'),(138,1,1,0,'',1,0,0,1,0,21781,'',0,0,'',0,0,'2018-07-31 01:21:17','2018-07-31 01:23:08'),(139,1,1,0,'',1,0,0,1,0,21782,'',0,0,'',0,0,'2018-07-31 01:23:21','2018-07-31 01:25:12'),(140,1,1,0,'',1,0,0,1,0,21785,'',0,0,'',0,0,'2018-07-31 01:25:24','2018-07-31 01:27:10'),(141,1,1,0,'',1,0,0,1,0,21786,'',0,0,'',0,0,'2018-07-31 01:27:25','2018-07-31 01:29:13'),(142,1,1,0,'',1,0,0,1,0,21787,'',0,0,'',0,0,'2018-07-31 01:29:27','2018-07-31 01:31:17'),(143,1,1,0,'',1,0,0,1,0,21788,'',0,0,'',0,0,'2018-07-31 01:31:30','2018-07-31 01:33:21'),(144,1,1,0,'',1,0,0,1,0,21791,'',0,0,'',0,0,'2018-07-31 01:33:42','2018-07-31 01:35:28'),(145,1,1,0,'',1,0,0,1,0,21792,'',0,0,'',0,0,'2018-07-31 01:35:42','2018-07-31 01:36:01'),(146,1,1,72,'',1,1,1,1,1,21902,'568b2fd88b5016b6ca13231ff4ad84f0',0,0,'',0,0,'2018-07-31 14:59:06','2018-07-31 15:01:59'),(147,1,1,0,'',2,0,0,1,0,21940,'',0,0,'',0,0,'2018-07-31 18:43:01','2018-07-31 18:47:15'),(148,1,1,0,'',2,0,0,1,0,23125,'',0,0,'',0,0,'2018-08-02 22:05:21','2018-08-02 22:29:47'),(149,1,1,0,'',1,0,0,1,0,22650,'',0,0,'',0,0,'2018-08-02 23:32:18','2018-08-02 23:33:43'),(150,1,1,0,'',2,0,0,1,27,23718,'df5df0f3d3117d8dd94db2f9f62e5d8c',0,0,'',0,0,'2018-08-04 03:13:41','2018-08-04 17:24:49'),(151,1,1,0,'',1,0,0,1,0,24027,'',0,0,'',0,0,'2018-08-04 17:25:35','2018-08-04 17:50:57'),(152,1,1,0,'',2,0,0,1,0,24274,'',0,0,'',0,0,'2018-08-05 00:26:11','2018-08-05 00:27:25'),(153,1,1,0,'',2,0,0,1,0,24275,'',0,0,'',0,0,'2018-08-05 00:28:08','2018-08-05 00:30:02'),(154,1,1,0,'',2,0,0,1,0,24277,'',0,0,'',0,0,'2018-08-05 00:30:18','2018-08-05 00:32:08'),(155,1,1,0,'',2,0,0,1,0,24280,'',0,0,'',0,0,'2018-08-05 00:32:32','2018-08-05 00:34:15'),(156,1,1,0,'',2,0,0,1,0,24281,'',0,0,'',0,0,'2018-08-05 00:34:45','2018-08-05 00:36:11'),(157,1,1,0,'',2,0,0,1,0,24282,'',0,0,'',0,0,'2018-08-05 00:36:41','2018-08-05 00:38:34'),(158,1,1,0,'',2,0,0,1,0,24283,'',0,0,'',0,0,'2018-08-05 00:39:05','2018-08-05 00:40:39'),(159,1,1,0,'',2,0,0,1,0,24285,'',0,0,'',0,0,'2018-08-05 00:41:30','2018-08-05 00:42:47'),(160,1,1,0,'',2,0,0,1,0,24288,'',0,0,'',0,0,'2018-08-05 00:43:32','2018-08-05 00:44:21'),(161,1,1,0,'',2,0,0,1,0,24289,'',0,0,'',0,0,'2018-08-05 00:45:07','2018-08-05 00:46:54'),(162,1,1,0,'',2,0,0,1,0,24291,'',0,0,'',0,0,'2018-08-05 00:47:54','2018-08-05 00:49:23'),(163,1,1,0,'',2,0,0,1,0,24292,'',0,0,'',0,0,'2018-08-05 00:49:47','2018-08-05 00:51:23'),(164,1,1,0,'',2,0,0,1,0,24295,'',0,0,'',0,0,'2018-08-05 00:51:59','2018-08-05 00:53:40'),(165,1,1,0,'',2,0,0,1,0,24297,'',0,0,'',0,0,'2018-08-05 00:54:15','2018-08-05 00:56:00'),(166,1,1,0,'',2,0,0,1,0,24300,'',0,0,'',0,0,'2018-08-05 00:56:34','2018-08-05 00:58:19'),(167,1,1,0,'',2,0,0,1,0,24301,'',0,0,'',0,0,'2018-08-05 00:58:35','2018-08-05 01:00:22'),(168,1,1,0,'',2,0,0,1,0,24302,'',0,0,'',0,0,'2018-08-05 01:00:50','2018-08-05 01:02:23'),(169,1,1,0,'',2,0,0,1,0,24306,'',0,0,'',0,0,'2018-08-05 01:02:49','2018-08-05 01:03:55'),(170,1,1,0,'',1,0,0,1,0,24352,'',0,0,'',0,0,'2018-08-05 01:53:14','2018-08-05 01:53:27'),(171,1,1,0,'',1,0,0,1,0,24355,'',0,0,'',0,0,'2018-08-05 01:53:52','2018-08-05 01:55:18'),(172,1,1,0,'',2,0,0,1,0,25634,'',0,0,'',0,0,'2018-08-07 17:28:34','2018-08-07 17:29:48'),(173,1,1,0,'',2,0,0,1,0,25635,'',0,0,'',0,0,'2018-08-07 17:30:28','2018-08-07 17:31:58'),(174,1,1,0,'',1,0,0,1,0,25690,'',0,0,'',0,0,'2018-08-07 18:44:13','2018-08-07 18:45:44'),(175,1,1,0,'',1,0,0,1,0,25692,'',0,0,'',0,0,'2018-08-07 18:46:16','2018-08-07 18:47:58'),(176,1,1,0,'',1,0,0,1,0,25693,'',0,0,'',0,0,'2018-08-07 18:48:17','2018-08-07 18:48:17'),(177,1,1,72,'',1,55,55,1,28,25492,'5932e7cb2307b790bba70bf9f5a0a036',0,0,'',0,0,'2018-08-08 09:05:30','2018-08-08 09:14:07'),(178,1,1,0,'',2,0,0,1,0,26541,'',0,0,'',0,0,'2018-08-09 20:16:15','2018-08-09 20:16:34'),(179,1,1,0,'',1,0,0,1,0,26566,'',0,0,'',0,0,'2018-08-09 20:38:37','2018-08-09 20:38:38'),(180,1,1,75,'a:1:{i:57;s:3:\"75,\";}',2,57,57,1,29,26587,'ed7ad10b880e2b42f2d9ef2565cbfeca',0,0,'',0,0,'2018-08-09 21:57:29','2018-08-09 22:09:28'),(181,1,1,75,'a:1:{i:57;s:3:\"75,\";}',2,57,57,1,29,26587,'ed7ad10b880e2b42f2d9ef2565cbfeca',0,0,'',0,0,'2018-08-09 22:13:23','2018-08-09 22:16:55'),(182,1,1,72,'',1,58,58,1,30,27402,'3deaea087873ff463c6a20d7c4a7613a',0,0,'',0,0,'2018-08-12 10:53:39','2018-09-04 20:21:04'),(183,1,1,0,'',1,0,0,1,0,27626,'',0,0,'',1,0,'2018-08-12 16:49:02','2018-08-12 16:49:03'),(184,1,1,0,'',1,0,0,1,0,21562,'',0,0,'',1,0,'2018-08-12 17:15:44','2018-08-12 17:15:44'),(185,1,1,0,'',1,0,0,1,0,27691,'',0,0,'',0,0,'2018-08-12 18:26:38','2018-08-12 18:26:39'),(186,1,1,0,'',1,0,0,1,0,28484,'',0,0,'',0,0,'2018-08-13 19:23:33','2018-08-13 19:23:33'),(187,1,1,0,'',2,0,0,1,0,29324,'',0,0,'',0,0,'2018-08-16 19:08:40','2018-08-16 19:08:41'),(188,1,1,72,'',2,59,60,1,31,29324,'beea8b6f51b6b84838b081c14ea7946d',0,0,'',0,0,'2018-08-16 19:08:46','2018-08-17 19:56:58'),(189,1,1,0,'',1,0,0,1,0,29859,'',0,0,'',1,0,'2018-08-18 14:28:17','2018-08-18 14:28:17'),(190,1,1,0,'',1,0,0,1,0,29869,'',0,0,'',1,0,'2018-08-18 15:19:27','2018-08-18 15:19:27'),(191,1,1,0,'',1,0,0,1,0,29897,'',0,0,'',0,0,'2018-08-18 18:19:27','2018-08-18 18:19:27'),(192,1,1,0,'',1,0,0,1,0,29943,'',0,0,'',0,0,'2018-08-19 01:17:13','2018-08-19 02:13:07'),(193,1,1,0,'',1,0,0,1,0,29691,'',0,0,'',1,0,'2018-08-20 11:43:33','2018-08-20 11:43:34'),(194,1,1,0,'',2,0,0,1,0,30456,'',0,0,'',0,0,'2018-08-21 05:29:24','2018-08-21 05:29:25'),(195,1,1,0,'',1,0,0,1,0,27145,'',0,0,'',0,0,'2018-08-21 18:09:21','2018-08-21 18:09:21'),(196,1,1,75,'a:1:{i:61;s:3:\"75,\";}',1,61,61,1,32,30654,'3fc9f5fd27cf5b4c96cb20bf5e7e3ea7',0,0,'',0,0,'2018-08-22 04:01:38','2018-08-22 04:24:46'),(197,1,1,0,'',1,61,61,1,32,33665,'3fc9f5fd27cf5b4c96cb20bf5e7e3ea7',0,0,'',0,0,'2018-08-24 13:43:04','2018-08-24 13:43:04'),(198,1,1,72,'',2,59,60,1,31,29324,'beea8b6f51b6b84838b081c14ea7946d',0,0,'',0,0,'2018-08-24 16:56:32','2018-08-24 17:23:22'),(199,1,1,0,'',2,57,57,1,29,33708,'ed7ad10b880e2b42f2d9ef2565cbfeca',0,0,'',0,0,'2018-08-24 18:13:56','2018-08-24 18:13:56'),(200,1,1,0,'',1,62,62,1,33,33404,'de299ba5f79959466850715e98fd38f6',0,0,'',1,0,'2018-08-27 18:48:49','2018-08-29 20:28:04'),(201,1,1,0,'',1,0,0,1,33,34420,'de299ba5f79959466850715e98fd38f6',0,0,'',0,0,'2018-08-27 20:25:50','2018-08-27 20:34:57'),(202,1,1,0,'',1,61,61,1,32,34395,'3fc9f5fd27cf5b4c96cb20bf5e7e3ea7',0,0,'',0,0,'2018-08-27 21:31:22','2018-08-27 21:31:22'),(203,1,1,0,'',1,0,0,1,0,34441,'',0,0,'',1,0,'2018-08-27 21:35:13','2018-08-28 10:25:53'),(204,1,1,0,'',1,0,0,1,0,34454,'',0,0,'',0,0,'2018-08-27 22:25:25','2018-08-27 22:25:25'),(205,1,1,0,'',1,0,0,1,0,34461,'',0,0,'',1,0,'2018-08-27 22:44:01','2018-08-27 22:44:01'),(206,1,1,0,'',2,0,0,1,0,34460,'',0,0,'',0,0,'2018-08-27 22:45:49','2018-08-27 22:45:49'),(207,1,1,72,'',1,62,62,1,33,34434,'de299ba5f79959466850715e98fd38f6',0,0,'',0,0,'2018-08-27 23:41:11','2018-08-27 23:49:52'),(208,1,1,0,'',1,67,67,1,34,34586,'c5080b2cecca6c9fb9ea83d8085ce0d1',0,0,'',1,0,'2018-08-28 14:16:14','2018-08-28 14:21:48'),(209,1,1,72,'',1,67,67,1,34,34587,'c5080b2cecca6c9fb9ea83d8085ce0d1',0,0,'',0,0,'2018-08-28 14:25:08','2018-08-28 14:30:53'),(210,1,1,0,'',1,67,67,1,34,34598,'c5080b2cecca6c9fb9ea83d8085ce0d1',0,0,'',0,0,'2018-08-28 15:13:13','2018-08-28 15:13:13'),(211,1,1,0,'',1,72,72,1,34,28788,'c5080b2cecca6c9fb9ea83d8085ce0d1',0,0,'',0,0,'2018-08-28 15:25:07','2018-08-28 15:27:53'),(212,1,1,0,'',1,61,61,1,32,34443,'3fc9f5fd27cf5b4c96cb20bf5e7e3ea7',0,0,'',0,0,'2018-08-28 20:31:32','2018-08-28 20:35:17'),(213,1,1,0,'',1,72,72,1,34,34912,'c5080b2cecca6c9fb9ea83d8085ce0d1',0,0,'',0,0,'2018-08-29 09:01:14','2018-08-29 09:01:14'),(214,1,1,75,'a:1:{i:74;s:3:\"75,\";}',2,74,74,1,35,34966,'28df0310f14eb6cab5bff26ea3fc2056',0,0,'',0,0,'2018-08-29 13:40:47','2018-08-29 13:45:44'),(215,1,1,0,'',1,62,62,1,33,34471,'de299ba5f79959466850715e98fd38f6',0,0,'',1,0,'2018-08-29 13:53:01','2018-08-29 13:55:40'),(216,1,1,72,'',1,75,75,1,36,34564,'7a30c11c9c62f9223ba231be66debc28',0,0,'',0,0,'2018-08-29 14:47:42','2018-08-29 14:53:17'),(217,1,1,0,'',2,0,0,1,0,35030,'',0,0,'',0,0,'2018-08-29 19:34:08','2018-08-29 19:34:08'),(218,1,1,72,'',2,59,60,1,31,35509,'beea8b6f51b6b84838b081c14ea7946d',0,0,'',0,0,'2018-08-31 02:18:36','2018-08-31 02:26:32'),(219,1,1,0,'',1,0,0,1,0,36296,'',0,0,'',0,0,'2018-09-01 19:01:44','2018-09-01 19:01:44'),(220,1,1,0,'',1,0,0,1,0,36752,'',0,0,'',1,0,'2018-09-03 09:35:20','2018-09-03 09:36:37'),(221,1,1,72,'',1,75,75,1,36,36777,'7a30c11c9c62f9223ba231be66debc28',0,0,'',0,0,'2018-09-03 11:33:59','2018-09-05 17:45:39'),(222,1,1,72,'',1,78,78,1,37,37102,'43981064d7ce6023730e2dc7cc6d6ed7',0,0,'',0,0,'2018-09-04 14:14:12','2018-09-04 14:18:05'),(223,1,1,0,'',1,62,62,1,33,37116,'de299ba5f79959466850715e98fd38f6',0,0,'',0,0,'2018-09-04 15:02:12','2018-09-04 15:02:12'),(224,1,1,0,'',1,75,75,1,36,36853,'7a30c11c9c62f9223ba231be66debc28',0,0,'',0,0,'2018-09-04 16:37:17','2018-09-04 16:37:17'),(225,1,1,0,'',1,0,0,1,0,39130,'',0,0,'',0,0,'2018-09-05 11:34:21','2018-09-05 11:34:39'),(226,1,1,0,'',1,0,0,1,0,39131,'',0,0,'',0,0,'2018-09-05 11:35:00','2018-09-05 11:36:41'),(227,1,1,0,'',1,0,0,1,0,39132,'',0,0,'',0,0,'2018-09-05 11:37:05','2018-09-05 11:38:49'),(228,1,1,0,'',1,0,0,1,0,39135,'',0,0,'',0,0,'2018-09-05 11:39:21','2018-09-05 11:40:59'),(229,1,1,0,'',1,0,0,1,0,39136,'',0,0,'',0,0,'2018-09-05 11:41:21','2018-09-05 11:43:12'),(230,1,1,0,'',1,0,0,1,0,39137,'',0,0,'',0,0,'2018-09-05 11:43:35','2018-09-05 11:45:23'),(231,1,1,0,'',1,0,0,1,0,39139,'',0,0,'',0,0,'2018-09-05 11:45:56','2018-09-05 11:47:29'),(232,1,1,0,'',1,0,0,1,0,39140,'',0,0,'',0,0,'2018-09-05 11:47:42','2018-09-05 11:49:29'),(233,1,1,0,'',1,0,0,1,0,39143,'',0,0,'',0,0,'2018-09-05 11:50:01','2018-09-05 11:51:35'),(234,1,1,0,'',1,0,0,1,0,39144,'',0,0,'',0,0,'2018-09-05 11:52:13','2018-09-05 11:53:51'),(235,1,1,0,'',1,0,0,1,0,39146,'',0,0,'',0,0,'2018-09-05 11:54:12','2018-09-05 11:55:58'),(236,1,1,0,'',1,0,0,1,0,39147,'',0,0,'',0,0,'2018-09-05 11:56:11','2018-09-05 11:56:46'),(237,1,1,72,'',1,62,62,1,33,37117,'de299ba5f79959466850715e98fd38f6',0,0,'',1,0,'2018-09-05 13:29:45','2018-09-05 13:34:44'),(238,1,1,0,'',2,0,0,1,0,39234,'',0,0,'',1,0,'2018-09-05 16:03:56','2018-09-05 16:03:57'),(239,1,1,0,'',1,61,61,1,32,39256,'3fc9f5fd27cf5b4c96cb20bf5e7e3ea7',0,0,'',0,0,'2018-09-05 19:08:47','2018-09-05 19:08:47'),(241,1,1,0,'',1,0,0,1,0,39463,'',0,0,'',0,0,'2018-09-06 15:18:43','2018-09-06 15:18:43'),(242,1,1,0,'',2,0,0,1,0,39834,'',0,0,'',0,0,'2018-09-07 19:31:18','2018-09-07 19:32:39'),(243,1,1,0,'',2,0,0,1,0,39835,'',0,0,'',0,0,'2018-09-07 19:32:57','2018-09-07 19:34:41'),(244,1,1,0,'',2,0,0,1,0,39836,'',0,0,'',0,0,'2018-09-07 19:35:14','2018-09-07 19:36:41'),(245,1,1,0,'',2,0,0,1,0,39837,'',0,0,'',0,0,'2018-09-07 19:37:15','2018-09-07 19:38:50'),(246,1,1,0,'',2,0,0,1,0,39840,'',0,0,'',0,0,'2018-09-07 19:39:29','2018-09-07 19:40:53'),(247,1,1,0,'',2,0,0,1,0,39841,'',0,0,'',0,0,'2018-09-07 19:41:36','2018-09-07 19:42:55'),(248,1,1,0,'',2,0,0,1,0,39843,'',0,0,'',0,0,'2018-09-07 19:44:13','2018-09-07 19:44:39'),(249,1,1,0,'',2,0,0,1,0,39844,'',0,0,'',0,0,'2018-09-07 19:45:35','2018-09-07 19:47:19'),(250,1,1,0,'',2,0,0,1,0,39848,'',0,0,'',0,0,'2018-09-07 19:47:43','2018-09-07 19:49:24'),(251,1,1,0,'',2,0,0,1,0,39849,'',0,0,'',0,0,'2018-09-07 19:49:52','2018-09-07 19:51:35'),(252,1,1,0,'',2,0,0,1,0,39850,'',0,0,'',0,0,'2018-09-07 19:51:49','2018-09-07 19:53:40'),(253,1,1,0,'',2,0,0,1,0,39851,'',0,0,'',0,0,'2018-09-07 19:53:59','2018-09-07 19:55:44'),(254,1,1,0,'',2,0,0,1,0,39852,'',0,0,'',0,0,'2018-09-07 19:56:03','2018-09-07 19:57:52'),(255,1,1,0,'',2,0,0,1,0,39855,'',0,0,'',0,0,'2018-09-07 19:58:16','2018-09-07 20:00:02'),(256,1,1,0,'',2,0,0,1,0,39856,'',0,0,'',0,0,'2018-09-07 20:00:15','2018-09-07 20:00:58'),(257,1,1,0,'',1,0,0,1,0,39893,'',0,0,'',0,0,'2018-09-07 20:39:39','2018-09-07 20:41:14'),(258,1,1,0,'',1,0,0,1,0,39895,'',0,0,'',0,0,'2018-09-07 20:41:36','2018-09-07 20:41:36'),(259,1,1,0,'',1,0,0,1,0,40042,'',0,0,'',0,0,'2018-09-08 13:11:14','2018-09-08 13:11:14'),(260,1,1,0,'',1,82,82,1,32,40162,'3fc9f5fd27cf5b4c96cb20bf5e7e3ea7',0,0,'',0,0,'2018-09-08 20:55:12','2018-09-17 04:39:03'),(261,1,1,0,'',2,0,0,1,0,40467,'',0,0,'',0,0,'2018-09-09 22:05:03','2018-09-09 22:05:25'),(262,1,1,0,'',2,0,0,1,0,40469,'',0,0,'',0,0,'2018-09-09 22:05:37','2018-09-09 22:06:29'),(263,1,1,0,'',1,0,0,1,0,40507,'',0,0,'',0,0,'2018-09-09 22:44:58','2018-09-09 22:45:56'),(264,1,1,0,'',1,0,0,1,0,40510,'',0,0,'',0,0,'2018-09-09 22:46:42','2018-09-09 22:47:57'),(265,1,1,0,'',1,0,0,1,0,40517,'',0,0,'',0,0,'2018-09-09 22:48:40','2018-09-09 22:49:53'),(266,1,1,0,'',1,0,0,1,0,40508,'',0,0,'',1,0,'2018-09-09 22:51:11','2018-09-09 22:52:09'),(267,1,1,0,'',1,0,0,1,0,33743,'',0,0,'',1,0,'2018-09-10 14:16:42','2018-09-10 14:16:42'),(268,1,1,75,'a:1:{i:85;s:3:\"75,\";}',1,85,86,1,40,40862,'70ce947f80ccd54002b17a3dbb3239f6',0,0,'',0,0,'2018-09-10 23:50:45','2018-09-15 20:38:30'),(270,1,1,72,'',1,82,82,1,32,41251,'3fc9f5fd27cf5b4c96cb20bf5e7e3ea7',0,0,'',0,0,'2018-09-11 20:45:42','2018-09-11 20:47:38'),(271,1,1,0,'',2,0,0,1,0,41266,'',0,0,'',0,0,'2018-09-11 22:15:01','2018-09-11 22:15:11'),(272,1,1,0,'',2,0,0,1,0,41267,'',0,0,'',0,0,'2018-09-11 22:16:30','2018-09-11 22:16:47'),(273,1,1,0,'',1,0,0,1,0,41274,'',0,0,'',0,0,'2018-09-11 22:26:43','2018-09-11 22:26:57'),(274,1,1,0,'',2,83,83,1,38,41518,'767f683b9b0df51ae15c47d6c3c1af1a',0,0,'',0,0,'2018-09-12 21:05:06','2018-09-14 19:47:32'),(276,1,1,0,'',1,0,0,1,0,41617,'',0,0,'',0,0,'2018-09-13 08:07:52','2018-09-13 08:09:18'),(277,1,1,0,'',1,0,0,1,0,41772,'',0,0,'',0,0,'2018-09-13 18:15:24','2018-09-13 18:15:25'),(278,1,1,0,'',2,0,0,1,0,41927,'',0,0,'',0,0,'2018-09-14 06:26:26','2018-09-14 06:26:26'),(279,1,1,0,'',1,0,0,1,0,41930,'',0,0,'',0,0,'2018-09-14 06:32:50','2018-09-14 06:33:13'),(281,1,1,0,'',2,0,0,1,0,42143,'',0,0,'',0,0,'2018-09-14 17:26:07','2018-09-14 17:26:07'),(282,1,1,0,'',1,0,0,1,0,42146,'',0,0,'',0,0,'2018-09-14 17:31:21','2018-09-14 17:31:53'),(283,1,1,0,'',1,0,0,1,0,42165,'',0,0,'',0,0,'2018-09-14 18:50:05','2018-09-14 18:50:21'),(284,1,1,0,'',2,0,0,1,0,42197,'',0,0,'',0,0,'2018-09-14 20:34:03','2018-09-14 20:34:03'),(285,1,1,0,'',1,0,0,1,0,42200,'',0,0,'',0,0,'2018-09-14 20:37:46','2018-09-14 20:37:58'),(286,1,1,72,'',1,84,84,1,39,40098,'d419e50f73397fe9b52c45e71c4bea3f',0,0,'',0,0,'2018-09-15 11:46:29','2018-09-15 13:56:19'),(287,1,1,0,'',1,0,0,1,0,42432,'',0,0,'',0,0,'2018-09-15 15:12:18','2018-09-15 15:12:35'),(288,1,1,0,'',1,0,0,1,0,42443,'',0,0,'',0,0,'2018-09-15 16:49:03','2018-09-15 16:49:11'),(289,1,1,0,'',1,87,87,1,41,42958,'a7b38328db8715ac35e127ba5231dee2',0,0,'',0,0,'2018-09-17 05:53:26','2018-09-17 05:57:38'),(291,1,1,0,'',1,0,0,1,0,43109,'',0,0,'',0,0,'2018-09-17 20:17:29','2018-09-17 20:18:36'),(292,1,1,0,'',1,0,0,1,0,43110,'',0,0,'',0,0,'2018-09-17 20:20:00','2018-09-17 20:20:08'),(293,1,1,0,'',1,0,0,1,0,43307,'',0,0,'',1,0,'2018-09-18 06:54:52','2018-09-19 07:35:14'),(294,1,1,0,'',2,0,0,1,0,43444,'',0,0,'',0,0,'2018-09-18 11:05:28','2018-09-18 11:05:36'),(295,1,1,0,'',1,0,0,1,0,43446,'',0,0,'',0,0,'2018-09-18 11:08:56','2018-09-18 11:08:56'),(296,1,1,0,'',1,84,84,1,39,43777,'d419e50f73397fe9b52c45e71c4bea3f',0,0,'',0,0,'2018-09-19 10:54:42','2018-09-19 10:54:42'),(297,1,1,72,'a:1:{i:29;s:3:\"89,\";}',1,152,152,1,1,43757,'568b2fd88b5016b6ca13231ff4ad84f0',0,0,'',0,0,'2018-09-19 12:43:07','2018-12-19 15:39:10'),(298,1,1,0,'',2,0,0,1,0,43817,'',0,0,'',0,0,'2018-09-19 12:59:16','2018-09-19 12:59:16'),(299,1,1,0,'',1,0,0,1,0,41465,'',0,0,'',0,0,'2018-09-19 17:02:39','2018-09-19 17:02:40'),(300,1,1,0,'',2,0,0,1,0,44621,'',0,0,'',1,0,'2018-09-20 05:39:55','2018-09-20 05:39:55'),(301,1,1,0,'',2,0,0,1,0,44721,'',0,0,'',1,0,'2018-09-20 13:01:19','2018-09-20 13:01:55'),(302,1,1,0,'',1,0,0,1,0,45290,'',0,0,'',1,0,'2018-09-21 15:42:45','2018-09-21 15:42:45'),(305,1,1,72,'',2,89,89,1,42,48447,'4a31110de3c0f74a0f2ef189e59de1a8',0,0,'',0,0,'2018-09-24 16:05:26','2018-09-24 16:09:29'),(306,1,1,0,'',1,0,0,1,0,48347,'',0,0,'',0,0,'2018-09-25 16:40:03','2018-09-25 16:40:04'),(307,1,1,72,'',2,91,91,1,43,48842,'ed1b3bc99c43cb6fa4248dc7593ad3fd',0,0,'',0,0,'2018-09-25 20:58:45','2018-09-25 21:03:43'),(308,1,1,0,'',2,93,93,1,44,49419,'83f839708c33ad104baa62ddd91bef8c',0,0,'',0,0,'2018-09-27 11:23:28','2018-09-27 11:27:24'),(309,1,1,0,'',1,0,0,1,0,26451,'',0,0,'',0,0,'2018-09-28 16:29:47','2018-09-28 16:29:54'),(310,1,1,0,'',2,0,0,1,0,50481,'',0,0,'',0,0,'2018-09-29 15:03:51','2018-09-29 15:03:52'),(311,1,1,0,'',2,91,91,1,43,49433,'ed1b3bc99c43cb6fa4248dc7593ad3fd',0,0,'',0,0,'2018-10-01 14:36:40','2018-10-01 14:36:40'),(312,1,1,72,'',1,96,96,1,46,51194,'51b9c36dff766593b1ef65b4178b1519',0,0,'',0,0,'2018-10-01 18:56:53','2018-10-06 18:28:21'),(313,1,1,72,'',1,94,94,1,45,51428,'be8f961e17a7c6abe6e0d67d38c4a62c',0,0,'',0,0,'2018-10-02 11:40:53','2018-10-02 11:45:06'),(314,1,1,0,'',2,0,0,1,0,51858,'',0,0,'',1,0,'2018-10-03 19:17:36','2018-10-03 19:17:36'),(315,1,1,0,'',2,0,0,1,0,52499,'',0,0,'',1,0,'2018-10-05 15:52:48','2018-10-05 15:52:49'),(316,1,1,0,'',1,0,0,1,0,52302,'',0,0,'',0,0,'2018-10-07 02:05:45','2018-10-07 02:05:45'),(317,1,1,0,'',2,0,0,1,0,53111,'',0,0,'',0,0,'2018-10-07 09:57:29','2018-10-07 09:58:33'),(318,1,1,72,'',1,98,98,1,47,53366,'898910ee3d49728a8e3dadb72bcc5809',0,0,'',0,0,'2018-10-07 16:18:59','2018-10-07 16:27:06'),(319,1,1,0,'',2,0,0,1,0,55903,'',0,0,'',0,0,'2018-10-13 04:53:21','2018-10-13 04:53:21'),(320,1,1,0,'',1,0,0,1,0,55917,'',0,0,'',0,0,'2018-10-13 05:46:32','2018-10-13 05:47:40'),(321,1,1,0,'',1,0,0,1,0,57151,'',0,0,'',0,0,'2018-10-14 17:55:01','2018-10-14 17:55:47'),(322,1,1,0,'',1,0,0,1,0,57152,'',0,0,'',0,0,'2018-10-14 17:56:08','2018-10-14 17:57:57'),(323,1,1,0,'',1,0,0,1,0,57154,'',0,0,'',0,0,'2018-10-14 17:58:14','2018-10-14 18:00:04'),(324,1,1,0,'',1,0,0,1,0,57157,'',0,0,'',0,0,'2018-10-14 18:00:24','2018-10-14 18:02:11'),(325,1,1,0,'',1,0,0,1,0,57160,'',0,0,'',0,0,'2018-10-14 18:02:32','2018-10-14 18:04:17'),(327,1,1,0,'',1,0,0,1,0,57162,'',0,0,'',0,0,'2018-10-14 18:06:40','2018-10-14 18:08:21'),(328,1,1,0,'',1,0,0,1,0,57163,'',0,0,'',0,0,'2018-10-14 18:08:45','2018-10-14 18:10:27'),(329,1,1,0,'',1,0,0,1,0,57164,'',0,0,'',0,0,'2018-10-14 18:10:46','2018-10-14 18:12:25'),(330,1,1,0,'',1,0,0,1,0,57167,'',0,0,'',0,0,'2018-10-14 18:12:46','2018-10-14 18:14:28'),(332,1,1,0,'',1,0,0,1,0,57171,'',0,0,'',0,0,'2018-10-14 18:17:05','2018-10-14 18:18:49'),(333,1,1,0,'',1,0,0,1,0,57172,'',0,0,'',0,0,'2018-10-14 18:19:15','2018-10-14 18:20:42'),(334,1,1,0,'',2,0,0,1,0,58013,'',0,0,'',0,0,'2018-10-16 17:21:17','2018-10-16 17:21:51'),(335,1,1,0,'',1,100,100,1,48,58102,'51fa561d33e51e8bbcd030f8a87d5f33',0,0,'',1,0,'2018-10-16 21:47:26','2018-10-18 23:13:26'),(336,1,1,0,'',2,0,0,1,0,58109,'',0,0,'',0,0,'2018-10-16 21:59:11','2018-10-16 21:59:11'),(337,1,1,0,'',2,0,0,1,0,58126,'',0,0,'',1,0,'2018-10-16 22:07:27','2018-10-16 22:07:42'),(338,1,1,0,'',2,0,0,1,0,58155,'',0,0,'',0,0,'2018-10-16 22:39:32','2018-10-23 22:23:31'),(339,1,1,0,'',2,0,0,1,0,58163,'',0,0,'',0,0,'2018-10-16 23:20:46','2018-10-16 23:21:13'),(340,1,1,0,'',2,0,0,1,0,58285,'',0,0,'',0,0,'2018-10-17 02:25:26','2018-10-17 02:25:27'),(341,1,1,0,'',2,0,0,1,0,58369,'',0,0,'',1,0,'2018-10-17 06:05:44','2018-10-17 06:05:44'),(342,1,1,0,'',2,0,0,1,0,58498,'',0,0,'',1,0,'2018-10-17 13:01:03','2018-10-17 13:01:03'),(343,1,1,0,'',1,0,0,1,0,58560,'',0,0,'',0,0,'2018-10-17 17:31:54','2018-10-17 17:38:57'),(344,1,1,0,'',1,0,0,1,0,58563,'',0,0,'',1,0,'2018-10-17 17:43:27','2018-10-17 17:43:27'),(345,1,1,0,'',1,0,0,1,0,58565,'',0,0,'',1,0,'2018-10-17 18:12:51','2018-10-17 18:12:51'),(346,1,1,0,'',2,0,0,1,0,58598,'',0,0,'',0,0,'2018-10-17 20:23:20','2018-10-17 20:23:20'),(347,1,1,0,'',2,0,0,1,0,58891,'',0,0,'',0,0,'2018-10-18 14:23:58','2018-10-18 14:24:46'),(348,1,1,0,'',2,0,0,1,0,58894,'',0,0,'',0,0,'2018-10-18 14:25:04','2018-10-18 14:26:52'),(349,1,1,0,'',2,0,0,1,0,58895,'',0,0,'',0,0,'2018-10-18 14:27:10','2018-10-18 14:28:59'),(350,1,1,0,'',2,0,0,1,0,58902,'',0,0,'',0,0,'2018-10-18 14:29:17','2018-10-18 14:31:02'),(351,1,1,0,'',2,0,0,1,0,58903,'',0,0,'',0,0,'2018-10-18 14:31:20','2018-10-18 14:33:13'),(352,1,1,0,'',2,0,0,1,0,58904,'',0,0,'',0,0,'2018-10-18 14:33:30','2018-10-18 14:35:18'),(353,1,1,0,'',2,0,0,1,0,58907,'',0,0,'',0,0,'2018-10-18 14:35:31','2018-10-18 14:37:06'),(354,1,1,0,'',2,0,0,1,0,58909,'',0,0,'',0,0,'2018-10-18 14:37:40','2018-10-18 14:39:21'),(355,1,1,0,'',2,0,0,1,0,58910,'',0,0,'',0,0,'2018-10-18 14:39:37','2018-10-18 14:41:22'),(356,1,1,0,'',2,0,0,1,0,58912,'',0,0,'',0,0,'2018-10-18 14:41:36','2018-10-18 14:43:25'),(357,1,1,0,'',2,0,0,1,0,58914,'',0,0,'',0,0,'2018-10-18 14:43:41','2018-10-18 14:45:29'),(358,1,1,0,'',2,0,0,1,0,58917,'',0,0,'',0,0,'2018-10-18 14:45:44','2018-10-18 14:45:55'),(359,1,1,0,'',1,0,0,1,0,58960,'',0,0,'',0,0,'2018-10-18 15:27:40','2018-10-18 15:28:52'),(360,1,1,72,'',2,101,102,1,49,59059,'9128305ff21234aecd4dbeb53dad8929',0,0,'',0,0,'2018-10-18 23:11:12','2018-10-18 23:20:18'),(361,1,1,0,'',2,0,0,1,0,59443,'',0,0,'',1,0,'2018-10-20 04:50:47','2018-10-20 04:50:48'),(362,1,1,0,'',2,0,0,1,0,59457,'',0,0,'',0,0,'2018-10-20 06:06:44','2018-10-20 06:06:44'),(363,1,1,75,'a:1:{i:103;s:3:\"75,\";}',2,103,103,1,50,56874,'81bf3acecb8b8a1f0db6685556302e0e',0,0,'',1,0,'2018-10-20 09:23:52','2018-10-20 09:35:53'),(364,1,1,0,'',2,0,0,1,0,59533,'',0,0,'',1,0,'2018-10-20 15:20:50','2018-10-20 15:24:14'),(365,1,1,0,'',2,103,103,1,50,56874,'81bf3acecb8b8a1f0db6685556302e0e',0,0,'',1,0,'2018-10-20 17:30:03','2018-10-20 18:35:39'),(366,1,1,0,'',2,0,0,1,0,59589,'',0,0,'',0,0,'2018-10-20 18:16:09','2018-10-20 18:16:35'),(367,1,1,0,'',2,0,0,1,0,59592,'',0,0,'',0,0,'2018-10-20 18:16:58','2018-10-20 18:18:35'),(368,1,1,0,'',1,0,0,1,0,59623,'',0,0,'',0,0,'2018-10-20 18:48:14','2018-10-20 18:49:57'),(369,1,1,0,'',1,0,0,1,0,60412,'',0,0,'',1,0,'2018-10-22 11:46:38','2018-10-22 11:56:13'),(370,1,1,72,'',1,110,110,1,54,60547,'f44edd178ab2ff5778809070cd5a759e',0,0,'',0,0,'2018-10-22 21:26:12','2018-11-01 19:46:04'),(371,1,1,0,'',2,0,0,1,0,60622,'',0,0,'',0,0,'2018-10-23 05:37:36','2018-10-23 05:37:36'),(372,1,1,0,'',1,0,0,1,0,60631,'',0,0,'',0,0,'2018-10-23 05:44:27','2018-10-23 05:44:58'),(373,1,1,0,'',1,0,0,1,0,60735,'',0,0,'',0,0,'2018-10-23 16:33:38','2018-10-23 16:33:38'),(374,1,1,0,'',1,0,0,1,0,61664,'',0,0,'',0,0,'2018-10-25 16:38:34','2018-10-25 16:38:34'),(375,1,1,72,'',1,121,121,1,62,48674,'128856a08f7f0f9521afb04f88c0449c',0,0,'',0,0,'2018-10-26 09:09:33','2018-11-13 10:18:20'),(376,1,1,0,'',1,0,0,1,0,56251,'',0,0,'',0,0,'2018-10-26 22:30:24','2018-10-26 22:30:42'),(377,1,1,0,'',2,0,0,1,0,55416,'',0,0,'',0,0,'2018-10-27 06:05:39','2018-10-27 06:58:04'),(378,1,1,0,'',1,0,0,1,0,64411,'',0,0,'',0,0,'2018-10-27 07:49:52','2018-10-27 17:48:55'),(379,1,1,0,'',1,0,0,1,0,64636,'',0,0,'',0,0,'2018-10-27 18:15:05','2018-10-27 21:48:08'),(380,1,1,0,'',2,0,0,1,0,64704,'',0,0,'',0,0,'2018-10-27 21:58:06','2018-10-27 22:02:30'),(381,1,1,72,'',1,104,104,1,51,64560,'a03ce3a33888d08048e405c88ffc4722',0,0,'',0,0,'2018-10-28 21:49:44','2018-10-28 22:13:10'),(382,1,1,72,'',1,104,104,1,51,64560,'a03ce3a33888d08048e405c88ffc4722',0,0,'',0,0,'2018-10-29 19:14:10','2018-10-29 19:20:08'),(383,1,1,0,'',1,0,0,1,0,66121,'',0,0,'',0,0,'2018-10-30 11:08:30','2018-10-30 11:08:49'),(384,1,1,0,'',2,0,0,1,0,66168,'',0,0,'',0,0,'2018-10-30 11:39:39','2018-10-30 11:40:15'),(385,1,1,0,'',1,0,0,1,0,66190,'',0,0,'',0,0,'2018-10-30 12:09:50','2018-10-30 12:11:09'),(386,1,1,0,'',1,0,0,1,0,66194,'',0,0,'',0,0,'2018-10-30 12:11:25','2018-10-30 12:13:00'),(387,1,1,0,'',1,0,0,1,0,66198,'',0,0,'',0,0,'2018-10-30 12:13:29','2018-10-30 12:15:23'),(388,1,1,0,'',1,0,0,1,0,66200,'',0,0,'',0,0,'2018-10-30 12:15:44','2018-10-30 12:17:29'),(389,1,1,0,'',1,0,0,1,0,66201,'',0,0,'',0,0,'2018-10-30 12:17:46','2018-10-30 12:19:37'),(390,1,1,0,'',1,0,0,1,0,66202,'',0,0,'',0,0,'2018-10-30 12:19:53','2018-10-30 12:21:37'),(391,1,1,0,'',1,0,0,1,0,66203,'',0,0,'',0,0,'2018-10-30 12:21:54','2018-10-30 12:23:46'),(392,1,1,0,'',1,0,0,1,0,66208,'',0,0,'',0,0,'2018-10-30 12:24:03','2018-10-30 12:25:52'),(393,1,1,0,'',1,0,0,1,0,66209,'',0,0,'',0,0,'2018-10-30 12:26:08','2018-10-30 12:27:53'),(394,1,1,0,'',1,0,0,1,0,66210,'',0,0,'',0,0,'2018-10-30 12:28:41','2018-10-30 12:29:16'),(395,1,1,0,'',1,0,0,1,0,66184,'',0,0,'',0,0,'2018-10-30 14:35:39','2018-10-30 14:35:39'),(396,1,1,0,'',1,0,0,1,0,66293,'',0,0,'',0,0,'2018-10-30 14:50:10','2018-10-30 14:50:31'),(397,1,1,0,'',1,0,0,1,0,66298,'',0,0,'',0,0,'2018-10-30 14:59:58','2018-10-30 14:59:58'),(398,1,1,0,'',1,0,0,1,0,66301,'',0,0,'',0,0,'2018-10-30 15:00:39','2018-10-30 15:02:16'),(399,1,1,0,'',1,0,0,1,0,66302,'',0,0,'',0,0,'2018-10-30 15:02:38','2018-10-30 15:04:00'),(400,1,1,72,'',1,107,107,1,52,66365,'94a2e62df5868d1e394789dbd18a7ee4',0,0,'',0,0,'2018-10-30 15:58:44','2018-10-30 16:09:52'),(401,1,1,0,'',2,0,0,1,0,66366,'',0,0,'',0,0,'2018-10-30 16:00:02','2018-10-30 16:00:47'),(402,1,1,0,'',2,0,0,1,0,66376,'',0,0,'',0,0,'2018-10-30 16:01:20','2018-10-30 16:02:59'),(403,1,1,0,'',2,0,0,1,0,66378,'',0,0,'',0,0,'2018-10-30 16:03:28','2018-10-30 16:04:57'),(404,1,1,0,'',2,0,0,1,0,66380,'',0,0,'',0,0,'2018-10-30 16:05:29','2018-10-30 16:07:13'),(405,1,1,0,'',2,0,0,1,0,66382,'',0,0,'',0,0,'2018-10-30 16:07:41','2018-10-30 16:09:08'),(406,1,1,0,'',2,0,0,1,0,66383,'',0,0,'',0,0,'2018-10-30 16:09:39','2018-10-30 16:10:55'),(407,1,1,0,'',2,0,0,1,0,66387,'',0,0,'',0,0,'2018-10-30 16:11:49','2018-10-30 16:13:23'),(408,1,1,0,'',2,0,0,1,0,66388,'',0,0,'',0,0,'2018-10-30 16:13:57','2018-10-30 16:15:30'),(409,1,1,0,'',2,0,0,1,0,66389,'',0,0,'',0,0,'2018-10-30 16:16:10','2018-10-30 16:17:39'),(410,1,1,0,'',2,0,0,1,0,66390,'',0,0,'',0,0,'2018-10-30 16:18:07','2018-10-30 16:19:57'),(411,1,1,0,'',2,0,0,1,0,66394,'',0,0,'',0,0,'2018-10-30 16:20:25','2018-10-30 16:22:05'),(412,1,1,0,'',2,0,0,1,0,66398,'',0,0,'',0,0,'2018-10-30 16:22:20','2018-10-30 16:24:09'),(413,1,1,0,'',2,0,0,1,0,66400,'',0,0,'',0,0,'2018-10-30 16:24:39','2018-10-30 16:26:25'),(414,1,1,0,'',1,107,107,1,52,66365,'94a2e62df5868d1e394789dbd18a7ee4',0,0,'',0,0,'2018-10-30 16:24:54','2018-11-09 15:40:03'),(415,1,1,0,'',2,0,0,1,0,66403,'',0,0,'',0,0,'2018-10-30 16:27:03','2018-10-30 16:28:25'),(416,1,1,0,'',2,0,0,1,0,66404,'',0,0,'',0,0,'2018-10-30 16:29:01','2018-10-30 16:30:47'),(417,1,1,0,'',2,0,0,1,0,66405,'',0,0,'',0,0,'2018-10-30 16:31:04','2018-10-30 16:32:52'),(418,1,1,0,'',2,0,0,1,0,66409,'',0,0,'',0,0,'2018-10-30 16:33:04','2018-10-30 16:34:35'),(419,1,1,72,'',1,108,108,1,53,64986,'fb1640a25e4daa871227f205d98cabfa',0,0,'',0,0,'2018-10-30 17:16:54','2018-10-30 17:35:42'),(420,1,1,0,'',1,0,0,1,0,72094,'',0,0,'',0,0,'2018-10-31 10:05:34','2018-10-31 10:06:07'),(421,1,1,0,'',1,0,0,1,0,72096,'',0,0,'',0,0,'2018-10-31 10:06:27','2018-10-31 10:06:59'),(422,1,1,0,'',1,107,107,1,52,72053,'94a2e62df5868d1e394789dbd18a7ee4',0,0,'',0,0,'2018-10-31 11:06:04','2018-10-31 11:06:04'),(423,1,1,0,'',1,0,0,1,0,72130,'',0,0,'',0,0,'2018-10-31 12:04:09','2018-10-31 12:04:50'),(424,1,1,0,'',2,0,0,1,0,72134,'',0,0,'',0,0,'2018-10-31 12:10:54','2018-10-31 12:11:36'),(425,1,1,0,'',2,0,0,1,0,72164,'',0,0,'',0,0,'2018-10-31 12:41:42','2018-10-31 12:43:06'),(426,1,1,0,'',1,0,0,1,0,72199,'',0,0,'',0,0,'2018-10-31 13:11:11','2018-10-31 13:12:51'),(427,1,1,0,'',1,0,0,1,0,72203,'',0,0,'',0,0,'2018-10-31 13:13:19','2018-10-31 13:13:44'),(428,1,1,0,'',2,0,0,1,0,72276,'',0,0,'',0,0,'2018-10-31 17:20:32','2018-10-31 17:20:41'),(429,1,1,0,'',1,109,109,1,54,72323,'f44edd178ab2ff5778809070cd5a759e',0,0,'',0,0,'2018-10-31 19:41:47','2018-10-31 19:45:09'),(431,1,1,0,'',2,118,118,1,60,73086,'a57984350e71c928227c05e7436caa63',0,0,'',0,0,'2018-11-02 11:10:45','2018-11-09 12:04:09'),(432,1,1,75,'a:1:{i:113;s:3:\"75,\";}',2,113,113,1,56,73319,'7c7dcde743f429e8ed3f48c8475b4a47',0,0,'',1,0,'2018-11-02 23:55:36','2018-11-03 00:00:22'),(433,1,1,72,'',2,114,114,1,57,73329,'eb1221e81ce53b3e3efb3ffb185cba05',0,0,'',0,0,'2018-11-03 00:13:00','2018-11-03 00:23:49'),(434,1,1,0,'',2,0,0,1,0,73930,'',0,0,'',0,0,'2018-11-04 00:42:21','2018-11-04 00:42:22'),(435,1,1,0,'',2,0,0,1,0,73335,'',0,0,'',0,0,'2018-11-04 19:44:39','2018-11-04 19:47:25'),(436,1,1,0,'',1,0,0,1,0,59815,'',0,0,'',0,0,'2018-11-06 17:24:01','2018-11-06 17:24:30'),(437,1,1,75,'a:1:{i:116;s:3:\"75,\";}',2,116,116,1,58,75199,'4822dcf635cf21e0dea46dcad31373f5',0,0,'',0,0,'2018-11-06 21:10:43','2018-11-06 21:12:53'),(438,1,1,0,'',1,0,0,1,0,43557,'',0,0,'',1,0,'2018-11-06 23:29:00','2018-11-06 23:32:17'),(439,1,1,0,'',1,0,0,1,0,77669,'',0,0,'',0,0,'2018-11-07 19:41:07','2018-11-07 19:41:08'),(440,1,1,75,'a:1:{i:117;s:3:\"75,\";}',2,117,117,1,59,77705,'74dd1b4126467ad390caf4dcc498eec6',0,0,'',0,0,'2018-11-07 21:16:16','2018-11-07 21:35:22'),(441,1,1,0,'',1,9,9,1,3,78040,'a508315035a3432ef2f3dc080a4a1ebf',0,0,'',0,0,'2018-11-08 12:33:10','2018-11-08 12:33:10'),(442,1,1,0,'',1,0,0,1,0,78317,'',0,0,'',0,0,'2018-11-08 17:29:18','2018-11-08 17:31:13'),(443,1,1,0,'',1,0,0,1,0,78382,'',0,0,'',0,0,'2018-11-08 20:30:42','2018-11-21 23:05:34'),(444,1,1,0,'',1,0,0,1,0,78396,'',0,0,'',0,0,'2018-11-08 20:36:12','2018-11-08 20:37:55'),(445,1,1,0,'',2,0,0,1,0,78397,'',0,0,'',0,0,'2018-11-08 20:38:04','2018-11-08 20:38:56'),(446,1,1,0,'',1,0,0,1,0,78400,'',0,0,'',0,0,'2018-11-08 20:40:05','2018-11-08 20:41:55'),(447,1,1,0,'',2,0,0,1,0,78401,'',0,0,'',0,0,'2018-11-08 20:42:14','2018-11-08 20:44:00'),(448,1,1,0,'',2,0,0,1,0,78404,'',0,0,'',0,0,'2018-11-08 20:44:08','2018-11-08 20:45:51'),(449,1,1,0,'',1,0,0,1,0,78408,'',0,0,'',0,0,'2018-11-08 20:46:10','2018-11-08 20:48:03'),(450,1,1,0,'',1,0,0,1,0,78409,'',0,0,'',0,0,'2018-11-08 20:48:16','2018-11-08 20:50:10'),(451,1,1,0,'',1,0,0,1,0,78410,'',0,0,'',0,0,'2018-11-08 20:50:13','2018-11-08 20:52:04'),(452,1,1,0,'',2,0,0,1,0,78411,'',0,0,'',0,0,'2018-11-08 20:52:15','2018-11-08 20:54:02'),(453,1,1,0,'',2,0,0,1,0,78421,'',0,0,'',0,0,'2018-11-08 21:07:34','2018-11-08 21:07:34'),(454,1,1,0,'',2,0,0,1,0,78424,'',0,0,'',0,0,'2018-11-08 21:07:57','2018-11-08 21:08:09'),(455,1,1,0,'',2,0,0,1,0,78534,'',0,0,'',0,0,'2018-11-08 23:57:30','2018-11-08 23:58:53'),(456,1,1,0,'',2,0,0,1,0,78537,'',0,0,'',0,0,'2018-11-08 23:58:57','2018-11-09 00:00:39'),(457,1,1,0,'',1,0,0,1,0,78552,'',0,0,'',0,0,'2018-11-09 00:14:38','2018-11-09 00:15:02'),(458,1,1,0,'',1,0,0,1,0,78553,'',0,0,'',0,0,'2018-11-09 00:15:30','2018-11-09 00:17:13'),(459,1,1,0,'',2,0,0,1,0,78554,'',0,0,'',0,0,'2018-11-09 00:17:25','2018-11-09 00:19:16'),(460,1,1,0,'',2,0,0,1,0,78556,'',0,0,'',0,0,'2018-11-09 00:19:21','2018-11-09 00:21:21'),(461,1,1,0,'',2,0,0,1,0,78558,'',0,0,'',0,0,'2018-11-09 00:21:26','2018-11-09 00:23:18'),(462,1,1,0,'',2,0,0,1,0,78563,'',0,0,'',0,0,'2018-11-09 00:23:24','2018-11-09 00:25:18'),(463,1,1,0,'',1,0,0,1,0,78576,'',0,0,'',0,0,'2018-11-09 00:36:13','2018-11-09 00:37:21'),(464,1,1,0,'',2,0,0,1,0,78585,'',0,0,'',0,0,'2018-11-09 01:14:52','2018-11-09 01:15:40'),(465,1,1,0,'',2,0,0,1,0,78654,'',0,0,'',0,0,'2018-11-09 04:01:37','2018-11-09 04:01:56'),(466,1,1,0,'',2,0,0,1,0,78655,'',0,0,'',0,0,'2018-11-09 04:02:03','2018-11-09 04:02:23'),(467,1,1,0,'',1,0,0,1,0,78667,'',0,0,'',0,0,'2018-11-09 04:12:25','2018-11-09 04:12:32'),(468,1,1,0,'',1,0,0,1,0,78753,'',0,0,'',0,0,'2018-11-09 08:22:16','2018-11-09 08:22:45'),(469,1,1,0,'',2,118,118,1,60,78843,'a57984350e71c928227c05e7436caa63',0,0,'',0,0,'2018-11-09 12:05:45','2018-11-09 12:21:32'),(470,1,1,0,'',1,0,0,1,0,78875,'',0,0,'',0,0,'2018-11-09 13:19:26','2018-11-09 13:19:27'),(471,1,1,0,'',2,0,0,1,0,78999,'',0,0,'',1,0,'2018-11-09 19:00:05','2018-11-09 19:00:06'),(472,1,1,0,'',2,0,0,1,0,80025,'',0,0,'',0,0,'2018-11-11 01:14:42','2018-11-11 01:14:42'),(473,1,1,0,'',1,0,0,1,0,78564,'',0,0,'',1,0,'2018-11-11 08:29:13','2018-11-11 08:29:57'),(474,1,1,0,'',1,0,0,1,0,78026,'',0,0,'',0,0,'2018-11-11 10:48:07','2018-11-11 10:48:46'),(475,1,1,75,'a:1:{i:119;s:3:\"75,\";}',2,119,119,1,61,82469,'b7ebb16591b9bbdfa60c11385d00c336',0,0,'',0,0,'2018-11-11 14:53:19','2018-11-11 14:59:13'),(476,1,1,0,'',2,0,0,1,0,82536,'',0,0,'',1,0,'2018-11-11 20:14:46','2018-11-12 12:31:54'),(477,1,1,0,'',2,0,0,1,0,82737,'',0,0,'',0,0,'2018-11-12 03:43:32','2018-11-12 03:43:33'),(478,1,1,0,'',2,0,0,1,0,82988,'',0,0,'',0,0,'2018-11-12 15:08:24','2018-11-12 15:08:41'),(479,1,1,0,'',1,0,0,1,0,83207,'',0,0,'',0,0,'2018-11-12 22:01:46','2018-11-12 22:01:46'),(480,1,1,75,'a:1:{i:120;s:3:\"75,\";}',2,120,120,1,63,83209,'2e4b5a348addf93d40c7e469963c83f6',0,0,'',0,0,'2018-11-12 22:19:18','2018-11-12 22:26:08'),(481,1,1,72,'a:1:{i:0;s:3:\"72,\";}',1,121,121,1,62,80363,'128856a08f7f0f9521afb04f88c0449c',0,0,'',1,0,'2018-11-13 09:32:07','2018-11-14 21:24:39'),(482,1,1,72,'',1,123,123,1,64,83282,'5b09e9e653051bcc1daf3530c0000c8d',0,0,'',0,0,'2018-11-13 12:22:22','2018-11-13 12:55:58'),(483,1,1,0,'',2,0,0,1,0,83723,'',0,0,'',0,0,'2018-11-13 17:44:21','2018-11-13 17:44:21'),(484,1,1,0,'',1,0,0,1,0,83729,'',0,0,'',0,0,'2018-11-13 17:48:32','2018-11-13 17:49:20'),(485,1,1,0,'',1,0,0,1,0,83730,'',0,0,'',0,0,'2018-11-13 17:49:45','2018-11-13 17:51:33'),(486,1,1,0,'',2,0,0,1,0,83731,'',0,0,'',0,0,'2018-11-13 17:52:16','2018-11-13 17:53:45'),(487,1,1,0,'',2,0,0,1,0,83732,'',0,0,'',0,0,'2018-11-13 17:53:53','2018-11-13 17:55:47'),(488,1,1,0,'',2,0,0,1,0,83736,'',0,0,'',0,0,'2018-11-13 17:55:53','2018-11-13 17:57:44'),(489,1,1,0,'',1,0,0,1,0,83737,'',0,0,'',0,0,'2018-11-13 17:57:51','2018-11-13 17:59:48'),(490,1,1,0,'',1,0,0,1,0,83740,'',0,0,'',0,0,'2018-11-13 18:00:01','2018-11-13 18:01:43'),(491,1,1,0,'',1,0,0,1,0,83751,'',0,0,'',0,0,'2018-11-13 18:07:02','2018-11-13 18:07:54'),(492,1,1,0,'',1,0,0,1,0,83753,'',0,0,'',0,0,'2018-11-13 18:08:08','2018-11-13 18:09:54'),(493,1,1,0,'',1,0,0,1,0,83754,'',0,0,'',0,0,'2018-11-13 18:10:21','2018-11-13 18:10:40'),(494,1,1,0,'',2,0,0,1,0,83794,'',0,0,'',0,0,'2018-11-13 19:45:03','2018-11-13 19:46:35'),(495,1,1,0,'',2,0,0,1,0,83795,'',0,0,'',0,0,'2018-11-13 19:46:53','2018-11-13 19:48:48'),(496,1,1,0,'',2,0,0,1,0,83796,'',0,0,'',0,0,'2018-11-13 19:48:53','2018-11-13 19:50:32'),(497,1,1,0,'',2,0,0,1,0,83799,'',0,0,'',0,0,'2018-11-13 19:51:01','2018-11-13 19:51:39'),(498,1,1,0,'',2,0,0,1,0,83811,'',0,0,'',0,0,'2018-11-13 20:11:22','2018-11-13 20:11:22'),(499,1,1,0,'',1,0,0,1,0,83819,'',0,0,'',0,0,'2018-11-13 20:11:33','2018-11-13 20:13:20'),(500,1,1,0,'',2,0,0,1,0,83820,'',0,0,'',0,0,'2018-11-13 20:13:30','2018-11-13 20:15:26'),(501,1,1,0,'',2,0,0,1,0,83822,'',0,0,'',0,0,'2018-11-13 20:15:51','2018-11-13 20:17:32'),(502,1,1,0,'',2,0,0,1,0,83824,'',0,0,'',0,0,'2018-11-13 20:18:02','2018-11-13 20:19:41'),(503,1,1,0,'',2,0,0,1,0,83827,'',0,0,'',0,0,'2018-11-13 20:20:07','2018-11-13 20:21:50'),(504,1,1,0,'',2,0,0,1,0,83830,'',0,0,'',0,0,'2018-11-13 20:22:20','2018-11-13 20:23:56'),(505,1,1,0,'',2,0,0,1,0,83831,'',0,0,'',0,0,'2018-11-13 20:24:24','2018-11-13 20:26:03'),(506,1,1,0,'',2,0,0,1,0,83834,'',0,0,'',0,0,'2018-11-13 20:26:20','2018-11-13 20:27:51'),(507,1,1,75,'a:1:{i:126;s:3:\"75,\";}',2,125,125,1,65,83849,'d96454bbb45a92289bae7fe1e524e53f',0,0,'',0,0,'2018-11-13 21:31:07','2018-11-14 00:39:02'),(508,1,1,0,'',2,0,0,1,0,83895,'',0,0,'',0,0,'2018-11-13 23:08:07','2018-11-13 23:09:50'),(509,1,1,0,'',1,0,0,1,0,83902,'',0,0,'',0,0,'2018-11-13 23:15:44','2018-11-13 23:15:59'),(510,1,1,0,'',1,0,0,1,0,83904,'',0,0,'',0,0,'2018-11-13 23:16:08','2018-11-13 23:16:19'),(511,1,1,0,'',1,0,0,1,0,84146,'',0,0,'',0,0,'2018-11-14 02:14:28','2018-11-14 02:14:42'),(512,1,1,0,'',1,0,0,1,0,84231,'',0,0,'',0,0,'2018-11-14 05:17:12','2018-11-14 05:17:16'),(513,1,1,0,'',1,121,121,1,62,80363,'128856a08f7f0f9521afb04f88c0449c',0,0,'',0,0,'2018-11-14 10:14:27','2018-11-14 10:16:54'),(514,1,1,0,'',1,121,121,1,62,84338,'128856a08f7f0f9521afb04f88c0449c',0,0,'',0,0,'2018-11-14 10:17:46','2018-11-14 10:17:46'),(516,1,1,0,'',2,113,113,1,56,84587,'7c7dcde743f429e8ed3f48c8475b4a47',0,0,'',0,0,'2018-11-14 18:49:06','2018-11-14 18:58:52'),(517,1,1,75,'a:1:{i:113;s:3:\"75,\";}',2,113,113,1,56,73348,'7c7dcde743f429e8ed3f48c8475b4a47',0,0,'',0,0,'2018-11-14 19:00:56','2018-11-14 19:08:30'),(518,1,1,0,'',2,0,0,1,66,85113,'fdbcc6c587fab5df78428a3e84d40380',0,0,'',0,0,'2018-11-15 05:05:49','2018-11-15 05:08:59'),(519,1,1,72,'',1,127,127,1,67,85313,'87f7e94c4d1cf01bf886de0c8c281aec',0,0,'',0,0,'2018-11-15 08:51:41','2018-11-15 12:47:44'),(520,1,1,72,'',1,132,132,1,69,86397,'422ef672f7adaa18ffbaa68b14887831',0,0,'',0,0,'2018-11-16 15:27:03','2018-11-19 09:28:19'),(521,1,1,0,'',2,120,120,1,63,86478,'2e4b5a348addf93d40c7e469963c83f6',0,0,'',0,0,'2018-11-16 16:56:34','2018-11-16 16:56:34'),(522,1,1,0,'',1,0,0,1,0,86522,'',0,0,'',0,0,'2018-11-16 18:02:25','2018-11-16 18:02:25'),(523,1,1,0,'',1,0,0,1,0,87240,'',0,0,'',0,0,'2018-11-17 09:10:48','2018-11-17 09:10:48'),(524,1,1,0,'',1,0,0,1,0,87535,'',0,0,'',0,0,'2018-11-17 18:09:37','2018-11-17 18:09:37'),(525,1,1,0,'',2,0,0,1,0,87823,'',0,0,'',0,0,'2018-11-18 02:02:16','2018-11-18 02:02:16'),(526,1,1,75,'a:1:{i:129;s:3:\"75,\";}',2,129,129,1,66,87852,'fdbcc6c587fab5df78428a3e84d40380',0,0,'',0,0,'2018-11-18 02:33:03','2018-11-18 02:49:19'),(527,1,1,0,'',1,0,0,1,0,88220,'',0,0,'',0,0,'2018-11-18 12:21:54','2018-11-18 12:22:20'),(528,1,1,0,'',1,0,0,1,0,88221,'',0,0,'',0,0,'2018-11-18 12:22:24','2018-11-18 12:24:17'),(529,1,1,0,'',1,0,0,1,0,88223,'',0,0,'',0,0,'2018-11-18 12:24:23','2018-11-18 12:26:19'),(530,1,1,0,'',1,0,0,1,0,88225,'',0,0,'',0,0,'2018-11-18 12:26:29','2018-11-18 12:28:51'),(531,1,1,0,'',1,0,0,1,0,88226,'',0,0,'',0,0,'2018-11-18 12:28:58','2018-11-18 12:30:49'),(532,1,1,0,'',1,0,0,1,0,88230,'',0,0,'',0,0,'2018-11-18 12:31:04','2018-11-18 12:32:52'),(533,1,1,0,'',1,0,0,1,0,88231,'',0,0,'',0,0,'2018-11-18 12:33:02','2018-11-18 12:34:54'),(534,1,1,0,'',1,0,0,1,0,88232,'',0,0,'',0,0,'2018-11-18 12:35:03','2018-11-18 12:35:58'),(535,1,1,0,'',1,0,0,1,0,88233,'',0,0,'',0,0,'2018-11-18 12:38:58','2018-11-18 12:38:58'),(536,1,1,0,'',1,0,0,1,0,88235,'',0,0,'',0,0,'2018-11-18 12:39:11','2018-11-18 12:41:03'),(537,1,1,0,'',1,0,0,1,0,88238,'',0,0,'',0,0,'2018-11-18 12:41:17','2018-11-18 12:41:37'),(538,1,1,0,'',2,0,0,1,0,88379,'',0,0,'',0,0,'2018-11-18 15:21:24','2018-11-18 15:22:47'),(539,1,1,0,'',2,0,0,1,0,88382,'',0,0,'',0,0,'2018-11-18 15:22:55','2018-11-18 15:24:50'),(540,1,1,0,'',2,0,0,1,0,88384,'',0,0,'',0,0,'2018-11-18 15:24:56','2018-11-18 15:27:23'),(541,1,1,0,'',2,0,0,1,0,88399,'',0,0,'',0,0,'2018-11-18 15:27:27','2018-11-18 15:29:23'),(542,1,1,0,'',2,0,0,1,0,88409,'',0,0,'',0,0,'2018-11-18 15:36:49','2018-11-18 15:37:41'),(543,1,1,0,'',2,0,0,1,0,88413,'',0,0,'',0,0,'2018-11-18 15:37:49','2018-11-18 15:39:37'),(544,1,1,0,'',1,0,0,1,0,88414,'',0,0,'',0,0,'2018-11-18 15:40:15','2018-11-18 15:41:45'),(545,1,1,0,'',2,0,0,1,0,88417,'',0,0,'',0,0,'2018-11-18 15:41:56','2018-11-18 15:43:47'),(546,1,1,0,'',1,0,0,1,0,88422,'',0,0,'',0,0,'2018-11-18 15:44:07','2018-11-18 15:46:06'),(547,1,1,0,'',1,0,0,1,0,88465,'',0,0,'',0,0,'2018-11-18 16:14:34','2018-11-18 16:15:13'),(548,1,1,72,'',2,130,130,1,68,88683,'1eab3e928a30bf04e8c87d6bc16d2eca',0,0,'',0,0,'2018-11-18 19:35:48','2018-11-18 19:55:02'),(549,1,1,0,'',2,0,0,1,0,88719,'',0,0,'',0,0,'2018-11-18 20:27:46','2018-11-18 20:28:42'),(550,1,1,0,'',2,0,0,1,0,88720,'',0,0,'',0,0,'2018-11-18 20:28:51','2018-11-18 20:29:48'),(551,1,1,0,'',1,0,0,1,0,88730,'',0,0,'',0,0,'2018-11-18 20:35:58','2018-11-18 20:36:25'),(552,1,1,0,'',1,0,0,1,0,88885,'',0,0,'',0,0,'2018-11-19 01:46:05','2018-11-19 01:47:46'),(553,1,1,0,'',1,120,120,1,63,89243,'2e4b5a348addf93d40c7e469963c83f6',0,0,'',0,0,'2018-11-19 16:46:26','2018-11-19 16:46:26'),(554,1,1,72,'',1,134,134,1,70,89267,'20751e9977167194a46e808c17ede93e',0,0,'',0,0,'2018-11-19 17:40:11','2018-11-19 17:59:14'),(555,1,1,0,'',1,0,0,1,0,89551,'',0,0,'',0,0,'2018-11-20 10:43:45','2018-11-20 10:43:45'),(556,1,1,0,'',2,0,0,1,0,89104,'',0,0,'',0,0,'2018-11-20 16:54:30','2018-11-20 16:54:30'),(557,1,1,0,'',2,0,0,1,0,89701,'',0,0,'',0,0,'2018-11-20 21:06:15','2018-11-20 21:06:56'),(558,1,1,0,'',1,0,0,1,0,89714,'',0,0,'',1,0,'2018-11-20 21:50:36','2018-11-20 21:50:36'),(559,1,1,0,'',1,0,0,1,0,90266,'',0,0,'',0,0,'2018-11-21 23:24:13','2018-11-21 23:24:59'),(560,1,1,0,'',1,0,0,1,0,90607,'',0,0,'',0,0,'2018-11-22 14:01:16','2018-11-22 14:01:17'),(561,1,1,0,'',1,0,0,1,0,90872,'',0,0,'',0,0,'2018-11-23 04:02:40','2018-11-23 04:02:41'),(562,1,1,0,'',1,0,0,1,0,90971,'',0,0,'',0,0,'2018-11-23 13:03:30','2018-11-23 13:03:31'),(563,1,1,72,'',1,137,137,1,71,91329,'cf8886852733bdf3c8ff8bac15f938de',0,0,'',0,0,'2018-11-24 12:01:41','2018-11-24 12:11:34'),(564,1,1,0,'',1,171,171,1,92,91316,'29b6ac810b46d288aa3da0e2baff69eb',0,0,'',0,0,'2018-11-24 12:58:22','2018-12-13 22:05:51'),(565,1,1,0,'',1,0,0,1,0,91378,'',0,0,'',0,0,'2018-11-24 14:16:44','2018-11-24 14:16:47'),(566,1,1,72,'',1,139,139,1,72,91425,'09e955acdb629da16776aabf5ece7615',0,0,'',0,0,'2018-11-24 17:02:46','2018-11-24 17:06:29'),(567,1,1,0,'',1,140,140,1,73,91457,'008f950ddc584a17ce444758099cd092',0,0,'',1,0,'2018-11-24 18:30:41','2018-11-24 18:32:41'),(568,1,1,72,'',1,140,140,1,73,91821,'008f950ddc584a17ce444758099cd092',0,0,'',0,0,'2018-11-25 19:34:47','2018-11-25 19:38:04'),(569,1,1,72,'',1,142,142,1,74,91841,'5f426fd266ea19866cbf964e22d62f47',0,0,'',0,0,'2018-11-26 10:00:27','2018-11-26 10:05:45'),(570,1,1,72,'',1,148,148,1,78,90551,'6c184ec185c02722c06da88d215b1842',0,0,'',0,0,'2018-11-26 11:11:31','2018-11-28 15:22:46'),(571,1,1,0,'',2,0,0,1,0,90935,'',0,0,'',1,0,'2018-11-26 18:58:49','2018-11-26 18:58:49'),(572,1,1,72,'',1,144,144,1,75,92084,'c42b33879ef836d43501aeca193fc834',0,0,'',0,0,'2018-11-26 19:24:13','2018-11-26 19:29:13'),(573,1,1,81,'a:1:{i:146;s:3:\"81,\";}',2,146,146,1,76,85371,'fda4c2ebbb2935d5b64f26bb4a5446a4',0,0,'',0,0,'2018-11-26 20:21:49','2018-11-26 20:26:37'),(574,1,1,0,'',1,0,0,1,0,92628,'',0,0,'',0,0,'2018-11-27 14:17:10','2018-11-27 14:17:11'),(575,1,1,82,'a:1:{i:147;s:3:\"82,\";}',2,147,147,1,77,86841,'d2074a321bf84f1bb4208be1475d2945',0,0,'',0,0,'2018-11-28 00:29:37','2018-11-28 01:24:54'),(576,1,1,0,'',2,0,0,1,0,93216,'',0,0,'',0,0,'2018-11-28 17:23:43','2018-11-28 17:27:45'),(577,1,1,0,'',1,139,139,1,72,93280,'09e955acdb629da16776aabf5ece7615',0,0,'',0,0,'2018-11-28 18:18:06','2018-11-28 18:18:06'),(578,1,1,0,'',1,150,150,1,79,93385,'d64d00a72dcae29ec05f6ae226f5a7a2',0,0,'',0,0,'2018-11-28 22:21:02','2018-11-28 22:30:04'),(579,1,1,0,'',1,0,0,1,0,93547,'',0,0,'',0,0,'2018-11-29 10:19:01','2018-11-29 10:19:02'),(580,1,1,72,'',1,151,151,1,80,91444,'0540def4587709718cee00bc806ebd97',0,0,'',0,0,'2018-11-29 11:11:23','2018-11-29 11:15:32'),(581,1,1,0,'',1,0,0,1,0,93638,'',0,0,'',0,0,'2018-11-29 14:53:55','2018-11-29 14:53:55'),(582,1,1,0,'',1,0,0,1,0,93195,'',0,0,'',1,0,'2018-11-29 14:56:35','2018-11-29 14:56:35'),(583,1,1,0,'',1,150,150,1,79,93865,'d64d00a72dcae29ec05f6ae226f5a7a2',0,0,'',0,0,'2018-11-29 20:10:25','2018-11-29 20:17:06'),(584,1,1,0,'',1,0,0,1,0,93868,'',0,0,'',1,0,'2018-11-29 20:39:06','2018-11-29 20:39:06'),(585,1,1,0,'',1,0,0,1,0,93920,'',0,0,'',0,0,'2018-11-29 22:11:08','2018-11-29 22:11:09'),(586,1,1,0,'',2,0,0,1,0,94069,'',0,0,'',1,0,'2018-11-30 03:26:56','2018-11-30 03:26:56'),(588,1,1,0,'',2,0,0,1,0,94231,'',0,0,'',0,0,'2018-11-30 11:41:07','2018-11-30 11:42:02'),(589,1,1,0,'',1,0,0,1,0,91898,'',0,0,'',0,0,'2018-11-30 12:05:39','2018-11-30 12:23:35'),(590,1,1,0,'',1,0,0,1,0,94329,'',0,0,'',0,0,'2018-11-30 18:11:08','2018-11-30 18:11:22'),(591,1,1,72,'',1,153,150,1,79,94358,'d64d00a72dcae29ec05f6ae226f5a7a2',0,0,'',1,0,'2018-11-30 19:37:30','2018-11-30 19:45:25'),(592,1,1,72,'',1,155,155,1,81,91655,'50a5189dd635060bdcaa358ab343e7aa',0,0,'',1,0,'2018-12-01 11:32:06','2018-12-04 10:16:14'),(593,1,1,72,'',1,156,156,1,82,94621,'e2bae9be00b32eb84bb9dff0d66613bd',0,0,'',1,0,'2018-12-01 16:44:22','2018-12-01 16:49:36'),(594,1,1,0,'',2,0,0,1,0,94868,'',0,0,'',0,0,'2018-12-02 02:10:19','2018-12-02 02:10:19'),(595,1,1,0,'',2,0,0,1,0,95014,'',0,0,'',0,0,'2018-12-02 11:13:53','2018-12-02 11:13:53'),(596,1,1,0,'',2,0,0,1,83,95635,'535710e966706d201d0a3b36dbc90b26',0,0,'',0,0,'2018-12-03 20:52:50','2018-12-03 20:57:36'),(597,1,1,0,'',1,0,0,1,0,95953,'',0,0,'',0,0,'2018-12-04 12:39:25','2018-12-04 12:40:14'),(598,1,1,0,'',2,0,0,1,0,95956,'',0,0,'',0,0,'2018-12-04 12:40:18','2018-12-04 12:42:15'),(599,1,1,0,'',2,0,0,1,0,95957,'',0,0,'',0,0,'2018-12-04 12:42:23','2018-12-04 12:44:13'),(600,1,1,0,'',2,0,0,1,0,95960,'',0,0,'',0,0,'2018-12-04 12:44:26','2018-12-04 12:46:18'),(601,1,1,0,'',1,0,0,1,0,95967,'',0,0,'',0,0,'2018-12-04 12:53:07','2018-12-04 12:54:30'),(602,1,1,0,'',1,0,0,1,0,95968,'',0,0,'',0,0,'2018-12-04 12:54:40','2018-12-04 12:56:34'),(603,1,1,0,'',1,0,0,1,0,95969,'',0,0,'',0,0,'2018-12-04 12:56:47','2018-12-04 12:58:37'),(604,1,1,0,'',1,0,0,1,0,95973,'',0,0,'',0,0,'2018-12-04 12:58:51','2018-12-04 12:59:31'),(605,1,1,72,'',1,160,160,1,84,96050,'1eb389d24fdac2b83d8f0ca8e9932205',0,0,'',0,0,'2018-12-04 17:20:27','2018-12-04 17:55:41'),(606,1,1,0,'',1,6,6,1,2,31,'3cd7d60836e1a950491d8f7c44f4c730',0,0,'',0,0,'2018-12-04 17:46:52','2018-12-11 11:36:23'),(607,1,1,72,'',1,162,161,1,85,95255,'c74a6e864ec22ea7accad7429810bfcc',0,0,'',0,0,'2018-12-05 08:29:39','2018-12-05 08:37:53'),(608,1,1,0,'',1,161,161,1,85,96353,'c74a6e864ec22ea7accad7429810bfcc',0,0,'',0,0,'2018-12-05 12:28:24','2018-12-05 12:28:24'),(609,1,1,0,'',1,0,0,1,0,96444,'',0,0,'',0,0,'2018-12-05 17:27:20','2018-12-05 17:27:20'),(610,1,1,0,'',2,0,0,1,0,96539,'',0,0,'',0,0,'2018-12-05 21:03:49','2018-12-05 21:04:23'),(611,1,1,0,'',2,0,0,1,0,96556,'',0,0,'',0,0,'2018-12-05 21:04:37','2018-12-05 21:06:24'),(612,1,1,0,'',2,0,0,1,0,96558,'',0,0,'',0,0,'2018-12-05 21:06:37','2018-12-05 21:08:26'),(613,1,1,0,'',2,0,0,1,0,96562,'',0,0,'',0,0,'2018-12-05 21:08:37','2018-12-05 21:10:28'),(614,1,1,0,'',2,0,0,1,0,96570,'',0,0,'',0,0,'2018-12-05 21:17:31','2018-12-05 21:18:38'),(615,1,1,0,'',2,0,0,1,0,96575,'',0,0,'',0,0,'2018-12-05 21:18:45','2018-12-05 21:20:44'),(616,1,1,0,'',1,0,0,1,0,96576,'',0,0,'',0,0,'2018-12-05 21:20:55','2018-12-05 21:22:45'),(617,1,1,0,'',1,0,0,1,0,96577,'',0,0,'',0,0,'2018-12-05 21:22:56','2018-12-05 21:24:48'),(618,1,1,0,'',1,0,0,1,0,96579,'',0,0,'',0,0,'2018-12-05 21:28:15','2018-12-05 21:28:50'),(619,1,1,0,'',1,0,0,1,0,96582,'',0,0,'',0,0,'2018-12-05 21:29:02','2018-12-05 21:30:58'),(620,1,1,0,'',1,0,0,1,0,96583,'',0,0,'',0,0,'2018-12-05 21:31:36','2018-12-05 21:32:21'),(621,1,1,0,'',2,0,0,1,0,96619,'',0,0,'',0,0,'2018-12-05 23:00:43','2018-12-05 23:01:56'),(622,1,1,0,'',1,0,0,1,0,96621,'',0,0,'',0,0,'2018-12-05 23:02:03','2018-12-05 23:03:54'),(623,1,1,0,'',1,0,0,1,0,96622,'',0,0,'',0,0,'2018-12-05 23:04:10','2018-12-05 23:06:01'),(624,1,1,0,'',1,0,0,1,0,96623,'',0,0,'',0,0,'2018-12-05 23:06:10','2018-12-05 23:08:04'),(625,1,1,0,'',1,0,0,1,0,96626,'',0,0,'',0,0,'2018-12-05 23:08:12','2018-12-05 23:10:07'),(626,1,1,0,'',1,0,0,1,0,96627,'',0,0,'',0,0,'2018-12-05 23:10:23','2018-12-05 23:12:14'),(627,1,1,0,'',1,0,0,1,0,96628,'',0,0,'',0,0,'2018-12-05 23:12:23','2018-12-05 23:14:21'),(628,1,1,0,'',1,0,0,1,0,96629,'',0,0,'',0,0,'2018-12-05 23:14:30','2018-12-05 23:15:03'),(629,1,1,0,'',1,0,0,1,0,96631,'',0,0,'',0,0,'2018-12-05 23:16:59','2018-12-05 23:18:46'),(630,1,1,0,'',1,0,0,1,0,96634,'',0,0,'',0,0,'2018-12-05 23:19:01','2018-12-05 23:19:01'),(631,1,1,0,'',2,0,0,1,0,96670,'',0,0,'',0,0,'2018-12-06 01:46:56','2018-12-06 01:48:13'),(632,1,1,0,'',2,0,0,1,0,96672,'',0,0,'',0,0,'2018-12-06 01:48:26','2018-12-06 01:50:14'),(633,1,1,0,'',2,0,0,1,0,96673,'',0,0,'',0,0,'2018-12-06 01:50:25','2018-12-06 01:50:30'),(634,1,1,0,'',2,0,0,1,0,96691,'',0,0,'',0,0,'2018-12-06 02:04:14','2018-12-06 02:04:32'),(636,1,1,0,'',2,0,0,1,0,96693,'',0,0,'',0,0,'2018-12-06 02:06:51','2018-12-06 02:08:40'),(637,1,1,0,'',1,0,0,1,0,96695,'',0,0,'',0,0,'2018-12-06 02:08:57','2018-12-06 02:10:44'),(638,1,1,0,'',2,0,0,1,0,96696,'',0,0,'',0,0,'2018-12-06 02:12:01','2018-12-06 02:13:44'),(639,1,1,0,'',2,0,0,1,0,96699,'',0,0,'',0,0,'2018-12-06 02:13:53','2018-12-06 02:15:41'),(640,1,1,0,'',1,0,0,1,0,96785,'',0,0,'',0,0,'2018-12-06 03:39:12','2018-12-06 03:39:28'),(641,1,1,0,'',2,0,0,1,0,96835,'',0,0,'',0,0,'2018-12-06 06:59:59','2018-12-06 07:00:58'),(642,1,1,0,'',1,0,0,1,0,96838,'',0,0,'',0,0,'2018-12-06 07:07:22','2018-12-06 07:07:36'),(643,1,1,0,'',1,0,0,1,0,96841,'',0,0,'',0,0,'2018-12-06 07:07:49','2018-12-06 07:08:21'),(644,1,1,72,'',1,164,163,1,86,87358,'3eefd67368c3ae26e7a4770026fe76ba',0,0,'',0,0,'2018-12-06 07:24:02','2018-12-06 07:30:49'),(645,1,1,0,'',1,0,0,1,0,97498,'',0,0,'',0,0,'2018-12-06 17:41:54','2018-12-06 17:42:49'),(646,1,1,72,'',1,165,165,1,87,97536,'321d83c617efd408f97ba32999ac574b',0,0,'',0,0,'2018-12-06 20:07:29','2018-12-06 20:12:27'),(647,1,1,0,'',1,0,0,1,0,97553,'',0,0,'',0,0,'2018-12-06 20:46:39','2018-12-06 20:46:40'),(648,1,1,0,'',2,0,0,1,0,97545,'',0,0,'',0,0,'2018-12-06 20:49:28','2018-12-06 20:49:28'),(649,1,1,72,'',1,167,167,1,88,97873,'bb72eba65ab219a8cbe713eb7ea51bdc',0,0,'',0,0,'2018-12-07 16:44:38','2018-12-07 16:51:12'),(650,1,1,72,'',1,168,168,1,89,98094,'fd7c6cb8f2c0e038725f8cc7c0c13488',0,0,'',1,0,'2018-12-07 22:00:59','2018-12-07 22:29:21'),(651,1,1,0,'',1,168,168,1,89,98099,'fd7c6cb8f2c0e038725f8cc7c0c13488',0,0,'',0,0,'2018-12-07 22:31:26','2018-12-07 22:31:26'),(652,1,1,72,'',1,173,173,1,93,98335,'ed211dfe17c446e4a5fa13b5f24d9db3',0,0,'',0,0,'2018-12-08 16:17:54','2018-12-10 21:07:15'),(653,1,1,72,'',1,169,169,1,90,98256,'c1d643fbfaf61b412b1336f8007631c8',0,0,'',0,0,'2018-12-08 21:16:19','2018-12-10 23:11:51'),(654,1,1,0,'',1,0,0,1,0,98623,'',0,0,'',0,0,'2018-12-09 08:07:54','2018-12-09 08:08:57'),(655,1,1,72,'',1,170,170,1,91,98845,'677c2d2f0e35e8c7169456383bd9621c',0,0,'',0,0,'2018-12-09 18:17:28','2018-12-09 18:21:34'),(656,1,1,72,'',1,170,170,1,91,98845,'677c2d2f0e35e8c7169456383bd9621c',0,0,'',0,0,'2018-12-09 18:23:21','2018-12-09 18:24:11'),(657,1,1,0,'',1,0,0,1,0,97408,'',0,0,'',1,0,'2018-12-09 18:24:51','2018-12-09 18:25:53'),(658,1,1,72,'',1,171,171,1,92,99187,'29b6ac810b46d288aa3da0e2baff69eb',0,0,'',0,0,'2018-12-10 09:54:52','2018-12-10 10:31:00'),(659,1,1,0,'',1,0,0,1,0,99185,'',0,0,'',0,0,'2018-12-10 10:59:36','2018-12-10 10:59:36'),(660,1,1,0,'',1,0,0,1,0,99212,'',0,0,'',0,0,'2018-12-10 12:21:52','2018-12-10 12:21:53'),(661,1,1,72,'',1,173,173,1,93,99261,'ed211dfe17c446e4a5fa13b5f24d9db3',0,0,'',0,0,'2018-12-10 12:44:36','2018-12-10 12:51:21'),(662,1,1,72,'',1,170,170,1,91,98866,'677c2d2f0e35e8c7169456383bd9621c',0,0,'',1,0,'2018-12-10 17:16:28','2018-12-10 17:17:50'),(663,1,1,0,'',1,0,0,1,0,91459,'',0,0,'',0,0,'2018-12-10 17:29:33','2018-12-10 17:29:33'),(664,1,1,0,'',2,0,0,1,0,88766,'',0,0,'',0,0,'2018-12-10 19:42:40','2018-12-10 20:02:18'),(665,1,1,0,'',1,0,0,1,0,98984,'',0,0,'',0,0,'2018-12-10 21:21:30','2018-12-10 21:21:30'),(666,1,1,0,'',1,0,0,1,0,99705,'',0,0,'',0,0,'2018-12-11 11:31:27','2018-12-11 11:31:27'),(667,1,1,72,'',1,176,176,1,94,99769,'94397816ae5505e690368780c90b2ae1',0,0,'',1,0,'2018-12-11 14:49:54','2018-12-11 14:54:10'),(668,1,1,0,'',1,0,0,1,0,99790,'',0,0,'',0,0,'2018-12-11 16:29:52','2018-12-11 16:29:53'),(669,1,1,72,'',1,178,178,1,95,99806,'c2d35c27e8cd7e91d99d54289e9f0af4',0,0,'',0,0,'2018-12-11 17:06:46','2018-12-11 17:12:24'),(670,1,1,72,'',1,178,178,1,95,99806,'c2d35c27e8cd7e91d99d54289e9f0af4',0,0,'',0,0,'2018-12-11 17:15:13','2018-12-11 17:16:50'),(671,1,1,0,'',2,0,0,1,0,99967,'',0,0,'',0,0,'2018-12-11 21:42:49','2018-12-11 21:43:33'),(672,1,1,0,'',2,0,0,1,0,99971,'',0,0,'',0,0,'2018-12-11 21:43:37','2018-12-11 21:45:19'),(673,1,1,0,'',2,0,0,1,0,99972,'',0,0,'',0,0,'2018-12-11 21:46:13','2018-12-11 21:47:42'),(675,1,1,0,'',2,0,0,1,0,99990,'',0,0,'',0,0,'2018-12-11 22:02:21','2018-12-11 22:02:57'),(676,1,1,0,'',1,178,178,1,95,99806,'c2d35c27e8cd7e91d99d54289e9f0af4',0,0,'',0,0,'2018-12-12 09:44:30','2019-01-17 14:35:58'),(677,1,1,72,'',1,180,180,1,96,96002,'6e16a0e229418b16541d9ff9de8d8007',0,0,'',1,0,'2018-12-12 15:54:10','2018-12-13 12:33:13'),(679,1,1,0,'',1,182,182,1,97,100756,'0bf3c81025e63ac6aaf4910e3396d5a0',0,0,'',0,0,'2018-12-13 15:32:28','2018-12-13 15:37:21'),(681,1,1,72,'',2,183,184,1,98,101159,'3ce4ffd02accae7ca2fede6b3afc740b',0,0,'',0,0,'2018-12-14 10:47:08','2018-12-14 11:47:03'),(683,1,1,72,'',1,187,187,1,100,101709,'4e23b9a634a7b64172653f536798e74f',0,0,'',0,0,'2018-12-15 08:38:01','2018-12-16 13:02:43'),(684,1,1,0,'',2,0,0,1,0,101769,'',0,0,'',0,0,'2018-12-15 11:57:27','2018-12-15 11:57:27'),(685,1,1,0,'',2,0,0,1,0,101830,'',0,0,'',0,0,'2018-12-15 14:57:36','2019-01-14 14:16:26'),(686,1,1,0,'',1,0,0,1,0,101892,'',0,0,'',1,0,'2018-12-15 18:26:56','2018-12-15 18:26:57'),(687,1,1,0,'',1,0,0,1,0,102060,'',0,0,'',1,0,'2018-12-16 03:14:06','2018-12-16 03:14:07'),(688,1,1,0,'',1,0,0,1,0,101130,'',0,0,'',1,0,'2018-12-16 10:42:04','2018-12-16 10:46:51'),(689,1,1,72,'',1,185,185,1,99,101279,'434cd51449325f552c25648bc809b076',0,0,'',0,0,'2018-12-16 11:20:51','2018-12-16 11:27:01'),(690,1,1,0,'',1,0,0,1,0,102441,'',0,0,'',0,0,'2018-12-16 18:42:36','2018-12-16 20:06:26'),(691,1,1,0,'',1,0,0,1,0,102437,'',0,0,'',1,0,'2018-12-16 19:35:08','2018-12-16 19:40:45'),(692,1,1,0,'',1,0,0,1,0,102465,'',0,0,'',0,0,'2018-12-16 19:57:35','2018-12-16 20:45:35'),(693,1,1,0,'',1,0,0,1,0,102501,'',0,0,'',0,0,'2018-12-16 20:29:10','2018-12-16 20:29:10'),(694,1,1,0,'',1,0,0,1,0,102522,'',0,0,'',1,0,'2018-12-16 22:12:50','2018-12-16 22:12:50'),(695,1,1,72,'',1,193,193,1,105,102522,'5aaefb5c67c4f146fe92b340c6b47873',0,0,'',1,0,'2018-12-16 22:15:53','2018-12-20 21:31:51'),(696,1,1,0,'',2,0,0,1,0,102626,'',0,0,'',0,0,'2018-12-17 05:33:47','2018-12-17 05:33:49'),(697,1,1,0,'',1,168,168,1,89,102721,'fd7c6cb8f2c0e038725f8cc7c0c13488',0,0,'',0,0,'2018-12-17 11:08:15','2018-12-17 11:08:15'),(698,1,1,0,'',1,0,0,1,0,101173,'',0,0,'',0,0,'2018-12-17 11:27:12','2018-12-17 20:57:40'),(699,1,1,0,'',1,185,185,1,99,101266,'434cd51449325f552c25648bc809b076',0,0,'',0,0,'2018-12-17 12:58:09','2018-12-17 12:58:09'),(700,1,1,72,'',2,189,189,1,101,102830,'5a161f86c89ae68f39f951f779b3c2aa',0,0,'',0,0,'2018-12-17 16:16:03','2018-12-17 16:24:35'),(701,1,1,0,'',1,0,0,1,0,103207,'',0,0,'',0,0,'2018-12-18 08:25:09','2018-12-18 08:25:09'),(702,1,1,0,'',1,168,168,1,89,103307,'fd7c6cb8f2c0e038725f8cc7c0c13488',0,0,'',0,0,'2018-12-18 11:40:49','2018-12-18 11:40:49'),(703,1,1,72,'',1,190,190,1,102,103490,'7dc3448f7fb55474c011cc7c4055d476',0,0,'',0,0,'2018-12-18 19:23:50','2018-12-18 19:27:33'),(704,1,1,72,'',1,192,192,1,103,103542,'f460f17f933d141c9d986136e343b8c0',0,0,'',0,0,'2018-12-18 21:40:55','2018-12-18 21:44:58'),(705,1,1,0,'',1,185,185,1,99,103618,'434cd51449325f552c25648bc809b076',0,0,'',0,0,'2018-12-19 03:08:31','2018-12-19 03:08:31'),(707,1,1,0,'',2,0,0,1,0,104214,'',0,0,'',0,0,'2018-12-19 23:17:50','2018-12-19 23:17:50'),(708,1,1,0,'',1,0,0,1,0,104215,'',0,0,'',0,0,'2018-12-19 23:18:03','2018-12-19 23:18:13'),(709,1,1,0,'',1,0,0,1,0,104223,'',0,0,'',0,0,'2018-12-19 23:25:56','2018-12-19 23:25:56'),(711,1,1,0,'',2,0,0,1,0,104283,'',0,0,'',0,0,'2018-12-20 12:18:41','2018-12-20 14:36:48'),(712,1,1,72,'',1,196,195,1,104,104878,'a97d12111ac7953ecf7bee0fc5adc3e8',0,0,'',0,0,'2018-12-20 14:22:42','2018-12-22 13:05:09'),(713,1,1,0,'',1,0,0,1,0,105156,'',0,0,'',0,0,'2018-12-20 19:32:57','2018-12-20 19:33:56'),(722,1,1,0,'',2,0,0,1,0,106029,'',0,0,'',0,0,'2018-12-21 16:33:39','2018-12-21 16:34:25'),(723,1,1,0,'',2,0,0,1,0,106033,'',0,0,'',0,0,'2018-12-21 16:34:36','2018-12-21 16:36:13'),(724,1,1,0,'',2,0,0,1,0,106035,'',0,0,'',0,0,'2018-12-21 16:36:40','2018-12-21 16:38:33'),(725,1,1,0,'',2,0,0,1,0,106036,'',0,0,'',0,0,'2018-12-21 16:38:41','2018-12-21 16:39:39'),(726,1,1,0,'',2,0,0,1,0,106044,'',0,0,'',0,0,'2018-12-21 16:49:23','2018-12-21 16:51:08'),(727,1,1,0,'',2,0,0,1,0,106045,'',0,0,'',0,0,'2018-12-21 16:51:25','2018-12-21 16:53:14'),(728,1,1,0,'',2,0,0,1,0,106046,'',0,0,'',0,0,'2018-12-21 16:53:52','2018-12-21 16:55:20'),(729,1,1,0,'',2,0,0,1,0,106050,'',0,0,'',0,0,'2018-12-21 16:56:08','2018-12-21 16:57:51'),(730,1,1,0,'',2,0,0,1,0,106051,'',0,0,'',0,0,'2018-12-21 16:58:26','2018-12-21 16:58:34'),(731,1,1,0,'',1,0,0,1,0,106097,'',0,0,'',0,0,'2018-12-21 17:47:18','2018-12-21 17:48:29'),(732,1,1,0,'',2,0,0,1,0,106484,'',0,0,'',0,0,'2018-12-22 10:14:54','2018-12-22 10:16:51'),(733,1,1,0,'',2,0,0,1,0,106485,'',0,0,'',0,0,'2018-12-22 10:17:31','2018-12-22 10:18:34'),(734,1,1,0,'',2,0,0,1,0,106486,'',0,0,'',0,0,'2018-12-22 10:19:10','2018-12-22 10:21:08'),(735,1,1,0,'',2,0,0,1,0,106491,'',0,0,'',0,0,'2018-12-22 10:21:45','2018-12-22 10:23:06'),(736,1,1,0,'',2,0,0,1,0,106493,'',0,0,'',0,0,'2018-12-22 10:23:15','2018-12-22 10:23:31'),(737,1,1,0,'',1,0,0,1,0,106495,'',0,0,'',0,0,'2018-12-22 10:28:16','2018-12-22 10:29:07'),(738,1,1,0,'',2,0,0,1,0,106886,'',0,0,'',0,0,'2018-12-23 06:03:03','2018-12-23 06:03:05'),(739,1,1,0,'',1,0,0,1,0,106889,'',0,0,'',0,0,'2018-12-23 06:03:16','2018-12-23 06:04:02'),(740,1,1,0,'',1,0,0,1,0,106890,'',0,0,'',0,0,'2018-12-23 06:05:53','2018-12-23 06:06:17'),(741,1,1,0,'',2,0,0,1,0,107053,'',0,0,'',1,0,'2018-12-23 15:21:41','2018-12-23 15:21:42'),(742,1,1,0,'',1,0,0,1,0,107234,'',0,0,'',0,0,'2018-12-24 00:02:43','2018-12-24 00:02:56'),(743,1,1,0,'',1,0,0,1,0,108078,'',0,0,'',1,0,'2018-12-25 18:03:13','2018-12-25 18:03:14'),(744,1,1,0,'',2,0,0,1,0,108198,'',0,0,'',1,0,'2018-12-26 04:39:48','2018-12-26 04:39:49'),(745,1,1,89,'a:1:{i:197;s:3:\"89,\";}',2,197,197,1,106,108993,'772cf6b5b978985228defad0cacf2394',0,0,'',1,0,'2018-12-27 01:59:08','2018-12-27 02:04:38'),(746,1,1,0,'',1,0,0,1,0,109003,'',0,0,'',1,0,'2018-12-27 02:41:57','2018-12-27 02:41:58'),(747,1,1,0,'',1,0,0,1,0,109104,'',0,0,'',0,0,'2018-12-27 07:55:10','2018-12-27 07:55:10'),(748,1,1,0,'',1,183,183,1,98,101191,'3ce4ffd02accae7ca2fede6b3afc740b',0,0,'',0,0,'2018-12-27 08:39:44','2018-12-27 08:39:44'),(749,1,1,0,'',1,0,0,1,0,109241,'',0,0,'',0,0,'2018-12-27 13:56:48','2018-12-27 13:56:48'),(750,1,1,0,'',1,0,0,1,0,109448,'',0,0,'',0,0,'2018-12-27 22:44:26','2018-12-27 22:44:34'),(751,1,1,0,'',1,0,0,1,0,109530,'',0,0,'',1,0,'2018-12-28 00:06:39','2018-12-28 00:06:40'),(752,1,1,0,'',1,0,0,1,0,110054,'',0,0,'',0,0,'2018-12-29 11:09:54','2018-12-29 11:09:55'),(753,1,1,0,'',1,0,0,1,0,110558,'',0,0,'',0,0,'2018-12-29 17:52:49','2018-12-29 17:52:50'),(754,1,1,0,'',2,0,0,1,0,110756,'',0,0,'',1,0,'2018-12-30 03:04:23','2018-12-30 03:04:24'),(755,1,1,0,'',1,0,0,1,0,111200,'',0,0,'',0,0,'2018-12-31 02:25:16','2018-12-31 02:25:24'),(756,1,1,72,'',1,198,198,1,107,110084,'83e550d2f80817f191275c0419264179',0,0,'',1,0,'2018-12-31 11:08:18','2018-12-31 11:31:54'),(757,1,1,0,'',1,0,0,1,0,113661,'',0,0,'',1,0,'2018-12-31 16:55:44','2018-12-31 16:55:44'),(758,1,1,72,'',1,199,199,1,108,110169,'c6c4b38ea0ae4a2214597ad1935a080a',0,0,'',0,0,'2019-01-01 12:14:59','2019-01-01 12:32:51'),(759,1,1,0,'',1,0,0,1,0,114196,'',0,0,'',1,0,'2019-01-01 12:45:33','2019-01-01 12:45:33'),(760,1,1,72,'',1,201,201,1,109,114361,'a371a898478d5a9d9ecfdc5019003fad',0,0,'',1,0,'2019-01-01 19:23:51','2019-01-01 19:57:41'),(761,1,1,0,'',1,0,0,1,0,115145,'',0,0,'',0,0,'2019-01-02 11:04:19','2019-01-02 11:04:20'),(762,1,1,0,'',1,198,198,1,107,115353,'83e550d2f80817f191275c0419264179',0,0,'',0,0,'2019-01-02 19:45:56','2019-01-02 19:45:56'),(763,1,1,0,'',1,0,0,1,0,115406,'',0,0,'',1,0,'2019-01-02 22:20:59','2019-01-02 22:22:33'),(764,1,1,0,'',2,0,0,1,0,115456,'',0,0,'',0,0,'2019-01-03 00:18:03','2019-01-03 00:18:14'),(765,1,1,0,'',1,0,0,1,0,115466,'',0,0,'',0,0,'2019-01-03 00:22:42','2019-01-03 00:22:43'),(766,1,1,0,'',1,198,198,1,107,115656,'83e550d2f80817f191275c0419264179',0,0,'',0,0,'2019-01-03 09:37:48','2019-01-03 09:37:48'),(767,1,1,0,'',1,201,201,1,109,115223,'a371a898478d5a9d9ecfdc5019003fad',0,0,'',0,0,'2019-01-03 12:22:00','2019-01-03 12:22:00'),(768,1,1,0,'',1,197,197,1,106,116057,'772cf6b5b978985228defad0cacf2394',0,0,'',0,0,'2019-01-04 02:46:15','2019-01-04 02:46:15'),(769,1,1,0,'',1,0,0,1,0,116822,'',0,0,'',0,0,'2019-01-04 09:08:52','2019-01-04 09:10:29'),(770,1,1,72,'',1,204,204,1,111,115410,'e78f1e61bdecc867fa4d2efb6770ead9',0,0,'',0,0,'2019-01-04 12:55:14','2019-01-04 14:46:48'),(771,1,1,0,'',1,0,0,1,0,117139,'',0,0,'',0,0,'2019-01-04 18:19:56','2019-01-04 18:23:33'),(772,1,1,0,'',1,201,201,1,109,117149,'a371a898478d5a9d9ecfdc5019003fad',0,0,'',0,0,'2019-01-04 18:38:49','2019-01-04 18:38:49'),(773,1,1,72,'',2,203,203,1,110,115445,'faeb247f7bfa625d24250c47b3cb1c7c',0,0,'',0,0,'2019-01-05 14:34:24','2019-01-10 20:18:08'),(774,1,1,0,'',2,0,0,1,0,117623,'',0,0,'',0,0,'2019-01-05 16:50:23','2019-01-05 16:52:05'),(775,1,1,0,'',1,206,206,1,112,117646,'7021adcd993299f47f18e9f09ace5085',0,0,'',1,0,'2019-01-05 18:06:34','2019-01-05 18:52:47'),(776,1,1,0,'',1,201,201,1,109,117519,'a371a898478d5a9d9ecfdc5019003fad',0,0,'',0,0,'2019-01-05 21:35:02','2019-01-05 21:35:02'),(777,1,1,0,'',2,0,0,1,0,117792,'',0,0,'',0,0,'2019-01-05 23:47:01','2019-01-05 23:48:59'),(778,1,1,0,'',1,0,0,1,0,117793,'',0,0,'',0,0,'2019-01-05 23:49:03','2019-01-05 23:51:00'),(779,1,1,0,'',1,0,0,1,0,117794,'',0,0,'',0,0,'2019-01-05 23:51:03','2019-01-05 23:53:00'),(780,1,1,0,'',1,0,0,1,0,117796,'',0,0,'',0,0,'2019-01-05 23:53:05','2019-01-05 23:54:59'),(781,1,1,0,'',1,0,0,1,0,117797,'',0,0,'',0,0,'2019-01-05 23:55:06','2019-01-05 23:55:57'),(782,1,1,0,'',2,0,0,1,0,118083,'',0,0,'',0,0,'2019-01-06 11:13:23','2019-01-06 11:14:56'),(783,1,1,0,'',2,0,0,1,0,118084,'',0,0,'',0,0,'2019-01-06 11:15:01','2019-01-06 11:16:53'),(784,1,1,0,'',2,0,0,1,0,118087,'',0,0,'',0,0,'2019-01-06 11:17:06','2019-01-06 11:19:00'),(785,1,1,0,'',2,0,0,1,0,118088,'',0,0,'',0,0,'2019-01-06 11:19:08','2019-01-06 11:21:01'),(786,1,1,0,'',2,0,0,1,0,118092,'',0,0,'',0,0,'2019-01-06 11:21:14','2019-01-06 11:23:04'),(787,1,1,0,'',2,0,0,1,0,118093,'',0,0,'',0,0,'2019-01-06 11:23:14','2019-01-06 11:24:18'),(788,1,1,0,'',1,0,0,1,0,118115,'',0,0,'',0,0,'2019-01-06 11:41:29','2019-01-06 11:41:35'),(789,1,1,0,'',1,183,183,1,98,118257,'3ce4ffd02accae7ca2fede6b3afc740b',0,0,'',0,0,'2019-01-06 15:26:11','2019-01-06 15:26:11'),(790,1,1,72,'',1,207,207,1,113,118292,'58298850ab29bdf8a7468ef572c109e3',0,0,'',0,0,'2019-01-06 16:21:02','2019-01-06 17:03:44'),(791,1,1,0,'',1,199,199,1,108,118331,'c6c4b38ea0ae4a2214597ad1935a080a',0,0,'',0,0,'2019-01-06 17:43:49','2019-01-06 17:43:49'),(792,1,1,0,'',2,0,0,1,0,118478,'',0,0,'',0,0,'2019-01-06 23:14:34','2019-01-06 23:14:35'),(793,1,1,0,'',1,0,0,1,0,118479,'',0,0,'',0,0,'2019-01-06 23:14:40','2019-01-06 23:16:17'),(794,1,1,0,'',1,0,0,1,0,118481,'',0,0,'',0,0,'2019-01-06 23:19:04','2019-01-06 23:19:34'),(795,1,1,0,'',1,0,0,1,0,118709,'',0,0,'',0,0,'2019-01-07 09:25:00','2019-01-07 09:25:26'),(796,1,1,0,'',1,0,0,1,0,118711,'',0,0,'',0,0,'2019-01-07 09:27:49','2019-01-07 09:27:54'),(797,1,1,0,'',1,198,198,1,107,118714,'83e550d2f80817f191275c0419264179',0,0,'',0,0,'2019-01-07 09:45:06','2019-01-07 09:45:06'),(798,1,1,0,'',1,198,198,1,107,118738,'83e550d2f80817f191275c0419264179',0,0,'',0,0,'2019-01-07 11:45:49','2019-01-07 11:45:49'),(799,1,1,0,'',2,203,203,1,110,119014,'faeb247f7bfa625d24250c47b3cb1c7c',0,0,'',0,0,'2019-01-07 17:14:14','2019-01-07 17:14:37'),(800,1,1,0,'',1,0,0,1,0,119020,'',0,0,'',0,0,'2019-01-07 17:22:37','2019-01-07 17:23:16'),(801,1,1,0,'',1,198,198,1,107,119043,'83e550d2f80817f191275c0419264179',0,0,'',0,0,'2019-01-07 18:10:26','2019-01-07 18:10:26'),(802,1,1,0,'',1,0,0,1,0,119630,'',0,0,'',0,0,'2019-01-08 05:18:33','2019-01-08 05:19:00'),(803,1,1,0,'',1,183,184,1,98,101159,'3ce4ffd02accae7ca2fede6b3afc740b',0,0,'',0,0,'2019-01-08 10:13:53','2019-01-08 10:14:26'),(804,1,1,72,'',1,183,184,1,98,101159,'3ce4ffd02accae7ca2fede6b3afc740b',0,0,'',0,0,'2019-01-08 10:16:00','2019-01-08 10:16:01'),(805,1,1,0,'',1,198,198,1,107,119733,'83e550d2f80817f191275c0419264179',0,0,'',0,0,'2019-01-08 10:39:22','2019-01-08 10:39:22'),(806,1,1,0,'',1,198,198,1,107,119817,'83e550d2f80817f191275c0419264179',0,0,'',0,0,'2019-01-08 14:00:56','2019-01-08 14:00:56'),(807,1,1,0,'',1,198,198,1,107,119947,'83e550d2f80817f191275c0419264179',0,0,'',0,0,'2019-01-08 16:48:37','2019-01-08 16:48:37'),(808,1,1,72,'',1,209,209,1,114,116915,'5a59acf302bb861fe064b12907ee62e0',0,0,'',0,0,'2019-01-08 17:38:30','2019-01-09 10:37:30'),(809,1,1,72,'',2,210,210,1,115,118457,'929fe63da0b7773805bf2edf7b71aec8',0,0,'',0,0,'2019-01-08 19:06:42','2019-01-08 19:31:47'),(810,1,1,0,'',2,0,0,1,0,120093,'',0,0,'',1,0,'2019-01-09 01:17:52','2019-01-09 01:17:54'),(811,1,1,72,'',2,212,212,1,116,120992,'e185a26110c0a8292c43f6d8bfd86e1c',0,0,'',0,0,'2019-01-10 18:02:00','2019-01-10 18:10:47'),(812,1,1,0,'',1,0,0,1,0,121010,'',0,0,'',0,0,'2019-01-10 19:09:15','2019-01-10 19:09:15'),(813,1,1,0,'',1,0,0,1,0,122212,'',0,0,'',0,0,'2019-01-11 22:42:06','2019-01-11 22:42:08'),(814,1,1,0,'',1,0,0,1,0,127451,'',0,0,'',0,0,'2019-01-14 21:55:38','2019-01-14 21:55:38'),(815,1,1,0,'',2,203,203,1,110,127874,'faeb247f7bfa625d24250c47b3cb1c7c',0,0,'',0,0,'2019-01-15 16:35:29','2019-01-15 16:48:08'),(816,1,1,72,'',1,215,215,1,117,128705,'8d370a8a379fccc47caaa6dce48aeadd',0,0,'',0,0,'2019-01-16 18:10:48','2019-01-16 18:47:02'),(817,1,1,89,'a:1:{i:217;s:3:\"89,\";}',2,217,217,1,118,128051,'b35efc086cb00cf1d684fc0848aa3bcd',0,0,'',0,0,'2019-01-17 03:31:58','2019-01-17 03:35:43'),(820,1,1,0,'',2,0,0,1,0,129337,'',0,0,'',0,0,'2019-01-17 17:29:17','2019-01-17 17:30:53'),(821,1,1,72,'',2,218,218,1,119,129216,'69114f1d3ab2f6d33b18c948d18d3e78',0,0,'',0,0,'2019-01-18 09:13:07','2019-01-18 10:23:34'),(822,1,1,0,'',2,0,0,1,0,130734,'',0,0,'',0,0,'2019-01-19 14:37:33','2019-01-19 16:19:07'),(823,1,1,0,'',1,0,0,1,0,130748,'',0,0,'',0,0,'2019-01-19 14:50:19','2019-01-19 14:52:01'),(824,1,1,0,'',1,222,222,1,121,131300,'ef96ae1276d0552f7de5e2a1e75701bf',0,0,'',0,0,'2019-01-20 15:19:19','2019-01-20 15:44:57'),(825,1,1,89,'a:1:{i:223;s:3:\"89,\";}',2,223,223,1,122,131379,'935888edaa8233ed5b7d4a9820b92ffd',0,0,'',0,0,'2019-01-20 17:52:20','2019-01-20 18:02:59'),(826,1,1,0,'',2,224,224,1,123,131408,'b46ce762c65ae9d6e9102c13065849cb',0,0,'',0,0,'2019-01-20 19:42:27','2019-01-20 23:11:50'),(827,1,1,0,'',1,225,225,1,124,131421,'2d2e92ac97d91b2e509fb0a5ce89306c',0,0,'',1,0,'2019-01-20 20:02:47','2019-01-20 20:11:38'),(828,1,1,89,'a:1:{i:223;s:3:\"89,\";}',2,223,226,1,122,131508,'935888edaa8233ed5b7d4a9820b92ffd',0,0,'',0,0,'2019-01-20 23:07:01','2019-01-21 01:20:03'),(829,1,1,89,'a:1:{i:223;s:3:\"89,\";}',2,223,226,1,122,131379,'935888edaa8233ed5b7d4a9820b92ffd',0,0,'',0,0,'2019-01-21 01:53:14','2019-01-21 01:54:24'),(830,1,1,0,'',1,0,0,1,0,131762,'',0,0,'',0,0,'2019-01-21 11:35:11','2019-01-21 11:38:59'),(831,1,1,0,'',2,224,224,1,123,131332,'b46ce762c65ae9d6e9102c13065849cb',0,0,'',0,0,'2019-01-22 21:39:45','2019-02-27 21:04:04'),(832,1,1,0,'',1,0,0,1,0,133076,'',0,0,'',0,0,'2019-01-23 16:03:03','2019-01-23 16:03:35'),(841,1,1,0,'',1,0,0,1,0,133449,'',0,0,'',0,0,'2019-01-24 07:34:58','2019-01-24 07:35:12'),(842,1,1,0,'',1,0,0,1,0,133451,'',0,0,'',0,0,'2019-01-24 07:38:30','2019-01-24 07:38:31'),(847,1,1,0,'',1,0,0,1,0,133562,'',0,0,'',0,0,'2019-01-24 11:41:41','2019-01-24 11:42:05'),(848,1,1,0,'',1,0,0,1,0,133649,'',0,0,'',1,0,'2019-01-24 14:34:57','2019-01-24 14:54:00'),(849,1,1,0,'',1,0,0,1,0,133944,'',0,0,'',0,0,'2019-01-25 02:06:14','2019-01-25 02:06:58'),(850,1,1,0,'',1,0,0,1,0,133945,'',0,0,'',0,0,'2019-01-25 02:07:01','2019-01-25 02:09:00'),(851,1,1,0,'',1,0,0,1,0,134253,'',0,0,'',0,0,'2019-01-25 13:35:57','2019-01-25 13:36:08'),(852,1,1,0,'',1,0,0,1,0,134550,'',0,0,'',0,0,'2019-01-26 01:40:57','2019-01-26 01:41:00'),(853,1,1,0,'',1,203,203,1,110,134797,'faeb247f7bfa625d24250c47b3cb1c7c',0,0,'',0,0,'2019-01-26 11:00:54','2019-01-26 11:00:54'),(854,1,1,0,'',1,0,0,1,125,133416,'fe20f439447787e8e7fa7a4b57642619',0,0,'',0,0,'2019-01-26 18:20:34','2019-01-29 17:23:03'),(855,1,1,0,'',1,0,0,1,0,135209,'',0,0,'',1,0,'2019-01-27 08:06:27','2019-01-27 08:06:27'),(856,1,1,0,'',1,0,0,1,0,135246,'',0,0,'',1,0,'2019-01-27 10:12:48','2019-01-27 10:12:49'),(857,1,1,72,'',1,220,220,1,120,129932,'2bb5783d385267b79effdafafa03044a',0,0,'',0,0,'2019-01-27 13:17:02','2019-01-27 13:31:25'),(858,1,1,72,'',2,224,224,1,123,133005,'b46ce762c65ae9d6e9102c13065849cb',0,0,'',0,0,'2019-01-27 14:22:32','2019-01-31 12:04:31'),(859,1,1,72,'',1,220,220,1,120,129932,'2bb5783d385267b79effdafafa03044a',0,0,'',0,0,'2019-01-29 18:11:49','2019-01-29 18:18:28'),(860,1,1,0,'',1,0,0,1,0,133893,'',0,0,'',1,0,'2019-01-30 00:21:21','2019-01-30 00:30:14'),(861,1,1,0,'',1,227,227,1,126,137305,'37efabb1170f049fd20bf3c7a29c8b60',0,0,'',0,0,'2019-01-30 10:22:39','2019-01-30 10:27:19'),(862,1,1,0,'',1,1,1,1,1,137310,'568b2fd88b5016b6ca13231ff4ad84f0',0,0,'',0,0,'2019-01-30 10:33:29','2019-01-31 10:20:47'),(863,1,1,0,'',2,0,0,1,0,137767,'',0,0,'',1,0,'2019-01-30 23:47:11','2019-01-30 23:47:11'),(864,1,1,0,'',1,0,0,1,0,138039,'',0,0,'',1,0,'2019-02-01 08:39:50','2019-02-01 08:58:23'),(865,1,1,0,'',1,0,0,1,0,138654,'',0,0,'',0,0,'2019-02-01 12:23:32','2019-02-01 12:23:32'),(866,1,1,0,'',1,0,0,1,0,139146,'',0,0,'',0,0,'2019-02-02 13:44:51','2019-02-02 13:53:55'),(867,1,1,0,'',1,0,0,1,0,141754,'',0,0,'',0,0,'2019-02-03 04:02:35','2019-02-03 04:02:50'),(868,1,1,0,'',1,0,0,1,0,142064,'',0,0,'',0,0,'2019-02-03 20:04:17','2019-02-03 20:06:28'),(869,1,1,72,'',1,229,229,1,125,136997,'fe20f439447787e8e7fa7a4b57642619',0,0,'',0,0,'2019-02-04 10:20:48','2019-02-04 10:26:40'),(870,1,1,72,'',1,229,229,1,125,133416,'fe20f439447787e8e7fa7a4b57642619',0,0,'',0,0,'2019-02-04 11:03:33','2019-02-04 11:04:04'),(871,1,1,0,'',1,0,0,1,0,142640,'',0,0,'',0,0,'2019-02-04 15:33:38','2019-02-04 15:40:12'),(872,1,1,72,'',1,7,7,1,1,143293,'568b2fd88b5016b6ca13231ff4ad84f0',0,0,'',0,0,'2019-02-05 16:11:04','2019-02-05 16:12:12'),(873,1,1,0,'',2,224,224,1,123,131439,'b46ce762c65ae9d6e9102c13065849cb',0,0,'',0,0,'2019-02-08 11:07:45','2019-03-06 07:35:31'),(874,1,1,0,'',2,0,0,1,0,146050,'',0,0,'',0,0,'2019-02-09 17:51:19','2019-02-09 18:10:43'),(875,1,1,0,'',2,0,0,1,0,146157,'',0,0,'',1,0,'2019-02-09 22:09:15','2019-02-09 22:09:15'),(876,1,1,0,'',2,0,0,1,0,146065,'',0,0,'',1,0,'2019-02-10 07:20:26','2019-02-10 11:09:46'),(877,1,1,0,'',1,0,0,1,0,149438,'',0,0,'',0,0,'2019-02-14 03:50:07','2019-02-14 03:50:30'),(878,1,1,0,'',2,0,0,1,0,149516,'',0,0,'',0,0,'2019-02-14 06:48:07','2019-02-17 03:36:29'),(879,1,1,0,'',1,0,0,1,0,149577,'',0,0,'',0,0,'2019-02-14 10:25:26','2019-02-14 10:26:49'),(880,1,1,0,'',2,0,0,1,0,149608,'',0,0,'',0,0,'2019-02-14 10:26:54','2019-02-14 10:28:51'),(881,1,1,0,'',2,0,0,1,0,149609,'',0,0,'',0,0,'2019-02-14 10:28:54','2019-02-14 10:30:52'),(882,1,1,0,'',2,0,0,1,0,149612,'',0,0,'',0,0,'2019-02-14 10:30:57','2019-02-14 10:32:40'),(883,1,1,0,'',2,0,0,1,0,149861,'',0,0,'',0,0,'2019-02-14 21:15:23','2019-02-14 21:17:19'),(884,1,1,0,'',2,0,0,1,0,149863,'',0,0,'',0,0,'2019-02-14 21:17:33','2019-02-14 21:19:23'),(885,1,1,0,'',2,0,0,1,0,149864,'',0,0,'',0,0,'2019-02-14 21:19:34','2019-02-14 21:21:27'),(886,1,1,0,'',2,0,0,1,0,149866,'',0,0,'',0,0,'2019-02-14 21:21:31','2019-02-14 21:22:39'),(887,1,1,0,'',2,0,0,1,0,149867,'',0,0,'',0,0,'2019-02-14 21:23:43','2019-02-14 21:23:43'),(888,1,1,0,'',1,232,232,1,127,149868,'5e114dc16e3833936aaa55eff3a5b0a3',0,0,'',1,0,'2019-02-14 21:45:13','2019-02-14 21:48:44'),(889,1,1,0,'',1,0,0,1,0,149900,'',0,0,'',0,0,'2019-02-14 21:46:23','2019-02-14 21:46:49'),(890,1,1,0,'',1,0,0,1,0,149923,'',0,0,'',0,0,'2019-02-14 23:21:00','2019-02-14 23:21:01'),(891,1,1,0,'',2,0,0,1,0,150155,'',0,0,'',0,0,'2019-02-15 07:47:00','2019-02-15 07:47:00'),(892,1,1,0,'',2,0,0,1,0,150222,'',0,0,'',0,0,'2019-02-15 09:05:57','2019-02-15 09:06:03'),(893,1,1,0,'',2,0,0,1,0,150224,'',0,0,'',0,0,'2019-02-15 09:06:28','2019-02-15 09:07:53'),(894,1,1,0,'',2,0,0,1,0,150228,'',0,0,'',0,0,'2019-02-15 09:08:42','2019-02-15 09:10:16'),(895,1,1,0,'',2,0,0,1,0,150231,'',0,0,'',0,0,'2019-02-15 09:11:00','2019-02-15 09:12:17'),(896,1,1,0,'',1,0,0,1,0,150254,'',0,0,'',0,0,'2019-02-15 09:34:58','2019-02-15 09:35:54'),(897,1,1,0,'',1,0,0,1,128,150255,'990350f76e1dd362c22b34ff824ecb20',0,0,'',0,0,'2019-02-15 09:36:25','2019-02-22 14:59:00'),(898,1,1,93,'a:1:{i:233;s:3:\"93,\";}',2,233,233,1,129,150307,'b12b0c17ab27de0d991971d03b18ea53',0,0,'',0,0,'2019-02-15 13:26:02','2019-02-15 13:50:03'),(899,1,1,0,'',2,0,0,1,0,150440,'',0,0,'',0,0,'2019-02-15 18:08:39','2019-02-15 18:10:23'),(900,1,1,0,'',1,0,0,1,0,150454,'',0,0,'',0,0,'2019-02-15 18:22:35','2019-02-15 18:23:25'),(901,1,1,0,'',1,0,0,1,0,150456,'',0,0,'',0,0,'2019-02-15 18:23:29','2019-02-15 18:23:29'),(902,1,1,0,'',1,0,0,1,0,150486,'',0,0,'',1,0,'2019-02-15 20:56:56','2019-02-15 20:56:56'),(903,1,1,0,'',2,0,0,1,0,150645,'',0,0,'',0,0,'2019-02-16 01:05:01','2019-02-22 21:05:48'),(904,1,1,0,'',1,0,0,1,0,150681,'',0,0,'',0,0,'2019-02-16 02:58:52','2019-02-16 02:59:20'),(905,1,1,0,'',2,233,233,1,129,152003,'b12b0c17ab27de0d991971d03b18ea53',0,0,'',0,0,'2019-02-17 23:11:58','2019-02-17 23:17:12'),(906,1,1,0,'',1,0,0,1,0,152824,'',0,0,'',1,0,'2019-02-19 12:03:36','2019-02-19 12:03:38'),(907,1,1,93,'a:1:{i:234;s:3:\"93,\";}',1,234,234,1,130,155214,'f83636eae2d68cc100349dc8f2addce7',0,0,'',0,0,'2019-02-23 10:00:39','2019-02-23 10:03:44'),(908,1,1,0,'',2,0,0,1,0,155737,'',0,0,'',0,0,'2019-02-24 04:57:55','2019-02-24 04:58:45'),(909,1,1,0,'',1,0,0,1,0,155768,'',0,0,'',0,0,'2019-02-24 05:25:34','2019-02-24 05:25:43'),(910,1,1,0,'',1,0,0,1,0,155771,'',0,0,'',0,0,'2019-02-24 05:25:54','2019-02-24 05:27:28'),(911,1,1,0,'',1,0,0,1,0,149922,'',0,0,'',1,0,'2019-02-26 09:46:04','2019-02-26 09:46:05'),(912,1,1,0,'',2,0,0,1,0,157035,'',0,0,'',1,0,'2019-02-26 15:37:19','2019-02-26 15:37:19'),(913,1,1,0,'',2,0,0,1,0,157096,'',0,0,'',0,0,'2019-02-26 18:48:48','2019-02-26 21:04:53'),(914,1,1,0,'',1,0,0,1,0,157656,'',0,0,'',0,0,'2019-02-27 23:37:35','2019-02-27 23:37:36'),(917,1,1,103,'a:1:{i:235;s:4:\"103,\";}',2,235,235,1,131,158424,'b9e2637cf02db06b02c5fc99e4781ecf',0,0,'',1,0,'2019-03-01 16:23:04','2019-03-01 16:27:34'),(918,1,1,0,'',2,224,224,1,123,131408,'b46ce762c65ae9d6e9102c13065849cb',0,0,'',0,0,'2019-03-03 01:19:48','2019-03-03 01:19:52'),(919,1,1,0,'',1,0,0,1,0,160035,'',0,0,'',0,0,'2019-03-04 16:48:23','2019-03-04 16:48:24'),(920,1,1,0,'',2,0,0,1,0,160146,'',0,0,'',0,0,'2019-03-04 22:40:30','2019-03-04 22:40:30'),(921,1,1,0,'',2,0,0,1,0,160194,'',0,0,'',0,0,'2019-03-05 01:23:58','2019-03-05 01:25:17'),(922,1,1,0,'',2,0,0,1,0,160728,'',0,0,'',0,0,'2019-03-05 06:54:15','2019-03-05 06:54:15'),(923,1,1,0,'',1,0,0,1,0,160741,'',0,0,'',0,0,'2019-03-05 07:44:44','2019-03-05 07:45:18'),(924,1,1,0,'',1,0,0,1,0,160748,'',0,0,'',0,0,'2019-03-05 07:52:52','2019-03-05 07:53:26'),(925,1,1,0,'',1,0,0,1,0,160749,'',0,0,'',0,0,'2019-03-05 07:53:31','2019-03-05 07:55:28'),(926,1,1,0,'',1,0,0,1,0,160750,'',0,0,'',0,0,'2019-03-05 07:55:34','2019-03-05 07:57:27'),(927,1,1,0,'',1,0,0,1,0,160751,'',0,0,'',0,0,'2019-03-05 07:57:56','2019-03-05 07:59:44'),(928,1,1,0,'',1,0,0,1,0,160754,'',0,0,'',0,0,'2019-03-05 08:00:05','2019-03-05 08:01:41'),(929,1,1,0,'',1,0,0,1,0,160755,'',0,0,'',0,0,'2019-03-05 08:02:19','2019-03-05 08:04:09'),(930,1,1,0,'',1,0,0,1,0,160756,'',0,0,'',0,0,'2019-03-05 08:04:16','2019-03-05 08:05:28'),(931,1,1,93,'a:1:{i:236;s:3:\"93,\";}',1,236,236,1,132,160952,'8679033f96eb38c650f4792f7754b255',0,0,'',0,0,'2019-03-05 18:44:19','2019-03-05 18:50:17'),(932,1,1,0,'',2,0,0,1,0,160971,'',0,0,'',0,0,'2019-03-05 18:48:05','2019-03-05 18:48:34'),(933,1,1,0,'',2,0,0,1,0,160972,'',0,0,'',0,0,'2019-03-05 18:48:39','2019-03-05 18:50:33'),(934,1,1,0,'',2,0,0,1,0,160973,'',0,0,'',0,0,'2019-03-05 18:50:42','2019-03-05 18:52:36'),(935,1,1,0,'',2,0,0,1,0,160978,'',0,0,'',0,0,'2019-03-05 18:52:40','2019-03-05 18:54:36'),(936,1,1,0,'',2,0,0,1,0,160983,'',0,0,'',0,0,'2019-03-05 18:54:42','2019-03-05 18:56:37'),(937,1,1,0,'',2,0,0,1,0,160984,'',0,0,'',0,0,'2019-03-05 18:56:48','2019-03-05 18:57:44'),(938,1,1,0,'',1,0,0,1,0,160996,'',0,0,'',0,0,'2019-03-05 19:14:10','2019-03-05 19:14:43'),(939,1,1,0,'',2,0,0,1,0,161482,'',0,0,'',0,0,'2019-03-06 05:45:51','2019-03-06 05:46:18'),(940,1,1,0,'',2,0,0,1,0,161483,'',0,0,'',0,0,'2019-03-06 05:46:56','2019-03-06 05:47:19'),(941,1,1,0,'',1,0,0,1,0,161506,'',0,0,'',0,0,'2019-03-06 06:13:32','2019-03-06 06:13:41'),(942,1,1,0,'',1,0,0,1,0,159693,'',0,0,'',1,0,'2019-03-06 06:49:50','2019-03-06 06:49:50'),(943,1,1,0,'',2,0,0,1,133,161861,'af5406ef67138ab5b61dfad38c3ac3f1',0,0,'',0,0,'2019-03-07 02:17:19','2019-03-07 02:20:05'),(944,1,1,0,'',1,0,0,1,0,162048,'',0,0,'',0,0,'2019-03-07 08:58:18','2019-03-07 08:58:39'),(945,1,1,0,'',1,0,0,1,0,162049,'',0,0,'',0,0,'2019-03-07 08:59:31','2019-03-07 08:59:38'),(946,1,1,0,'',1,0,0,1,0,162181,'',0,0,'',0,0,'2019-03-07 16:22:51','2019-03-07 16:22:55'),(947,1,1,93,'a:1:{i:237;s:3:\"93,\";}',1,237,237,1,134,162205,'def616d5580fe74a4d717e15dc51a4a9',0,0,'',1,0,'2019-03-07 17:22:18','2019-03-07 17:31:58'),(948,1,1,0,'',1,0,0,1,0,162350,'',0,0,'',0,0,'2019-03-07 23:00:55','2019-03-07 23:01:08'),(949,1,1,0,'',2,0,0,1,0,162476,'',0,0,'',0,0,'2019-03-08 05:36:59','2019-03-08 05:37:29'),(950,1,1,0,'',1,0,0,1,0,162488,'',0,0,'',0,0,'2019-03-08 05:48:19','2019-03-08 05:48:44'),(951,1,1,0,'',2,224,224,1,123,162706,'b46ce762c65ae9d6e9102c13065849cb',0,0,'',0,0,'2019-03-08 17:58:37','2019-03-24 18:03:49'),(952,1,1,0,'',1,0,0,1,0,163263,'',0,0,'',1,0,'2019-03-10 08:39:55','2019-03-10 08:39:56'),(953,1,1,93,'a:1:{i:242;s:3:\"93,\";}',1,242,242,1,139,163263,'05fbd363c6fbfbf4161b4b36ece639ee',0,0,'',1,0,'2019-03-10 08:40:06','2019-03-23 16:03:00'),(954,1,1,0,'',2,0,0,1,0,163460,'',0,0,'',0,0,'2019-03-10 09:35:12','2019-03-10 09:35:12'),(955,1,1,0,'',1,0,0,1,0,164869,'',0,0,'',0,0,'2019-03-13 08:15:09','2019-03-13 08:15:18'),(957,1,1,0,'',1,0,0,1,0,164967,'',0,0,'',1,0,'2019-03-13 14:06:23','2019-03-13 14:30:36'),(958,1,1,93,'a:1:{i:238;s:3:\"93,\";}',2,238,238,1,135,154212,'0090207c6bb914c126897ef5a0bfc28f',0,0,'',0,0,'2019-03-13 20:51:55','2019-03-13 21:11:12'),(959,1,1,93,'a:1:{i:239;s:3:\"93,\";}',1,239,239,1,136,165748,'45cc40d1bbac4683608abad8a509af80',0,0,'',0,0,'2019-03-15 00:50:57','2019-03-15 17:08:03'),(960,1,1,93,'a:1:{i:240;s:3:\"93,\";}',1,240,240,1,137,159533,'90c1b56eb1c44fc8f5514133e142e4f0',0,0,'',0,0,'2019-03-15 22:23:48','2019-03-15 22:30:08'),(961,1,1,0,'',1,0,0,1,0,167163,'',0,0,'',0,0,'2019-03-17 20:09:34','2019-03-17 20:09:34'),(962,1,1,93,'a:1:{i:241;s:3:\"93,\";}',1,241,241,1,138,167556,'adcaa6d1b924ff86b17346ecacc207b7',0,0,'',0,0,'2019-03-18 15:45:25','2019-03-18 16:08:51'),(963,1,1,0,'',2,0,0,1,0,171757,'',0,0,'',1,0,'2019-03-23 22:36:42','2019-04-06 17:19:06'),(964,1,1,0,'',2,0,0,1,0,172201,'',0,0,'',1,0,'2019-03-24 10:16:16','2019-03-24 10:16:17'),(965,1,1,0,'',1,257,257,1,627,174133,'753ae2b26147082f4a6ce7911758a6f1',0,0,'',0,0,'2019-03-25 15:49:04','2019-05-13 09:44:20'),(966,1,1,0,'',1,0,0,1,0,174481,'',0,0,'',0,0,'2019-03-26 00:03:15','2019-03-26 00:05:31'),(969,1,1,0,'',2,0,0,1,0,175821,'',0,0,'',1,0,'2019-03-27 16:06:49','2019-03-27 19:32:20'),(970,1,1,93,'a:1:{i:243;s:3:\"93,\";}',2,243,243,1,140,175857,'868ff47fc723372b89f9b3396b49361c',0,0,'',0,0,'2019-03-27 17:29:39','2019-03-27 17:37:21'),(971,1,1,0,'',1,0,0,1,0,157393,'',0,0,'',0,0,'2019-03-28 14:03:25','2019-03-28 14:03:26'),(972,1,1,93,'a:1:{i:244;s:3:\"93,\";}',1,244,244,1,141,175957,'bc1376a2ef563d1ff1313d5b7ab34ba3',0,0,'',1,0,'2019-03-28 17:12:16','2019-03-28 17:22:42'),(973,1,1,0,'',1,0,0,1,0,161701,'',0,0,'',1,0,'2019-03-28 22:09:57','2019-03-28 22:09:58'),(976,1,1,93,'a:1:{i:220;s:3:\"93,\";}',1,220,220,1,120,180850,'2bb5783d385267b79effdafafa03044a',0,0,'',0,0,'2019-04-03 15:11:02','2019-04-05 16:22:35'),(977,1,1,0,'',1,0,0,1,0,181647,'',0,0,'',0,0,'2019-04-04 10:54:42','2019-04-04 10:54:44'),(978,1,1,0,'',2,0,0,1,0,181661,'',0,0,'',0,0,'2019-04-04 11:36:04','2019-04-04 12:40:53'),(979,1,1,0,'',1,0,0,1,0,181793,'',0,0,'',0,0,'2019-04-04 15:37:41','2019-04-04 17:04:01'),(982,1,1,0,'',1,0,0,1,0,182341,'',0,0,'',0,0,'2019-04-05 12:43:33','2019-04-05 12:43:33'),(984,1,1,0,'',1,0,0,1,0,182627,'',0,0,'',1,0,'2019-04-05 22:53:24','2019-04-05 22:53:24'),(985,1,1,0,'',2,0,0,1,0,182970,'',0,0,'',0,0,'2019-04-06 14:44:07','2019-04-06 14:44:56'),(986,1,1,0,'',1,0,0,1,0,182994,'',0,0,'',0,0,'2019-04-06 15:03:13','2019-04-06 15:03:54'),(987,1,1,0,'',2,0,0,1,142,183104,'8890f9c4b0cba5762bc425c4459c1952',0,0,'',1,0,'2019-04-06 19:22:49','2019-04-07 03:33:13'),(989,1,1,0,'',1,8,8,1,4,40,'f26efc1a38d384b7f4f119a04e92cd9e',0,0,'',0,0,'2019-04-08 11:46:08','2019-04-08 11:47:02'),(990,1,1,0,'',1,8,8,1,4,184475,'f26efc1a38d384b7f4f119a04e92cd9e',0,0,'',0,0,'2019-04-08 11:47:46','2019-04-08 16:06:00'),(991,1,1,0,'',2,0,0,1,0,184556,'',0,0,'',0,0,'2019-04-08 14:15:48','2019-04-08 14:15:48'),(992,1,1,0,'',1,0,0,1,0,120969,'',0,0,'',0,0,'2019-04-08 15:01:45','2019-07-03 11:45:51'),(994,1,1,0,'',1,8,8,1,4,184609,'f26efc1a38d384b7f4f119a04e92cd9e',0,0,'',0,0,'2019-04-08 16:02:59','2019-04-08 16:08:06'),(995,1,1,0,'',1,0,0,1,0,184898,'',0,0,'',1,0,'2019-04-08 23:19:52','2019-04-08 23:19:52'),(996,1,1,0,'',1,0,0,1,0,184924,'',0,0,'',0,0,'2019-04-09 00:13:00','2019-04-09 00:13:04'),(997,1,1,0,'',1,8,8,1,4,181788,'f26efc1a38d384b7f4f119a04e92cd9e',0,0,'',0,0,'2019-04-09 09:15:42','2019-04-10 16:38:27'),(998,1,1,0,'',2,8,8,1,4,185170,'f26efc1a38d384b7f4f119a04e92cd9e',0,0,'',0,0,'2019-04-09 09:32:58','2019-06-20 16:09:07'),(999,1,1,0,'',1,0,0,1,0,185322,'',0,0,'',0,0,'2019-04-09 15:23:01','2019-04-09 15:23:21'),(1000,1,1,0,'',1,0,0,1,0,185354,'',0,0,'',1,0,'2019-04-09 16:31:22','2019-04-09 16:31:22'),(1001,1,1,0,'',1,0,0,1,0,185449,'',0,0,'',0,0,'2019-04-09 21:12:01','2019-04-09 21:14:00'),(1005,1,1,0,'',1,0,0,1,0,185462,'',0,0,'',0,0,'2019-04-09 21:25:00','2019-04-09 21:25:39'),(1006,1,1,0,'',2,0,0,1,0,185695,'',0,0,'',0,0,'2019-04-10 07:13:36','2019-04-10 07:13:40'),(1007,1,1,0,'',2,0,0,1,0,185697,'',0,0,'',0,0,'2019-04-10 07:13:45','2019-04-10 07:15:43'),(1008,1,1,0,'',2,0,0,1,0,185698,'',0,0,'',0,0,'2019-04-10 07:15:47','2019-04-10 07:17:06'),(1009,1,1,0,'',1,0,0,1,0,185733,'',0,0,'',0,0,'2019-04-10 07:49:04','2019-04-10 07:49:16'),(1010,1,1,0,'',2,0,0,1,0,185983,'',0,0,'',0,0,'2019-04-10 17:26:55','2019-04-10 17:28:19'),(1011,1,1,0,'',1,0,0,1,0,185984,'',0,0,'',0,0,'2019-04-10 17:28:27','2019-04-10 17:29:20'),(1012,1,1,0,'',1,0,0,1,0,185989,'',0,0,'',0,0,'2019-04-10 17:33:22','2019-04-10 17:33:24'),(1013,1,1,0,'',1,0,0,1,0,186146,'',0,0,'',0,0,'2019-04-11 00:22:33','2019-04-11 00:22:38'),(1014,1,1,0,'',1,0,0,1,0,186147,'',0,0,'',0,0,'2019-04-11 00:24:14','2019-04-11 00:24:26'),(1015,1,1,0,'',1,0,0,1,0,186311,'',0,0,'',0,0,'2019-04-11 06:20:31','2019-04-11 06:20:50'),(1016,1,1,0,'',1,0,0,1,0,186465,'',0,0,'',0,0,'2019-04-11 12:01:03','2019-04-11 12:01:13'),(1017,1,1,0,'',1,0,0,1,0,187435,'',0,0,'',1,0,'2019-04-12 22:10:44','2019-04-12 22:11:55'),(1018,1,1,0,'',1,0,0,1,0,188136,'',0,0,'',1,0,'2019-04-13 14:49:45','2019-04-13 14:49:47'),(1019,1,1,0,'',1,0,0,1,0,188455,'',0,0,'',0,0,'2019-04-13 16:36:38','2019-04-13 16:36:38'),(1020,1,1,0,'',2,0,0,1,0,189216,'',0,0,'',0,0,'2019-04-14 12:18:40','2019-04-14 12:19:33'),(1021,1,1,0,'',1,0,0,1,0,189151,'',0,0,'',0,0,'2019-04-14 21:49:41','2019-04-15 02:24:49'),(1022,1,1,0,'',1,0,0,1,0,190152,'',0,0,'',0,0,'2019-04-15 10:03:11','2019-04-15 10:03:11'),(1023,1,1,0,'',2,0,0,1,0,190298,'',0,0,'',0,0,'2019-04-15 14:03:56','2019-04-15 14:04:15'),(1024,1,1,0,'',1,0,0,1,0,190307,'',0,0,'',0,0,'2019-04-15 14:14:50','2019-04-15 14:15:26'),(1025,1,1,0,'',2,0,0,1,0,175068,'',0,0,'',0,0,'2019-04-15 17:35:51','2019-04-18 10:08:08'),(1026,1,1,0,'',1,0,0,1,0,191080,'',0,0,'',0,0,'2019-04-16 13:21:34','2019-04-16 13:21:35'),(1027,1,1,0,'',1,0,0,1,0,184808,'',0,0,'',0,0,'2019-04-16 14:40:24','2019-04-16 14:40:24'),(1028,1,1,0,'',1,0,0,1,0,191193,'',0,0,'',0,0,'2019-04-16 17:56:07','2019-04-16 17:56:09'),(1029,1,1,93,'a:1:{i:255;s:3:\"93,\";}',2,255,255,1,511,191307,'f31a2f27043d612dfe1594c2da50285d',0,0,'',0,0,'2019-04-16 22:57:39','2019-05-09 19:34:20'),(1030,1,1,0,'',2,0,0,1,0,192245,'',0,0,'',0,0,'2019-04-18 08:38:59','2019-04-18 08:39:00'),(1031,1,1,0,'',1,0,0,1,0,192368,'',0,0,'',0,0,'2019-04-18 12:37:18','2019-04-18 12:37:18'),(1032,1,1,0,'',2,0,0,1,0,193190,'',0,0,'',0,0,'2019-04-19 21:44:12','2019-04-19 21:44:12'),(1033,1,1,0,'',2,0,0,1,0,193638,'',0,0,'',1,0,'2019-04-20 12:41:03','2019-04-20 12:41:05'),(1034,1,1,0,'',1,0,0,1,0,193956,'',0,0,'',1,0,'2019-04-20 19:15:18','2019-04-20 19:15:19'),(1035,1,1,0,'',2,0,0,1,0,194336,'',0,0,'',0,0,'2019-04-21 07:18:36','2019-04-21 07:18:56'),(1036,1,1,0,'',2,0,0,1,0,194347,'',0,0,'',0,0,'2019-04-21 07:31:24','2019-04-21 07:31:28'),(1037,1,1,0,'',1,0,0,1,0,194349,'',0,0,'',0,0,'2019-04-21 07:31:34','2019-04-21 07:33:26'),(1038,1,1,93,'a:1:{i:245;s:3:\"93,\";}',1,245,245,1,196,195355,'8bf469badc4aa68b70abde1d4a6c3016',0,0,'',0,0,'2019-04-22 09:57:24','2019-04-22 10:18:47'),(1039,1,1,0,'',2,0,0,1,0,195459,'',0,0,'',0,0,'2019-04-22 14:21:31','2019-04-22 14:29:11'),(1040,1,1,0,'',2,0,0,1,0,196109,'',0,0,'',0,0,'2019-04-23 14:06:39','2019-04-23 14:06:39'),(1041,1,1,0,'',1,0,0,1,0,196126,'',0,0,'',0,0,'2019-04-23 14:47:21','2019-04-23 14:47:21'),(1042,1,1,0,'',1,0,0,1,0,196713,'',0,0,'',0,0,'2019-04-24 14:51:18','2019-04-24 14:51:20'),(1045,1,1,93,'a:1:{i:246;s:3:\"93,\";}',1,246,246,1,267,197314,'1d9c6fc06f7d62683b02166eb9e1d09c',0,0,'',0,0,'2019-04-25 16:23:10','2019-04-25 18:46:06'),(1046,1,1,0,'',2,0,0,1,0,197400,'',0,0,'',0,0,'2019-04-25 18:43:37','2019-04-25 18:44:58'),(1048,1,1,0,'',1,0,0,1,0,197983,'',0,0,'',1,0,'2019-04-26 17:40:43','2019-04-26 17:40:44'),(1050,1,1,0,'',1,0,0,1,0,198389,'',0,0,'',0,0,'2019-04-27 11:09:37','2019-06-11 08:50:29'),(1051,1,1,0,'',2,0,0,1,0,198613,'',0,0,'',0,0,'2019-04-27 18:47:12','2019-05-17 07:22:15'),(1053,1,1,0,'',2,0,0,1,0,199192,'',0,0,'',0,0,'2019-04-28 20:00:03','2019-04-28 20:00:03'),(1054,1,1,105,'a:1:{i:247;s:4:\"105,\";}',2,247,247,1,329,199524,'ac4ec9b4d1019bc0dc3ecc8a094bdccb',0,0,'',0,0,'2019-04-29 11:46:08','2019-04-29 11:49:57'),(1059,1,1,0,'',2,253,253,1,455,166619,'9799bba3150b46cdf4bf82ea5aeef66f',0,0,'',0,0,'2019-04-29 20:49:23','2019-05-08 18:50:09'),(1060,1,1,0,'',2,0,0,1,0,200048,'',0,0,'',0,0,'2019-04-30 11:03:00','2019-04-30 11:03:00'),(1061,1,1,0,'',2,0,0,1,0,200048,'',0,0,'',0,0,'2019-04-30 11:03:01','2019-04-30 11:04:19'),(1063,1,1,93,'a:1:{i:248;s:3:\"93,\";}',1,248,248,1,364,200281,'0befb7f06da4f7b046f992e6cd4dc181',0,0,'',1,0,'2019-04-30 21:45:44','2019-05-01 13:21:48'),(1064,1,1,0,'',2,0,0,1,0,200864,'',0,0,'',1,0,'2019-05-01 17:17:23','2019-05-01 17:17:23'),(1065,1,1,0,'',1,0,0,1,0,201612,'',0,0,'',0,0,'2019-05-02 09:39:15','2019-05-02 09:39:48'),(1067,1,1,93,'a:1:{i:249;s:3:\"93,\";}',1,249,249,1,399,202107,'24fca1ff22b4716557ab83a7bebab9be',0,0,'',0,0,'2019-05-03 07:40:56','2019-05-03 07:51:14'),(1069,1,1,0,'',2,0,0,1,0,202587,'',0,0,'',0,0,'2019-05-03 22:51:23','2019-05-03 22:51:23'),(1070,1,1,0,'',1,0,0,1,0,202929,'',0,0,'',0,0,'2019-05-04 11:39:51','2019-05-04 11:39:53'),(1071,1,1,93,'a:1:{i:251;s:3:\"93,\";}',1,251,252,1,423,203294,'564c89558b60bd80ecd664bc68b82e9f',0,0,'',0,0,'2019-05-04 15:03:13','2019-05-04 15:21:08'),(1072,1,1,93,'a:1:{i:251;s:3:\"93,\";}',1,251,250,1,423,203294,'564c89558b60bd80ecd664bc68b82e9f',0,0,'',0,0,'2019-05-04 15:30:13','2019-05-04 15:34:11'),(1073,1,1,103,'a:1:{i:120;s:4:\"103,\";}',1,120,120,1,63,203389,'2e4b5a348addf93d40c7e469963c83f6',0,0,'',0,0,'2019-05-04 17:15:33','2019-05-04 17:20:21'),(1075,1,1,0,'',1,0,0,1,0,203958,'',0,0,'',1,0,'2019-05-05 18:12:17','2019-05-05 18:12:17'),(1076,1,1,0,'',2,0,0,1,0,204349,'',0,0,'',0,0,'2019-05-06 04:29:35','2019-05-06 04:30:42'),(1077,1,1,0,'',1,0,0,1,0,204369,'',0,0,'',0,0,'2019-05-06 04:50:23','2019-05-06 04:51:07'),(1078,1,1,93,'a:1:{i:254;s:3:\"93,\";}',1,254,254,1,474,204502,'7e185f792c678cd068e2fd9b3c695bf0',0,0,'',1,0,'2019-05-06 15:14:32','2019-05-07 17:55:36'),(1079,1,1,93,'a:1:{i:254;s:3:\"93,\";}',1,254,254,1,474,204502,'7e185f792c678cd068e2fd9b3c695bf0',0,0,'',1,0,'2019-05-07 18:03:44','2019-05-07 18:07:18'),(1084,1,1,93,'a:1:{i:256;s:3:\"93,\";}',1,256,256,1,564,208508,'6b923b615bd6397aacf188fc7ab117a2',0,0,'',0,0,'2019-05-11 12:03:39','2019-05-11 12:09:58'),(1085,1,1,0,'',2,0,0,1,0,208960,'',0,0,'',0,0,'2019-05-12 02:09:36','2019-05-12 02:09:37'),(1086,1,1,0,'',1,0,0,1,0,205328,'',0,0,'',1,0,'2019-05-13 05:45:38','2019-05-13 05:48:02'),(1089,1,1,93,'a:1:{i:257;s:3:\"93,\";}',1,257,257,1,627,210022,'753ae2b26147082f4a6ce7911758a6f1',0,0,'',0,0,'2019-05-13 09:44:57','2019-05-13 10:01:29'),(1098,1,1,103,'a:1:{i:258;s:4:\"103,\";}',2,258,258,1,671,205020,'196292714af4460640d2173d8539bc2a',0,0,'',1,0,'2019-05-15 17:36:51','2019-05-15 17:41:10'),(1099,1,1,0,'',1,0,0,1,0,213868,'',0,0,'',0,0,'2019-05-15 18:26:54','2019-05-15 18:28:01'),(1100,1,1,0,'',1,0,0,1,0,213922,'',0,0,'',1,0,'2019-05-15 20:18:55','2019-05-15 20:18:55'),(1101,1,1,0,'',1,0,0,1,0,214032,'',0,0,'',0,0,'2019-05-16 00:19:15','2019-05-16 00:19:29'),(1102,1,1,0,'',2,0,0,1,0,214035,'',0,0,'',0,0,'2019-05-16 00:19:33','2019-05-16 00:21:06'),(1103,1,1,0,'',1,0,0,1,0,214043,'',0,0,'',0,0,'2019-05-16 00:27:11','2019-05-16 00:27:41'),(1104,1,1,0,'',1,0,0,1,0,214045,'',0,0,'',0,0,'2019-05-16 00:27:50','2019-05-16 00:29:43'),(1105,1,1,0,'',1,0,0,1,0,214046,'',0,0,'',0,0,'2019-05-16 00:29:50','2019-05-16 00:31:46'),(1106,1,1,0,'',1,0,0,1,0,214052,'',0,0,'',0,0,'2019-05-16 00:31:51','2019-05-16 00:33:48'),(1107,1,1,0,'',1,0,0,1,0,214053,'',0,0,'',0,0,'2019-05-16 00:33:57','2019-05-16 00:35:45'),(1108,1,1,0,'',1,0,0,1,0,214054,'',0,0,'',0,0,'2019-05-16 00:36:21','2019-05-16 00:36:46'),(1109,1,1,0,'',2,0,0,1,0,214255,'',0,0,'',0,0,'2019-05-16 08:44:59','2019-05-16 08:46:52'),(1110,1,1,0,'',2,0,0,1,0,214257,'',0,0,'',0,0,'2019-05-16 08:47:01','2019-05-16 08:48:57'),(1111,1,1,0,'',2,0,0,1,0,214259,'',0,0,'',0,0,'2019-05-16 08:49:03','2019-05-16 08:50:53'),(1112,1,1,0,'',2,0,0,1,0,214262,'',0,0,'',0,0,'2019-05-16 08:51:18','2019-05-16 08:53:10'),(1113,1,1,0,'',2,0,0,1,0,214263,'',0,0,'',0,0,'2019-05-16 08:53:17','2019-05-16 08:55:10'),(1114,1,1,0,'',2,0,0,1,0,214267,'',0,0,'',0,0,'2019-05-16 08:55:20','2019-05-16 08:56:46'),(1115,1,1,0,'',1,0,0,1,0,214295,'',0,0,'',0,0,'2019-05-16 09:17:47','2019-05-16 09:18:18'),(1116,1,1,93,'a:1:{i:261;s:3:\"93,\";}',1,261,261,1,731,214396,'893485fd73a22094389eb8843d4d2694',0,0,'',0,0,'2019-05-16 14:11:28','2019-05-20 20:00:41'),(1118,1,1,0,'',1,257,257,1,627,213797,'753ae2b26147082f4a6ce7911758a6f1',0,0,'',0,0,'2019-05-17 09:32:03','2019-05-17 09:32:03'),(1119,1,1,0,'',1,220,220,1,120,217476,'2bb5783d385267b79effdafafa03044a',0,0,'',0,0,'2019-05-17 20:08:21','2019-05-17 20:08:21'),(1120,1,1,0,'',1,0,0,1,0,217579,'',0,0,'',1,0,'2019-05-17 23:58:46','2019-05-17 23:58:46'),(1121,1,1,0,'',2,0,0,1,0,217803,'',0,0,'',0,0,'2019-05-18 10:02:56','2019-05-18 10:02:56'),(1122,1,1,0,'',2,0,0,1,0,217810,'',0,0,'',0,0,'2019-05-18 10:12:56','2019-05-18 10:12:56'),(1123,1,1,0,'',1,0,0,1,0,217813,'',0,0,'',0,0,'2019-05-18 10:13:04','2019-05-18 10:13:38'),(1124,1,1,0,'',1,0,0,1,0,217864,'',0,0,'',0,0,'2019-05-18 11:14:14','2019-05-18 11:14:14'),(1125,1,1,0,'',1,0,0,1,0,217867,'',0,0,'',0,0,'2019-05-18 11:16:50','2019-05-18 11:17:58'),(1126,1,1,0,'',1,0,0,1,0,217960,'',0,0,'',0,0,'2019-05-18 15:05:10','2019-05-18 15:05:11'),(1128,1,1,0,'',1,0,0,1,0,218071,'',0,0,'',0,0,'2019-05-18 18:26:28','2019-05-18 18:27:14'),(1129,1,1,93,'a:1:{i:259;s:3:\"93,\";}',1,259,259,1,728,218458,'3d27eaf4d8575d98de5cb8e62ccb33d3',0,0,'',0,0,'2019-05-19 11:07:27','2019-05-19 11:56:09'),(1130,1,1,93,'a:1:{i:260;s:3:\"93,\";}',1,260,260,1,730,218895,'6b08f6eb6f220a040057200b1fff5f30',0,0,'',0,0,'2019-05-20 08:44:56','2019-05-20 08:56:29'),(1132,1,1,0,'',1,62,62,1,33,219600,'de299ba5f79959466850715e98fd38f6',0,0,'',1,0,'2019-05-21 13:29:58','2019-05-21 13:31:23'),(1133,1,1,93,'a:1:{i:262;s:3:\"93,\";}',1,262,262,1,735,219474,'29817ebbb33e54d1609cbe8d7ed507c3',0,0,'',1,0,'2019-05-21 20:00:12','2019-05-21 20:04:42'),(1135,1,1,93,'a:1:{i:220;s:3:\"93,\";}',1,220,220,1,120,219824,'2bb5783d385267b79effdafafa03044a',0,0,'',0,0,'2019-05-22 01:10:49','2019-05-22 01:14:38'),(1136,1,1,93,'a:1:{i:263;s:3:\"93,\";}',1,263,263,1,748,220133,'3c4757b715fa48d49ecba9a747ca2de3',0,0,'',0,0,'2019-05-22 10:08:13','2019-05-22 10:11:41'),(1137,1,1,93,'a:1:{i:264;s:3:\"93,\";}',2,264,264,1,750,220154,'abeb0c78b378af37497875fd33789199',0,0,'',0,0,'2019-05-22 11:01:51','2019-05-22 11:19:44'),(1138,1,1,0,'',2,0,0,1,0,220172,'',0,0,'',0,0,'2019-05-24 09:19:45','2019-05-24 09:21:53'),(1140,1,1,93,'a:1:{i:261;s:3:\"93,\";}',1,261,261,1,731,214396,'893485fd73a22094389eb8843d4d2694',0,0,'',0,0,'2019-05-25 08:26:26','2019-05-25 08:27:24'),(1141,1,1,93,'a:1:{i:261;s:3:\"93,\";}',1,261,261,1,731,214396,'893485fd73a22094389eb8843d4d2694',0,0,'',0,0,'2019-05-25 08:36:52','2019-05-25 08:37:56'),(1142,1,1,0,'',1,0,0,1,0,222577,'',0,0,'',1,0,'2019-05-25 23:19:28','2019-05-25 23:19:28'),(1143,1,1,0,'',1,0,0,1,0,224298,'',0,0,'',0,0,'2019-05-27 14:45:35','2019-05-27 14:45:35'),(1144,1,1,0,'',2,0,0,1,0,225095,'',0,0,'',0,0,'2019-05-28 13:04:38','2019-05-28 13:04:39'),(1145,1,1,93,'a:1:{i:266;s:3:\"93,\";}',1,266,266,1,870,225285,'df21f4b5760d7970d9db03e48773c380',0,0,'',0,0,'2019-05-28 21:45:16','2019-05-28 22:04:48'),(1146,1,1,0,'',2,0,0,1,0,225618,'',0,0,'',0,0,'2019-05-29 11:13:41','2019-05-29 11:14:15'),(1147,1,1,0,'',2,0,0,1,0,225620,'',0,0,'',0,0,'2019-05-29 11:14:22','2019-05-29 11:16:17'),(1148,1,1,0,'',1,0,0,1,0,225644,'',0,0,'',0,0,'2019-05-29 11:35:08','2019-05-29 11:35:33'),(1153,1,1,93,'a:1:{i:267;s:3:\"93,\";}',1,267,267,1,918,227472,'dfe295269e6cbe4b71c28488154ae320',0,0,'',0,0,'2019-05-31 17:03:30','2019-05-31 17:19:32'),(1154,1,1,0,'',1,0,0,1,0,227935,'',0,0,'',1,0,'2019-06-01 11:04:36','2019-06-01 11:04:37'),(1155,1,1,93,'a:1:{i:268;s:3:\"93,\";}',1,268,268,1,928,227941,'ba489872f6591248cf07b3faffc6026c',0,0,'',0,0,'2019-06-01 11:22:25','2019-06-01 11:25:31'),(1156,1,1,0,'',1,0,0,1,0,227935,'',0,0,'',1,0,'2019-06-01 11:33:00','2019-06-01 11:33:00'),(1157,1,1,103,'a:1:{i:269;s:4:\"103,\";}',2,269,269,1,941,228412,'afaae942a292614a99c92a84c88afa05',0,0,'',0,0,'2019-06-02 01:14:54','2019-06-02 01:22:51'),(1158,1,1,93,'a:1:{i:270;s:3:\"93,\";}',1,270,270,1,977,226381,'8528cef1870816945123c4f579609ebe',0,0,'',0,0,'2019-06-03 12:50:26','2019-06-03 12:52:32'),(1159,1,1,93,'a:1:{i:271;s:3:\"93,\";}',1,271,271,1,999,229683,'82b9a3264d3c24120b6a312963add522',0,0,'',0,0,'2019-06-03 18:37:11','2019-06-04 16:08:26'),(1160,1,1,0,'',1,0,0,1,0,231418,'',0,0,'',1,0,'2019-06-06 01:38:11','2019-06-06 01:44:10'),(1162,1,1,0,'',2,0,0,1,0,232327,'',0,0,'',1,0,'2019-06-07 06:56:53','2019-06-07 06:56:54'),(1163,1,1,98,'a:1:{i:272;s:3:\"98,\";}',1,272,272,1,1062,232541,'7277b065f44cb370bf4ef564fd7e8e1c',0,0,'',0,0,'2019-06-07 15:21:47','2019-06-07 15:29:24'),(1164,1,1,0,'',1,272,272,1,1062,231571,'7277b065f44cb370bf4ef564fd7e8e1c',0,0,'',0,0,'2019-06-07 15:38:29','2019-06-07 15:38:29'),(1165,1,1,0,'',2,0,0,1,0,231211,'',0,0,'',0,0,'2019-06-08 10:56:28','2019-06-08 10:56:29'),(1166,1,1,0,'',1,0,0,1,0,233092,'',0,0,'',0,0,'2019-06-08 16:08:56','2019-06-08 16:08:56'),(1167,1,1,0,'',1,0,0,1,0,234913,'',0,0,'',0,0,'2019-06-10 18:03:49','2019-06-10 18:04:15'),(1168,1,1,0,'',1,0,0,1,0,234919,'',0,0,'',0,0,'2019-06-10 18:04:28','2019-06-10 18:05:02'),(1169,1,1,0,'',1,0,0,1,0,235068,'',0,0,'',0,0,'2019-06-10 22:02:20','2019-06-10 22:03:07'),(1170,1,1,0,'',1,0,0,1,0,235071,'',0,0,'',0,0,'2019-06-10 22:03:11','2019-06-10 22:05:07'),(1171,1,1,0,'',1,0,0,1,0,235073,'',0,0,'',0,0,'2019-06-10 22:05:17','2019-06-10 22:07:08'),(1172,1,1,0,'',1,0,0,1,0,235074,'',0,0,'',0,0,'2019-06-10 22:07:14','2019-06-10 22:09:09'),(1173,1,1,0,'',1,0,0,1,0,235075,'',0,0,'',0,0,'2019-06-10 22:09:20','2019-06-10 22:11:10'),(1174,1,1,0,'',1,0,0,1,0,235079,'',0,0,'',0,0,'2019-06-10 22:11:18','2019-06-10 22:13:01'),(1175,1,1,0,'',2,0,0,1,0,235239,'',0,0,'',0,0,'2019-06-11 04:27:14','2019-06-11 04:28:59'),(1176,1,1,0,'',2,0,0,1,0,235240,'',0,0,'',0,0,'2019-06-11 04:29:04','2019-06-11 04:30:34'),(1177,1,1,0,'',2,0,0,1,0,235241,'',0,0,'',0,0,'2019-06-11 04:31:09','2019-06-11 04:32:46'),(1178,1,1,0,'',2,0,0,1,0,235242,'',0,0,'',0,0,'2019-06-11 04:33:23','2019-06-11 04:35:06'),(1179,1,1,0,'',2,0,0,1,0,235246,'',0,0,'',0,0,'2019-06-11 04:35:25','2019-06-11 04:37:19'),(1180,1,1,0,'',2,0,0,1,0,235250,'',0,0,'',0,0,'2019-06-11 04:37:26','2019-06-11 04:39:18'),(1181,1,1,0,'',2,0,0,1,0,235251,'',0,0,'',0,0,'2019-06-11 04:39:34','2019-06-11 04:41:26'),(1182,1,1,0,'',2,0,0,1,0,235252,'',0,0,'',0,0,'2019-06-11 04:41:39','2019-06-11 04:43:31'),(1183,1,1,0,'',2,0,0,1,0,235254,'',0,0,'',0,0,'2019-06-11 04:44:03','2019-06-11 04:45:36'),(1184,1,1,0,'',2,0,0,1,0,235258,'',0,0,'',0,0,'2019-06-11 04:45:44','2019-06-11 04:46:34'),(1185,1,1,0,'',1,0,0,1,0,235391,'',0,0,'',0,0,'2019-06-11 05:01:38','2019-06-11 05:02:06'),(1186,1,1,0,'',2,0,0,1,0,235754,'',0,0,'',0,0,'2019-06-11 12:36:43','2019-06-11 12:37:30'),(1187,1,1,0,'',1,0,0,1,0,235760,'',0,0,'',0,0,'2019-06-11 12:42:17','2019-06-11 12:42:40'),(1188,1,1,93,'a:1:{i:273;s:3:\"93,\";}',1,273,273,1,1149,233138,'c41370e883a7ef8dae426dbc9c7b3e7c',0,0,'',0,0,'2019-06-11 18:14:49','2019-06-11 18:16:53'),(1189,1,1,0,'',2,0,0,1,0,235989,'',0,0,'',0,0,'2019-06-11 19:04:39','2019-06-11 19:04:39'),(1190,1,1,0,'',1,0,0,1,0,235990,'',0,0,'',0,0,'2019-06-11 19:04:53','2019-06-11 19:05:50'),(1191,1,1,0,'',1,0,0,1,0,235996,'',0,0,'',0,0,'2019-06-11 19:13:20','2019-06-11 19:13:27'),(1192,1,1,93,'a:1:{i:274;s:3:\"93,\";}',1,274,274,1,1155,235140,'e125fca14a56f8cada77ec05a7c9a6c9',0,0,'',1,0,'2019-06-11 23:02:40','2019-06-11 23:09:12'),(1193,1,1,0,'',1,0,0,1,0,236235,'',0,0,'',0,0,'2019-06-12 02:08:15','2019-06-12 02:08:39'),(1194,1,1,0,'',1,0,0,1,0,238000,'',0,0,'',0,0,'2019-06-13 13:23:10','2019-06-13 13:24:33'),(1195,1,1,103,'a:1:{i:275;s:4:\"103,\";}',2,275,275,1,1196,238321,'27cc6273fb6bf2a3c1697b0d3bcd4b06',0,0,'',0,0,'2019-06-14 00:53:47','2019-06-14 00:57:34'),(1196,1,1,0,'',1,0,0,1,0,227667,'',0,0,'',0,0,'2019-06-14 22:24:18','2019-06-14 22:24:18'),(1197,1,1,93,'a:1:{i:276;s:3:\"93,\";}',1,276,276,1,1230,235962,'d56e0ac8d91188f8da3fe64981d4a3da',0,0,'',0,0,'2019-06-15 15:51:43','2019-06-15 15:57:00'),(1198,1,1,103,'a:1:{i:277;s:4:\"103,\";}',2,277,277,1,1248,239792,'871b26d6adf4e3c62bd3436a6f03180a',0,0,'',1,0,'2019-06-16 14:31:45','2019-06-16 14:47:05'),(1199,1,1,0,'',1,0,0,1,0,230558,'',0,0,'',1,0,'2019-06-16 20:11:48','2019-06-16 20:11:48'),(1200,1,1,0,'',1,0,0,1,0,240753,'',0,0,'',0,0,'2019-06-17 13:48:04','2019-06-17 13:48:05'),(1201,1,1,0,'',1,0,0,1,0,240996,'',0,0,'',1,0,'2019-06-17 20:57:31','2019-06-17 20:57:31'),(1202,1,1,0,'',1,6,6,1,2,225205,'3cd7d60836e1a950491d8f7c44f4c730',0,0,'',0,0,'2019-06-18 10:03:09','2019-07-15 18:17:30'),(1203,1,1,0,'',1,0,0,1,0,241026,'',0,0,'',0,0,'2019-06-18 22:22:57','2019-06-18 22:22:57'),(1204,1,1,0,'',2,0,0,1,0,242403,'',0,0,'',0,0,'2019-06-19 17:54:29','2019-06-19 17:55:33'),(1205,1,1,0,'',1,0,0,1,0,242416,'',0,0,'',0,0,'2019-06-19 18:00:05','2019-06-19 18:00:38'),(1206,1,1,0,'',2,0,0,1,0,243030,'',0,0,'',0,0,'2019-06-19 22:39:11','2019-06-19 22:41:07'),(1207,1,1,0,'',2,0,0,1,0,243033,'',0,0,'',0,0,'2019-06-19 22:41:09','2019-06-19 22:43:07'),(1208,1,1,0,'',1,0,0,1,0,243036,'',0,0,'',0,0,'2019-06-19 22:43:16','2019-06-19 22:45:09'),(1209,1,1,0,'',1,0,0,1,0,243041,'',0,0,'',0,0,'2019-06-19 22:48:10','2019-06-19 22:49:12'),(1210,1,1,0,'',1,0,0,1,0,243046,'',0,0,'',0,0,'2019-06-19 22:49:16','2019-06-19 22:51:12'),(1211,1,1,0,'',1,0,0,1,0,243049,'',0,0,'',0,0,'2019-06-19 22:53:39','2019-06-19 22:55:34'),(1212,1,1,0,'',1,0,0,1,0,243053,'',0,0,'',0,0,'2019-06-19 22:55:41','2019-06-19 22:57:37'),(1213,1,1,0,'',1,0,0,1,0,243057,'',0,0,'',0,0,'2019-06-19 22:57:42','2019-06-19 22:59:39'),(1214,1,1,0,'',1,0,0,1,0,243062,'',0,0,'',0,0,'2019-06-19 22:59:52','2019-06-19 23:00:21'),(1215,1,1,0,'',1,0,0,1,0,243209,'',0,0,'',0,0,'2019-06-20 04:12:50','2019-06-20 04:13:40'),(1216,1,1,0,'',1,0,0,1,0,243267,'',0,0,'',0,0,'2019-06-20 05:13:09','2019-06-20 05:14:11'),(1217,1,1,0,'',1,0,0,1,0,243410,'',0,0,'',0,0,'2019-06-20 09:50:55','2019-06-20 09:51:01'),(1218,1,1,0,'',1,0,0,1,0,243413,'',0,0,'',0,0,'2019-06-20 09:52:43','2019-06-20 09:53:27'),(1219,1,1,0,'',1,0,0,1,0,243606,'',0,0,'',0,0,'2019-06-20 15:33:34','2019-06-20 15:33:43'),(1220,1,1,0,'',1,0,0,1,0,243607,'',0,0,'',0,0,'2019-06-20 15:35:28','2019-06-20 15:35:35'),(1221,1,1,0,'',1,0,0,1,0,243784,'',0,0,'',0,0,'2019-06-20 20:59:44','2019-06-20 20:59:54'),(1222,1,1,0,'',1,0,0,1,0,243824,'',0,0,'',0,0,'2019-06-20 22:27:51','2019-06-20 22:27:51'),(1223,1,1,0,'',2,0,0,1,1333,244476,'a7da7364e7b3183c7a1ea0ea7696d6fe',0,0,'',0,0,'2019-06-21 19:21:23','2019-06-21 19:22:31'),(1224,1,1,0,'',1,0,0,1,1369,246197,'1030e43d0388bc2019704d5bfcbb6e2a',0,0,'',0,0,'2019-06-24 15:56:57','2019-06-24 16:49:47'),(1225,1,1,93,'a:1:{i:278;s:3:\"93,\";}',1,278,278,1,1371,246251,'7b97fa24d19c1be0f78d97ddb4ee8bd5',0,0,'',0,0,'2019-06-24 18:12:15','2019-06-24 18:23:25'),(1226,1,1,0,'',1,0,0,1,0,246716,'',0,0,'',0,0,'2019-06-25 00:59:50','2019-06-25 01:00:04'),(1227,1,1,0,'',1,0,0,1,0,246720,'',0,0,'',0,0,'2019-06-25 01:00:14','2019-06-25 01:00:31'),(1228,1,1,0,'',1,0,0,1,0,247451,'',0,0,'',0,0,'2019-06-25 05:52:54','2019-06-25 05:54:22'),(1229,1,1,0,'',2,0,0,1,0,247456,'',0,0,'',0,0,'2019-06-25 05:54:29','2019-06-25 05:56:24'),(1232,1,1,0,'',1,0,0,1,0,247466,'',0,0,'',0,0,'2019-06-25 06:00:31','2019-06-25 06:02:15'),(1233,1,1,0,'',2,0,0,1,0,248133,'',0,0,'',0,0,'2019-06-25 11:39:47','2019-06-25 11:40:57'),(1234,1,1,0,'',2,0,0,1,0,248138,'',0,0,'',0,0,'2019-06-25 11:41:11','2019-06-25 11:42:10'),(1235,1,1,0,'',2,0,0,1,0,248187,'',0,0,'',0,0,'2019-06-25 11:57:40','2019-06-25 11:59:33'),(1236,1,1,0,'',2,0,0,1,0,248190,'',0,0,'',0,0,'2019-06-25 11:59:50','2019-06-25 12:01:39'),(1237,1,1,0,'',1,0,0,1,0,248200,'',0,0,'',0,0,'2019-06-25 12:02:05','2019-06-25 12:03:40'),(1238,1,1,0,'',2,0,0,1,0,248206,'',0,0,'',0,0,'2019-06-25 12:04:07','2019-06-25 12:05:40'),(1239,1,1,0,'',1,0,0,1,0,248214,'',0,0,'',0,0,'2019-06-25 12:06:00','2019-06-25 12:07:48'),(1240,1,1,0,'',1,0,0,1,0,248219,'',0,0,'',0,0,'2019-06-25 12:08:01','2019-06-25 12:09:49'),(1241,1,1,0,'',1,0,0,1,0,248222,'',0,0,'',0,0,'2019-06-25 12:10:03','2019-06-25 12:11:57'),(1242,1,1,0,'',1,0,0,1,0,248226,'',0,0,'',0,0,'2019-06-25 12:12:10','2019-06-25 12:12:57'),(1243,1,1,0,'',1,0,0,1,0,248338,'',0,0,'',0,0,'2019-06-25 13:11:14','2019-06-25 13:12:02'),(1244,1,1,0,'',2,0,0,1,0,248722,'',0,0,'',0,0,'2019-06-25 17:17:29','2019-06-25 17:18:01'),(1245,1,1,0,'',2,0,0,1,0,248725,'',0,0,'',0,0,'2019-06-25 17:25:34','2019-06-25 17:25:49'),(1246,1,1,0,'',2,0,0,1,0,248728,'',0,0,'',0,0,'2019-06-25 17:29:46','2019-06-25 17:29:55'),(1247,1,1,0,'',1,0,0,1,0,248729,'',0,0,'',0,0,'2019-06-25 17:30:00','2019-06-25 17:31:55'),(1248,1,1,0,'',2,0,0,1,0,249302,'',0,0,'',0,0,'2019-06-25 22:28:51','2019-06-25 22:29:51'),(1249,1,1,0,'',1,0,0,1,0,249340,'',0,0,'',0,0,'2019-06-25 22:48:41','2019-06-25 22:48:47'),(1250,1,1,0,'',1,0,0,1,0,249721,'',0,0,'',0,0,'2019-06-26 02:22:27','2019-06-26 02:23:11'),(1251,1,1,0,'',1,0,0,1,0,250060,'',0,0,'',0,0,'2019-06-26 06:04:50','2019-06-26 06:04:55'),(1252,1,1,0,'',1,0,0,1,0,250400,'',0,0,'',0,0,'2019-06-26 10:15:51','2019-06-26 10:15:54'),(1253,1,1,0,'',2,0,0,1,0,250433,'',0,0,'',0,0,'2019-06-26 10:30:16','2019-06-26 10:30:40'),(1254,1,1,0,'',1,0,0,1,0,250505,'',0,0,'',0,0,'2019-06-26 10:53:50','2019-06-26 10:54:31'),(1255,1,1,0,'',1,0,0,1,0,252219,'',0,0,'',0,0,'2019-06-27 19:20:50','2019-06-27 19:20:50'),(1256,1,1,93,'a:1:{i:279;s:3:\"93,\";}',1,279,279,1,1400,252268,'4a1bc241481b6e1ad2aabda6276fd138',0,0,'',1,0,'2019-06-27 21:26:34','2019-06-27 21:31:57'),(1257,1,1,93,'a:1:{i:281;s:3:\"93,\";}',1,281,280,1,1401,234319,'e461ffc8221d8edffb3bd3d9f0e4d712',0,0,'',0,0,'2019-06-28 07:42:45','2019-06-28 07:46:40'),(1259,1,1,0,'',1,0,0,1,0,254779,'',0,0,'',1,0,'2019-07-01 22:19:21','2019-07-01 22:19:21'),(1260,1,1,0,'',2,0,0,1,0,253459,'',0,0,'',0,0,'2019-07-02 02:09:37','2019-07-02 02:09:37'),(1261,1,1,0,'',1,0,0,1,0,254574,'',0,0,'',1,0,'2019-07-02 14:44:05','2019-07-02 14:44:37'),(1262,1,1,93,'a:1:{i:282;s:3:\"93,\";}',1,282,282,1,1451,255721,'b8bb615aacc98c3406113c3fc58b2776',0,0,'',0,0,'2019-07-03 11:53:42','2019-07-04 07:37:58'),(1263,1,1,0,'',2,0,0,1,0,255867,'',0,0,'',0,0,'2019-07-03 17:25:55','2019-07-03 17:25:55'),(1265,1,1,0,'',1,0,0,1,0,256365,'',0,0,'',1,0,'2019-07-04 12:38:05','2019-07-04 12:44:22'),(1266,1,1,0,'',2,0,0,1,0,257900,'',0,0,'',0,0,'2019-07-06 18:50:42','2019-07-06 18:51:27'),(1267,1,1,0,'',1,0,0,1,0,257928,'',0,0,'',0,0,'2019-07-06 19:14:42','2019-07-06 19:15:01'),(1268,1,1,0,'',1,0,0,1,0,257930,'',0,0,'',0,0,'2019-07-06 19:15:06','2019-07-06 19:15:17'),(1269,1,1,0,'',1,0,0,1,0,258056,'',0,0,'',1,0,'2019-07-06 23:52:43','2019-07-06 23:52:43'),(1270,1,1,0,'',1,0,0,1,0,258436,'',0,0,'',0,0,'2019-07-07 12:21:23','2019-07-07 12:21:24'),(1271,1,1,93,'a:1:{i:283;s:3:\"93,\";}',1,283,283,1,1459,253581,'398f39e7affcdfec0e4c3a29b95764af',0,0,'',1,0,'2019-07-07 13:22:23','2019-07-07 13:24:59'),(1272,1,1,93,'a:1:{i:284;s:3:\"93,\";}',1,284,284,1,1460,242219,'a98c9f297c8aafc4fd2c1e47c0341ca6',0,0,'',0,0,'2019-07-07 18:16:48','2019-07-07 18:42:13'),(1273,1,1,0,'',1,0,0,1,0,258669,'',0,0,'',1,0,'2019-07-07 20:12:10','2019-07-07 20:12:10'),(1274,1,1,93,'a:1:{i:287;s:3:\"93,\";}',1,287,287,1,1529,259832,'d3db108da4b22d0abe92bc502221355e',0,0,'',0,0,'2019-07-09 11:13:01','2019-07-14 18:33:58'),(1275,1,1,0,'',2,0,0,1,0,252843,'',0,0,'',0,0,'2019-07-09 14:25:53','2019-07-09 14:55:17'),(1276,1,1,93,'a:1:{i:285;s:3:\"93,\";}',2,285,285,1,1477,259932,'4faa3ac055eac9424be00e32efb73a91',0,0,'',0,0,'2019-07-09 14:53:27','2019-07-09 15:00:04'),(1277,1,1,103,'a:1:{i:286;s:4:\"103,\";}',2,286,286,1,1485,260364,'dfe2fd4496f27a6c9f640620a59fff90',0,0,'',1,0,'2019-07-10 02:33:58','2019-07-10 17:22:34'),(1278,1,1,0,'',1,0,0,1,0,261486,'',0,0,'',1,0,'2019-07-11 01:36:10','2019-07-11 01:36:11'),(1279,1,1,0,'',1,0,0,1,0,262428,'',0,0,'',0,0,'2019-07-12 06:43:03','2019-07-12 06:43:51'),(1280,1,1,0,'',1,0,0,1,0,262430,'',0,0,'',0,0,'2019-07-12 06:44:21','2019-07-12 06:44:30'),(1281,1,1,0,'',2,0,0,1,0,262593,'',0,0,'',0,0,'2019-07-12 10:58:03','2019-07-12 10:59:59'),(1282,1,1,0,'',1,0,0,1,0,262601,'',0,0,'',0,0,'2019-07-12 11:07:08','2019-07-12 11:08:01'),(1283,1,1,0,'',1,0,0,1,0,262603,'',0,0,'',0,0,'2019-07-12 11:08:10','2019-07-12 11:10:05'),(1284,1,1,0,'',1,0,0,1,0,262607,'',0,0,'',0,0,'2019-07-12 11:10:11','2019-07-12 11:12:08'),(1285,1,1,0,'',1,0,0,1,0,262608,'',0,0,'',0,0,'2019-07-12 11:12:12','2019-07-12 11:14:11'),(1286,1,1,0,'',1,0,0,1,0,262611,'',0,0,'',0,0,'2019-07-12 11:14:16','2019-07-12 11:14:19'),(1287,1,1,0,'',2,0,0,1,0,262766,'',0,0,'',0,0,'2019-07-12 16:11:12','2019-07-12 16:11:19'),(1288,1,1,0,'',2,0,0,1,0,262769,'',0,0,'',0,0,'2019-07-12 16:11:21','2019-07-12 16:13:19'),(1289,1,1,0,'',2,0,0,1,0,262771,'',0,0,'',0,0,'2019-07-12 16:13:22','2019-07-12 16:15:20'),(1290,1,1,0,'',1,0,0,1,0,262773,'',0,0,'',0,0,'2019-07-12 16:15:22','2019-07-12 16:16:17'),(1291,1,1,0,'',1,0,0,1,0,262802,'',0,0,'',0,0,'2019-07-12 16:44:15','2019-07-12 16:44:22'),(1292,1,1,0,'',1,0,0,1,0,262805,'',0,0,'',0,0,'2019-07-12 16:44:30','2019-07-12 16:44:55'),(1293,1,1,0,'',2,0,0,1,0,262944,'',0,0,'',0,0,'2019-07-12 21:51:52','2019-07-12 21:53:50'),(1294,1,1,0,'',2,0,0,1,0,262951,'',0,0,'',0,0,'2019-07-12 21:59:06','2019-07-12 21:59:54'),(1295,1,1,0,'',1,0,0,1,0,262952,'',0,0,'',0,0,'2019-07-12 21:59:58','2019-07-12 22:00:17'),(1296,1,1,0,'',1,0,0,1,0,262958,'',0,0,'',0,0,'2019-07-12 22:04:02','2019-07-12 22:04:02'),(1297,1,1,0,'',1,0,0,1,0,263123,'',0,0,'',0,0,'2019-07-13 04:08:54','2019-07-13 04:09:58'),(1298,1,1,0,'',1,0,0,1,0,265502,'',0,0,'',1,0,'2019-07-15 21:00:35','2019-07-15 21:00:35');

--
-- Table structure for table `gcahdy_cart_cart_rule`
--

CREATE TABLE `gcahdy_cart_cart_rule` (
  `id_cart` int(10) unsigned NOT NULL,
  `id_cart_rule` int(10) unsigned NOT NULL,
  PRIMARY KEY (`id_cart`,`id_cart_rule`),
  KEY `id_cart_rule` (`id_cart_rule`)
) ENGINE=InnoDB DEFAULT CHARSET=utf8;

--
-- Dumping data for table `gcahdy_cart_cart_rule`
--

INSERT INTO `gcahdy_cart_cart_rule` VALUES (592,1),(644,1),(653,1),(658,1),(679,1),(681,1),(773,1),(790,1),(824,1),(826,1),(857,1),(862,1),(873,1),(951,1),(962,1),(965,1),(970,1),(989,1),(990,1),(1038,1),(1059,1),(1078,1),(1079,1),(1089,1),(1130,1),(1135,1),(1159,1),(1262,1),(1276,1),(382,6),(375,7),(472,7),(473,7),(474,7),(476,7),(480,7),(482,7),(484,7),(485,7),(486,7),(487,7),(488,7),(489,7),(490,7),(491,7),(492,7),(493,7),(494,7),(495,7),(496,7),(497,7),(498,7),(499,7),(500,7),(501,7),(502,7),(503,7),(504,7),(505,7),(506,7),(508,7),(509,7),(510,7),(511,7),(516,7),(517,7),(519,7),(520,7),(522,7),(525,7),(527,7),(528,7),(529,7),(530,7),(531,7),(532,7),(533,7),(534,7),(536,7),(537,7),(538,7),(539,7),(540,7),(541,7),(542,7),(543,7),(544,7),(545,7),(546,7),(547,7),(548,7),(549,7),(550,7),(551,7),(552,7),(554,7),(556,7),(557,7),(558,7),(559,7),(560,7),(565,7),(566,7),(569,7),(570,7),(573,7),(576,7),(578,7),(580,7),(582,7),(583,7),(586,7),(589,7),(590,7),(591,7),(592,7),(593,7),(595,7),(597,7),(598,7),(599,7),(600,7),(601,7),(602,7),(603,7),(604,7),(605,7),(606,7),(607,7),(610,7),(611,7),(612,7),(613,7),(614,7),(615,7),(616,7),(617,7),(618,7),(619,7),(620,7),(621,7),(622,7),(623,7),(624,7),(625,7),(626,7),(627,7),(628,7),(629,7),(631,7),(632,7),(634,7),(636,7),(637,7),(638,7),(639,7),(640,7),(641,7),(642,7),(643,7),(644,7),(645,7),(647,7),(648,7),(649,7),(652,7),(653,7),(654,7),(657,7),(658,7),(661,7),(663,7),(664,7),(665,7),(670,7),(671,7),(672,7),(673,7),(675,7),(375,8),(473,8),(474,8),(517,8),(519,8),(589,8),(657,8),(663,8),(865,9),(866,9),(868,9),(869,9),(870,9),(877,9),(879,9),(880,9),(881,9),(882,9),(883,9),(884,9),(885,9),(886,9),(887,9),(888,9),(889,9),(890,9),(965,10),(1071,10),(1072,10),(1078,10),(1079,10),(1084,10),(1089,10),(1116,10),(1130,10),(1132,10),(1133,10),(1135,10),(1136,10),(1140,10),(1141,10),(1145,10),(1153,10),(1155,10),(1158,10),(1159,10),(1188,10),(1192,10),(1197,10),(1029,11),(1059,11),(1073,11),(1098,11),(1129,11),(1137,11),(1157,11),(1163,11),(1195,11),(1198,11),(1202,12);

--
-- Table structure for table `gcahdy_cart_product`
--

CREATE TABLE `gcahdy_cart_product` (
  `id_cart` int(10) unsigned NOT NULL,
  `id_product` int(10) unsigned NOT NULL,
  `id_address_delivery` int(10) unsigned NOT NULL DEFAULT '0',
  `id_shop` int(10) unsigned NOT NULL DEFAULT '1',
  `id_product_attribute` int(10) unsigned NOT NULL DEFAULT '0',
  `quantity` int(10) unsigned NOT NULL DEFAULT '0',
  `date_add` datetime NOT NULL,
  PRIMARY KEY (`id_cart`,`id_product`,`id_product_attribute`,`id_address_delivery`),
  KEY `id_product_attribute` (`id_product_attribute`),
  KEY `id_cart_order` (`id_cart`,`date_add`,`id_product`,`id_product_attribute`)
) ENGINE=InnoDB DEFAULT CHARSET=utf8;

--
-- Dumping data for table `gcahdy_cart_product`
--

INSERT INTO `gcahdy_cart_product` VALUES (80,201,38,1,726,1,'2018-06-21 16:20:51'),(268,207,85,1,757,1,'2018-09-15 20:33:34'),(276,248,0,1,1120,1,'2018-09-13 08:09:18'),(278,208,0,1,768,1,'2018-09-14 06:26:26'),(279,153,0,1,455,1,'2018-09-14 06:32:50'),(279,161,0,1,510,1,'2018-09-14 06:33:03'),(279,207,0,1,757,1,'2018-09-14 06:33:13'),(281,208,0,1,768,1,'2018-09-14 17:26:07'),(282,153,0,1,455,1,'2018-09-14 17:31:21'),(282,161,0,1,510,1,'2018-09-14 17:31:38'),(282,207,0,1,757,1,'2018-09-14 17:31:53'),(283,153,0,1,455,1,'2018-09-14 18:50:05'),(283,161,0,1,510,1,'2018-09-14 18:50:12'),(283,207,0,1,757,1,'2018-09-14 18:50:19'),(284,208,0,1,768,1,'2018-09-14 20:34:03'),(285,153,0,1,455,1,'2018-09-14 20:37:46'),(285,161,0,1,510,1,'2018-09-14 20:37:52'),(285,207,0,1,757,1,'2018-09-14 20:37:58'),(287,153,0,1,455,1,'2018-09-15 15:12:18'),(287,161,0,1,510,1,'2018-09-15 15:12:25'),(287,207,0,1,757,1,'2018-09-15 15:12:35'),(288,153,0,1,455,1,'2018-09-15 16:49:03'),(288,161,0,1,510,1,'2018-09-15 16:49:11'),(289,227,87,1,932,1,'2018-09-17 05:53:26'),(291,157,0,1,483,1,'2018-09-17 20:17:29'),(291,207,0,1,757,1,'2018-09-17 20:17:37'),(292,208,0,1,768,2,'2018-09-17 20:20:08'),(294,157,0,1,483,1,'2018-09-18 11:05:28'),(294,207,0,1,757,1,'2018-09-18 11:05:36'),(295,208,0,1,768,1,'2018-09-18 11:08:56'),(297,136,152,1,0,1,'2018-12-12 10:27:30'),(305,362,89,1,1842,2,'2018-09-24 16:05:26'),(305,364,89,1,1845,3,'2018-09-24 16:06:12'),(306,179,0,1,609,1,'2018-09-25 16:40:04'),(309,213,0,1,823,2,'2018-09-28 16:29:54'),(316,281,0,1,1366,1,'2018-10-07 02:05:45'),(320,161,0,1,510,1,'2018-10-13 05:46:32'),(320,208,0,1,768,1,'2018-10-13 05:46:49'),(324,142,0,1,358,1,'2018-10-14 18:01:37'),(324,144,0,1,380,1,'2018-10-14 18:02:00'),(324,145,0,1,391,1,'2018-10-14 18:02:11'),(325,15,0,1,89,1,'2018-10-14 18:02:53'),(325,16,0,1,370,1,'2018-10-14 18:03:42'),(325,147,0,1,417,1,'2018-10-14 18:02:32'),(325,149,0,1,437,1,'2018-10-14 18:02:40'),(325,150,0,1,438,1,'2018-10-14 18:03:07'),(325,153,0,1,455,1,'2018-10-14 18:03:19'),(325,154,0,1,465,1,'2018-10-14 18:03:27'),(325,157,0,1,483,1,'2018-10-14 18:03:33'),(325,160,0,1,501,1,'2018-10-14 18:03:52'),(325,161,0,1,510,1,'2018-10-14 18:04:00'),(325,166,0,1,526,1,'2018-10-14 18:04:08'),(325,169,0,1,544,1,'2018-10-14 18:04:17'),(327,204,0,1,733,1,'2018-10-14 18:06:40'),(327,206,0,1,746,1,'2018-10-14 18:06:54'),(327,207,0,1,757,1,'2018-10-14 18:07:04'),(327,208,0,1,768,1,'2018-10-14 18:07:13'),(327,209,0,1,784,1,'2018-10-14 18:07:26'),(327,211,0,1,800,1,'2018-10-14 18:07:38'),(327,212,0,1,811,1,'2018-10-14 18:07:49'),(327,213,0,1,823,1,'2018-10-14 18:07:57'),(336,324,0,1,1651,1,'2018-10-16 21:59:11'),(338,250,0,1,1122,1,'2018-10-23 22:22:57'),(340,291,0,1,1459,1,'2018-10-17 02:25:27'),(341,289,0,1,1454,1,'2018-10-17 06:05:44'),(344,206,0,1,746,1,'2018-10-17 17:43:27'),(345,147,0,1,417,1,'2018-10-17 18:12:51'),(350,15,0,1,89,1,'2018-10-18 14:30:56'),(350,142,0,1,358,1,'2018-10-18 14:29:52'),(350,144,0,1,380,1,'2018-10-18 14:30:10'),(350,145,0,1,391,1,'2018-10-18 14:30:18'),(350,146,0,1,409,2,'2018-10-18 14:30:30'),(350,147,0,1,417,1,'2018-10-18 14:30:35'),(350,149,0,1,437,1,'2018-10-18 14:30:51'),(350,150,0,1,438,1,'2018-10-18 14:31:02'),(351,16,0,1,370,1,'2018-10-18 14:31:56'),(351,154,0,1,465,1,'2018-10-18 14:31:20'),(351,157,0,1,483,1,'2018-10-18 14:31:49'),(351,160,0,1,501,1,'2018-10-18 14:32:02'),(351,161,0,1,510,1,'2018-10-18 14:32:10'),(351,166,0,1,526,1,'2018-10-18 14:32:24'),(351,169,0,1,544,1,'2018-10-18 14:32:32'),(351,170,0,1,555,2,'2018-10-18 14:32:44'),(351,173,0,1,575,1,'2018-10-18 14:32:51'),(351,174,0,1,580,1,'2018-10-18 14:32:59'),(351,178,0,1,601,1,'2018-10-18 14:33:07'),(351,179,0,1,609,1,'2018-10-18 14:33:13'),(352,181,0,1,624,1,'2018-10-18 14:33:30'),(352,183,0,1,636,1,'2018-10-18 14:33:37'),(352,204,0,1,733,1,'2018-10-18 14:34:34'),(352,206,0,1,746,1,'2018-10-18 14:34:42'),(352,207,0,1,757,1,'2018-10-18 14:34:53'),(352,208,0,1,768,1,'2018-10-18 14:35:05'),(352,209,0,1,784,1,'2018-10-18 14:35:11'),(352,211,0,1,800,1,'2018-10-18 14:35:18'),(359,175,0,1,583,1,'2018-10-18 15:27:55'),(359,184,0,1,644,1,'2018-10-18 15:28:01'),(360,295,101,1,1463,1,'2018-10-18 23:11:13'),(361,212,0,1,811,1,'2018-10-20 04:50:48'),(362,289,0,1,1454,1,'2018-10-20 06:06:44'),(363,327,103,1,1654,1,'2018-10-20 09:23:52'),(366,175,0,1,583,1,'2018-10-20 18:16:19'),(366,184,0,1,644,1,'2018-10-20 18:16:28'),(367,212,0,1,811,1,'2018-10-20 18:16:58'),(368,153,0,1,455,1,'2018-10-20 18:48:51'),(368,180,0,1,618,1,'2018-10-20 18:49:01'),(368,213,0,1,823,1,'2018-10-20 18:49:20'),(378,15,0,1,89,1,'2018-10-27 11:49:18'),(378,16,0,1,370,1,'2018-10-27 11:48:50'),(378,142,0,1,358,1,'2018-10-27 11:42:25'),(378,144,0,1,380,1,'2018-10-27 11:49:24'),(378,145,0,1,391,1,'2018-10-27 11:49:21'),(378,146,0,1,409,1,'2018-10-27 12:19:03'),(378,147,0,1,417,1,'2018-10-27 12:19:17'),(378,149,0,1,437,1,'2018-10-27 12:10:00'),(378,150,0,1,438,1,'2018-10-27 11:50:09'),(378,153,0,1,455,1,'2018-10-27 12:38:57'),(378,154,0,1,465,1,'2018-10-27 12:39:01'),(378,157,0,1,483,1,'2018-10-27 12:39:05'),(378,160,0,1,501,1,'2018-10-27 12:45:23'),(378,161,0,1,510,1,'2018-10-27 12:45:25'),(378,166,0,1,526,1,'2018-10-27 13:29:52'),(378,169,0,1,544,1,'2018-10-27 13:11:54'),(378,170,0,1,555,1,'2018-10-27 11:50:22'),(378,171,0,1,563,1,'2018-10-27 13:30:10'),(378,173,0,1,575,1,'2018-10-27 13:29:56'),(378,174,0,1,580,1,'2018-10-27 13:29:59'),(378,175,0,1,583,1,'2018-10-27 13:30:07'),(378,178,0,1,601,1,'2018-10-27 13:23:21'),(378,179,0,1,609,1,'2018-10-27 13:29:37'),(378,180,0,1,618,1,'2018-10-27 13:29:45'),(378,181,0,1,624,1,'2018-10-27 13:29:42'),(378,182,0,1,633,1,'2018-10-27 13:23:24'),(378,183,0,1,636,1,'2018-10-27 13:29:39'),(378,184,0,1,644,1,'2018-10-27 13:30:02'),(378,185,0,1,652,1,'2018-10-27 13:29:48'),(378,204,0,1,733,1,'2018-10-27 11:42:30'),(378,206,0,1,746,1,'2018-10-27 11:48:53'),(378,207,0,1,757,1,'2018-10-27 11:49:14'),(378,208,0,1,768,1,'2018-10-27 11:49:00'),(378,209,0,1,784,1,'2018-10-27 11:49:08'),(378,211,0,1,800,1,'2018-10-27 11:48:57'),(378,212,0,1,811,1,'2018-10-27 11:49:11'),(378,213,0,1,823,1,'2018-10-27 11:49:04'),(379,15,0,1,89,1,'2018-10-27 20:28:50'),(379,16,0,1,370,1,'2018-10-27 20:28:27'),(379,142,0,1,358,1,'2018-10-27 20:22:09'),(379,144,0,1,380,1,'2018-10-27 20:28:55'),(379,145,0,1,391,1,'2018-10-27 20:28:52'),(379,146,0,1,409,1,'2018-10-27 20:56:13'),(379,147,0,1,417,1,'2018-10-27 20:56:42'),(379,149,0,1,437,1,'2018-10-27 20:46:30'),(379,150,0,1,438,1,'2018-10-27 20:32:57'),(379,153,0,1,455,1,'2018-10-27 21:02:30'),(379,154,0,1,465,1,'2018-10-27 21:02:33'),(379,157,0,1,483,1,'2018-10-27 21:02:35'),(379,160,0,1,501,1,'2018-10-27 21:08:50'),(379,161,0,1,510,1,'2018-10-27 21:08:53'),(379,166,0,1,526,1,'2018-10-27 21:36:28'),(379,169,0,1,544,1,'2018-10-27 21:29:26'),(379,170,0,1,555,1,'2018-10-27 20:33:10'),(379,171,0,1,563,1,'2018-10-27 21:36:43'),(379,173,0,1,575,1,'2018-10-27 21:36:33'),(379,174,0,1,580,1,'2018-10-27 21:36:36'),(379,175,0,1,583,1,'2018-10-27 21:36:40'),(379,178,0,1,601,1,'2018-10-27 21:41:24'),(379,179,0,1,609,1,'2018-10-27 21:29:57'),(379,180,0,1,618,1,'2018-10-27 21:36:20'),(379,181,0,1,624,1,'2018-10-27 21:36:17'),(379,182,0,1,633,1,'2018-10-27 21:36:30'),(379,183,0,1,636,1,'2018-10-27 21:30:01'),(379,184,0,1,644,1,'2018-10-27 21:36:38'),(379,185,0,1,652,1,'2018-10-27 21:36:22'),(379,204,0,1,733,1,'2018-10-27 20:22:14'),(379,206,0,1,746,1,'2018-10-27 20:28:30'),(379,207,0,1,757,1,'2018-10-27 20:28:46'),(379,208,0,1,768,1,'2018-10-27 20:28:34'),(379,209,0,1,784,1,'2018-10-27 20:28:40'),(379,211,0,1,800,1,'2018-10-27 20:28:32'),(379,212,0,1,811,1,'2018-10-27 20:28:43'),(379,213,0,1,823,1,'2018-10-27 20:28:36'),(380,170,0,1,555,1,'2018-10-27 21:58:06'),(388,16,0,1,370,1,'2018-10-30 12:17:01'),(388,144,0,1,380,1,'2018-10-30 12:15:50'),(388,145,0,1,391,1,'2018-10-30 12:15:57'),(388,146,0,1,409,1,'2018-10-30 12:16:04'),(388,147,0,1,417,1,'2018-10-30 12:16:12'),(388,150,0,1,438,1,'2018-10-30 12:16:35'),(388,153,0,1,455,1,'2018-10-30 12:16:45'),(388,157,0,1,483,1,'2018-10-30 12:16:53'),(388,160,0,1,501,1,'2018-10-30 12:17:08'),(388,161,0,1,510,1,'2018-10-30 12:17:18'),(388,166,0,1,526,1,'2018-10-30 12:17:29'),(389,173,0,1,575,1,'2018-10-30 12:17:46'),(389,178,0,1,601,1,'2018-10-30 12:17:57'),(389,179,0,1,609,1,'2018-10-30 12:18:07'),(389,180,0,1,618,1,'2018-10-30 12:18:18'),(389,181,0,1,624,1,'2018-10-30 12:18:31'),(389,183,0,1,636,1,'2018-10-30 12:18:41'),(389,204,0,1,733,1,'2018-10-30 12:19:07'),(389,206,0,1,746,1,'2018-10-30 12:19:21'),(389,207,0,1,757,1,'2018-10-30 12:19:37'),(390,209,0,1,784,1,'2018-10-30 12:19:53'),(390,211,0,1,800,1,'2018-10-30 12:20:02'),(390,212,0,1,811,1,'2018-10-30 12:20:10'),(390,213,0,1,823,1,'2018-10-30 12:20:31'),(398,15,0,1,89,1,'2018-10-30 15:01:23'),(398,154,0,1,465,1,'2018-10-30 15:01:38'),(398,170,0,1,555,1,'2018-10-30 15:01:46'),(398,174,0,1,580,1,'2018-10-30 15:01:55'),(406,142,0,1,358,2,'2018-10-30 16:10:41'),(407,15,0,1,89,1,'2018-10-30 16:12:44'),(407,145,0,1,391,1,'2018-10-30 16:11:50'),(407,146,0,1,409,1,'2018-10-30 16:12:01'),(407,147,0,1,417,1,'2018-10-30 16:12:14'),(407,149,0,1,437,1,'2018-10-30 16:12:31'),(407,150,0,1,438,1,'2018-10-30 16:12:55'),(407,153,0,1,455,1,'2018-10-30 16:13:08'),(407,154,0,1,465,1,'2018-10-30 16:13:23'),(408,16,0,1,370,1,'2018-10-30 16:13:57'),(408,160,0,1,501,1,'2018-10-30 16:14:11'),(408,161,0,1,510,1,'2018-10-30 16:14:27'),(408,166,0,1,526,1,'2018-10-30 16:14:41'),(408,169,0,1,544,2,'2018-10-30 16:15:13'),(408,170,0,1,555,1,'2018-10-30 16:15:30'),(409,174,0,1,580,1,'2018-10-30 16:16:10'),(409,178,0,1,601,1,'2018-10-30 16:16:23'),(409,179,0,1,609,1,'2018-10-30 16:16:36'),(409,180,0,1,618,1,'2018-10-30 16:16:51'),(409,181,0,1,624,1,'2018-10-30 16:17:06'),(409,183,0,1,636,1,'2018-10-30 16:17:23'),(410,204,0,1,733,1,'2018-10-30 16:18:47'),(410,206,0,1,746,1,'2018-10-30 16:19:17'),(410,207,0,1,757,1,'2018-10-30 16:19:31'),(410,208,0,1,768,2,'2018-10-30 16:19:57'),(411,211,0,1,800,1,'2018-10-30 16:20:25'),(411,212,0,1,811,1,'2018-10-30 16:20:36'),(411,213,0,1,823,1,'2018-10-30 16:20:48'),(414,226,107,1,919,1,'2018-11-09 15:40:03'),(420,149,0,1,437,1,'2018-10-31 10:05:43'),(420,175,0,1,583,1,'2018-10-31 10:05:51'),(420,184,0,1,644,1,'2018-10-31 10:06:07'),(425,175,0,1,583,1,'2018-10-31 12:41:51'),(425,184,0,1,644,1,'2018-10-31 12:42:02'),(426,144,0,1,380,1,'2018-10-31 13:12:08'),(426,157,0,1,483,1,'2018-10-31 13:12:15'),(426,173,0,1,575,1,'2018-10-31 13:12:23'),(426,209,0,1,784,1,'2018-10-31 13:12:38'),(431,249,118,1,1121,1,'2018-11-02 11:10:46'),(434,154,0,1,465,1,'2018-11-04 00:42:21'),(446,15,0,1,89,1,'2018-11-08 20:41:55'),(446,142,0,1,358,1,'2018-11-08 20:41:01'),(446,144,0,1,380,1,'2018-11-08 20:41:14'),(446,145,0,1,391,1,'2018-11-08 20:41:24'),(446,146,0,1,409,1,'2018-11-08 20:41:29'),(446,147,0,1,417,1,'2018-11-08 20:41:33'),(446,149,0,1,437,1,'2018-11-08 20:41:37'),(447,16,0,1,370,1,'2018-11-08 20:42:43'),(447,153,0,1,455,1,'2018-11-08 20:42:14'),(447,154,0,1,465,1,'2018-11-08 20:42:21'),(447,157,0,1,483,1,'2018-11-08 20:42:25'),(447,160,0,1,501,1,'2018-11-08 20:43:07'),(447,161,0,1,510,1,'2018-11-08 20:43:14'),(447,166,0,1,526,1,'2018-11-08 20:43:18'),(447,169,0,1,544,1,'2018-11-08 20:43:24'),(447,170,0,1,555,1,'2018-11-08 20:43:29'),(447,173,0,1,575,1,'2018-11-08 20:43:39'),(447,174,0,1,580,1,'2018-11-08 20:43:54'),(447,178,0,1,601,1,'2018-11-08 20:43:59'),(448,179,0,1,609,1,'2018-11-08 20:44:08'),(448,180,0,1,618,1,'2018-11-08 20:44:13'),(448,181,0,1,624,1,'2018-11-08 20:44:18'),(448,183,0,1,636,1,'2018-11-08 20:44:22'),(448,204,0,1,733,1,'2018-11-08 20:44:57'),(448,206,0,1,746,1,'2018-11-08 20:45:00'),(448,207,0,1,757,1,'2018-11-08 20:45:05'),(448,208,0,1,768,1,'2018-11-08 20:45:11'),(448,209,0,1,784,1,'2018-11-08 20:45:15'),(448,211,0,1,800,1,'2018-11-08 20:45:20'),(448,212,0,1,811,1,'2018-11-08 20:45:24'),(448,213,0,1,823,1,'2018-11-08 20:45:28'),(456,142,0,1,358,1,'2018-11-09 00:00:27'),(456,144,0,1,380,1,'2018-11-09 00:00:35'),(456,145,0,1,391,1,'2018-11-09 00:00:39'),(457,15,0,1,89,1,'2018-11-09 00:14:58'),(457,146,0,1,409,1,'2018-11-09 00:14:38'),(457,147,0,1,417,1,'2018-11-09 00:14:44'),(457,149,0,1,437,1,'2018-11-09 00:14:49'),(458,16,0,1,370,1,'2018-11-09 00:16:05'),(458,150,0,1,438,2,'2018-11-09 00:15:37'),(458,153,0,1,455,1,'2018-11-09 00:15:44'),(458,154,0,1,465,1,'2018-11-09 00:15:50'),(458,157,0,1,483,1,'2018-11-09 00:16:00'),(458,160,0,1,501,1,'2018-11-09 00:16:11'),(458,161,0,1,510,1,'2018-11-09 00:16:17'),(458,166,0,1,526,1,'2018-11-09 00:16:24'),(458,169,0,1,544,1,'2018-11-09 00:16:30'),(458,170,0,1,555,1,'2018-11-09 00:16:38'),(458,173,0,1,575,1,'2018-11-09 00:16:44'),(458,174,0,1,580,1,'2018-11-09 00:16:49'),(458,178,0,1,601,1,'2018-11-09 00:17:03'),(458,179,0,1,609,1,'2018-11-09 00:17:08'),(459,181,0,1,624,1,'2018-11-09 00:17:25'),(459,183,0,1,636,1,'2018-11-09 00:17:33'),(459,204,0,1,733,1,'2018-11-09 00:18:15'),(459,206,0,1,746,1,'2018-11-09 00:18:20'),(459,207,0,1,757,1,'2018-11-09 00:18:26'),(459,208,0,1,768,1,'2018-11-09 00:18:34'),(459,209,0,1,784,1,'2018-11-09 00:18:40'),(459,211,0,1,800,1,'2018-11-09 00:18:48'),(459,212,0,1,811,1,'2018-11-09 00:18:53'),(459,213,0,1,823,1,'2018-11-09 00:19:02'),(463,175,0,1,583,1,'2018-11-09 00:36:26'),(463,184,0,1,644,1,'2018-11-09 00:36:32'),(465,175,0,1,583,1,'2018-11-09 04:01:56'),(467,180,0,1,618,1,'2018-11-09 04:12:32'),(468,184,0,1,644,1,'2018-11-09 08:22:17'),(475,204,119,1,733,1,'2018-11-11 14:53:20'),(480,256,120,1,1128,1,'2018-11-12 22:19:18'),(485,15,0,1,89,1,'2018-11-13 17:50:28'),(485,16,0,1,370,1,'2018-11-13 17:50:57'),(485,142,0,1,358,1,'2018-11-13 17:49:50'),(485,144,0,1,380,1,'2018-11-13 17:49:58'),(485,145,0,1,391,1,'2018-11-13 17:50:04'),(485,146,0,1,409,1,'2018-11-13 17:50:10'),(485,147,0,1,417,1,'2018-11-13 17:50:16'),(485,149,0,1,437,1,'2018-11-13 17:50:21'),(485,150,0,1,438,1,'2018-11-13 17:50:34'),(485,153,0,1,455,1,'2018-11-13 17:50:38'),(485,154,0,1,465,1,'2018-11-13 17:50:43'),(485,157,0,1,483,1,'2018-11-13 17:50:53'),(485,160,0,1,501,1,'2018-11-13 17:51:03'),(485,161,0,1,510,1,'2018-11-13 17:51:08'),(485,166,0,1,526,1,'2018-11-13 17:51:17'),(485,169,0,1,544,1,'2018-11-13 17:51:22'),(485,170,0,1,555,1,'2018-11-13 17:51:27'),(485,173,0,1,575,1,'2018-11-13 17:51:33'),(486,174,0,1,580,1,'2018-11-13 17:52:17'),(486,178,0,1,601,1,'2018-11-13 17:52:22'),(486,180,0,1,618,1,'2018-11-13 17:52:27'),(486,181,0,1,624,1,'2018-11-13 17:52:33'),(486,183,0,1,636,1,'2018-11-13 17:52:39'),(486,204,0,1,733,1,'2018-11-13 17:53:14'),(486,206,0,1,746,1,'2018-11-13 17:53:20'),(486,207,0,1,757,1,'2018-11-13 17:53:24'),(486,208,0,1,768,1,'2018-11-13 17:53:31'),(487,212,0,1,811,1,'2018-11-13 17:53:53'),(487,213,0,1,823,1,'2018-11-13 17:53:58'),(496,15,0,1,89,1,'2018-11-13 19:50:21'),(496,144,0,1,380,1,'2018-11-13 19:49:25'),(496,145,0,1,391,1,'2018-11-13 19:49:32'),(496,146,0,1,409,1,'2018-11-13 19:49:43'),(496,147,0,1,417,1,'2018-11-13 19:49:47'),(496,149,0,1,437,1,'2018-11-13 19:50:04'),(496,150,0,1,438,1,'2018-11-13 19:50:32'),(497,157,0,1,483,1,'2018-11-13 19:51:01'),(497,160,0,1,501,1,'2018-11-13 19:51:08'),(497,161,0,1,510,1,'2018-11-13 19:51:13'),(497,169,0,1,544,1,'2018-11-13 19:51:26'),(497,170,0,1,555,1,'2018-11-13 19:51:33'),(497,173,0,1,575,1,'2018-11-13 19:51:39'),(498,178,0,1,601,1,'2018-11-13 20:11:22'),(499,179,0,1,609,1,'2018-11-13 20:11:33'),(499,183,0,1,636,1,'2018-11-13 20:11:45'),(499,211,0,1,800,1,'2018-11-13 20:12:42'),(507,247,126,1,1119,1,'2018-11-13 21:32:23'),(508,16,0,1,370,1,'2018-11-13 23:08:40'),(508,142,0,1,358,1,'2018-11-13 23:08:31'),(508,154,0,1,465,1,'2018-11-13 23:08:35'),(508,174,0,1,580,1,'2018-11-13 23:08:45'),(508,175,0,1,583,1,'2018-11-13 23:08:49'),(508,184,0,1,644,1,'2018-11-13 23:08:53'),(508,207,0,1,757,1,'2018-11-13 23:09:01'),(508,208,0,1,768,1,'2018-11-13 23:09:07'),(508,209,0,1,784,1,'2018-11-13 23:09:12'),(508,211,0,1,800,1,'2018-11-13 23:09:15'),(508,212,0,1,811,1,'2018-11-13 23:09:21'),(509,153,0,1,455,1,'2018-11-13 23:15:52'),(509,179,0,1,609,1,'2018-11-13 23:15:56'),(519,252,127,1,1124,1,'2018-11-15 12:32:20'),(528,142,0,1,358,1,'2018-11-18 12:23:24'),(528,144,0,1,380,1,'2018-11-18 12:24:05'),(528,145,0,1,391,1,'2018-11-18 12:24:11'),(528,146,0,1,409,1,'2018-11-18 12:24:17'),(529,15,0,1,89,1,'2018-11-18 12:24:36'),(529,16,0,1,370,1,'2018-11-18 12:25:07'),(529,147,0,1,417,1,'2018-11-18 12:24:23'),(529,149,0,1,437,1,'2018-11-18 12:24:29'),(529,150,0,1,438,1,'2018-11-18 12:24:42'),(529,153,0,1,455,1,'2018-11-18 12:24:49'),(529,154,0,1,465,1,'2018-11-18 12:24:56'),(529,157,0,1,483,1,'2018-11-18 12:25:02'),(529,160,0,1,501,1,'2018-11-18 12:25:12'),(529,161,0,1,510,1,'2018-11-18 12:25:50'),(529,166,0,1,526,1,'2018-11-18 12:25:56'),(529,169,0,1,544,1,'2018-11-18 12:26:02'),(529,170,0,1,555,1,'2018-11-18 12:26:08'),(529,173,0,1,575,1,'2018-11-18 12:26:19'),(530,174,0,1,580,1,'2018-11-18 12:26:30'),(530,178,0,1,601,1,'2018-11-18 12:26:37'),(530,179,0,1,609,1,'2018-11-18 12:26:45'),(530,180,0,1,618,1,'2018-11-18 12:26:51'),(530,181,0,1,624,1,'2018-11-18 12:26:57'),(530,183,0,1,636,1,'2018-11-18 12:27:03'),(530,204,0,1,733,1,'2018-11-18 12:27:38'),(530,206,0,1,746,1,'2018-11-18 12:27:44'),(530,207,0,1,757,1,'2018-11-18 12:27:51'),(530,208,0,1,768,1,'2018-11-18 12:27:57'),(530,209,0,1,784,1,'2018-11-18 12:28:01'),(530,211,0,1,800,1,'2018-11-18 12:28:09'),(530,212,0,1,811,1,'2018-11-18 12:28:14'),(530,213,0,1,823,1,'2018-11-18 12:28:51'),(540,15,0,1,89,1,'2018-11-18 15:25:35'),(540,144,0,1,380,1,'2018-11-18 15:25:15'),(540,145,0,1,391,1,'2018-11-18 15:25:18'),(540,146,0,1,409,1,'2018-11-18 15:25:21'),(540,147,0,1,417,1,'2018-11-18 15:25:27'),(540,149,0,1,437,1,'2018-11-18 15:25:31'),(540,150,0,1,438,1,'2018-11-18 15:25:39'),(540,154,0,1,465,1,'2018-11-18 15:25:45'),(540,157,0,1,483,1,'2018-11-18 15:25:48'),(540,160,0,1,501,1,'2018-11-18 15:25:53'),(540,161,0,1,510,1,'2018-11-18 15:26:00'),(540,166,0,1,526,1,'2018-11-18 15:26:07'),(540,169,0,1,544,1,'2018-11-18 15:27:23'),(541,170,0,1,555,1,'2018-11-18 15:27:27'),(541,173,0,1,575,1,'2018-11-18 15:27:30'),(541,174,0,1,580,1,'2018-11-18 15:27:35'),(541,178,0,1,601,1,'2018-11-18 15:27:38'),(541,179,0,1,609,1,'2018-11-18 15:27:43'),(541,180,0,1,618,1,'2018-11-18 15:27:48'),(541,181,0,1,624,1,'2018-11-18 15:27:55'),(541,183,0,1,636,1,'2018-11-18 15:28:10'),(547,160,0,1,501,1,'2018-11-18 16:14:39'),(549,16,0,1,370,1,'2018-11-18 20:28:11'),(549,142,0,1,358,1,'2018-11-18 20:28:05'),(549,175,0,1,583,1,'2018-11-18 20:28:24'),(549,184,0,1,644,1,'2018-11-18 20:28:30'),(549,207,0,1,757,1,'2018-11-18 20:28:42'),(550,209,0,1,784,1,'2018-11-18 20:28:51'),(550,211,0,1,800,1,'2018-11-18 20:28:57'),(550,212,0,1,811,1,'2018-11-18 20:29:02'),(552,208,0,1,768,1,'2018-11-19 01:47:46'),(557,206,0,1,746,1,'2018-11-20 21:06:56'),(561,15,0,1,89,1,'2018-11-23 04:02:41'),(571,226,0,1,919,1,'2018-11-26 18:58:49'),(574,250,0,1,1122,1,'2018-11-27 14:17:11'),(575,281,147,1,1366,1,'2018-11-28 01:20:04'),(579,242,0,1,1114,1,'2018-11-29 10:19:01'),(585,213,0,1,823,1,'2018-11-29 22:11:09'),(589,146,0,1,409,1,'2018-11-30 12:23:35'),(589,307,0,1,1503,1,'2018-11-30 12:05:40'),(593,218,156,1,847,1,'2018-12-01 16:44:22'),(596,209,0,1,784,1,'2018-12-03 20:52:51'),(597,181,0,1,624,1,'2018-12-04 12:39:26'),(597,183,0,1,636,1,'2018-12-04 12:39:36'),(603,15,0,1,89,1,'2018-12-04 12:57:41'),(603,146,0,1,409,1,'2018-12-04 12:57:22'),(603,147,0,1,417,1,'2018-12-04 12:57:29'),(603,149,0,1,437,1,'2018-12-04 12:57:35'),(603,150,0,1,438,1,'2018-12-04 12:57:49'),(603,153,0,1,455,1,'2018-12-04 12:57:59'),(603,154,0,1,465,1,'2018-12-04 12:58:04'),(603,157,0,1,483,1,'2018-12-04 12:58:12'),(603,160,0,1,501,1,'2018-12-04 12:58:21'),(603,161,0,1,510,1,'2018-12-04 12:58:30'),(603,166,0,1,526,1,'2018-12-04 12:58:37'),(604,170,0,1,555,1,'2018-12-04 12:58:51'),(604,173,0,1,575,1,'2018-12-04 12:59:02'),(604,174,0,1,580,1,'2018-12-04 12:59:12'),(604,178,0,1,601,1,'2018-12-04 12:59:19'),(604,179,0,1,609,1,'2018-12-04 12:59:24'),(604,180,0,1,618,1,'2018-12-04 12:59:31'),(609,318,0,1,1599,1,'2018-12-05 17:27:20'),(611,12,0,1,0,1,'2018-12-05 21:05:37'),(612,15,0,1,89,1,'2018-12-05 21:07:37'),(612,141,0,1,0,1,'2018-12-05 21:07:07'),(612,146,0,1,409,1,'2018-12-05 21:07:19'),(612,147,0,1,417,1,'2018-12-05 21:07:25'),(612,149,0,1,437,1,'2018-12-05 21:07:31'),(612,150,0,1,438,1,'2018-12-05 21:07:43'),(612,153,0,1,455,1,'2018-12-05 21:07:49'),(612,157,0,1,483,1,'2018-12-05 21:08:00'),(612,160,0,1,501,1,'2018-12-05 21:08:07'),(612,161,0,1,510,1,'2018-12-05 21:08:14'),(612,166,0,1,526,1,'2018-12-05 21:08:20'),(612,169,0,1,544,1,'2018-12-05 21:08:26'),(613,170,0,1,555,1,'2018-12-05 21:08:37'),(613,173,0,1,575,1,'2018-12-05 21:08:43'),(613,178,0,1,601,1,'2018-12-05 21:08:51'),(613,179,0,1,609,1,'2018-12-05 21:08:56'),(614,180,0,1,618,1,'2018-12-05 21:17:31'),(614,181,0,1,624,1,'2018-12-05 21:17:40'),(614,183,0,1,636,1,'2018-12-05 21:17:46'),(615,363,0,1,0,1,'2018-12-05 21:19:03'),(618,16,0,1,370,1,'2018-12-05 21:28:38'),(618,142,0,1,358,1,'2018-12-05 21:28:20'),(618,144,0,1,380,1,'2018-12-05 21:28:24'),(618,145,0,1,391,1,'2018-12-05 21:28:30'),(618,175,0,1,583,1,'2018-12-05 21:28:44'),(618,184,0,1,644,1,'2018-12-05 21:28:50'),(619,204,0,1,733,1,'2018-12-05 21:29:13'),(619,206,0,1,746,1,'2018-12-05 21:29:21'),(619,207,0,1,757,1,'2018-12-05 21:29:27'),(619,208,0,1,768,1,'2018-12-05 21:29:32'),(619,209,0,1,784,1,'2018-12-05 21:29:37'),(619,211,0,1,800,1,'2018-12-05 21:29:47'),(619,212,0,1,811,1,'2018-12-05 21:29:51'),(622,15,0,1,89,1,'2018-12-05 23:03:34'),(622,141,0,1,0,1,'2018-12-05 23:02:33'),(622,142,0,1,358,1,'2018-12-05 23:02:39'),(622,144,0,1,380,1,'2018-12-05 23:02:53'),(622,145,0,1,391,1,'2018-12-05 23:02:58'),(622,146,0,1,409,1,'2018-12-05 23:03:08'),(622,147,0,1,417,1,'2018-12-05 23:03:16'),(622,149,0,1,437,1,'2018-12-05 23:03:26'),(622,150,0,1,438,1,'2018-12-05 23:03:41'),(622,153,0,1,455,1,'2018-12-05 23:03:45'),(622,154,0,1,465,1,'2018-12-05 23:03:54'),(623,16,0,1,370,1,'2018-12-05 23:04:10'),(623,160,0,1,501,1,'2018-12-05 23:04:18'),(623,161,0,1,510,1,'2018-12-05 23:04:26'),(623,166,0,1,526,1,'2018-12-05 23:04:33'),(623,169,0,1,544,1,'2018-12-05 23:04:40'),(623,170,0,1,555,1,'2018-12-05 23:04:48'),(623,173,0,1,575,1,'2018-12-05 23:04:57'),(623,174,0,1,580,1,'2018-12-05 23:05:06'),(623,178,0,1,601,1,'2018-12-05 23:05:16'),(623,179,0,1,609,1,'2018-12-05 23:05:25'),(623,180,0,1,618,1,'2018-12-05 23:05:35'),(623,181,0,1,624,1,'2018-12-05 23:05:43'),(623,183,0,1,636,1,'2018-12-05 23:05:52'),(624,198,0,1,0,1,'2018-12-05 23:06:10'),(624,204,0,1,733,1,'2018-12-05 23:06:25'),(624,206,0,1,746,1,'2018-12-05 23:06:34'),(624,207,0,1,757,1,'2018-12-05 23:06:43'),(624,208,0,1,768,1,'2018-12-05 23:06:48'),(624,209,0,1,784,1,'2018-12-05 23:06:57'),(624,211,0,1,800,1,'2018-12-05 23:07:03'),(624,212,0,1,811,1,'2018-12-05 23:07:12'),(625,363,0,1,0,1,'2018-12-05 23:09:29'),(629,12,0,1,0,1,'2018-12-05 23:17:37'),(632,12,0,1,0,1,'2018-12-06 01:48:31'),(632,141,0,1,0,1,'2018-12-06 01:49:34'),(632,142,0,1,358,1,'2018-12-06 01:49:40'),(632,144,0,1,380,1,'2018-12-06 01:49:51'),(632,145,0,1,391,1,'2018-12-06 01:49:56'),(632,146,0,1,409,1,'2018-12-06 01:50:03'),(632,147,0,1,417,1,'2018-12-06 01:50:08'),(632,149,0,1,437,1,'2018-12-06 01:50:14'),(634,15,0,1,89,1,'2018-12-06 02:04:15'),(634,150,0,1,438,1,'2018-12-06 02:04:20'),(634,153,0,1,455,1,'2018-12-06 02:04:26'),(634,154,0,1,465,1,'2018-12-06 02:04:32'),(636,204,0,1,733,1,'2018-12-06 02:06:59'),(636,206,0,1,746,1,'2018-12-06 02:07:08'),(636,207,0,1,757,1,'2018-12-06 02:07:15'),(636,208,0,1,768,1,'2018-12-06 02:07:23'),(636,209,0,1,784,1,'2018-12-06 02:07:31'),(636,211,0,1,800,1,'2018-12-06 02:07:43'),(636,212,0,1,811,1,'2018-12-06 02:07:48'),(637,363,0,1,0,1,'2018-12-06 02:09:30'),(641,175,0,1,583,1,'2018-12-06 07:00:20'),(641,184,0,1,644,1,'2018-12-06 07:00:27'),(642,157,0,1,483,1,'2018-12-06 07:07:36'),(643,198,0,1,0,1,'2018-12-06 07:07:55'),(644,373,164,1,0,1,'2018-12-06 07:24:02'),(650,222,168,1,873,1,'2018-12-07 22:00:59'),(666,210,0,1,793,1,'2018-12-11 11:31:27'),(672,16,0,1,370,1,'2018-12-11 21:44:28'),(672,142,0,1,358,1,'2018-12-11 21:44:02'),(672,144,0,1,380,1,'2018-12-11 21:44:06'),(672,145,0,1,391,1,'2018-12-11 21:44:12'),(672,154,0,1,465,1,'2018-12-11 21:44:22'),(672,174,0,1,580,1,'2018-12-11 21:44:34'),(672,175,0,1,583,1,'2018-12-11 21:44:43'),(672,184,0,1,644,1,'2018-12-11 21:44:56'),(673,204,0,1,733,1,'2018-12-11 21:46:18'),(673,206,0,1,746,1,'2018-12-11 21:46:24'),(673,207,0,1,757,1,'2018-12-11 21:46:27'),(673,208,0,1,768,1,'2018-12-11 21:46:32'),(673,209,0,1,784,1,'2018-12-11 21:46:35'),(673,211,0,1,800,1,'2018-12-11 21:46:39'),(673,212,0,1,811,1,'2018-12-11 21:46:44'),(675,169,0,1,544,1,'2018-12-11 22:02:30'),(677,201,180,1,726,1,'2018-12-13 12:27:15'),(677,256,180,1,1128,1,'2018-12-12 15:54:11'),(684,297,0,1,1465,1,'2018-12-15 11:57:27'),(686,206,0,1,746,1,'2018-12-15 18:26:57'),(696,249,0,1,1121,1,'2018-12-17 05:33:48'),(700,272,189,1,1257,1,'2018-12-17 16:16:04'),(723,12,0,1,0,1,'2018-12-21 16:35:22'),(724,15,0,1,89,1,'2018-12-21 16:37:22'),(724,136,0,1,0,1,'2018-12-21 16:36:48'),(724,141,0,1,0,1,'2018-12-21 16:36:57'),(724,144,0,1,380,1,'2018-12-21 16:37:06'),(724,145,0,1,391,1,'2018-12-21 16:37:13'),(724,149,0,1,437,1,'2018-12-21 16:37:18'),(724,150,0,1,438,1,'2018-12-21 16:37:27'),(724,153,0,1,455,1,'2018-12-21 16:37:31'),(724,154,0,1,465,1,'2018-12-21 16:37:35'),(724,157,0,1,483,1,'2018-12-21 16:37:40'),(724,160,0,1,501,1,'2018-12-21 16:37:43'),(724,161,0,1,510,1,'2018-12-21 16:37:48'),(724,166,0,1,526,1,'2018-12-21 16:37:51'),(724,169,0,1,544,1,'2018-12-21 16:38:03'),(724,170,0,1,555,1,'2018-12-21 16:38:06'),(724,173,0,1,575,1,'2018-12-21 16:38:10'),(724,174,0,1,580,1,'2018-12-21 16:38:18'),(724,178,0,1,601,1,'2018-12-21 16:38:22'),(724,180,0,1,618,1,'2018-12-21 16:38:28'),(724,181,0,1,624,1,'2018-12-21 16:38:33'),(725,363,0,1,0,1,'2018-12-21 16:39:39'),(731,175,0,1,583,1,'2018-12-21 17:47:23'),(731,184,0,1,644,1,'2018-12-21 17:47:27'),(731,207,0,1,757,1,'2018-12-21 17:47:34'),(732,142,0,1,358,1,'2018-12-22 10:15:53'),(732,146,0,1,409,1,'2018-12-22 10:16:50'),(733,16,0,1,370,1,'2018-12-22 10:17:31'),(733,175,0,1,583,1,'2018-12-22 10:18:29'),(733,184,0,1,644,1,'2018-12-22 10:18:34'),(734,207,0,1,757,1,'2018-12-22 10:19:10'),(734,208,0,1,768,1,'2018-12-22 10:20:10'),(734,209,0,1,784,1,'2018-12-22 10:21:08'),(735,212,0,1,811,1,'2018-12-22 10:21:45'),(740,147,0,1,417,1,'2018-12-23 06:05:53'),(740,211,0,1,800,1,'2018-12-23 06:06:03'),(746,183,0,1,636,1,'2018-12-27 02:41:58'),(752,272,0,1,1257,1,'2018-12-29 11:09:55'),(755,136,0,1,0,1,'2018-12-31 02:25:24'),(760,262,201,1,1148,1,'2019-01-01 19:23:51'),(763,136,0,1,0,1,'2019-01-02 22:22:33'),(770,12,204,1,0,1,'2019-01-04 14:27:20'),(770,201,204,1,726,1,'2019-01-04 12:55:15'),(773,391,203,1,1913,1,'2019-01-10 20:07:46'),(777,12,0,1,0,1,'2019-01-05 23:48:54'),(778,15,0,1,89,1,'2019-01-05 23:50:03'),(778,16,0,1,370,1,'2019-01-05 23:50:19'),(778,136,0,1,0,1,'2019-01-05 23:49:32'),(778,141,0,1,0,1,'2019-01-05 23:49:38'),(778,142,0,1,358,1,'2019-01-05 23:49:42'),(778,144,0,1,380,1,'2019-01-05 23:49:48'),(778,145,0,1,391,1,'2019-01-05 23:49:51'),(778,146,0,1,409,1,'2019-01-05 23:49:54'),(778,147,0,1,417,1,'2019-01-05 23:49:57'),(778,149,0,1,437,1,'2019-01-05 23:50:00'),(778,150,0,1,438,1,'2019-01-05 23:50:06'),(778,153,0,1,455,1,'2019-01-05 23:50:09'),(778,154,0,1,465,1,'2019-01-05 23:50:13'),(778,157,0,1,483,1,'2019-01-05 23:50:16'),(778,160,0,1,501,1,'2019-01-05 23:50:22'),(778,161,0,1,510,1,'2019-01-05 23:50:26'),(778,166,0,1,526,1,'2019-01-05 23:50:30'),(778,169,0,1,544,1,'2019-01-05 23:50:33'),(778,170,0,1,555,1,'2019-01-05 23:50:36'),(778,173,0,1,575,1,'2019-01-05 23:50:41'),(778,174,0,1,580,1,'2019-01-05 23:50:44'),(778,178,0,1,601,1,'2019-01-05 23:50:47'),(778,179,0,1,609,1,'2019-01-05 23:50:51'),(778,180,0,1,618,1,'2019-01-05 23:50:55'),(778,181,0,1,624,1,'2019-01-05 23:50:57'),(778,183,0,1,636,1,'2019-01-05 23:51:00'),(779,198,0,1,0,1,'2019-01-05 23:51:20'),(779,204,0,1,733,1,'2019-01-05 23:51:29'),(779,206,0,1,746,1,'2019-01-05 23:51:33'),(779,208,0,1,768,1,'2019-01-05 23:51:36'),(779,209,0,1,784,1,'2019-01-05 23:51:40'),(779,211,0,1,800,1,'2019-01-05 23:51:44'),(779,212,0,1,811,1,'2019-01-05 23:51:48'),(780,363,0,1,0,1,'2019-01-05 23:53:11'),(782,15,0,1,89,1,'2019-01-06 11:14:56'),(782,136,0,1,0,1,'2019-01-06 11:14:08'),(782,141,0,1,0,1,'2019-01-06 11:14:12'),(782,142,0,1,358,1,'2019-01-06 11:14:19'),(782,144,0,1,380,1,'2019-01-06 11:14:29'),(782,145,0,1,391,1,'2019-01-06 11:14:34'),(782,146,0,1,409,1,'2019-01-06 11:14:42'),(782,147,0,1,417,1,'2019-01-06 11:14:46'),(782,149,0,1,437,1,'2019-01-06 11:14:51'),(783,12,0,1,0,1,'2019-01-06 11:16:12'),(783,16,0,1,370,1,'2019-01-06 11:15:24'),(783,150,0,1,438,1,'2019-01-06 11:15:01'),(783,153,0,1,455,1,'2019-01-06 11:15:08'),(783,154,0,1,465,1,'2019-01-06 11:15:14'),(783,157,0,1,483,1,'2019-01-06 11:15:19'),(783,160,0,1,501,1,'2019-01-06 11:15:29'),(783,161,0,1,510,1,'2019-01-06 11:15:37'),(783,166,0,1,526,1,'2019-01-06 11:15:44'),(783,169,0,1,544,1,'2019-01-06 11:15:49'),(783,170,0,1,555,1,'2019-01-06 11:15:55'),(783,173,0,1,575,1,'2019-01-06 11:16:00'),(783,174,0,1,580,1,'2019-01-06 11:16:05'),(783,178,0,1,601,1,'2019-01-06 11:16:15'),(783,179,0,1,609,1,'2019-01-06 11:16:21'),(783,180,0,1,618,1,'2019-01-06 11:16:27'),(783,181,0,1,624,1,'2019-01-06 11:16:32'),(783,183,0,1,636,1,'2019-01-06 11:16:37'),(784,204,0,1,733,1,'2019-01-06 11:17:11'),(784,206,0,1,746,1,'2019-01-06 11:17:17'),(784,208,0,1,768,1,'2019-01-06 11:17:25'),(784,209,0,1,784,1,'2019-01-06 11:17:30'),(784,211,0,1,800,1,'2019-01-06 11:17:35'),(784,212,0,1,811,1,'2019-01-06 11:17:41'),(793,175,0,1,583,1,'2019-01-06 23:14:46'),(793,184,0,1,644,1,'2019-01-06 23:14:49'),(794,198,0,1,0,1,'2019-01-06 23:19:15'),(794,363,0,1,0,1,'2019-01-06 23:19:18'),(808,392,209,1,0,1,'2019-01-08 17:38:32'),(811,12,212,1,0,1,'2019-01-10 18:03:02'),(811,255,212,1,1127,1,'2019-01-10 18:02:01'),(821,392,218,1,0,1,'2019-01-18 10:05:03'),(826,183,224,1,636,3,'2019-01-20 23:11:50'),(826,363,224,1,0,1,'2019-01-20 19:44:38'),(827,260,225,1,1136,1,'2019-01-20 20:02:47'),(830,12,0,1,0,1,'2019-01-21 11:36:04'),(830,280,0,1,1349,1,'2019-01-21 11:35:22'),(847,175,0,1,583,1,'2019-01-24 11:41:46'),(847,184,0,1,644,1,'2019-01-24 11:41:50'),(849,175,0,1,583,1,'2019-01-25 02:06:23'),(849,184,0,1,644,1,'2019-01-25 02:06:27'),(854,248,0,1,1120,1,'2019-01-26 18:20:35'),(855,173,0,1,575,1,'2019-01-27 08:06:27'),(856,250,0,1,1122,1,'2019-01-27 10:12:49'),(863,363,0,1,0,1,'2019-01-30 23:47:11'),(865,201,0,1,726,1,'2019-02-01 12:23:32'),(866,192,0,1,693,1,'2019-02-02 13:44:51'),(866,201,0,1,726,1,'2019-02-02 13:53:55'),(868,201,0,1,726,1,'2019-02-03 20:04:17'),(869,201,229,1,726,1,'2019-02-04 10:20:48'),(869,248,229,1,1120,1,'2019-02-04 10:20:48'),(870,201,229,1,726,1,'2019-02-04 11:03:33'),(870,248,229,1,1120,1,'2019-02-04 11:03:33'),(872,34,7,1,553,1,'2019-02-05 16:11:04'),(873,41,224,1,198,1,'2019-03-02 00:14:54'),(873,97,224,1,317,1,'2019-03-06 07:35:31'),(873,102,224,1,322,1,'2019-02-25 14:14:33'),(873,108,224,1,328,1,'2019-02-25 14:13:18'),(873,187,224,1,0,1,'2019-02-25 14:15:00'),(873,401,224,1,1940,1,'2019-02-25 14:13:00'),(877,39,0,1,294,1,'2019-02-14 03:50:19'),(877,76,0,1,296,1,'2019-02-14 03:50:21'),(877,95,0,1,315,1,'2019-02-14 03:50:24'),(877,96,0,1,316,1,'2019-02-14 03:50:27'),(877,197,0,1,717,1,'2019-02-14 03:50:07'),(877,201,0,1,726,1,'2019-02-14 03:50:21'),(879,12,0,1,0,1,'2019-02-14 10:26:21'),(879,100,0,1,320,1,'2019-02-14 10:25:26'),(879,101,0,1,321,1,'2019-02-14 10:25:29'),(879,102,0,1,322,1,'2019-02-14 10:25:31'),(879,103,0,1,323,1,'2019-02-14 10:25:33'),(879,104,0,1,324,1,'2019-02-14 10:25:35'),(879,105,0,1,325,1,'2019-02-14 10:25:38'),(879,106,0,1,326,1,'2019-02-14 10:25:40'),(879,107,0,1,327,1,'2019-02-14 10:25:43'),(879,108,0,1,328,1,'2019-02-14 10:25:45'),(879,109,0,1,329,1,'2019-02-14 10:25:47'),(879,110,0,1,330,1,'2019-02-14 10:25:52'),(879,111,0,1,331,1,'2019-02-14 10:25:55'),(879,112,0,1,332,1,'2019-02-14 10:25:57'),(879,113,0,1,333,1,'2019-02-14 10:25:59'),(879,114,0,1,334,1,'2019-02-14 10:26:08'),(879,115,0,1,335,1,'2019-02-14 10:26:10'),(879,116,0,1,336,1,'2019-02-14 10:26:12'),(879,117,0,1,337,1,'2019-02-14 10:26:15'),(879,118,0,1,338,1,'2019-02-14 10:26:17'),(879,119,0,1,339,1,'2019-02-14 10:26:19'),(879,120,0,1,340,1,'2019-02-14 10:26:24'),(879,201,0,1,726,1,'2019-02-14 10:25:26'),(880,15,0,1,89,1,'2019-02-14 10:27:27'),(880,16,0,1,370,1,'2019-02-14 10:27:39'),(880,23,0,1,149,1,'2019-02-14 10:28:50'),(880,136,0,1,0,1,'2019-02-14 10:27:02'),(880,141,0,1,0,1,'2019-02-14 10:27:07'),(880,142,0,1,358,1,'2019-02-14 10:27:10'),(880,144,0,1,380,1,'2019-02-14 10:27:16'),(880,145,0,1,391,1,'2019-02-14 10:27:18'),(880,146,0,1,409,1,'2019-02-14 10:27:21'),(880,147,0,1,417,1,'2019-02-14 10:27:23'),(880,149,0,1,437,1,'2019-02-14 10:27:25'),(880,150,0,1,438,1,'2019-02-14 10:27:30'),(880,153,0,1,455,1,'2019-02-14 10:27:33'),(880,154,0,1,465,1,'2019-02-14 10:27:35'),(880,157,0,1,483,1,'2019-02-14 10:27:37'),(880,160,0,1,501,1,'2019-02-14 10:27:42'),(880,161,0,1,510,1,'2019-02-14 10:27:44'),(880,166,0,1,526,1,'2019-02-14 10:27:47'),(880,169,0,1,544,1,'2019-02-14 10:27:50'),(880,170,0,1,555,1,'2019-02-14 10:27:53'),(880,173,0,1,575,1,'2019-02-14 10:27:55'),(880,174,0,1,580,1,'2019-02-14 10:27:57'),(880,178,0,1,601,1,'2019-02-14 10:27:59'),(880,179,0,1,609,1,'2019-02-14 10:28:02'),(880,180,0,1,618,1,'2019-02-14 10:28:04'),(880,181,0,1,624,1,'2019-02-14 10:28:08'),(880,183,0,1,636,1,'2019-02-14 10:28:11'),(880,198,0,1,0,1,'2019-02-14 10:28:27'),(880,201,0,1,726,1,'2019-02-14 10:26:54'),(880,206,0,1,746,1,'2019-02-14 10:28:34'),(880,207,0,1,757,1,'2019-02-14 10:28:36'),(880,208,0,1,768,1,'2019-02-14 10:28:38'),(880,209,0,1,784,1,'2019-02-14 10:28:41'),(880,211,0,1,800,1,'2019-02-14 10:28:43'),(880,212,0,1,811,1,'2019-02-14 10:28:46'),(881,34,0,1,173,1,'2019-02-14 10:29:15'),(881,35,0,1,202,1,'2019-02-14 10:29:18'),(881,36,0,1,189,1,'2019-02-14 10:29:20'),(881,40,0,1,197,1,'2019-02-14 10:29:42'),(881,41,0,1,198,1,'2019-02-14 10:29:45'),(881,43,0,1,200,1,'2019-02-14 10:29:50'),(881,62,0,1,249,1,'2019-02-14 10:30:34'),(881,201,0,1,726,1,'2019-02-14 10:29:22'),(881,363,0,1,1927,1,'2019-02-14 10:29:22'),(881,396,0,1,1922,1,'2019-02-14 10:29:32'),(882,39,0,1,294,1,'2019-02-14 10:31:59'),(882,76,0,1,296,1,'2019-02-14 10:32:02'),(882,78,0,1,298,1,'2019-02-14 10:31:07'),(882,80,0,1,300,1,'2019-02-14 10:31:09'),(882,81,0,1,301,1,'2019-02-14 10:31:11'),(882,82,0,1,302,1,'2019-02-14 10:31:12'),(882,83,0,1,303,1,'2019-02-14 10:31:16'),(882,84,0,1,304,1,'2019-02-14 10:31:20'),(882,85,0,1,305,1,'2019-02-14 10:31:22'),(882,86,0,1,306,1,'2019-02-14 10:31:23'),(882,87,0,1,307,1,'2019-02-14 10:31:25'),(882,88,0,1,308,1,'2019-02-14 10:31:27'),(882,89,0,1,309,1,'2019-02-14 10:31:29'),(882,91,0,1,311,1,'2019-02-14 10:31:31'),(882,94,0,1,314,1,'2019-02-14 10:31:33'),(882,95,0,1,315,1,'2019-02-14 10:32:06'),(882,96,0,1,316,1,'2019-02-14 10:32:09'),(882,97,0,1,317,1,'2019-02-14 10:31:35'),(882,98,0,1,318,1,'2019-02-14 10:31:37'),(882,99,0,1,319,1,'2019-02-14 10:31:39'),(882,197,0,1,717,1,'2019-02-14 10:31:53'),(882,201,0,1,726,1,'2019-02-14 10:31:07'),(883,12,0,1,0,1,'2019-02-14 21:16:51'),(883,101,0,1,321,1,'2019-02-14 21:15:23'),(883,102,0,1,322,1,'2019-02-14 21:15:28'),(883,103,0,1,323,1,'2019-02-14 21:15:32'),(883,104,0,1,324,1,'2019-02-14 21:15:36'),(883,105,0,1,325,1,'2019-02-14 21:15:40'),(883,106,0,1,326,1,'2019-02-14 21:15:45'),(883,107,0,1,327,1,'2019-02-14 21:15:48'),(883,108,0,1,328,1,'2019-02-14 21:15:52'),(883,109,0,1,329,1,'2019-02-14 21:15:55'),(883,110,0,1,330,1,'2019-02-14 21:16:02'),(883,111,0,1,331,1,'2019-02-14 21:16:07'),(883,112,0,1,332,1,'2019-02-14 21:16:13'),(883,113,0,1,333,1,'2019-02-14 21:16:17'),(883,114,0,1,334,1,'2019-02-14 21:16:21'),(883,115,0,1,335,1,'2019-02-14 21:16:27'),(883,116,0,1,336,1,'2019-02-14 21:16:31'),(883,117,0,1,337,1,'2019-02-14 21:16:39'),(883,118,0,1,338,1,'2019-02-14 21:16:43'),(883,119,0,1,339,1,'2019-02-14 21:16:48'),(883,120,0,1,340,1,'2019-02-14 21:16:54'),(883,201,0,1,726,1,'2019-02-14 21:15:23'),(884,15,0,1,89,1,'2019-02-14 21:18:28'),(884,16,0,1,370,1,'2019-02-14 21:18:50'),(884,136,0,1,0,1,'2019-02-14 21:17:57'),(884,141,0,1,0,1,'2019-02-14 21:18:01'),(884,142,0,1,358,1,'2019-02-14 21:18:03'),(884,144,0,1,380,1,'2019-02-14 21:18:20'),(884,145,0,1,391,1,'2019-02-14 21:18:23'),(884,149,0,1,437,1,'2019-02-14 21:18:25'),(884,150,0,1,438,1,'2019-02-14 21:18:30'),(884,153,0,1,455,1,'2019-02-14 21:18:35'),(884,154,0,1,465,1,'2019-02-14 21:18:38'),(884,157,0,1,483,1,'2019-02-14 21:18:42'),(884,160,0,1,501,1,'2019-02-14 21:18:57'),(884,161,0,1,510,1,'2019-02-14 21:19:00'),(884,166,0,1,526,1,'2019-02-14 21:19:04'),(884,169,0,1,544,1,'2019-02-14 21:19:15'),(884,170,0,1,555,1,'2019-02-14 21:19:23'),(884,201,0,1,726,1,'2019-02-14 21:17:33'),(885,23,0,1,149,1,'2019-02-14 21:21:00'),(885,34,0,1,173,1,'2019-02-14 21:21:17'),(885,35,0,1,202,1,'2019-02-14 21:21:19'),(885,36,0,1,189,1,'2019-02-14 21:21:21'),(885,174,0,1,580,1,'2019-02-14 21:19:34'),(885,178,0,1,601,1,'2019-02-14 21:19:46'),(885,180,0,1,618,1,'2019-02-14 21:19:49'),(885,181,0,1,624,1,'2019-02-14 21:19:51'),(885,201,0,1,726,1,'2019-02-14 21:19:34'),(885,212,0,1,811,1,'2019-02-14 21:20:58'),(885,363,0,1,1927,1,'2019-02-14 21:21:23'),(886,40,0,1,197,1,'2019-02-14 21:21:33'),(886,41,0,1,198,1,'2019-02-14 21:21:35'),(886,43,0,1,200,1,'2019-02-14 21:21:39'),(886,78,0,1,298,1,'2019-02-14 21:22:27'),(886,86,0,1,306,1,'2019-02-14 21:22:30'),(886,87,0,1,307,1,'2019-02-14 21:22:33'),(886,88,0,1,308,1,'2019-02-14 21:22:35'),(886,91,0,1,311,1,'2019-02-14 21:22:37'),(886,97,0,1,317,1,'2019-02-14 21:22:39'),(886,201,0,1,726,1,'2019-02-14 21:21:33'),(886,396,0,1,1922,1,'2019-02-14 21:21:31'),(887,99,0,1,319,1,'2019-02-14 21:23:43'),(887,201,0,1,726,1,'2019-02-14 21:23:43'),(888,83,232,1,303,1,'2019-02-14 21:45:13'),(888,201,232,1,726,1,'2019-02-14 21:45:13'),(889,53,0,1,226,1,'2019-02-14 21:46:45'),(889,90,0,1,310,1,'2019-02-14 21:46:49'),(889,175,0,1,583,1,'2019-02-14 21:46:23'),(889,184,0,1,644,1,'2019-02-14 21:46:27'),(889,201,0,1,726,1,'2019-02-14 21:46:23'),(890,201,0,1,726,1,'2019-02-14 23:21:01'),(890,314,0,1,1552,1,'2019-02-14 23:21:01'),(891,89,0,1,309,1,'2019-02-15 07:47:00'),(892,146,0,1,409,1,'2019-02-15 09:06:03'),(893,175,0,1,583,1,'2019-02-15 09:06:28'),(893,184,0,1,644,1,'2019-02-15 09:06:44'),(893,207,0,1,757,1,'2019-02-15 09:07:39'),(893,208,0,1,768,1,'2019-02-15 09:07:53'),(894,211,0,1,800,1,'2019-02-15 09:08:42'),(895,53,0,1,226,1,'2019-02-15 09:11:00'),(895,82,0,1,302,1,'2019-02-15 09:11:06'),(895,83,0,1,303,1,'2019-02-15 09:11:08'),(895,84,0,1,304,1,'2019-02-15 09:11:22'),(895,85,0,1,305,1,'2019-02-15 09:11:24'),(895,90,0,1,310,1,'2019-02-15 09:11:36'),(895,92,0,1,312,1,'2019-02-15 09:11:47'),(895,93,0,1,313,1,'2019-02-15 09:12:17'),(896,98,0,1,318,1,'2019-02-15 09:35:54'),(896,100,0,1,320,1,'2019-02-15 09:34:58'),(896,173,0,1,575,1,'2019-02-15 09:35:29'),(897,87,0,1,666,1,'2019-02-15 09:44:30'),(898,230,233,1,969,1,'2019-02-15 13:46:44'),(900,147,0,1,417,1,'2019-02-15 18:23:24'),(900,209,0,1,784,1,'2019-02-15 18:23:25'),(901,94,0,1,314,1,'2019-02-15 18:23:29'),(902,94,0,1,314,1,'2019-02-15 20:56:56'),(903,89,0,1,309,1,'2019-02-22 21:05:48'),(904,92,0,1,312,1,'2019-02-16 02:59:13'),(904,93,0,1,313,1,'2019-02-16 02:59:20'),(906,100,0,1,320,1,'2019-02-19 12:03:38'),(907,242,234,1,1114,1,'2019-02-23 10:00:39'),(908,76,0,1,296,1,'2019-02-24 04:58:09'),(908,92,0,1,312,1,'2019-02-24 04:58:16'),(908,93,0,1,313,1,'2019-02-24 04:58:24'),(908,95,0,1,315,1,'2019-02-24 04:58:30'),(908,96,0,1,316,1,'2019-02-24 04:58:37'),(908,97,0,1,317,1,'2019-02-24 04:58:45'),(909,76,0,1,296,1,'2019-02-24 05:25:43'),(910,92,0,1,312,1,'2019-02-24 05:25:54'),(910,93,0,1,313,1,'2019-02-24 05:26:01'),(910,95,0,1,315,1,'2019-02-24 05:26:09'),(910,96,0,1,316,1,'2019-02-24 05:26:16'),(910,97,0,1,317,1,'2019-02-24 05:26:22'),(911,314,0,1,1552,1,'2019-02-26 09:46:04'),(912,103,0,1,323,1,'2019-02-26 15:37:19'),(913,12,0,1,0,2,'2019-02-26 19:59:33'),(913,15,0,1,89,2,'2019-02-26 20:01:35'),(913,16,0,1,370,2,'2019-02-26 20:01:17'),(913,23,0,1,149,2,'2019-02-26 19:23:09'),(913,34,0,1,173,2,'2019-02-26 19:23:14'),(913,35,0,1,202,2,'2019-02-26 19:22:43'),(913,36,0,1,189,2,'2019-02-26 19:23:06'),(913,39,0,1,294,2,'2019-02-26 19:20:50'),(913,40,0,1,197,2,'2019-02-26 19:52:04'),(913,41,0,1,198,2,'2019-02-26 19:53:50'),(913,43,0,1,200,2,'2019-02-26 19:48:13'),(913,53,0,1,226,2,'2019-02-26 19:26:41'),(913,62,0,1,249,2,'2019-02-26 19:29:45'),(913,76,0,1,296,2,'2019-02-26 19:20:19'),(913,78,0,1,298,2,'2019-02-26 19:33:49'),(913,80,0,1,300,2,'2019-02-26 19:34:33'),(913,81,0,1,301,2,'2019-02-26 19:34:14'),(913,82,0,1,302,2,'2019-02-26 19:34:34'),(913,83,0,1,303,2,'2019-02-26 19:34:23'),(913,84,0,1,304,2,'2019-02-26 19:34:51'),(913,85,0,1,305,2,'2019-02-26 19:34:41'),(913,86,0,1,306,2,'2019-02-26 19:46:11'),(913,87,0,1,307,2,'2019-02-26 19:34:36'),(913,88,0,1,308,2,'2019-02-26 19:34:15'),(913,89,0,1,309,2,'2019-02-26 19:34:47'),(913,90,0,1,310,2,'2019-02-26 19:52:06'),(913,91,0,1,311,2,'2019-02-26 19:34:37'),(913,92,0,1,312,2,'2019-02-26 19:46:14'),(913,93,0,1,313,2,'2019-02-26 19:46:16'),(913,94,0,1,314,2,'2019-02-26 19:34:31'),(913,95,0,1,315,2,'2019-02-26 19:20:23'),(913,96,0,1,316,2,'2019-02-26 19:20:28'),(913,97,0,1,317,2,'2019-02-26 19:20:29'),(913,98,0,1,318,2,'2019-02-26 19:34:24'),(913,99,0,1,319,2,'2019-02-26 19:34:18'),(913,100,0,1,320,2,'2019-02-26 19:53:52'),(913,101,0,1,321,2,'2019-02-26 19:53:54'),(913,102,0,1,322,2,'2019-02-26 19:56:52'),(913,103,0,1,323,2,'2019-02-26 19:56:53'),(913,104,0,1,324,2,'2019-02-26 19:34:53'),(913,105,0,1,325,2,'2019-02-26 19:56:57'),(913,106,0,1,326,2,'2019-02-26 19:34:57'),(913,107,0,1,327,2,'2019-02-26 19:56:51'),(913,108,0,1,328,2,'2019-02-26 19:52:07'),(913,109,0,1,329,2,'2019-02-26 19:33:50'),(913,110,0,1,330,2,'2019-02-26 19:34:20'),(913,111,0,1,331,2,'2019-02-26 19:34:26'),(913,112,0,1,332,2,'2019-02-26 19:51:56'),(913,113,0,1,333,2,'2019-02-26 19:48:15'),(913,114,0,1,334,2,'2019-02-26 19:51:58'),(913,115,0,1,335,2,'2019-02-26 19:52:02'),(913,116,0,1,336,2,'2019-02-26 19:52:00'),(913,117,0,1,337,2,'2019-02-26 19:34:54'),(913,118,0,1,338,2,'2019-02-26 19:52:01'),(913,119,0,1,339,2,'2019-02-26 19:34:58'),(913,120,0,1,340,2,'2019-02-26 19:48:29'),(913,136,0,1,0,2,'2019-02-26 19:46:13'),(913,141,0,1,0,2,'2019-02-26 20:10:44'),(913,142,0,1,358,2,'2019-02-26 19:59:35'),(913,144,0,1,380,2,'2019-02-26 20:01:39'),(913,145,0,1,391,2,'2019-02-26 20:01:37'),(913,146,0,1,409,2,'2019-02-26 20:08:15'),(913,147,0,1,417,2,'2019-02-26 20:08:21'),(913,149,0,1,437,2,'2019-02-26 20:06:44'),(913,150,0,1,438,2,'2019-02-26 20:04:47'),(913,153,0,1,455,2,'2019-02-26 20:10:47'),(913,154,0,1,465,2,'2019-02-26 20:10:49'),(913,157,0,1,483,2,'2019-02-26 20:10:51'),(913,160,0,1,501,2,'2019-02-26 20:11:58'),(913,161,0,1,510,2,'2019-02-26 20:12:00'),(913,166,0,1,526,2,'2019-02-26 20:16:16'),(913,169,0,1,544,2,'2019-02-26 20:15:34'),(913,170,0,1,555,2,'2019-02-26 20:04:53'),(913,171,0,1,563,2,'2019-02-26 20:16:26'),(913,173,0,1,575,2,'2019-02-26 20:16:18'),(913,174,0,1,580,2,'2019-02-26 20:16:21'),(913,175,0,1,583,2,'2019-02-26 20:16:24'),(913,178,0,1,601,2,'2019-02-26 20:15:40'),(913,179,0,1,609,2,'2019-02-26 20:16:06'),(913,180,0,1,618,2,'2019-02-26 20:16:12'),(913,181,0,1,624,2,'2019-02-26 20:16:11'),(913,182,0,1,633,2,'2019-02-26 20:15:42'),(913,183,0,1,636,2,'2019-02-26 20:16:09'),(913,184,0,1,644,2,'2019-02-26 20:16:22'),(913,185,0,1,652,2,'2019-02-26 20:16:14'),(913,197,0,1,717,2,'2019-02-26 19:20:51'),(913,198,0,1,0,2,'2019-02-26 19:33:43'),(913,204,0,1,733,2,'2019-02-26 19:59:38'),(913,206,0,1,746,2,'2019-02-26 20:01:20'),(913,207,0,1,757,2,'2019-02-26 20:01:32'),(913,208,0,1,768,2,'2019-02-26 20:01:25'),(913,209,0,1,784,2,'2019-02-26 20:01:28'),(913,211,0,1,800,2,'2019-02-26 20:01:22'),(913,212,0,1,811,2,'2019-02-26 20:01:31'),(913,213,0,1,823,2,'2019-02-26 20:01:27'),(913,363,0,1,1927,2,'2019-02-26 19:57:51'),(913,386,0,1,1908,2,'2019-02-26 19:26:45'),(913,387,0,1,1909,2,'2019-02-26 19:26:47'),(913,396,0,1,1922,2,'2019-02-26 19:24:17'),(918,109,224,1,329,1,'2019-03-03 01:19:48'),(919,110,0,1,330,2,'2019-03-04 16:48:24'),(921,39,0,1,294,1,'2019-03-05 01:24:06'),(921,76,0,1,296,1,'2019-03-05 01:24:11'),(921,95,0,1,315,1,'2019-03-05 01:24:15'),(921,96,0,1,316,1,'2019-03-05 01:24:19'),(921,197,0,1,717,1,'2019-03-05 01:23:58'),(923,39,0,1,294,1,'2019-03-05 07:44:58'),(923,197,0,1,717,1,'2019-03-05 07:44:44'),(924,100,0,1,320,1,'2019-03-05 07:52:52'),(924,101,0,1,321,1,'2019-03-05 07:52:56'),(924,102,0,1,322,1,'2019-03-05 07:52:59'),(924,103,0,1,323,1,'2019-03-05 07:53:01'),(924,104,0,1,324,1,'2019-03-05 07:53:08'),(924,105,0,1,325,1,'2019-03-05 07:53:11'),(924,106,0,1,326,1,'2019-03-05 07:53:13'),(924,107,0,1,327,1,'2019-03-05 07:53:20'),(924,108,0,1,328,1,'2019-03-05 07:53:22'),(924,109,0,1,329,1,'2019-03-05 07:53:26'),(925,12,0,1,0,1,'2019-03-05 07:53:57'),(925,15,0,1,89,1,'2019-03-05 07:55:09'),(925,16,0,1,370,1,'2019-03-05 07:55:20'),(925,111,0,1,331,1,'2019-03-05 07:53:31'),(925,112,0,1,332,1,'2019-03-05 07:53:35'),(925,113,0,1,333,1,'2019-03-05 07:53:38'),(925,114,0,1,334,1,'2019-03-05 07:53:41'),(925,115,0,1,335,1,'2019-03-05 07:53:44'),(925,116,0,1,336,1,'2019-03-05 07:53:48'),(925,117,0,1,337,1,'2019-03-05 07:53:51'),(925,118,0,1,338,1,'2019-03-05 07:53:54'),(925,120,0,1,340,1,'2019-03-05 07:54:00'),(925,141,0,1,0,1,'2019-03-05 07:54:47'),(925,142,0,1,358,1,'2019-03-05 07:54:49'),(925,143,0,1,360,1,'2019-03-05 07:54:51'),(925,144,0,1,380,1,'2019-03-05 07:54:53'),(925,145,0,1,391,1,'2019-03-05 07:54:57'),(925,146,0,1,409,1,'2019-03-05 07:54:59'),(925,147,0,1,417,1,'2019-03-05 07:55:02'),(925,149,0,1,437,1,'2019-03-05 07:55:05'),(925,150,0,1,438,1,'2019-03-05 07:55:12'),(925,153,0,1,455,1,'2019-03-05 07:55:15'),(925,157,0,1,483,1,'2019-03-05 07:55:17'),(925,160,0,1,501,1,'2019-03-05 07:55:23'),(925,161,0,1,510,1,'2019-03-05 07:55:25'),(925,166,0,1,526,1,'2019-03-05 07:55:28'),(926,23,0,1,149,1,'2019-03-05 07:56:45'),(926,170,0,1,555,1,'2019-03-05 07:55:34'),(926,173,0,1,575,1,'2019-03-05 07:55:37'),(926,178,0,1,601,1,'2019-03-05 07:55:41'),(926,179,0,1,609,1,'2019-03-05 07:55:45'),(926,180,0,1,618,1,'2019-03-05 07:55:48'),(926,181,0,1,624,1,'2019-03-05 07:55:52'),(926,183,0,1,636,1,'2019-03-05 07:55:56'),(926,198,0,1,0,1,'2019-03-05 07:56:21'),(926,206,0,1,746,1,'2019-03-05 07:56:28'),(926,207,0,1,757,1,'2019-03-05 07:56:30'),(926,208,0,1,768,1,'2019-03-05 07:56:33'),(926,209,0,1,784,1,'2019-03-05 07:56:36'),(926,211,0,1,800,1,'2019-03-05 07:56:40'),(927,34,0,1,173,1,'2019-03-05 07:58:18'),(927,35,0,1,202,1,'2019-03-05 07:58:21'),(927,36,0,1,189,1,'2019-03-05 07:58:32'),(927,363,0,1,1927,1,'2019-03-05 07:58:42'),(927,396,0,1,1922,1,'2019-03-05 07:59:34'),(928,40,0,1,197,1,'2019-03-05 08:00:15'),(928,41,0,1,198,1,'2019-03-05 08:00:24'),(928,43,0,1,200,1,'2019-03-05 08:00:48'),(929,62,0,1,249,1,'2019-03-05 08:03:34'),(930,78,0,1,298,1,'2019-03-05 08:04:33'),(930,80,0,1,300,1,'2019-03-05 08:04:37'),(930,81,0,1,301,1,'2019-03-05 08:04:41'),(930,82,0,1,302,1,'2019-03-05 08:04:44'),(930,83,0,1,303,1,'2019-03-05 08:04:48'),(930,84,0,1,304,1,'2019-03-05 08:04:51'),(930,85,0,1,305,1,'2019-03-05 08:04:55'),(930,86,0,1,306,1,'2019-03-05 08:04:59'),(930,87,0,1,307,1,'2019-03-05 08:05:02'),(930,88,0,1,308,1,'2019-03-05 08:05:05'),(930,89,0,1,309,1,'2019-03-05 08:05:09'),(930,91,0,1,311,1,'2019-03-05 08:05:12'),(930,94,0,1,314,1,'2019-03-05 08:05:15'),(930,97,0,1,317,1,'2019-03-05 08:05:20'),(930,98,0,1,318,1,'2019-03-05 08:05:24'),(930,99,0,1,319,1,'2019-03-05 08:05:27'),(932,12,0,1,0,1,'2019-03-05 18:48:14'),(932,115,0,1,335,1,'2019-03-05 18:48:05'),(932,116,0,1,336,1,'2019-03-05 18:48:08'),(932,117,0,1,337,1,'2019-03-05 18:48:10'),(932,118,0,1,338,1,'2019-03-05 18:48:12'),(932,120,0,1,340,1,'2019-03-05 18:48:16'),(933,15,0,1,89,1,'2019-03-05 18:49:18'),(933,16,0,1,370,1,'2019-03-05 18:49:34'),(933,136,0,1,0,1,'2019-03-05 18:48:54'),(933,141,0,1,0,1,'2019-03-05 18:48:58'),(933,142,0,1,358,1,'2019-03-05 18:49:00'),(933,143,0,1,360,1,'2019-03-05 18:49:02'),(933,144,0,1,380,1,'2019-03-05 18:49:05'),(933,145,0,1,391,1,'2019-03-05 18:49:08'),(933,146,0,1,409,1,'2019-03-05 18:49:10'),(933,147,0,1,417,1,'2019-03-05 18:49:12'),(933,149,0,1,437,1,'2019-03-05 18:49:14'),(933,150,0,1,438,1,'2019-03-05 18:49:21'),(933,153,0,1,455,1,'2019-03-05 18:49:23'),(933,154,0,1,465,1,'2019-03-05 18:49:25'),(933,157,0,1,483,1,'2019-03-05 18:49:30'),(933,160,0,1,501,1,'2019-03-05 18:49:38'),(933,161,0,1,510,1,'2019-03-05 18:49:41'),(933,166,0,1,526,1,'2019-03-05 18:49:46'),(933,169,0,1,544,2,'2019-03-05 18:49:51'),(933,170,0,1,555,1,'2019-03-05 18:49:54'),(933,173,0,1,575,1,'2019-03-05 18:49:57'),(933,174,0,1,580,1,'2019-03-05 18:50:03'),(933,178,0,1,601,1,'2019-03-05 18:50:05'),(933,179,0,1,609,1,'2019-03-05 18:50:08'),(933,180,0,1,618,1,'2019-03-05 18:50:11'),(933,181,0,1,624,1,'2019-03-05 18:50:23'),(933,183,0,1,636,1,'2019-03-05 18:50:29'),(934,23,0,1,149,1,'2019-03-05 18:51:29'),(934,34,0,1,173,1,'2019-03-05 18:52:22'),(934,35,0,1,202,1,'2019-03-05 18:52:27'),(934,36,0,1,189,1,'2019-03-05 18:52:31'),(934,198,0,1,0,1,'2019-03-05 18:50:51'),(934,204,0,1,733,1,'2019-03-05 18:51:01'),(934,206,0,1,746,1,'2019-03-05 18:51:05'),(934,207,0,1,757,1,'2019-03-05 18:51:09'),(934,208,0,1,768,1,'2019-03-05 18:51:13'),(934,209,0,1,784,1,'2019-03-05 18:51:18'),(934,211,0,1,800,1,'2019-03-05 18:51:23'),(934,363,0,1,1927,1,'2019-03-05 18:52:36'),(935,40,0,1,197,1,'2019-03-05 18:53:27'),(935,41,0,1,198,1,'2019-03-05 18:53:32'),(935,43,0,1,200,1,'2019-03-05 18:53:43'),(935,396,0,1,1922,1,'2019-03-05 18:53:00'),(936,62,0,1,249,1,'2019-03-05 18:55:05'),(936,76,0,1,296,1,'2019-03-05 18:56:18'),(936,78,0,1,298,1,'2019-03-05 18:56:23'),(936,80,0,1,300,1,'2019-03-05 18:56:27'),(936,81,0,1,301,1,'2019-03-05 18:56:33'),(936,82,0,1,302,1,'2019-03-05 18:56:37'),(936,100,0,1,320,1,'2019-03-05 18:55:26'),(936,101,0,1,321,1,'2019-03-05 18:55:29'),(936,102,0,1,322,1,'2019-03-05 18:55:32'),(936,103,0,1,323,1,'2019-03-05 18:55:35'),(936,104,0,1,324,1,'2019-03-05 18:55:38'),(936,105,0,1,325,1,'2019-03-05 18:55:41'),(936,106,0,1,326,1,'2019-03-05 18:55:44'),(936,107,0,1,327,1,'2019-03-05 18:55:47'),(936,108,0,1,328,1,'2019-03-05 18:55:49'),(936,109,0,1,329,1,'2019-03-05 18:55:53'),(936,110,0,1,330,2,'2019-03-05 18:56:01'),(936,111,0,1,331,1,'2019-03-05 18:56:04'),(936,112,0,1,332,1,'2019-03-05 18:56:08'),(936,113,0,1,333,1,'2019-03-05 18:56:12'),(936,114,0,1,334,1,'2019-03-05 18:56:15'),(937,84,0,1,304,1,'2019-03-05 18:56:48'),(937,85,0,1,305,1,'2019-03-05 18:56:52'),(937,86,0,1,306,1,'2019-03-05 18:56:57'),(937,87,0,1,307,1,'2019-03-05 18:57:03'),(937,88,0,1,308,1,'2019-03-05 18:57:07'),(937,89,0,1,309,1,'2019-03-05 18:57:12'),(937,91,0,1,311,1,'2019-03-05 18:57:16'),(937,94,0,1,314,1,'2019-03-05 18:57:21'),(937,95,0,1,315,1,'2019-03-05 18:57:25'),(937,96,0,1,316,1,'2019-03-05 18:57:30'),(937,97,0,1,317,1,'2019-03-05 18:57:34'),(937,98,0,1,318,1,'2019-03-05 18:57:39'),(937,99,0,1,319,1,'2019-03-05 18:57:44'),(938,53,0,1,226,1,'2019-03-05 19:14:41'),(938,90,0,1,310,1,'2019-03-05 19:14:43'),(938,119,0,1,339,1,'2019-03-05 19:14:10'),(938,154,0,1,465,1,'2019-03-05 19:14:14'),(938,174,0,1,580,1,'2019-03-05 19:14:16'),(938,175,0,1,583,1,'2019-03-05 19:14:21'),(938,184,0,1,644,1,'2019-03-05 19:14:25'),(938,212,0,1,811,1,'2019-03-05 19:14:31'),(939,119,0,1,339,1,'2019-03-06 05:45:51'),(940,92,0,1,312,1,'2019-03-06 05:46:56'),(940,93,0,1,313,1,'2019-03-06 05:47:19'),(941,83,0,1,303,1,'2019-03-06 06:13:41'),(942,12,0,1,0,1,'2019-03-06 06:49:50'),(944,53,0,1,226,1,'2019-03-07 08:58:34'),(945,90,0,1,310,1,'2019-03-07 08:59:34'),(945,92,0,1,312,1,'2019-03-07 08:59:36'),(945,93,0,1,313,1,'2019-03-07 08:59:38'),(945,136,0,1,0,1,'2019-03-07 08:59:31'),(947,89,237,1,309,1,'2019-03-07 17:23:34'),(949,76,0,1,296,1,'2019-03-08 05:37:07'),(949,92,0,1,312,1,'2019-03-08 05:37:13'),(949,93,0,1,313,1,'2019-03-08 05:37:18'),(949,95,0,1,315,1,'2019-03-08 05:37:22'),(949,96,0,1,316,1,'2019-03-08 05:37:26'),(949,97,0,1,317,1,'2019-03-08 05:37:29'),(950,76,0,1,296,1,'2019-03-08 05:48:24'),(950,92,0,1,312,1,'2019-03-08 05:48:28'),(950,93,0,1,313,1,'2019-03-08 05:48:32'),(950,95,0,1,315,1,'2019-03-08 05:48:34'),(950,96,0,1,316,1,'2019-03-08 05:48:40'),(950,97,0,1,317,1,'2019-03-08 05:48:44'),(951,41,224,1,198,1,'2019-03-08 18:04:27'),(951,97,224,1,317,1,'2019-03-08 17:59:56'),(951,101,224,1,321,1,'2019-03-08 18:04:22'),(951,108,224,1,328,1,'2019-03-08 18:04:31'),(951,187,224,1,0,1,'2019-03-08 17:59:27'),(951,401,224,1,1940,1,'2019-03-24 12:51:48'),(957,78,0,1,298,1,'2019-03-13 14:07:29'),(957,81,0,1,301,1,'2019-03-13 14:06:23'),(957,87,0,1,307,1,'2019-03-13 14:06:55'),(958,402,238,1,1945,1,'2019-03-13 20:51:56'),(959,246,239,1,1118,1,'2019-03-15 17:06:31'),(961,213,0,1,823,1,'2019-03-17 20:09:34'),(962,76,241,1,296,1,'2019-03-18 15:45:25'),(962,78,241,1,298,1,'2019-03-18 16:05:10'),(962,79,241,1,299,1,'2019-03-18 16:05:14'),(962,82,241,1,302,1,'2019-03-18 16:05:31'),(962,83,241,1,303,1,'2019-03-18 16:05:27'),(963,303,0,1,1495,2,'2019-04-06 17:19:06'),(964,88,0,1,308,3,'2019-03-24 10:16:17'),(965,136,257,1,0,1,'2019-05-13 08:33:29'),(965,188,257,1,0,1,'2019-05-13 08:34:51'),(966,76,0,1,656,1,'2019-03-26 00:03:15'),(966,78,0,1,298,1,'2019-03-26 00:05:31'),(969,197,0,1,717,1,'2019-03-27 16:06:49'),(971,5,0,1,15,2,'2019-03-28 14:03:26'),(972,86,244,1,306,1,'2019-03-28 17:12:16'),(972,297,244,1,1465,1,'2019-03-28 17:22:14'),(973,314,0,1,1552,1,'2019-03-28 22:09:58'),(977,211,0,1,800,1,'2019-04-04 10:54:44'),(978,87,0,1,307,1,'2019-04-04 11:36:04'),(979,76,0,1,296,1,'2019-04-04 15:37:41'),(984,91,0,1,311,1,'2019-04-05 22:53:24'),(985,76,0,1,296,1,'2019-04-06 14:44:22'),(985,92,0,1,312,1,'2019-04-06 14:44:30'),(985,93,0,1,313,1,'2019-04-06 14:44:39'),(985,95,0,1,315,1,'2019-04-06 14:44:46'),(985,96,0,1,316,1,'2019-04-06 14:44:52'),(985,97,0,1,317,1,'2019-04-06 14:44:56'),(986,76,0,1,296,1,'2019-04-06 15:03:21'),(986,92,0,1,312,1,'2019-04-06 15:03:26'),(986,93,0,1,313,1,'2019-04-06 15:03:31'),(986,95,0,1,315,1,'2019-04-06 15:03:35'),(986,96,0,1,316,1,'2019-04-06 15:03:39'),(986,97,0,1,317,1,'2019-04-06 15:03:50'),(987,209,0,1,784,1,'2019-04-06 19:22:49'),(991,39,0,1,294,1,'2019-04-08 14:15:48'),(992,410,0,1,1953,1,'2019-04-26 18:11:57'),(996,55,0,1,234,1,'2019-04-09 00:13:00'),(997,23,8,1,149,1,'2019-04-09 09:15:42'),(998,83,8,1,303,1,'2019-04-09 09:32:58'),(999,39,0,1,294,1,'2019-04-09 15:23:10'),(999,76,0,1,296,1,'2019-04-09 15:23:15'),(999,95,0,1,315,1,'2019-04-09 15:23:18'),(999,96,0,1,316,1,'2019-04-09 15:23:21'),(999,197,0,1,717,1,'2019-04-09 15:23:01'),(1000,295,0,1,1463,1,'2019-04-09 16:31:22'),(1001,12,0,1,0,1,'2019-04-09 21:12:42'),(1001,105,0,1,325,1,'2019-04-09 21:12:01'),(1001,106,0,1,326,1,'2019-04-09 21:12:03'),(1001,107,0,1,327,1,'2019-04-09 21:12:05'),(1001,108,0,1,328,1,'2019-04-09 21:12:10'),(1001,109,0,1,329,1,'2019-04-09 21:12:14'),(1001,110,0,1,330,1,'2019-04-09 21:12:16'),(1001,111,0,1,331,1,'2019-04-09 21:12:18'),(1001,112,0,1,332,1,'2019-04-09 21:12:22'),(1001,113,0,1,333,1,'2019-04-09 21:12:26'),(1001,114,0,1,334,1,'2019-04-09 21:12:28'),(1001,115,0,1,335,1,'2019-04-09 21:12:31'),(1001,116,0,1,336,1,'2019-04-09 21:12:33'),(1001,117,0,1,337,1,'2019-04-09 21:12:36'),(1001,118,0,1,338,1,'2019-04-09 21:12:38'),(1001,120,0,1,340,1,'2019-04-09 21:12:44'),(1001,141,0,1,0,1,'2019-04-09 21:13:32'),(1001,142,0,1,358,1,'2019-04-09 21:13:34'),(1001,143,0,1,360,1,'2019-04-09 21:13:37'),(1001,144,0,1,380,1,'2019-04-09 21:13:39'),(1001,145,0,1,391,1,'2019-04-09 21:13:44'),(1001,146,0,1,409,1,'2019-04-09 21:13:48'),(1001,147,0,1,417,1,'2019-04-09 21:13:52'),(1001,149,0,1,437,1,'2019-04-09 21:14:00'),(1005,100,0,1,320,1,'2019-04-09 21:25:00'),(1005,101,0,1,321,1,'2019-04-09 21:25:10'),(1005,102,0,1,322,1,'2019-04-09 21:25:19'),(1005,103,0,1,323,1,'2019-04-09 21:25:28'),(1005,104,0,1,324,1,'2019-04-09 21:25:39'),(1006,100,0,1,320,1,'2019-04-10 07:13:36'),(1006,101,0,1,321,1,'2019-04-10 07:13:40'),(1007,12,0,1,0,1,'2019-04-10 07:14:35'),(1007,15,0,1,89,1,'2019-04-10 07:15:34'),(1007,82,0,1,302,1,'2019-04-10 07:14:46'),(1007,83,0,1,303,1,'2019-04-10 07:14:50'),(1007,84,0,1,304,1,'2019-04-10 07:14:56'),(1007,85,0,1,305,1,'2019-04-10 07:15:03'),(1007,86,0,1,306,1,'2019-04-10 07:15:08'),(1007,87,0,1,307,1,'2019-04-10 07:15:12'),(1007,88,0,1,308,1,'2019-04-10 07:15:16'),(1007,89,0,1,309,1,'2019-04-10 07:15:39'),(1007,91,0,1,311,1,'2019-04-10 07:15:43'),(1007,103,0,1,323,1,'2019-04-10 07:13:45'),(1007,104,0,1,324,1,'2019-04-10 07:13:48'),(1007,105,0,1,325,1,'2019-04-10 07:13:51'),(1007,106,0,1,326,1,'2019-04-10 07:13:54'),(1007,107,0,1,327,1,'2019-04-10 07:13:58'),(1007,108,0,1,328,1,'2019-04-10 07:14:02'),(1007,109,0,1,329,1,'2019-04-10 07:14:05'),(1007,110,0,1,330,1,'2019-04-10 07:14:08'),(1007,111,0,1,331,1,'2019-04-10 07:14:11'),(1007,112,0,1,332,1,'2019-04-10 07:14:13'),(1007,113,0,1,333,1,'2019-04-10 07:14:16'),(1007,114,0,1,334,1,'2019-04-10 07:14:19'),(1007,115,0,1,335,1,'2019-04-10 07:14:23'),(1007,116,0,1,336,1,'2019-04-10 07:14:26'),(1007,117,0,1,337,1,'2019-04-10 07:14:28'),(1007,118,0,1,338,1,'2019-04-10 07:14:31'),(1007,120,0,1,340,1,'2019-04-10 07:14:37'),(1007,141,0,1,0,1,'2019-04-10 07:15:20'),(1007,143,0,1,360,1,'2019-04-10 07:15:22'),(1007,144,0,1,380,1,'2019-04-10 07:15:25'),(1007,145,0,1,391,1,'2019-04-10 07:15:28'),(1007,149,0,1,437,1,'2019-04-10 07:15:31'),(1007,150,0,1,438,1,'2019-04-10 07:15:37'),(1007,153,0,1,455,1,'2019-04-10 07:15:40'),(1008,7,0,1,292,1,'2019-04-10 07:16:56'),(1008,24,0,1,151,1,'2019-04-10 07:16:21'),(1008,26,0,1,153,1,'2019-04-10 07:16:24'),(1008,34,0,1,173,1,'2019-04-10 07:16:31'),(1008,40,0,1,197,1,'2019-04-10 07:16:36'),(1008,41,0,1,198,1,'2019-04-10 07:16:43'),(1008,43,0,1,200,1,'2019-04-10 07:16:51'),(1008,78,0,1,298,1,'2019-04-10 07:16:59'),(1008,80,0,1,300,1,'2019-04-10 07:17:02'),(1008,81,0,1,301,1,'2019-04-10 07:17:06'),(1008,94,0,1,314,1,'2019-04-10 07:15:47'),(1008,97,0,1,317,1,'2019-04-10 07:15:51'),(1008,98,0,1,318,1,'2019-04-10 07:15:54'),(1008,99,0,1,319,1,'2019-04-10 07:15:59'),(1008,157,0,1,483,1,'2019-04-10 07:15:48'),(1008,160,0,1,501,1,'2019-04-10 07:15:50'),(1008,161,0,1,510,1,'2019-04-10 07:15:52'),(1008,166,0,1,526,1,'2019-04-10 07:15:55'),(1008,169,0,1,544,1,'2019-04-10 07:15:57'),(1008,170,0,1,555,1,'2019-04-10 07:16:00'),(1008,173,0,1,575,1,'2019-04-10 07:16:03'),(1008,174,0,1,580,1,'2019-04-10 07:16:06'),(1008,178,0,1,601,1,'2019-04-10 07:16:09'),(1008,180,0,1,618,1,'2019-04-10 07:16:12'),(1008,181,0,1,624,1,'2019-04-10 07:16:15'),(1008,211,0,1,800,1,'2019-04-10 07:16:17'),(1008,363,0,1,1927,1,'2019-04-10 07:16:34'),(1009,90,0,1,310,1,'2019-04-10 07:49:16'),(1010,16,0,1,370,1,'2019-04-10 17:27:09'),(1010,119,0,1,339,1,'2019-04-10 17:26:55'),(1010,146,0,1,409,1,'2019-04-10 17:27:01'),(1010,147,0,1,417,1,'2019-04-10 17:27:06'),(1010,175,0,1,583,1,'2019-04-10 17:27:12'),(1010,184,0,1,644,1,'2019-04-10 17:27:14'),(1010,189,0,1,684,1,'2019-04-10 17:27:20'),(1010,207,0,1,757,1,'2019-04-10 17:27:33'),(1010,208,0,1,768,1,'2019-04-10 17:27:38'),(1010,209,0,1,784,1,'2019-04-10 17:27:41'),(1010,212,0,1,811,1,'2019-04-10 17:27:45'),(1010,396,0,1,1922,1,'2019-04-10 17:28:00'),(1011,52,0,1,225,1,'2019-04-10 17:28:27'),(1011,53,0,1,226,1,'2019-04-10 17:28:31'),(1011,90,0,1,310,1,'2019-04-10 17:28:40'),(1012,102,0,1,322,1,'2019-04-10 17:33:22'),(1012,154,0,1,465,1,'2019-04-10 17:33:24'),(1013,211,0,1,800,1,'2019-04-11 00:22:33'),(1014,51,0,1,224,1,'2019-04-11 00:24:15'),(1014,92,0,1,312,1,'2019-04-11 00:24:20'),(1014,93,0,1,313,1,'2019-04-11 00:24:26'),(1015,51,0,1,224,1,'2019-04-11 06:20:47'),(1015,53,0,1,226,1,'2019-04-11 06:20:50'),(1015,136,0,1,0,1,'2019-04-11 06:20:32'),(1015,189,0,1,684,1,'2019-04-11 06:20:38'),(1016,92,0,1,312,1,'2019-04-11 12:01:06'),(1016,93,0,1,313,1,'2019-04-11 12:01:09'),(1016,136,0,1,0,1,'2019-04-11 12:01:03'),(1017,363,0,1,1926,1,'2019-04-12 22:11:55'),(1017,363,0,1,1927,1,'2019-04-12 22:10:45'),(1020,76,0,1,296,1,'2019-04-14 12:18:41'),(1020,79,0,1,299,1,'2019-04-14 12:18:50'),(1020,81,0,1,301,1,'2019-04-14 12:18:55'),(1020,83,0,1,303,1,'2019-04-14 12:19:06'),(1020,85,0,1,305,1,'2019-04-14 12:19:33'),(1020,87,0,1,307,1,'2019-04-14 12:19:11'),(1021,23,0,1,149,1,'2019-04-14 23:44:52'),(1021,24,0,1,151,1,'2019-04-14 23:57:12'),(1021,26,0,1,153,1,'2019-04-14 23:48:19'),(1021,29,0,1,162,1,'2019-04-15 02:13:17'),(1021,34,0,1,173,1,'2019-04-14 23:45:37'),(1021,35,0,1,202,1,'2019-04-14 23:46:35'),(1021,36,0,1,189,1,'2019-04-14 23:47:34'),(1021,51,0,1,224,1,'2019-04-14 23:59:37'),(1021,52,0,1,225,1,'2019-04-15 00:00:11'),(1021,55,0,1,234,1,'2019-04-14 23:59:06'),(1021,56,0,1,235,1,'2019-04-14 23:54:32'),(1021,74,0,1,283,1,'2019-04-15 02:13:52'),(1021,189,0,1,684,1,'2019-04-14 23:55:18'),(1021,191,0,1,689,1,'2019-04-14 23:57:50'),(1021,368,0,1,1869,1,'2019-04-14 23:58:36'),(1021,385,0,1,1901,1,'2019-04-14 23:55:43'),(1021,386,0,1,1908,1,'2019-04-14 23:56:01'),(1021,387,0,1,1909,1,'2019-04-14 23:56:24'),(1021,396,0,1,1922,1,'2019-04-15 02:10:06'),(1022,363,0,1,1927,1,'2019-04-15 10:03:11'),(1023,76,0,1,296,1,'2019-04-15 14:04:03'),(1023,92,0,1,312,1,'2019-04-15 14:04:05'),(1023,93,0,1,313,1,'2019-04-15 14:04:07'),(1023,95,0,1,315,1,'2019-04-15 14:04:10'),(1023,96,0,1,316,1,'2019-04-15 14:04:12'),(1023,97,0,1,317,1,'2019-04-15 14:04:15'),(1024,76,0,1,296,1,'2019-04-15 14:14:56'),(1024,92,0,1,312,1,'2019-04-15 14:15:12'),(1024,93,0,1,313,1,'2019-04-15 14:15:15'),(1024,95,0,1,315,1,'2019-04-15 14:15:20'),(1024,96,0,1,316,1,'2019-04-15 14:15:22'),(1024,97,0,1,317,1,'2019-04-15 14:15:26'),(1025,78,0,1,298,1,'2019-04-15 17:35:51'),(1026,40,0,1,197,1,'2019-04-16 13:21:35'),(1027,94,0,1,314,2,'2019-04-16 14:40:24'),(1029,246,255,1,1118,1,'2019-05-09 19:27:46'),(1029,295,255,1,1463,1,'2019-05-08 00:39:49'),(1031,79,0,1,299,6,'2019-04-18 12:37:18'),(1032,295,0,1,1463,1,'2019-04-19 21:44:12'),(1033,355,0,1,1833,5,'2019-04-20 12:41:03'),(1034,372,0,1,1930,1,'2019-04-20 19:15:19'),(1035,76,0,1,296,1,'2019-04-21 07:18:42'),(1035,92,0,1,312,1,'2019-04-21 07:18:44'),(1035,93,0,1,313,1,'2019-04-21 07:18:47'),(1035,95,0,1,315,1,'2019-04-21 07:18:50'),(1035,96,0,1,316,1,'2019-04-21 07:18:53'),(1035,97,0,1,317,1,'2019-04-21 07:18:56'),(1037,76,0,1,296,1,'2019-04-21 07:31:34'),(1037,92,0,1,312,1,'2019-04-21 07:31:37'),(1037,93,0,1,313,1,'2019-04-21 07:31:40'),(1037,95,0,1,315,1,'2019-04-21 07:31:43'),(1037,96,0,1,316,1,'2019-04-21 07:31:46'),(1037,97,0,1,317,1,'2019-04-21 07:31:50'),(1038,62,245,1,249,1,'2019-04-22 10:02:42'),(1039,192,0,1,694,1,'2019-04-22 14:29:11'),(1041,80,0,1,300,6,'2019-04-23 14:47:21'),(1045,143,246,1,360,1,'2019-04-25 18:38:31'),(1045,363,246,1,1927,3,'2019-04-25 18:44:54'),(1046,16,0,1,370,1,'2019-04-25 18:44:58'),(1046,294,0,1,1462,1,'2019-04-25 18:43:38'),(1048,410,0,1,0,1,'2019-04-26 17:40:44'),(1050,146,0,1,409,1,'2019-06-03 10:05:47'),(1050,264,0,1,1163,1,'2019-06-11 08:50:29'),(1050,285,0,1,1418,1,'2019-06-06 08:49:04'),(1051,89,0,1,309,1,'2019-05-17 07:22:15'),(1053,347,0,1,1812,1,'2019-04-28 20:00:03'),(1059,24,253,1,151,1,'2019-05-08 18:50:09'),(1060,104,0,1,324,1,'2019-04-30 11:03:00'),(1061,41,0,1,198,1,'2019-04-30 11:03:48'),(1061,97,0,1,317,1,'2019-04-30 11:03:13'),(1061,102,0,1,322,1,'2019-04-30 11:04:19'),(1061,105,0,1,325,1,'2019-04-30 11:03:27'),(1063,98,248,1,318,1,'2019-05-01 13:15:29'),(1063,100,248,1,320,1,'2019-04-30 21:45:44'),(1063,101,248,1,321,1,'2019-04-30 21:45:58'),(1065,76,0,1,296,1,'2019-05-02 09:39:15'),(1065,78,0,1,298,1,'2019-05-02 09:39:21'),(1065,79,0,1,299,1,'2019-05-02 09:39:25'),(1065,81,0,1,301,1,'2019-05-02 09:39:31'),(1065,83,0,1,303,1,'2019-05-02 09:39:37'),(1065,86,0,1,306,1,'2019-05-02 09:39:47'),(1067,363,249,1,1927,2,'2019-05-03 07:40:56'),(1069,325,0,1,1652,1,'2019-05-03 22:51:23'),(1070,410,0,1,1953,1,'2019-05-04 11:39:53'),(1071,260,251,1,1136,1,'2019-05-04 15:03:13'),(1072,260,251,1,1136,1,'2019-05-04 15:30:13'),(1073,303,120,1,1495,1,'2019-05-04 17:15:34'),(1076,76,0,1,296,1,'2019-05-06 04:29:47'),(1076,92,0,1,312,1,'2019-05-06 04:29:49'),(1076,93,0,1,313,1,'2019-05-06 04:30:32'),(1076,95,0,1,315,1,'2019-05-06 04:30:34'),(1076,96,0,1,316,1,'2019-05-06 04:30:37'),(1076,97,0,1,317,1,'2019-05-06 04:30:42'),(1077,76,0,1,296,1,'2019-05-06 04:50:29'),(1077,92,0,1,312,1,'2019-05-06 04:50:36'),(1077,93,0,1,313,1,'2019-05-06 04:50:39'),(1077,95,0,1,315,1,'2019-05-06 04:50:42'),(1077,96,0,1,316,1,'2019-05-06 04:50:45'),(1077,97,0,1,317,1,'2019-05-06 04:50:54'),(1084,26,256,1,153,1,'2019-05-11 12:03:40'),(1085,87,0,1,307,1,'2019-05-12 02:09:37'),(1086,40,0,1,197,1,'2019-05-13 05:46:39'),(1086,91,0,1,311,1,'2019-05-13 05:46:24'),(1086,96,0,1,316,1,'2019-05-13 05:45:39'),(1089,136,257,1,0,1,'2019-05-13 09:45:54'),(1089,188,257,1,0,1,'2019-05-13 09:46:18'),(1098,294,258,1,1462,1,'2019-05-15 17:36:51'),(1099,76,0,1,296,1,'2019-05-15 18:27:52'),(1099,95,0,1,315,1,'2019-05-15 18:27:56'),(1099,96,0,1,316,1,'2019-05-15 18:28:01'),(1099,166,0,1,526,1,'2019-05-15 18:27:26'),(1099,179,0,1,609,1,'2019-05-15 18:27:33'),(1099,180,0,1,618,1,'2019-05-15 18:27:49'),(1100,404,0,1,0,1,'2019-05-15 20:18:55'),(1102,76,0,1,296,1,'2019-05-16 00:19:48'),(1102,95,0,1,315,1,'2019-05-16 00:19:53'),(1102,96,0,1,316,1,'2019-05-16 00:19:59'),(1102,166,0,1,526,1,'2019-05-16 00:19:33'),(1102,179,0,1,609,1,'2019-05-16 00:19:37'),(1102,180,0,1,618,1,'2019-05-16 00:19:44'),(1103,100,0,1,320,1,'2019-05-16 00:27:11'),(1103,101,0,1,321,1,'2019-05-16 00:27:16'),(1103,102,0,1,322,1,'2019-05-16 00:27:19'),(1103,103,0,1,323,1,'2019-05-16 00:27:23'),(1103,104,0,1,324,1,'2019-05-16 00:27:29'),(1103,105,0,1,325,1,'2019-05-16 00:27:33'),(1103,106,0,1,326,1,'2019-05-16 00:27:37'),(1103,107,0,1,327,1,'2019-05-16 00:27:41'),(1104,12,0,1,0,1,'2019-05-16 00:28:28'),(1104,109,0,1,329,1,'2019-05-16 00:27:50'),(1104,110,0,1,330,1,'2019-05-16 00:27:53'),(1104,111,0,1,331,1,'2019-05-16 00:27:56'),(1104,112,0,1,332,1,'2019-05-16 00:28:00'),(1104,113,0,1,333,1,'2019-05-16 00:28:03'),(1104,114,0,1,334,1,'2019-05-16 00:28:07'),(1104,115,0,1,335,1,'2019-05-16 00:28:11'),(1104,116,0,1,336,1,'2019-05-16 00:28:17'),(1104,117,0,1,337,1,'2019-05-16 00:28:20'),(1104,118,0,1,338,1,'2019-05-16 00:28:24'),(1104,120,0,1,340,1,'2019-05-16 00:28:32'),(1104,136,0,1,0,1,'2019-05-16 00:29:20'),(1104,141,0,1,0,1,'2019-05-16 00:29:28'),(1104,142,0,1,358,1,'2019-05-16 00:29:32'),(1104,143,0,1,360,1,'2019-05-16 00:29:36'),(1104,144,0,1,380,1,'2019-05-16 00:29:40'),(1104,146,0,1,409,1,'2019-05-16 00:29:43'),(1105,15,0,1,89,1,'2019-05-16 00:29:53'),(1105,16,0,1,370,1,'2019-05-16 00:30:10'),(1105,149,0,1,437,1,'2019-05-16 00:29:50'),(1105,150,0,1,438,1,'2019-05-16 00:29:56'),(1105,153,0,1,455,1,'2019-05-16 00:29:59'),(1105,154,0,1,465,1,'2019-05-16 00:30:03'),(1105,157,0,1,483,1,'2019-05-16 00:30:07'),(1105,160,0,1,501,1,'2019-05-16 00:30:13'),(1105,161,0,1,510,1,'2019-05-16 00:30:16'),(1105,169,0,1,544,1,'2019-05-16 00:30:20'),(1105,170,0,1,555,1,'2019-05-16 00:30:23'),(1105,173,0,1,575,1,'2019-05-16 00:30:26'),(1105,174,0,1,580,1,'2019-05-16 00:30:30'),(1105,175,0,1,583,1,'2019-05-16 00:30:34'),(1105,178,0,1,601,1,'2019-05-16 00:30:38'),(1105,181,0,1,624,1,'2019-05-16 00:30:41'),(1105,183,0,1,636,1,'2019-05-16 00:30:45'),(1105,191,0,1,689,1,'2019-05-16 00:30:48'),(1105,197,0,1,717,1,'2019-05-16 00:31:03'),(1105,198,0,1,0,1,'2019-05-16 00:31:06'),(1105,206,0,1,746,1,'2019-05-16 00:31:41'),(1105,207,0,1,757,1,'2019-05-16 00:31:46'),(1106,5,0,1,15,1,'2019-05-16 00:33:35'),(1106,23,0,1,149,1,'2019-05-16 00:31:56'),(1106,24,0,1,151,1,'2019-05-16 00:32:00'),(1106,26,0,1,153,1,'2019-05-16 00:32:05'),(1106,29,0,1,162,1,'2019-05-16 00:32:17'),(1106,34,0,1,173,1,'2019-05-16 00:32:31'),(1106,35,0,1,202,1,'2019-05-16 00:32:33'),(1106,36,0,1,189,1,'2019-05-16 00:32:36'),(1106,39,0,1,294,1,'2019-05-16 00:32:53'),(1106,40,0,1,197,1,'2019-05-16 00:33:09'),(1106,41,0,1,198,1,'2019-05-16 00:33:11'),(1106,43,0,1,200,1,'2019-05-16 00:33:17'),(1106,52,0,1,225,1,'2019-05-16 00:33:41'),(1106,56,0,1,235,1,'2019-05-16 00:33:48'),(1106,209,0,1,784,1,'2019-05-16 00:31:51'),(1106,211,0,1,800,1,'2019-05-16 00:31:54'),(1106,363,0,1,1927,1,'2019-05-16 00:32:39'),(1106,396,0,1,1922,1,'2019-05-16 00:32:59'),(1107,6,0,1,16,1,'2019-05-16 00:34:04'),(1107,7,0,1,292,1,'2019-05-16 00:34:38'),(1107,62,0,1,249,1,'2019-05-16 00:34:09'),(1107,74,0,1,283,1,'2019-05-16 00:35:23'),(1107,78,0,1,298,1,'2019-05-16 00:35:29'),(1107,80,0,1,300,1,'2019-05-16 00:35:34'),(1107,81,0,1,301,1,'2019-05-16 00:35:36'),(1107,82,0,1,302,1,'2019-05-16 00:35:39'),(1107,83,0,1,303,1,'2019-05-16 00:35:42'),(1107,84,0,1,304,1,'2019-05-16 00:35:45'),(1108,86,0,1,306,1,'2019-05-16 00:36:21'),(1108,87,0,1,307,1,'2019-05-16 00:36:24'),(1108,88,0,1,308,1,'2019-05-16 00:36:27'),(1108,89,0,1,309,1,'2019-05-16 00:36:29'),(1108,91,0,1,311,1,'2019-05-16 00:36:32'),(1108,94,0,1,314,1,'2019-05-16 00:36:36'),(1108,97,0,1,317,1,'2019-05-16 00:36:39'),(1108,98,0,1,318,1,'2019-05-16 00:36:42'),(1108,99,0,1,319,1,'2019-05-16 00:36:46'),(1109,12,0,1,0,1,'2019-05-16 08:46:52'),(1109,100,0,1,320,1,'2019-05-16 08:44:59'),(1109,101,0,1,321,1,'2019-05-16 08:45:04'),(1109,102,0,1,322,1,'2019-05-16 08:45:09'),(1109,103,0,1,323,1,'2019-05-16 08:45:16'),(1109,104,0,1,324,1,'2019-05-16 08:45:22'),(1109,105,0,1,325,1,'2019-05-16 08:45:28'),(1109,106,0,1,326,1,'2019-05-16 08:45:33'),(1109,107,0,1,327,1,'2019-05-16 08:45:40'),(1109,108,0,1,328,2,'2019-05-16 08:45:50'),(1109,109,0,1,329,1,'2019-05-16 08:45:56'),(1109,110,0,1,330,1,'2019-05-16 08:46:00'),(1109,111,0,1,331,1,'2019-05-16 08:46:05'),(1109,112,0,1,332,1,'2019-05-16 08:46:12'),(1109,113,0,1,333,1,'2019-05-16 08:46:17'),(1109,114,0,1,334,1,'2019-05-16 08:46:23'),(1109,115,0,1,335,1,'2019-05-16 08:46:29'),(1109,116,0,1,336,1,'2019-05-16 08:46:34'),(1109,117,0,1,337,1,'2019-05-16 08:46:39'),(1109,118,0,1,338,1,'2019-05-16 08:46:45'),(1110,15,0,1,89,1,'2019-05-16 08:48:47'),(1110,136,0,1,0,1,'2019-05-16 08:47:51'),(1110,141,0,1,0,1,'2019-05-16 08:48:04'),(1110,142,0,1,358,1,'2019-05-16 08:48:10'),(1110,143,0,1,360,1,'2019-05-16 08:48:14'),(1110,144,0,1,380,1,'2019-05-16 08:48:17'),(1110,145,0,1,391,1,'2019-05-16 08:48:22'),(1110,146,0,1,409,1,'2019-05-16 08:48:28'),(1110,147,0,1,417,2,'2019-05-16 08:48:36'),(1110,149,0,1,437,1,'2019-05-16 08:48:41'),(1110,150,0,1,438,1,'2019-05-16 08:48:53'),(1110,153,0,1,455,1,'2019-05-16 08:48:56'),(1111,16,0,1,370,1,'2019-05-16 08:49:07'),(1111,23,0,1,149,1,'2019-05-16 08:50:45'),(1111,24,0,1,151,1,'2019-05-16 08:50:48'),(1111,157,0,1,483,1,'2019-05-16 08:49:04'),(1111,160,0,1,501,1,'2019-05-16 08:49:11'),(1111,161,0,1,510,1,'2019-05-16 08:49:15'),(1111,169,0,1,544,1,'2019-05-16 08:49:20'),(1111,170,0,1,555,1,'2019-05-16 08:49:23'),(1111,173,0,1,575,1,'2019-05-16 08:49:27'),(1111,174,0,1,580,1,'2019-05-16 08:49:30'),(1111,175,0,1,583,1,'2019-05-16 08:49:34'),(1111,178,0,1,601,1,'2019-05-16 08:49:37'),(1111,181,0,1,624,1,'2019-05-16 08:49:41'),(1111,183,0,1,636,1,'2019-05-16 08:49:45'),(1111,197,0,1,717,1,'2019-05-16 08:50:02'),(1111,198,0,1,0,1,'2019-05-16 08:50:07'),(1111,206,0,1,746,1,'2019-05-16 08:50:16'),(1111,207,0,1,757,1,'2019-05-16 08:50:19'),(1111,208,0,1,768,2,'2019-05-16 08:50:29'),(1111,209,0,1,784,1,'2019-05-16 08:50:33'),(1111,211,0,1,800,1,'2019-05-16 08:50:39'),(1112,29,0,1,162,1,'2019-05-16 08:51:26'),(1112,34,0,1,173,1,'2019-05-16 08:51:40'),(1112,35,0,1,202,1,'2019-05-16 08:51:43'),(1112,36,0,1,189,1,'2019-05-16 08:51:46'),(1112,39,0,1,294,1,'2019-05-16 08:52:01'),(1112,40,0,1,197,1,'2019-05-16 08:52:55'),(1112,41,0,1,198,1,'2019-05-16 08:52:59'),(1112,43,0,1,200,1,'2019-05-16 08:53:06'),(1112,363,0,1,1927,1,'2019-05-16 08:51:49'),(1112,396,0,1,1922,1,'2019-05-16 08:52:10'),(1113,5,0,1,15,1,'2019-05-16 08:53:27'),(1113,6,0,1,16,1,'2019-05-16 08:54:02'),(1113,7,0,1,292,1,'2019-05-16 08:54:47'),(1113,52,0,1,225,1,'2019-05-16 08:53:31'),(1113,55,0,1,234,1,'2019-05-16 08:53:39'),(1113,56,0,1,235,1,'2019-05-16 08:53:43'),(1113,62,0,1,249,1,'2019-05-16 08:54:12'),(1113,74,0,1,283,1,'2019-05-16 08:55:10'),(1114,78,0,1,298,1,'2019-05-16 08:55:20'),(1114,80,0,1,300,1,'2019-05-16 08:55:23'),(1114,81,0,1,301,1,'2019-05-16 08:55:27'),(1114,82,0,1,302,1,'2019-05-16 08:55:32'),(1114,83,0,1,303,1,'2019-05-16 08:55:36'),(1114,84,0,1,304,1,'2019-05-16 08:55:41'),(1114,85,0,1,305,2,'2019-05-16 08:55:52'),(1114,86,0,1,306,1,'2019-05-16 08:55:57'),(1114,87,0,1,307,1,'2019-05-16 08:56:01'),(1114,88,0,1,308,1,'2019-05-16 08:56:07'),(1114,89,0,1,309,1,'2019-05-16 08:56:16'),(1114,91,0,1,311,1,'2019-05-16 08:56:22'),(1114,94,0,1,314,1,'2019-05-16 08:56:26'),(1114,97,0,1,317,1,'2019-05-16 08:56:32'),(1114,98,0,1,318,1,'2019-05-16 08:56:37'),(1114,99,0,1,319,1,'2019-05-16 08:56:46'),(1115,51,0,1,224,1,'2019-05-16 09:18:03'),(1115,53,0,1,226,1,'2019-05-16 09:18:08'),(1115,90,0,1,310,1,'2019-05-16 09:18:12'),(1115,92,0,1,312,1,'2019-05-16 09:18:15'),(1115,93,0,1,313,1,'2019-05-16 09:18:18'),(1115,145,0,1,391,1,'2019-05-16 09:17:47'),(1115,184,0,1,644,1,'2019-05-16 09:17:49'),(1115,189,0,1,684,1,'2019-05-16 09:17:53'),(1116,147,261,1,417,1,'2019-05-19 12:03:13'),(1120,94,0,1,673,1,'2019-05-17 23:58:46'),(1121,93,0,1,313,1,'2019-05-18 10:02:56'),(1122,119,0,1,339,1,'2019-05-18 10:12:56'),(1123,51,0,1,224,1,'2019-05-18 10:13:25'),(1123,53,0,1,226,1,'2019-05-18 10:13:29'),(1123,90,0,1,310,1,'2019-05-18 10:13:32'),(1123,92,0,1,312,1,'2019-05-18 10:13:35'),(1123,184,0,1,644,1,'2019-05-18 10:13:04'),(1123,189,0,1,684,1,'2019-05-18 10:13:10'),(1123,212,0,1,811,1,'2019-05-18 10:13:15'),(1124,154,0,1,465,1,'2019-05-18 11:14:14'),(1126,94,0,1,314,1,'2019-05-18 15:05:11'),(1128,26,0,1,153,1,'2019-05-18 18:26:32'),(1128,119,0,1,339,1,'2019-05-18 18:27:14'),(1128,120,0,1,340,1,'2019-05-18 18:26:28'),(1129,79,259,1,299,1,'2019-05-19 11:30:39'),(1130,40,260,1,197,1,'2019-05-20 08:45:36'),(1130,78,260,1,298,1,'2019-05-20 08:44:56'),(1130,83,260,1,303,1,'2019-05-20 08:48:28'),(1130,87,260,1,307,1,'2019-05-20 08:47:12'),(1130,91,260,1,311,1,'2019-05-20 08:49:55'),(1132,15,62,1,89,1,'2019-05-21 13:29:58'),(1133,84,262,1,663,1,'2019-05-21 20:00:12'),(1136,417,263,1,1963,1,'2019-05-22 10:08:13'),(1137,40,264,1,655,1,'2019-05-22 11:01:51'),(1137,78,264,1,657,1,'2019-05-22 11:12:03'),(1138,404,0,1,0,1,'2019-05-24 09:19:46'),(1140,254,261,1,1126,1,'2019-05-25 08:26:28'),(1141,254,261,1,1126,1,'2019-05-25 08:36:52'),(1142,251,0,1,1123,1,'2019-05-25 23:19:28'),(1143,383,0,1,1897,1,'2019-05-27 14:45:35'),(1145,79,266,1,299,1,'2019-05-28 21:47:52'),(1145,363,266,1,1927,1,'2019-05-28 21:45:16'),(1146,76,0,1,296,1,'2019-05-29 11:14:14'),(1146,134,0,1,354,1,'2019-05-29 11:13:42'),(1146,135,0,1,355,1,'2019-05-29 11:14:10'),(1147,93,0,1,313,1,'2019-05-29 11:14:22'),(1147,95,0,1,315,1,'2019-05-29 11:14:25'),(1147,96,0,1,316,1,'2019-05-29 11:14:45'),(1147,97,0,1,317,1,'2019-05-29 11:16:17'),(1148,76,0,1,296,1,'2019-05-29 11:35:19'),(1148,92,0,1,312,1,'2019-05-29 11:35:22'),(1148,93,0,1,313,1,'2019-05-29 11:35:25'),(1148,95,0,1,315,1,'2019-05-29 11:35:28'),(1148,96,0,1,316,1,'2019-05-29 11:35:30'),(1148,97,0,1,317,1,'2019-05-29 11:35:33'),(1148,134,0,1,354,1,'2019-05-29 11:35:08'),(1148,135,0,1,355,1,'2019-05-29 11:35:15'),(1154,36,0,1,189,1,'2019-06-01 11:04:37'),(1155,5,268,1,291,1,'2019-06-01 11:22:25'),(1157,313,269,1,1542,1,'2019-06-02 01:14:55'),(1159,7,271,1,292,2,'2019-06-04 16:03:52'),(1160,76,0,1,296,1,'2019-06-06 01:44:10'),(1162,89,0,1,309,1,'2019-06-07 06:56:54'),(1163,314,272,1,1552,1,'2019-06-07 15:21:47'),(1165,294,0,1,1462,1,'2019-06-08 10:56:29'),(1166,178,0,1,601,1,'2019-06-08 16:08:56'),(1167,124,0,1,344,1,'2019-06-10 18:03:49'),(1167,125,0,1,345,1,'2019-06-10 18:03:57'),(1167,133,0,1,353,1,'2019-06-10 18:04:07'),(1167,134,0,1,354,1,'2019-06-10 18:04:15'),(1168,76,0,1,296,1,'2019-06-10 18:04:50'),(1168,95,0,1,315,1,'2019-06-10 18:04:56'),(1168,96,0,1,316,1,'2019-06-10 18:05:02'),(1168,166,0,1,526,1,'2019-06-10 18:04:28'),(1168,179,0,1,609,1,'2019-06-10 18:04:36'),(1168,180,0,1,618,1,'2019-06-10 18:04:43'),(1169,100,0,1,320,1,'2019-06-10 22:02:20'),(1169,101,0,1,321,1,'2019-06-10 22:02:24'),(1169,102,0,1,322,1,'2019-06-10 22:02:30'),(1169,103,0,1,323,1,'2019-06-10 22:02:35'),(1169,104,0,1,324,1,'2019-06-10 22:02:38'),(1169,105,0,1,325,1,'2019-06-10 22:02:42'),(1169,106,0,1,326,1,'2019-06-10 22:02:47'),(1169,107,0,1,327,1,'2019-06-10 22:02:53'),(1169,108,0,1,328,1,'2019-06-10 22:02:57'),(1169,109,0,1,329,1,'2019-06-10 22:03:02'),(1169,110,0,1,330,1,'2019-06-10 22:03:07'),(1169,124,0,1,344,1,'2019-06-10 22:02:39'),(1169,125,0,1,345,1,'2019-06-10 22:02:46'),(1169,133,0,1,353,1,'2019-06-10 22:02:49'),(1169,134,0,1,354,1,'2019-06-10 22:02:54'),(1169,166,0,1,526,1,'2019-06-10 22:02:59'),(1169,179,0,1,609,1,'2019-06-10 22:03:04'),(1170,12,0,1,0,1,'2019-06-10 22:03:30'),(1170,15,0,1,89,1,'2019-06-10 22:05:07'),(1170,76,0,1,296,1,'2019-06-10 22:03:15'),(1170,95,0,1,315,1,'2019-06-10 22:03:17'),(1170,96,0,1,316,1,'2019-06-10 22:03:22'),(1170,111,0,1,331,1,'2019-06-10 22:03:12'),(1170,112,0,1,332,1,'2019-06-10 22:03:16'),(1170,113,0,1,333,1,'2019-06-10 22:03:20'),(1170,115,0,1,335,1,'2019-06-10 22:03:25'),(1170,121,0,1,341,1,'2019-06-10 22:03:34'),(1170,122,0,1,342,1,'2019-06-10 22:03:39'),(1170,123,0,1,343,1,'2019-06-10 22:03:43'),(1170,126,0,1,346,1,'2019-06-10 22:03:48'),(1170,127,0,1,347,1,'2019-06-10 22:03:53'),(1170,128,0,1,348,1,'2019-06-10 22:03:57'),(1170,131,0,1,351,1,'2019-06-10 22:04:02'),(1170,132,0,1,352,1,'2019-06-10 22:04:08'),(1170,135,0,1,355,1,'2019-06-10 22:04:13'),(1170,136,0,1,0,1,'2019-06-10 22:04:16'),(1170,137,0,1,357,1,'2019-06-10 22:04:22'),(1170,141,0,1,0,1,'2019-06-10 22:04:27'),(1170,142,0,1,358,1,'2019-06-10 22:04:31'),(1170,143,0,1,360,1,'2019-06-10 22:04:36'),(1170,144,0,1,380,1,'2019-06-10 22:04:41'),(1170,145,0,1,391,1,'2019-06-10 22:04:46'),(1170,146,0,1,409,1,'2019-06-10 22:04:53'),(1170,147,0,1,417,1,'2019-06-10 22:04:58'),(1170,149,0,1,437,1,'2019-06-10 22:05:02'),(1171,16,0,1,370,1,'2019-06-10 22:05:32'),(1171,153,0,1,455,1,'2019-06-10 22:05:17'),(1171,154,0,1,465,1,'2019-06-10 22:05:22'),(1171,157,0,1,483,1,'2019-06-10 22:05:26'),(1171,160,0,1,501,1,'2019-06-10 22:05:37'),(1171,161,0,1,510,1,'2019-06-10 22:05:43'),(1171,169,0,1,544,1,'2019-06-10 22:05:48'),(1171,170,0,1,555,1,'2019-06-10 22:05:53'),(1171,173,0,1,575,1,'2019-06-10 22:05:59'),(1171,174,0,1,580,1,'2019-06-10 22:06:02'),(1171,175,0,1,583,1,'2019-06-10 22:06:09'),(1171,178,0,1,601,1,'2019-06-10 22:06:14'),(1171,181,0,1,624,1,'2019-06-10 22:06:20'),(1171,183,0,1,636,1,'2019-06-10 22:06:25'),(1171,191,0,1,689,1,'2019-06-10 22:06:30'),(1171,197,0,1,717,1,'2019-06-10 22:06:51'),(1171,198,0,1,0,1,'2019-06-10 22:06:56'),(1171,206,0,1,746,1,'2019-06-10 22:07:08'),(1172,23,0,1,149,1,'2019-06-10 22:07:36'),(1172,24,0,1,151,1,'2019-06-10 22:07:41'),(1172,26,0,1,153,1,'2019-06-10 22:07:52'),(1172,29,0,1,162,1,'2019-06-10 22:08:06'),(1172,34,0,1,173,1,'2019-06-10 22:08:26'),(1172,35,0,1,202,1,'2019-06-10 22:08:33'),(1172,36,0,1,189,1,'2019-06-10 22:08:36'),(1172,39,0,1,294,1,'2019-06-10 22:09:04'),(1172,207,0,1,757,1,'2019-06-10 22:07:14'),(1172,208,0,1,768,1,'2019-06-10 22:07:18'),(1172,209,0,1,784,1,'2019-06-10 22:07:25'),(1172,211,0,1,800,1,'2019-06-10 22:07:30'),(1172,363,0,1,1927,1,'2019-06-10 22:08:41'),(1173,5,0,1,15,1,'2019-06-10 22:10:40'),(1173,40,0,1,197,1,'2019-06-10 22:09:36'),(1173,41,0,1,198,1,'2019-06-10 22:09:41'),(1173,42,0,1,199,1,'2019-06-10 22:10:05'),(1173,43,0,1,200,1,'2019-06-10 22:10:11'),(1173,52,0,1,225,1,'2019-06-10 22:10:48'),(1173,54,0,1,227,1,'2019-06-10 22:10:53'),(1173,56,0,1,235,1,'2019-06-10 22:10:57'),(1174,6,0,1,16,1,'2019-06-10 22:11:19'),(1174,7,0,1,292,1,'2019-06-10 22:11:56'),(1174,74,0,1,283,1,'2019-06-10 22:12:05'),(1174,78,0,1,298,1,'2019-06-10 22:12:12'),(1174,80,0,1,300,1,'2019-06-10 22:12:16'),(1174,82,0,1,302,1,'2019-06-10 22:12:22'),(1174,83,0,1,303,1,'2019-06-10 22:12:26'),(1174,84,0,1,304,1,'2019-06-10 22:12:29'),(1174,85,0,1,305,1,'2019-06-10 22:12:33'),(1174,86,0,1,306,1,'2019-06-10 22:12:37'),(1174,87,0,1,307,1,'2019-06-10 22:12:40'),(1174,88,0,1,308,1,'2019-06-10 22:12:44'),(1174,91,0,1,311,1,'2019-06-10 22:12:46'),(1174,94,0,1,314,1,'2019-06-10 22:12:50'),(1174,97,0,1,317,1,'2019-06-10 22:12:52'),(1174,98,0,1,318,1,'2019-06-10 22:12:57'),(1174,99,0,1,319,1,'2019-06-10 22:13:01'),(1175,100,0,1,320,1,'2019-06-11 04:27:14'),(1175,101,0,1,321,1,'2019-06-11 04:27:28'),(1175,102,0,1,322,1,'2019-06-11 04:27:45'),(1175,103,0,1,323,1,'2019-06-11 04:27:54'),(1175,104,0,1,324,1,'2019-06-11 04:28:03'),(1175,105,0,1,325,1,'2019-06-11 04:28:08'),(1175,106,0,1,326,1,'2019-06-11 04:28:31'),(1175,107,0,1,327,1,'2019-06-11 04:28:41'),(1175,108,0,1,328,1,'2019-06-11 04:28:46'),(1175,109,0,1,329,1,'2019-06-11 04:28:54'),(1175,110,0,1,330,1,'2019-06-11 04:28:58'),(1176,12,0,1,0,1,'2019-06-11 04:30:00'),(1176,111,0,1,331,1,'2019-06-11 04:29:04'),(1176,112,0,1,332,1,'2019-06-11 04:29:15'),(1176,113,0,1,333,1,'2019-06-11 04:29:20'),(1176,114,0,1,334,1,'2019-06-11 04:29:25'),(1176,115,0,1,335,1,'2019-06-11 04:29:31'),(1176,116,0,1,336,1,'2019-06-11 04:29:37'),(1176,117,0,1,337,1,'2019-06-11 04:29:43'),(1176,118,0,1,338,1,'2019-06-11 04:29:49'),(1176,120,0,1,340,1,'2019-06-11 04:30:05'),(1176,121,0,1,341,1,'2019-06-11 04:30:22'),(1176,122,0,1,342,1,'2019-06-11 04:30:27'),(1176,123,0,1,343,1,'2019-06-11 04:30:34'),(1177,126,0,1,346,1,'2019-06-11 04:31:09'),(1177,127,0,1,347,1,'2019-06-11 04:31:21'),(1177,128,0,1,348,1,'2019-06-11 04:31:40'),(1177,129,0,1,349,1,'2019-06-11 04:31:50'),(1177,130,0,1,350,1,'2019-06-11 04:32:11'),(1177,131,0,1,351,1,'2019-06-11 04:32:26'),(1177,132,0,1,352,1,'2019-06-11 04:32:46'),(1178,135,0,1,355,1,'2019-06-11 04:33:23'),(1178,136,0,1,0,1,'2019-06-11 04:33:52'),(1178,137,0,1,357,1,'2019-06-11 04:34:06'),(1178,141,0,1,0,1,'2019-06-11 04:34:25'),(1178,142,0,1,358,1,'2019-06-11 04:34:31'),(1178,143,0,1,360,1,'2019-06-11 04:34:37'),(1178,144,0,1,380,1,'2019-06-11 04:34:53'),(1178,145,0,1,391,1,'2019-06-11 04:34:58'),(1178,146,0,1,409,1,'2019-06-11 04:35:06'),(1179,15,0,1,89,1,'2019-06-11 04:35:31'),(1179,16,0,1,370,1,'2019-06-11 04:36:21'),(1179,149,0,1,437,1,'2019-06-11 04:35:25'),(1179,150,0,1,438,2,'2019-06-11 04:35:52'),(1179,153,0,1,455,1,'2019-06-11 04:35:59'),(1179,154,0,1,465,1,'2019-06-11 04:36:04'),(1179,157,0,1,483,1,'2019-06-11 04:36:17'),(1179,160,0,1,501,1,'2019-06-11 04:36:26'),(1179,161,0,1,510,1,'2019-06-11 04:36:32'),(1179,169,0,1,544,1,'2019-06-11 04:36:43'),(1179,170,0,1,555,1,'2019-06-11 04:36:55'),(1179,173,0,1,575,1,'2019-06-11 04:37:06'),(1179,174,0,1,580,1,'2019-06-11 04:37:15'),(1180,23,0,1,149,1,'2019-06-11 04:39:17'),(1180,175,0,1,583,1,'2019-06-11 04:37:26'),(1180,178,0,1,601,1,'2019-06-11 04:37:32'),(1180,181,0,1,624,1,'2019-06-11 04:37:43'),(1180,183,0,1,636,1,'2019-06-11 04:37:50'),(1180,191,0,1,689,1,'2019-06-11 04:37:56'),(1180,197,0,1,717,1,'2019-06-11 04:38:18'),(1180,206,0,1,746,1,'2019-06-11 04:38:33'),(1180,207,0,1,757,1,'2019-06-11 04:38:43'),(1180,208,0,1,768,1,'2019-06-11 04:38:49'),(1180,209,0,1,784,1,'2019-06-11 04:38:54'),(1180,211,0,1,800,1,'2019-06-11 04:39:07'),(1181,26,0,1,153,1,'2019-06-11 04:39:39'),(1181,29,0,1,162,1,'2019-06-11 04:39:56'),(1181,34,0,1,173,1,'2019-06-11 04:40:49'),(1181,35,0,1,202,1,'2019-06-11 04:40:54'),(1181,36,0,1,189,1,'2019-06-11 04:41:00'),(1181,39,0,1,294,1,'2019-06-11 04:41:26'),(1181,363,0,1,1927,1,'2019-06-11 04:41:06'),(1182,40,0,1,197,1,'2019-06-11 04:42:34'),(1182,41,0,1,198,1,'2019-06-11 04:42:40'),(1182,42,0,1,199,1,'2019-06-11 04:43:22'),(1182,43,0,1,200,1,'2019-06-11 04:43:24'),(1182,396,0,1,1922,2,'2019-06-11 04:41:56'),(1183,5,0,1,15,1,'2019-06-11 04:44:09'),(1183,6,0,1,16,1,'2019-06-11 04:44:34'),(1183,7,0,1,292,1,'2019-06-11 04:45:07'),(1183,52,0,1,225,1,'2019-06-11 04:44:13'),(1183,54,0,1,227,1,'2019-06-11 04:44:17'),(1183,55,0,1,234,1,'2019-06-11 04:44:20'),(1183,56,0,1,235,1,'2019-06-11 04:44:22'),(1183,62,0,1,249,1,'2019-06-11 04:44:40'),(1183,74,0,1,283,1,'2019-06-11 04:45:21'),(1183,78,0,1,298,1,'2019-06-11 04:45:27'),(1183,80,0,1,300,1,'2019-06-11 04:45:32'),(1183,81,0,1,301,1,'2019-06-11 04:45:36'),(1184,83,0,1,303,1,'2019-06-11 04:45:44'),(1184,84,0,1,304,1,'2019-06-11 04:45:49'),(1184,85,0,1,305,1,'2019-06-11 04:45:52'),(1184,86,0,1,306,1,'2019-06-11 04:45:56'),(1184,87,0,1,307,1,'2019-06-11 04:46:01'),(1184,88,0,1,308,1,'2019-06-11 04:46:08'),(1184,89,0,1,309,1,'2019-06-11 04:46:11'),(1184,91,0,1,311,1,'2019-06-11 04:46:15'),(1184,94,0,1,314,1,'2019-06-11 04:46:19'),(1184,97,0,1,317,1,'2019-06-11 04:46:26'),(1184,98,0,1,318,1,'2019-06-11 04:46:30'),(1184,99,0,1,319,1,'2019-06-11 04:46:34'),(1185,51,0,1,224,1,'2019-06-11 05:01:59'),(1185,90,0,1,310,1,'2019-06-11 05:02:01'),(1185,92,0,1,312,1,'2019-06-11 05:02:03'),(1185,93,0,1,313,1,'2019-06-11 05:02:05'),(1185,118,0,1,338,1,'2019-06-11 05:01:38'),(1185,119,0,1,339,1,'2019-06-11 05:01:41'),(1185,130,0,1,350,1,'2019-06-11 05:01:44'),(1185,180,0,1,618,1,'2019-06-11 05:01:47'),(1186,24,0,1,151,1,'2019-06-11 12:36:50'),(1186,53,0,1,226,1,'2019-06-11 12:37:06'),(1186,82,0,1,302,1,'2019-06-11 12:37:08'),(1186,117,0,1,337,1,'2019-06-11 12:36:43'),(1186,147,0,1,417,1,'2019-06-11 12:36:45'),(1186,189,0,1,684,1,'2019-06-11 12:36:48'),(1186,248,0,1,1120,1,'2019-06-11 12:36:52'),(1186,420,0,1,1968,1,'2019-06-11 12:36:55'),(1186,421,0,1,1969,1,'2019-06-11 12:36:57'),(1186,422,0,1,1970,1,'2019-06-11 12:37:01'),(1186,423,0,1,1971,1,'2019-06-11 12:37:03'),(1187,90,0,1,310,1,'2019-06-11 12:42:27'),(1187,92,0,1,312,1,'2019-06-11 12:42:30'),(1187,93,0,1,313,1,'2019-06-11 12:42:33'),(1187,119,0,1,339,1,'2019-06-11 12:42:17'),(1187,184,0,1,644,1,'2019-06-11 12:42:21'),(1187,212,0,1,811,1,'2019-06-11 12:42:24'),(1188,372,273,1,1929,1,'2019-06-11 18:14:49'),(1189,189,0,1,684,1,'2019-06-11 19:04:39'),(1190,53,0,1,226,1,'2019-06-11 19:05:16'),(1190,420,0,1,1968,1,'2019-06-11 19:04:53'),(1190,421,0,1,1969,1,'2019-06-11 19:05:02'),(1190,422,0,1,1970,1,'2019-06-11 19:05:07'),(1190,423,0,1,1971,1,'2019-06-11 19:05:12'),(1191,114,0,1,334,1,'2019-06-11 19:13:20'),(1191,116,0,1,336,1,'2019-06-11 19:13:24'),(1191,120,0,1,340,1,'2019-06-11 19:13:27'),(1192,97,274,1,317,1,'2019-06-11 23:03:11'),(1192,98,274,1,318,1,'2019-06-11 23:02:50'),(1192,100,274,1,320,1,'2019-06-11 23:03:21'),(1192,102,274,1,322,1,'2019-06-11 23:04:42'),(1192,401,274,1,1940,1,'2019-06-11 23:02:40'),(1193,51,0,1,224,1,'2019-06-12 02:08:16'),(1193,248,0,1,1120,1,'2019-06-12 02:08:39'),(1194,76,0,1,296,1,'2019-06-13 13:23:47'),(1194,95,0,1,315,1,'2019-06-13 13:23:48'),(1194,96,0,1,316,1,'2019-06-13 13:23:50'),(1194,124,0,1,344,1,'2019-06-13 13:23:10'),(1194,125,0,1,345,1,'2019-06-13 13:23:14'),(1194,133,0,1,353,1,'2019-06-13 13:23:17'),(1194,134,0,1,354,1,'2019-06-13 13:23:19'),(1194,166,0,1,526,1,'2019-06-13 13:23:41'),(1194,179,0,1,609,1,'2019-06-13 13:23:43'),(1194,180,0,1,618,1,'2019-06-13 13:23:45'),(1195,424,275,1,1972,1,'2019-06-14 00:53:47'),(1197,15,276,1,839,1,'2019-06-15 15:51:43'),(1198,40,277,1,197,1,'2019-06-16 14:37:40'),(1198,41,277,1,198,1,'2019-06-16 14:34:28'),(1198,82,277,1,302,1,'2019-06-16 14:39:34'),(1198,85,277,1,305,1,'2019-06-16 14:38:23'),(1198,108,277,1,328,1,'2019-06-16 14:33:22'),(1198,363,277,1,1927,1,'2019-06-16 14:31:46'),(1201,170,0,1,555,1,'2019-06-17 20:57:31'),(1202,78,6,1,298,1,'2019-06-25 16:12:32'),(1202,226,6,1,919,1,'2019-06-25 16:12:44'),(1203,35,0,1,203,2,'2019-06-18 22:22:57'),(1204,76,0,1,296,1,'2019-06-19 17:54:58'),(1204,95,0,1,315,1,'2019-06-19 17:55:02'),(1204,96,0,1,316,1,'2019-06-19 17:55:06'),(1204,124,0,1,344,1,'2019-06-19 17:54:30'),(1204,125,0,1,345,1,'2019-06-19 17:54:34'),(1204,133,0,1,353,1,'2019-06-19 17:54:38'),(1204,134,0,1,354,1,'2019-06-19 17:54:42'),(1204,166,0,1,526,1,'2019-06-19 17:54:46'),(1204,179,0,1,609,1,'2019-06-19 17:54:49'),(1204,180,0,1,618,1,'2019-06-19 17:54:55'),(1205,76,0,1,296,1,'2019-06-19 18:00:31'),(1205,95,0,1,315,1,'2019-06-19 18:00:34'),(1205,96,0,1,316,1,'2019-06-19 18:00:38'),(1205,124,0,1,344,1,'2019-06-19 18:00:05'),(1205,125,0,1,345,1,'2019-06-19 18:00:09'),(1205,133,0,1,353,1,'2019-06-19 18:00:13'),(1205,134,0,1,354,1,'2019-06-19 18:00:16'),(1205,166,0,1,526,1,'2019-06-19 18:00:22'),(1205,179,0,1,609,1,'2019-06-19 18:00:25'),(1205,180,0,1,618,1,'2019-06-19 18:00:28'),(1206,12,0,1,0,1,'2019-06-19 22:39:35'),(1206,16,0,1,370,1,'2019-06-19 22:40:31'),(1206,109,0,1,329,1,'2019-06-19 22:39:12'),(1206,110,0,1,330,1,'2019-06-19 22:39:14'),(1206,111,0,1,331,1,'2019-06-19 22:39:16'),(1206,112,0,1,332,1,'2019-06-19 22:39:18'),(1206,113,0,1,333,1,'2019-06-19 22:39:21'),(1206,114,0,1,334,1,'2019-06-19 22:39:23'),(1206,115,0,1,335,1,'2019-06-19 22:39:25'),(1206,116,0,1,336,1,'2019-06-19 22:39:27'),(1206,117,0,1,337,1,'2019-06-19 22:39:29'),(1206,118,0,1,338,1,'2019-06-19 22:39:33'),(1206,120,0,1,340,1,'2019-06-19 22:39:37'),(1206,121,0,1,341,1,'2019-06-19 22:39:39'),(1206,122,0,1,342,1,'2019-06-19 22:39:41'),(1206,123,0,1,343,1,'2019-06-19 22:39:43'),(1206,126,0,1,346,1,'2019-06-19 22:39:45'),(1206,127,0,1,347,1,'2019-06-19 22:39:46'),(1206,128,0,1,348,1,'2019-06-19 22:39:48'),(1206,129,0,1,349,1,'2019-06-19 22:39:50'),(1206,130,0,1,350,1,'2019-06-19 22:39:52'),(1206,131,0,1,351,1,'2019-06-19 22:39:54'),(1206,132,0,1,352,1,'2019-06-19 22:39:56'),(1206,135,0,1,355,1,'2019-06-19 22:39:59'),(1206,136,0,1,0,1,'2019-06-19 22:40:01'),(1206,137,0,1,357,1,'2019-06-19 22:40:03'),(1206,141,0,1,0,1,'2019-06-19 22:40:05'),(1206,143,0,1,360,1,'2019-06-19 22:40:07'),(1206,144,0,1,380,1,'2019-06-19 22:40:09'),(1206,145,0,1,391,1,'2019-06-19 22:40:12'),(1206,146,0,1,409,1,'2019-06-19 22:40:14'),(1206,147,0,1,417,1,'2019-06-19 22:40:17'),(1206,149,0,1,437,1,'2019-06-19 22:40:20'),(1206,150,0,1,438,1,'2019-06-19 22:40:22'),(1206,153,0,1,455,1,'2019-06-19 22:40:25'),(1206,154,0,1,465,1,'2019-06-19 22:40:27'),(1206,157,0,1,483,1,'2019-06-19 22:40:29'),(1206,160,0,1,501,1,'2019-06-19 22:40:33'),(1206,161,0,1,510,1,'2019-06-19 22:40:40'),(1206,169,0,1,544,1,'2019-06-19 22:40:48'),(1206,170,0,1,555,1,'2019-06-19 22:40:50'),(1206,173,0,1,575,1,'2019-06-19 22:40:52'),(1206,174,0,1,580,1,'2019-06-19 22:40:54'),(1206,175,0,1,583,1,'2019-06-19 22:40:57'),(1206,178,0,1,601,1,'2019-06-19 22:41:00'),(1206,181,0,1,624,1,'2019-06-19 22:41:02'),(1206,183,0,1,636,1,'2019-06-19 22:41:04'),(1206,191,0,1,689,1,'2019-06-19 22:41:07'),(1207,23,0,1,149,1,'2019-06-19 22:41:59'),(1207,24,0,1,151,1,'2019-06-19 22:42:01'),(1207,26,0,1,153,1,'2019-06-19 22:42:09'),(1207,29,0,1,162,1,'2019-06-19 22:42:15'),(1207,34,0,1,173,1,'2019-06-19 22:42:37'),(1207,35,0,1,202,1,'2019-06-19 22:42:44'),(1207,36,0,1,189,1,'2019-06-19 22:42:46'),(1207,197,0,1,717,1,'2019-06-19 22:41:16'),(1207,198,0,1,0,1,'2019-06-19 22:41:17'),(1207,206,0,1,746,1,'2019-06-19 22:41:31'),(1207,207,0,1,757,1,'2019-06-19 22:41:35'),(1207,208,0,1,768,1,'2019-06-19 22:41:41'),(1207,209,0,1,784,1,'2019-06-19 22:41:43'),(1207,211,0,1,800,1,'2019-06-19 22:41:45'),(1207,212,0,1,811,1,'2019-06-19 22:41:52'),(1207,363,0,1,1927,1,'2019-06-19 22:42:53'),(1208,5,0,1,15,1,'2019-06-19 22:44:14'),(1208,39,0,1,294,1,'2019-06-19 22:43:16'),(1208,40,0,1,197,1,'2019-06-19 22:43:44'),(1208,41,0,1,198,1,'2019-06-19 22:43:47'),(1208,42,0,1,199,1,'2019-06-19 22:44:00'),(1208,43,0,1,200,1,'2019-06-19 22:44:02'),(1208,52,0,1,225,1,'2019-06-19 22:44:18'),(1208,396,0,1,1922,1,'2019-06-19 22:43:31'),(1209,6,0,1,16,1,'2019-06-19 22:48:36'),(1209,7,0,1,292,1,'2019-06-19 22:48:54'),(1209,54,0,1,227,1,'2019-06-19 22:48:24'),(1209,55,0,1,234,1,'2019-06-19 22:48:25'),(1209,56,0,1,235,1,'2019-06-19 22:48:28'),(1209,62,0,1,249,1,'2019-06-19 22:48:39'),(1209,74,0,1,283,1,'2019-06-19 22:48:59'),(1209,78,0,1,298,1,'2019-06-19 22:49:05'),(1209,80,0,1,300,1,'2019-06-19 22:49:11'),(1209,100,0,1,320,1,'2019-06-19 22:48:10'),(1209,101,0,1,321,1,'2019-06-19 22:48:11'),(1209,102,0,1,322,1,'2019-06-19 22:48:13'),(1209,103,0,1,323,1,'2019-06-19 22:48:15'),(1209,104,0,1,324,1,'2019-06-19 22:48:16'),(1209,105,0,1,325,1,'2019-06-19 22:48:19'),(1209,106,0,1,326,1,'2019-06-19 22:48:20'),(1209,107,0,1,327,1,'2019-06-19 22:48:22'),(1210,82,0,1,302,1,'2019-06-19 22:49:16'),(1210,83,0,1,303,1,'2019-06-19 22:49:18'),(1210,84,0,1,304,1,'2019-06-19 22:49:20'),(1210,85,0,1,305,1,'2019-06-19 22:49:22'),(1210,86,0,1,306,1,'2019-06-19 22:49:24'),(1210,87,0,1,307,1,'2019-06-19 22:49:26'),(1210,88,0,1,308,1,'2019-06-19 22:49:29'),(1210,89,0,1,309,1,'2019-06-19 22:49:31'),(1210,91,0,1,311,1,'2019-06-19 22:49:33'),(1210,94,0,1,314,1,'2019-06-19 22:49:36'),(1210,97,0,1,317,1,'2019-06-19 22:49:37'),(1210,98,0,1,318,1,'2019-06-19 22:49:39'),(1210,99,0,1,319,1,'2019-06-19 22:49:42'),(1211,12,0,1,0,1,'2019-06-19 22:54:32'),(1211,101,0,1,321,1,'2019-06-19 22:53:39'),(1211,102,0,1,322,1,'2019-06-19 22:53:41'),(1211,103,0,1,323,1,'2019-06-19 22:53:44'),(1211,104,0,1,324,1,'2019-06-19 22:53:47'),(1211,105,0,1,325,1,'2019-06-19 22:53:50'),(1211,106,0,1,326,1,'2019-06-19 22:53:53'),(1211,107,0,1,327,1,'2019-06-19 22:53:56'),(1211,108,0,1,328,1,'2019-06-19 22:53:59'),(1211,109,0,1,329,1,'2019-06-19 22:54:01'),(1211,110,0,1,330,1,'2019-06-19 22:54:05'),(1211,111,0,1,331,1,'2019-06-19 22:54:09'),(1211,112,0,1,332,1,'2019-06-19 22:54:12'),(1211,113,0,1,333,1,'2019-06-19 22:54:15'),(1211,114,0,1,334,1,'2019-06-19 22:54:18'),(1211,115,0,1,335,1,'2019-06-19 22:54:21'),(1211,116,0,1,336,1,'2019-06-19 22:54:23'),(1211,117,0,1,337,1,'2019-06-19 22:54:26'),(1211,118,0,1,338,1,'2019-06-19 22:54:29'),(1211,120,0,1,340,1,'2019-06-19 22:54:35'),(1211,121,0,1,341,1,'2019-06-19 22:54:38'),(1211,122,0,1,342,1,'2019-06-19 22:54:41'),(1211,123,0,1,343,1,'2019-06-19 22:54:44'),(1211,126,0,1,346,1,'2019-06-19 22:54:47'),(1211,127,0,1,347,1,'2019-06-19 22:54:49'),(1211,128,0,1,348,1,'2019-06-19 22:54:52'),(1211,129,0,1,349,1,'2019-06-19 22:54:54'),(1211,130,0,1,350,1,'2019-06-19 22:54:58'),(1211,131,0,1,351,1,'2019-06-19 22:55:04'),(1211,132,0,1,352,1,'2019-06-19 22:55:08'),(1211,135,0,1,355,1,'2019-06-19 22:55:12'),(1211,136,0,1,0,1,'2019-06-19 22:55:16'),(1211,137,0,1,357,1,'2019-06-19 22:55:20'),(1211,141,0,1,0,1,'2019-06-19 22:55:23'),(1211,143,0,1,360,1,'2019-06-19 22:55:31'),(1211,144,0,1,380,1,'2019-06-19 22:55:34'),(1212,16,0,1,370,1,'2019-06-19 22:56:07'),(1212,23,0,1,149,1,'2019-06-19 22:56:53'),(1212,24,0,1,151,1,'2019-06-19 22:56:55'),(1212,26,0,1,153,1,'2019-06-19 22:57:00'),(1212,29,0,1,162,1,'2019-06-19 22:57:06'),(1212,34,0,1,173,1,'2019-06-19 22:57:27'),(1212,35,0,1,202,1,'2019-06-19 22:57:30'),(1212,36,0,1,189,1,'2019-06-19 22:57:33'),(1212,146,0,1,409,1,'2019-06-19 22:55:41'),(1212,147,0,1,417,1,'2019-06-19 22:55:45'),(1212,149,0,1,437,1,'2019-06-19 22:55:51'),(1212,150,0,1,438,1,'2019-06-19 22:55:54'),(1212,153,0,1,455,1,'2019-06-19 22:55:58'),(1212,154,0,1,465,1,'2019-06-19 22:55:59'),(1212,157,0,1,483,1,'2019-06-19 22:56:02'),(1212,160,0,1,501,1,'2019-06-19 22:56:09'),(1212,161,0,1,510,1,'2019-06-19 22:56:12'),(1212,169,0,1,544,1,'2019-06-19 22:56:14'),(1212,170,0,1,555,1,'2019-06-19 22:56:16'),(1212,173,0,1,575,1,'2019-06-19 22:56:19'),(1212,174,0,1,580,1,'2019-06-19 22:56:20'),(1212,175,0,1,583,1,'2019-06-19 22:56:22'),(1212,178,0,1,601,1,'2019-06-19 22:56:24'),(1212,181,0,1,624,1,'2019-06-19 22:56:27'),(1212,183,0,1,636,1,'2019-06-19 22:56:29'),(1212,191,0,1,689,1,'2019-06-19 22:56:31'),(1212,197,0,1,717,1,'2019-06-19 22:56:35'),(1212,198,0,1,0,1,'2019-06-19 22:56:37'),(1212,206,0,1,746,1,'2019-06-19 22:56:40'),(1212,207,0,1,757,1,'2019-06-19 22:56:43'),(1212,208,0,1,768,1,'2019-06-19 22:56:45'),(1212,209,0,1,784,1,'2019-06-19 22:56:47'),(1212,211,0,1,800,1,'2019-06-19 22:56:49'),(1212,212,0,1,811,1,'2019-06-19 22:56:51'),(1212,363,0,1,1927,1,'2019-06-19 22:57:37'),(1213,5,0,1,15,1,'2019-06-19 22:58:45'),(1213,6,0,1,16,1,'2019-06-19 22:58:58'),(1213,7,0,1,292,1,'2019-06-19 22:59:17'),(1213,39,0,1,294,1,'2019-06-19 22:57:48'),(1213,40,0,1,197,1,'2019-06-19 22:58:08'),(1213,41,0,1,198,1,'2019-06-19 22:58:14'),(1213,42,0,1,199,1,'2019-06-19 22:58:28'),(1213,43,0,1,200,1,'2019-06-19 22:58:31'),(1213,56,0,1,235,1,'2019-06-19 22:58:50'),(1213,62,0,1,249,1,'2019-06-19 22:59:04'),(1213,78,0,1,298,1,'2019-06-19 22:59:22'),(1213,80,0,1,300,1,'2019-06-19 22:59:24'),(1213,81,0,1,301,1,'2019-06-19 22:59:27'),(1213,82,0,1,302,1,'2019-06-19 22:59:29'),(1213,83,0,1,303,1,'2019-06-19 22:59:32'),(1213,84,0,1,304,1,'2019-06-19 22:59:34'),(1213,85,0,1,305,1,'2019-06-19 22:59:37'),(1213,86,0,1,306,1,'2019-06-19 22:59:39'),(1214,88,0,1,308,1,'2019-06-19 22:59:52'),(1214,89,0,1,309,1,'2019-06-19 22:59:58'),(1214,91,0,1,311,1,'2019-06-19 23:00:01'),(1214,94,0,1,314,1,'2019-06-19 23:00:03'),(1214,97,0,1,317,1,'2019-06-19 23:00:12'),(1214,98,0,1,318,1,'2019-06-19 23:00:16'),(1214,99,0,1,319,1,'2019-06-19 23:00:21'),(1215,87,0,1,307,1,'2019-06-20 04:13:15'),(1215,92,0,1,312,1,'2019-06-20 04:13:19'),(1215,93,0,1,313,1,'2019-06-20 04:13:21'),(1215,100,0,1,320,1,'2019-06-20 04:12:50'),(1215,119,0,1,339,1,'2019-06-20 04:12:53'),(1215,142,0,1,358,1,'2019-06-20 04:12:55'),(1215,145,0,1,391,1,'2019-06-20 04:12:58'),(1215,184,0,1,644,1,'2019-06-20 04:13:00'),(1216,81,0,1,301,1,'2019-06-20 05:13:36'),(1216,90,0,1,310,1,'2019-06-20 05:13:46'),(1216,92,0,1,312,1,'2019-06-20 05:13:57'),(1216,93,0,1,313,1,'2019-06-20 05:14:11'),(1216,108,0,1,328,1,'2019-06-20 05:13:09'),(1216,119,0,1,339,1,'2019-06-20 05:13:18'),(1217,248,0,1,1120,1,'2019-06-20 09:50:55'),(1217,385,0,1,1901,1,'2019-06-20 09:50:58'),(1218,51,0,1,224,1,'2019-06-20 09:53:09'),(1218,53,0,1,226,1,'2019-06-20 09:53:14'),(1218,54,0,1,227,1,'2019-06-20 09:53:17'),(1218,142,0,1,358,1,'2019-06-20 09:52:43'),(1218,189,0,1,684,1,'2019-06-20 09:52:46'),(1218,385,0,1,1901,1,'2019-06-20 09:52:49'),(1218,420,0,1,1968,1,'2019-06-20 09:52:56'),(1218,421,0,1,1969,1,'2019-06-20 09:52:59'),(1218,422,0,1,1970,1,'2019-06-20 09:53:03'),(1218,423,0,1,1971,1,'2019-06-20 09:53:06'),(1219,386,0,1,1908,1,'2019-06-20 15:33:34'),(1219,387,0,1,1909,1,'2019-06-20 15:33:37'),(1220,52,0,1,225,1,'2019-06-20 15:35:35'),(1220,386,0,1,1908,1,'2019-06-20 15:35:28'),(1220,387,0,1,1909,1,'2019-06-20 15:35:32'),(1221,51,0,1,224,1,'2019-06-20 20:59:47'),(1221,53,0,1,226,1,'2019-06-20 20:59:51'),(1221,189,0,1,684,1,'2019-06-20 20:59:44'),(1223,106,0,1,326,1,'2019-06-21 19:21:24'),(1225,12,278,1,0,1,'2019-06-24 18:12:42'),(1225,201,278,1,726,1,'2019-06-24 18:13:12'),(1225,272,278,1,1257,1,'2019-06-24 18:12:15'),(1226,124,0,1,344,1,'2019-06-25 00:59:50'),(1226,125,0,1,345,1,'2019-06-25 00:59:55'),(1226,133,0,1,353,1,'2019-06-25 01:00:00'),(1226,134,0,1,354,1,'2019-06-25 01:00:04'),(1227,76,0,1,296,1,'2019-06-25 01:00:23'),(1227,95,0,1,315,1,'2019-06-25 01:00:27'),(1227,96,0,1,316,1,'2019-06-25 01:00:30'),(1227,179,0,1,609,1,'2019-06-25 01:00:14'),(1227,180,0,1,618,1,'2019-06-25 01:00:18'),(1228,12,0,1,0,1,'2019-06-25 05:53:45'),(1228,100,0,1,320,1,'2019-06-25 05:52:55'),(1228,101,0,1,321,1,'2019-06-25 05:52:58'),(1228,102,0,1,322,1,'2019-06-25 05:53:00'),(1228,103,0,1,323,1,'2019-06-25 05:53:02'),(1228,104,0,1,324,1,'2019-06-25 05:53:06'),(1228,105,0,1,325,1,'2019-06-25 05:53:10'),(1228,106,0,1,326,1,'2019-06-25 05:53:13'),(1228,107,0,1,327,1,'2019-06-25 05:53:16'),(1228,108,0,1,328,1,'2019-06-25 05:53:17'),(1228,109,0,1,329,1,'2019-06-25 05:53:19'),(1228,110,0,1,330,1,'2019-06-25 05:53:21'),(1228,111,0,1,331,1,'2019-06-25 05:53:24'),(1228,112,0,1,332,1,'2019-06-25 05:53:29'),(1228,114,0,1,334,1,'2019-06-25 05:53:36'),(1228,115,0,1,335,1,'2019-06-25 05:53:36'),(1228,116,0,1,336,1,'2019-06-25 05:53:38'),(1228,117,0,1,337,1,'2019-06-25 05:53:39'),(1228,118,0,1,338,1,'2019-06-25 05:53:41'),(1228,120,0,1,340,1,'2019-06-25 05:53:54'),(1228,121,0,1,341,1,'2019-06-25 05:53:56'),(1228,122,0,1,342,1,'2019-06-25 05:54:01'),(1228,123,0,1,343,1,'2019-06-25 05:54:03'),(1228,126,0,1,346,1,'2019-06-25 05:54:22'),(1229,16,0,1,370,1,'2019-06-25 05:55:46'),(1229,127,0,1,347,1,'2019-06-25 05:54:29'),(1229,128,0,1,348,1,'2019-06-25 05:54:37'),(1229,129,0,1,349,1,'2019-06-25 05:54:39'),(1229,130,0,1,350,1,'2019-06-25 05:54:46'),(1229,131,0,1,351,1,'2019-06-25 05:54:53'),(1229,132,0,1,352,1,'2019-06-25 05:54:58'),(1229,141,0,1,0,1,'2019-06-25 05:55:03'),(1229,143,0,1,360,1,'2019-06-25 05:55:11'),(1229,144,0,1,380,1,'2019-06-25 05:55:16'),(1229,145,0,1,391,1,'2019-06-25 05:55:22'),(1229,146,0,1,409,1,'2019-06-25 05:55:25'),(1229,147,0,1,417,1,'2019-06-25 05:55:28'),(1229,149,0,1,437,1,'2019-06-25 05:55:34'),(1229,150,0,1,438,1,'2019-06-25 05:55:37'),(1229,153,0,1,455,1,'2019-06-25 05:55:40'),(1229,154,0,1,465,1,'2019-06-25 05:55:42'),(1229,157,0,1,483,1,'2019-06-25 05:55:44'),(1229,160,0,1,501,1,'2019-06-25 05:55:48'),(1229,161,0,1,510,1,'2019-06-25 05:55:51'),(1229,169,0,1,544,1,'2019-06-25 05:55:53'),(1229,170,0,1,555,1,'2019-06-25 05:55:56'),(1229,173,0,1,575,1,'2019-06-25 05:56:00'),(1229,174,0,1,580,1,'2019-06-25 05:56:02'),(1229,175,0,1,583,1,'2019-06-25 05:56:06'),(1229,178,0,1,601,1,'2019-06-25 05:56:10'),(1229,181,0,1,624,1,'2019-06-25 05:56:14'),(1229,183,0,1,636,1,'2019-06-25 05:56:18'),(1229,191,0,1,689,1,'2019-06-25 05:56:22'),(1232,76,0,1,296,1,'2019-06-25 06:01:16'),(1232,95,0,1,315,1,'2019-06-25 06:01:29'),(1232,96,0,1,316,1,'2019-06-25 06:01:41'),(1232,99,0,1,319,1,'2019-06-25 06:00:31'),(1232,134,0,1,354,1,'2019-06-25 06:00:32'),(1232,166,0,1,526,2,'2019-06-25 06:00:47'),(1232,179,0,1,609,1,'2019-06-25 06:00:56'),(1232,180,0,1,618,1,'2019-06-25 06:01:06'),(1233,100,0,1,320,1,'2019-06-25 11:39:47'),(1233,101,0,1,321,1,'2019-06-25 11:39:59'),(1233,102,0,1,322,1,'2019-06-25 11:40:10'),(1233,103,0,1,323,1,'2019-06-25 11:40:22'),(1233,104,0,1,324,1,'2019-06-25 11:40:34'),(1233,106,0,1,326,1,'2019-06-25 11:40:45'),(1233,107,0,1,327,1,'2019-06-25 11:40:57'),(1234,98,0,1,318,1,'2019-06-25 11:41:56'),(1234,99,0,1,319,1,'2019-06-25 11:42:10'),(1234,108,0,1,328,1,'2019-06-25 11:41:11'),(1234,109,0,1,329,1,'2019-06-25 11:41:22'),(1234,110,0,1,330,1,'2019-06-25 11:41:34'),(1234,111,0,1,331,1,'2019-06-25 11:41:44'),(1235,12,0,1,0,1,'2019-06-25 11:58:58'),(1235,112,0,1,332,1,'2019-06-25 11:57:40'),(1235,113,0,1,333,1,'2019-06-25 11:57:53'),(1235,114,0,1,334,1,'2019-06-25 11:58:01'),(1235,115,0,1,335,1,'2019-06-25 11:58:08'),(1235,116,0,1,336,1,'2019-06-25 11:58:23'),(1235,117,0,1,337,1,'2019-06-25 11:58:35'),(1235,118,0,1,338,1,'2019-06-25 11:58:48'),(1235,120,0,1,340,1,'2019-06-25 11:59:10'),(1235,121,0,1,341,1,'2019-06-25 11:59:21'),(1235,122,0,1,342,1,'2019-06-25 11:59:33'),(1236,126,0,1,346,1,'2019-06-25 11:59:50'),(1236,127,0,1,347,1,'2019-06-25 12:00:06'),(1236,128,0,1,348,1,'2019-06-25 12:00:12'),(1236,129,0,1,349,1,'2019-06-25 12:00:28'),(1236,130,0,1,350,1,'2019-06-25 12:00:35'),(1236,131,0,1,351,1,'2019-06-25 12:00:43'),(1236,132,0,1,352,1,'2019-06-25 12:00:54'),(1236,135,0,1,355,1,'2019-06-25 12:01:05'),(1236,136,0,1,0,1,'2019-06-25 12:01:14'),(1236,137,0,1,357,1,'2019-06-25 12:01:24'),(1236,141,0,1,0,1,'2019-06-25 12:01:31'),(1236,144,0,1,380,1,'2019-06-25 12:01:39'),(1237,149,0,1,437,1,'2019-06-25 12:02:05'),(1237,150,0,1,438,1,'2019-06-25 12:02:15'),(1237,153,0,1,455,1,'2019-06-25 12:02:24'),(1237,154,0,1,465,1,'2019-06-25 12:02:41'),(1237,157,0,1,483,1,'2019-06-25 12:02:54'),(1237,160,0,1,501,1,'2019-06-25 12:03:04'),(1237,161,0,1,510,1,'2019-06-25 12:03:10'),(1237,170,0,1,555,1,'2019-06-25 12:03:22'),(1237,174,0,1,580,1,'2019-06-25 12:03:29'),(1237,178,0,1,601,1,'2019-06-25 12:03:38'),(1238,23,0,1,149,1,'2019-06-25 12:04:47'),(1238,24,0,1,151,1,'2019-06-25 12:05:02'),(1238,26,0,1,153,1,'2019-06-25 12:05:17'),(1238,29,0,1,162,1,'2019-06-25 12:05:40'),(1238,197,0,1,717,1,'2019-06-25 12:04:38'),(1239,34,0,1,173,1,'2019-06-25 12:06:07'),(1239,35,0,1,202,1,'2019-06-25 12:06:14'),(1239,36,0,1,189,1,'2019-06-25 12:06:20'),(1239,39,0,1,294,1,'2019-06-25 12:06:56'),(1239,40,0,1,197,1,'2019-06-25 12:07:33'),(1239,41,0,1,198,1,'2019-06-25 12:07:41'),(1239,42,0,1,199,1,'2019-06-25 12:07:46'),(1239,363,0,1,1927,1,'2019-06-25 12:06:31'),(1239,396,0,1,1922,1,'2019-06-25 12:07:10'),(1240,54,0,1,227,1,'2019-06-25 12:08:43'),(1240,55,0,1,234,1,'2019-06-25 12:08:55'),(1240,56,0,1,235,1,'2019-06-25 12:09:12'),(1241,7,0,1,292,1,'2019-06-25 12:10:37'),(1241,78,0,1,298,1,'2019-06-25 12:11:10'),(1241,80,0,1,300,1,'2019-06-25 12:11:19'),(1241,82,0,1,302,1,'2019-06-25 12:11:26'),(1241,84,0,1,304,1,'2019-06-25 12:11:34'),(1241,85,0,1,305,1,'2019-06-25 12:11:39'),(1241,86,0,1,306,1,'2019-06-25 12:11:48'),(1241,87,0,1,307,1,'2019-06-25 12:11:54'),(1242,89,0,1,309,1,'2019-06-25 12:12:10'),(1242,91,0,1,311,1,'2019-06-25 12:12:16'),(1242,94,0,1,314,1,'2019-06-25 12:12:24'),(1242,97,0,1,317,1,'2019-06-25 12:12:33'),(1242,98,0,1,318,1,'2019-06-25 12:12:42'),(1243,51,0,1,224,1,'2019-06-25 13:11:48'),(1243,53,0,1,226,1,'2019-06-25 13:11:55'),(1243,90,0,1,310,1,'2019-06-25 13:12:02'),(1243,113,0,1,333,1,'2019-06-25 13:11:14'),(1243,114,0,1,334,1,'2019-06-25 13:11:18'),(1243,119,0,1,339,1,'2019-06-25 13:11:21'),(1243,137,0,1,357,1,'2019-06-25 13:11:24'),(1243,184,0,1,644,1,'2019-06-25 13:11:27'),(1243,189,0,1,684,1,'2019-06-25 13:11:30'),(1244,62,0,1,249,1,'2019-06-25 17:17:29'),(1244,74,0,1,283,1,'2019-06-25 17:17:37'),(1244,83,0,1,303,1,'2019-06-25 17:17:40'),(1244,84,0,1,304,1,'2019-06-25 17:17:44'),(1244,85,0,1,305,1,'2019-06-25 17:17:49'),(1244,90,0,1,310,1,'2019-06-25 17:17:52'),(1244,92,0,1,312,1,'2019-06-25 17:17:56'),(1244,93,0,1,313,1,'2019-06-25 17:18:01'),(1245,43,0,1,200,1,'2019-06-25 17:25:43'),(1245,88,0,1,308,1,'2019-06-25 17:25:45'),(1245,123,0,1,343,1,'2019-06-25 17:25:35'),(1245,145,0,1,391,1,'2019-06-25 17:25:38'),(1245,191,0,1,689,1,'2019-06-25 17:25:39'),(1246,105,0,1,325,1,'2019-06-25 17:29:46'),(1246,119,0,1,339,1,'2019-06-25 17:29:51'),(1246,143,0,1,360,1,'2019-06-25 17:29:55'),(1247,16,0,1,370,1,'2019-06-25 17:30:04'),(1247,40,0,1,197,1,'2019-06-25 17:30:32'),(1247,51,0,1,224,1,'2019-06-25 17:31:47'),(1247,52,0,1,225,1,'2019-06-25 17:31:51'),(1247,53,0,1,226,1,'2019-06-25 17:31:53'),(1247,147,0,1,417,1,'2019-06-25 17:30:00'),(1247,169,0,1,544,1,'2019-06-25 17:30:06'),(1247,184,0,1,644,1,'2019-06-25 17:30:08'),(1247,189,0,1,684,1,'2019-06-25 17:30:11'),(1247,207,0,1,757,1,'2019-06-25 17:30:13'),(1247,211,0,1,800,1,'2019-06-25 17:30:16'),(1247,212,0,1,811,1,'2019-06-25 17:30:19'),(1248,385,0,1,1901,1,'2019-06-25 22:28:51'),(1249,92,0,1,312,1,'2019-06-25 22:48:45'),(1249,93,0,1,313,1,'2019-06-25 22:48:47'),(1249,146,0,1,409,1,'2019-06-25 22:48:41'),(1250,135,0,1,355,1,'2019-06-26 02:22:28'),(1250,136,0,1,0,1,'2019-06-26 02:22:54'),(1250,385,0,1,1901,1,'2019-06-26 02:22:56'),(1250,386,0,1,1908,1,'2019-06-26 02:22:30'),(1250,387,0,1,1909,1,'2019-06-26 02:22:33'),(1250,420,0,1,1968,1,'2019-06-26 02:22:59'),(1250,421,0,1,1969,1,'2019-06-26 02:23:01'),(1250,422,0,1,1970,1,'2019-06-26 02:23:04'),(1250,423,0,1,1971,1,'2019-06-26 02:23:08'),(1251,386,0,1,1908,1,'2019-06-26 06:04:51'),(1251,387,0,1,1909,1,'2019-06-26 06:04:55'),(1252,248,0,1,1120,1,'2019-06-26 10:15:51'),(1253,76,0,1,296,1,'2019-06-26 10:30:21'),(1253,92,0,1,312,1,'2019-06-26 10:30:25'),(1253,93,0,1,313,1,'2019-06-26 10:30:28'),(1253,95,0,1,315,1,'2019-06-26 10:30:33'),(1253,96,0,1,316,1,'2019-06-26 10:30:37'),(1253,97,0,1,317,1,'2019-06-26 10:30:40'),(1253,135,0,1,355,1,'2019-06-26 10:30:16'),(1254,76,0,1,296,1,'2019-06-26 10:54:05'),(1254,92,0,1,312,1,'2019-06-26 10:54:09'),(1254,93,0,1,313,1,'2019-06-26 10:54:16'),(1254,95,0,1,315,1,'2019-06-26 10:54:20'),(1254,96,0,1,316,1,'2019-06-26 10:54:22'),(1254,97,0,1,317,1,'2019-06-26 10:54:31'),(1254,134,0,1,354,1,'2019-06-26 10:53:50'),(1254,135,0,1,355,1,'2019-06-26 10:53:59'),(1256,150,279,1,438,1,'2019-06-27 21:26:34'),(1259,123,0,1,343,1,'2019-07-01 22:19:21'),(1262,44,282,1,0,1,'2019-07-03 11:53:42'),(1262,82,282,1,661,1,'2019-07-03 11:58:02'),(1262,87,282,1,666,1,'2019-07-03 15:50:12'),(1262,88,282,1,667,1,'2019-07-03 12:01:12'),(1262,94,282,1,673,1,'2019-07-03 12:04:39'),(1263,54,0,1,228,3,'2019-07-03 17:25:55'),(1265,80,0,1,300,1,'2019-07-04 12:39:54'),(1265,81,0,1,301,2,'2019-07-04 12:44:22'),(1265,83,0,1,303,1,'2019-07-04 12:39:05'),(1265,84,0,1,304,1,'2019-07-04 12:38:49'),(1265,91,0,1,311,1,'2019-07-04 12:38:16'),(1265,92,0,1,312,1,'2019-07-04 12:42:04'),(1265,93,0,1,313,1,'2019-07-04 12:40:41'),(1266,76,0,1,296,1,'2019-07-06 18:50:51'),(1266,92,0,1,312,1,'2019-07-06 18:50:57'),(1266,93,0,1,313,1,'2019-07-06 18:51:03'),(1266,95,0,1,315,1,'2019-07-06 18:51:11'),(1266,96,0,1,316,1,'2019-07-06 18:51:17'),(1266,97,0,1,317,1,'2019-07-06 18:51:27'),(1266,134,0,1,354,1,'2019-07-06 18:50:43'),(1266,135,0,1,355,1,'2019-07-06 18:50:48'),(1267,76,0,1,296,1,'2019-07-06 19:14:54'),(1267,92,0,1,312,1,'2019-07-06 19:14:57'),(1267,93,0,1,313,1,'2019-07-06 19:15:00'),(1267,134,0,1,354,1,'2019-07-06 19:14:42'),(1267,135,0,1,355,1,'2019-07-06 19:14:48'),(1268,95,0,1,315,1,'2019-07-06 19:15:06'),(1268,96,0,1,316,1,'2019-07-06 19:15:12'),(1268,97,0,1,317,1,'2019-07-06 19:15:17'),(1269,363,0,1,1927,1,'2019-07-06 23:52:43'),(1270,5,0,1,15,3,'2019-07-07 12:21:24'),(1271,251,283,1,1123,1,'2019-07-07 13:22:23'),(1272,81,284,1,301,1,'2019-07-07 18:16:48'),(1273,363,0,1,1927,6,'2019-07-07 20:12:10'),(1274,372,287,1,1931,1,'2019-07-14 18:26:52'),(1278,295,0,1,1463,1,'2019-07-11 01:36:11'),(1279,124,0,1,344,1,'2019-07-12 06:43:03'),(1279,125,0,1,345,1,'2019-07-12 06:43:14'),(1279,133,0,1,353,1,'2019-07-12 06:43:25'),(1279,134,0,1,354,1,'2019-07-12 06:43:39'),(1279,166,0,1,526,1,'2019-07-12 06:43:41'),(1279,179,0,1,609,1,'2019-07-12 06:43:51'),(1280,76,0,1,296,1,'2019-07-12 06:44:22'),(1280,95,0,1,315,1,'2019-07-12 06:44:27'),(1280,96,0,1,316,1,'2019-07-12 06:44:30'),(1281,76,0,1,296,1,'2019-07-12 10:58:27'),(1281,95,0,1,315,1,'2019-07-12 10:58:30'),(1281,96,0,1,316,1,'2019-07-12 10:58:33'),(1281,124,0,1,344,1,'2019-07-12 10:58:04'),(1281,125,0,1,345,1,'2019-07-12 10:58:07'),(1281,133,0,1,353,1,'2019-07-12 10:58:10'),(1281,134,0,1,354,1,'2019-07-12 10:58:13'),(1281,166,0,1,526,1,'2019-07-12 10:58:16'),(1281,179,0,1,609,1,'2019-07-12 10:58:19'),(1281,180,0,1,618,2,'2019-07-12 10:58:24'),(1282,100,0,1,320,1,'2019-07-12 11:07:08'),(1282,101,0,1,321,1,'2019-07-12 11:07:11'),(1282,102,0,1,322,1,'2019-07-12 11:07:14'),(1282,103,0,1,323,1,'2019-07-12 11:07:16'),(1282,104,0,1,324,1,'2019-07-12 11:07:20'),(1282,105,0,1,325,1,'2019-07-12 11:07:23'),(1282,106,0,1,326,1,'2019-07-12 11:07:28'),(1282,107,0,1,327,1,'2019-07-12 11:07:33'),(1282,108,0,1,328,1,'2019-07-12 11:07:37'),(1282,109,0,1,329,1,'2019-07-12 11:07:42'),(1282,110,0,1,330,1,'2019-07-12 11:07:47'),(1282,111,0,1,331,1,'2019-07-12 11:07:52'),(1282,112,0,1,332,1,'2019-07-12 11:07:56'),(1282,113,0,1,333,1,'2019-07-12 11:08:01'),(1283,12,0,1,0,1,'2019-07-12 11:08:22'),(1283,16,0,1,370,1,'2019-07-12 11:09:46'),(1283,115,0,1,335,1,'2019-07-12 11:08:10'),(1283,116,0,1,336,1,'2019-07-12 11:08:13'),(1283,117,0,1,337,1,'2019-07-12 11:08:16'),(1283,118,0,1,338,1,'2019-07-12 11:08:19'),(1283,120,0,1,340,1,'2019-07-12 11:08:25'),(1283,121,0,1,341,1,'2019-07-12 11:08:28'),(1283,122,0,1,342,1,'2019-07-12 11:08:30'),(1283,123,0,1,343,1,'2019-07-12 11:08:34'),(1283,126,0,1,346,1,'2019-07-12 11:08:38'),(1283,127,0,1,347,1,'2019-07-12 11:08:41'),(1283,128,0,1,348,1,'2019-07-12 11:08:44'),(1283,129,0,1,349,1,'2019-07-12 11:08:47'),(1283,130,0,1,350,1,'2019-07-12 11:08:51'),(1283,131,0,1,351,1,'2019-07-12 11:08:54'),(1283,132,0,1,352,1,'2019-07-12 11:08:57'),(1283,135,0,1,355,1,'2019-07-12 11:09:00'),(1283,136,0,1,0,1,'2019-07-12 11:09:02'),(1283,137,0,1,357,1,'2019-07-12 11:09:05'),(1283,141,0,1,0,1,'2019-07-12 11:09:09'),(1283,143,0,1,360,1,'2019-07-12 11:09:12'),(1283,144,0,1,380,1,'2019-07-12 11:09:16'),(1283,145,0,1,391,1,'2019-07-12 11:09:18'),(1283,146,0,1,409,1,'2019-07-12 11:09:22'),(1283,147,0,1,417,1,'2019-07-12 11:09:25'),(1283,149,0,1,437,1,'2019-07-12 11:09:28'),(1283,150,0,1,438,1,'2019-07-12 11:09:32'),(1283,153,0,1,455,1,'2019-07-12 11:09:35'),(1283,154,0,1,465,1,'2019-07-12 11:09:39'),(1283,157,0,1,483,1,'2019-07-12 11:09:43'),(1283,160,0,1,501,1,'2019-07-12 11:09:49'),(1283,161,0,1,510,1,'2019-07-12 11:09:52'),(1283,169,0,1,544,1,'2019-07-12 11:09:55'),(1283,170,0,1,555,1,'2019-07-12 11:09:59'),(1283,173,0,1,575,1,'2019-07-12 11:10:02'),(1283,174,0,1,580,1,'2019-07-12 11:10:05'),(1284,23,0,1,149,1,'2019-07-12 11:10:47'),(1284,24,0,1,151,1,'2019-07-12 11:10:49'),(1284,25,0,1,152,1,'2019-07-12 11:10:51'),(1284,26,0,1,153,1,'2019-07-12 11:10:53'),(1284,27,0,1,154,1,'2019-07-12 11:10:56'),(1284,29,0,1,162,1,'2019-07-12 11:11:01'),(1284,34,0,1,173,1,'2019-07-12 11:11:11'),(1284,35,0,1,202,1,'2019-07-12 11:11:13'),(1284,36,0,1,189,1,'2019-07-12 11:11:16'),(1284,39,0,1,294,1,'2019-07-12 11:11:39'),(1284,40,0,1,197,1,'2019-07-12 11:11:57'),(1284,41,0,1,198,1,'2019-07-12 11:11:59'),(1284,178,0,1,601,1,'2019-07-12 11:10:11'),(1284,181,0,1,624,1,'2019-07-12 11:10:13'),(1284,183,0,1,636,1,'2019-07-12 11:10:16'),(1284,191,0,1,689,1,'2019-07-12 11:10:18'),(1284,194,0,1,713,1,'2019-07-12 11:10:23'),(1284,195,0,1,714,1,'2019-07-12 11:10:25'),(1284,196,0,1,715,1,'2019-07-12 11:10:27'),(1284,197,0,1,717,1,'2019-07-12 11:10:30'),(1284,198,0,1,0,1,'2019-07-12 11:10:31'),(1284,206,0,1,746,1,'2019-07-12 11:10:35'),(1284,207,0,1,757,1,'2019-07-12 11:10:37'),(1284,208,0,1,768,1,'2019-07-12 11:10:39'),(1284,209,0,1,784,1,'2019-07-12 11:10:41'),(1284,211,0,1,800,1,'2019-07-12 11:10:43'),(1284,212,0,1,811,1,'2019-07-12 11:10:45'),(1284,363,0,1,1927,1,'2019-07-12 11:11:19'),(1284,394,0,1,1920,1,'2019-07-12 11:11:43'),(1284,396,0,1,1922,1,'2019-07-12 11:11:47'),(1284,397,0,1,1923,1,'2019-07-12 11:11:49'),(1284,399,0,1,1925,1,'2019-07-12 11:11:52'),(1284,412,0,1,1957,1,'2019-07-12 11:12:02'),(1284,413,0,1,1958,1,'2019-07-12 11:12:05'),(1284,414,0,1,1959,1,'2019-07-12 11:12:08'),(1285,5,0,1,15,1,'2019-07-12 11:12:28'),(1285,6,0,1,16,1,'2019-07-12 11:12:57'),(1285,7,0,1,292,1,'2019-07-12 11:13:24'),(1285,42,0,1,199,1,'2019-07-12 11:12:12'),(1285,43,0,1,200,1,'2019-07-12 11:12:14'),(1285,52,0,1,225,1,'2019-07-12 11:12:34'),(1285,54,0,1,227,1,'2019-07-12 11:12:37'),(1285,56,0,1,235,1,'2019-07-12 11:12:40'),(1285,62,0,1,249,1,'2019-07-12 11:13:02'),(1285,65,0,1,260,1,'2019-07-12 11:13:11'),(1285,66,0,1,265,1,'2019-07-12 11:13:14'),(1285,67,0,1,267,1,'2019-07-12 11:13:17'),(1285,68,0,1,269,1,'2019-07-12 11:13:19'),(1285,69,0,1,270,1,'2019-07-12 11:13:21'),(1285,74,0,1,283,1,'2019-07-12 11:13:31'),(1285,75,0,1,290,1,'2019-07-12 11:13:33'),(1285,78,0,1,298,1,'2019-07-12 11:13:36'),(1285,80,0,1,300,1,'2019-07-12 11:13:38'),(1285,81,0,1,301,1,'2019-07-12 11:13:41'),(1285,82,0,1,302,1,'2019-07-12 11:13:43'),(1285,83,0,1,303,1,'2019-07-12 11:13:45'),(1285,84,0,1,304,1,'2019-07-12 11:13:48'),(1285,85,0,1,305,1,'2019-07-12 11:13:51'),(1285,86,0,1,306,1,'2019-07-12 11:13:54'),(1285,87,0,1,307,1,'2019-07-12 11:13:56'),(1285,88,0,1,308,1,'2019-07-12 11:13:59'),(1285,89,0,1,309,1,'2019-07-12 11:14:04'),(1285,91,0,1,311,1,'2019-07-12 11:14:08'),(1285,94,0,1,314,1,'2019-07-12 11:14:11'),(1286,98,0,1,318,1,'2019-07-12 11:14:16'),(1286,99,0,1,319,1,'2019-07-12 11:14:19'),(1287,100,0,1,320,1,'2019-07-12 16:11:16'),(1287,101,0,1,321,1,'2019-07-12 16:11:19'),(1288,7,0,1,292,1,'2019-07-12 16:11:42'),(1288,12,0,1,0,1,'2019-07-12 16:11:56'),(1288,16,0,1,370,1,'2019-07-12 16:13:12'),(1288,65,0,1,260,1,'2019-07-12 16:11:22'),(1288,66,0,1,265,1,'2019-07-12 16:11:26'),(1288,67,0,1,267,1,'2019-07-12 16:11:29'),(1288,68,0,1,269,1,'2019-07-12 16:11:33'),(1288,69,0,1,270,1,'2019-07-12 16:11:39'),(1288,74,0,1,283,1,'2019-07-12 16:11:54'),(1288,75,0,1,290,1,'2019-07-12 16:11:58'),(1288,78,0,1,298,1,'2019-07-12 16:12:02'),(1288,80,0,1,300,1,'2019-07-12 16:12:05'),(1288,81,0,1,301,1,'2019-07-12 16:12:09'),(1288,82,0,1,302,1,'2019-07-12 16:12:12'),(1288,83,0,1,303,1,'2019-07-12 16:12:17'),(1288,84,0,1,304,1,'2019-07-12 16:12:20'),(1288,85,0,1,305,1,'2019-07-12 16:12:25'),(1288,87,0,1,307,1,'2019-07-12 16:12:29'),(1288,88,0,1,308,1,'2019-07-12 16:12:32'),(1288,89,0,1,309,1,'2019-07-12 16:12:35'),(1288,91,0,1,311,1,'2019-07-12 16:12:40'),(1288,94,0,1,314,1,'2019-07-12 16:12:44'),(1288,97,0,1,317,2,'2019-07-12 16:12:53'),(1288,98,0,1,318,1,'2019-07-12 16:12:57'),(1288,99,0,1,319,1,'2019-07-12 16:13:02'),(1288,103,0,1,323,1,'2019-07-12 16:11:22'),(1288,104,0,1,324,1,'2019-07-12 16:11:24'),(1288,105,0,1,325,1,'2019-07-12 16:11:27'),(1288,107,0,1,327,1,'2019-07-12 16:11:29'),(1288,108,0,1,328,1,'2019-07-12 16:11:31'),(1288,109,0,1,329,1,'2019-07-12 16:11:36'),(1288,110,0,1,330,1,'2019-07-12 16:11:38'),(1288,111,0,1,331,1,'2019-07-12 16:11:40'),(1288,112,0,1,332,1,'2019-07-12 16:11:43'),(1288,114,0,1,334,1,'2019-07-12 16:11:51'),(1288,121,0,1,341,1,'2019-07-12 16:12:06'),(1288,123,0,1,343,1,'2019-07-12 16:12:14'),(1288,141,0,1,0,1,'2019-07-12 16:12:26'),(1288,143,0,1,360,1,'2019-07-12 16:12:33'),(1288,144,0,1,380,1,'2019-07-12 16:12:37'),(1288,145,0,1,391,1,'2019-07-12 16:12:41'),(1288,146,0,1,409,1,'2019-07-12 16:12:45'),(1288,147,0,1,417,1,'2019-07-12 16:12:50'),(1288,149,0,1,437,1,'2019-07-12 16:12:55'),(1288,150,0,1,438,1,'2019-07-12 16:12:58'),(1288,153,0,1,455,1,'2019-07-12 16:13:00'),(1288,154,0,1,465,1,'2019-07-12 16:13:04'),(1288,157,0,1,483,1,'2019-07-12 16:13:08'),(1288,160,0,1,501,1,'2019-07-12 16:13:19'),(1289,23,0,1,149,1,'2019-07-12 16:14:16'),(1289,24,0,1,151,1,'2019-07-12 16:14:18'),(1289,25,0,1,152,1,'2019-07-12 16:14:20'),(1289,26,0,1,153,1,'2019-07-12 16:14:23'),(1289,27,0,1,154,1,'2019-07-12 16:14:26'),(1289,28,0,1,159,1,'2019-07-12 16:14:31'),(1289,29,0,1,162,1,'2019-07-12 16:14:37'),(1289,34,0,1,173,1,'2019-07-12 16:14:49'),(1289,35,0,1,202,1,'2019-07-12 16:14:51'),(1289,36,0,1,189,1,'2019-07-12 16:14:55'),(1289,39,0,1,294,1,'2019-07-12 16:15:03'),(1289,41,0,1,198,1,'2019-07-12 16:15:20'),(1289,161,0,1,510,1,'2019-07-12 16:13:22'),(1289,169,0,1,544,1,'2019-07-12 16:13:24'),(1289,170,0,1,555,1,'2019-07-12 16:13:28'),(1289,173,0,1,575,1,'2019-07-12 16:13:31'),(1289,174,0,1,580,1,'2019-07-12 16:13:33'),(1289,175,0,1,583,2,'2019-07-12 16:13:37'),(1289,178,0,1,601,1,'2019-07-12 16:13:41'),(1289,181,0,1,624,1,'2019-07-12 16:13:44'),(1289,183,0,1,636,1,'2019-07-12 16:13:46'),(1289,194,0,1,713,1,'2019-07-12 16:13:47'),(1289,195,0,1,714,1,'2019-07-12 16:13:50'),(1289,196,0,1,715,1,'2019-07-12 16:13:52'),(1289,197,0,1,717,1,'2019-07-12 16:13:54'),(1289,198,0,1,0,1,'2019-07-12 16:13:56'),(1289,206,0,1,746,1,'2019-07-12 16:14:00'),(1289,207,0,1,757,1,'2019-07-12 16:14:02'),(1289,208,0,1,768,1,'2019-07-12 16:14:04'),(1289,209,0,1,784,1,'2019-07-12 16:14:07'),(1289,211,0,1,800,1,'2019-07-12 16:14:10'),(1289,212,0,1,811,1,'2019-07-12 16:14:13'),(1289,363,0,1,1927,1,'2019-07-12 16:14:57'),(1289,394,0,1,1920,1,'2019-07-12 16:15:06'),(1289,396,0,1,1922,1,'2019-07-12 16:15:10'),(1289,397,0,1,1923,1,'2019-07-12 16:15:13'),(1289,399,0,1,1925,1,'2019-07-12 16:15:15'),(1290,5,0,1,15,1,'2019-07-12 16:15:47'),(1290,6,0,1,16,1,'2019-07-12 16:16:10'),(1290,52,0,1,225,1,'2019-07-12 16:15:50'),(1290,54,0,1,227,1,'2019-07-12 16:15:53'),(1290,55,0,1,234,1,'2019-07-12 16:15:55'),(1290,56,0,1,235,1,'2019-07-12 16:15:57'),(1290,57,0,1,239,1,'2019-07-12 16:16:00'),(1290,58,0,1,244,1,'2019-07-12 16:16:03'),(1290,59,0,1,245,1,'2019-07-12 16:16:06'),(1290,62,0,1,249,1,'2019-07-12 16:16:15'),(1290,412,0,1,1957,1,'2019-07-12 16:15:22'),(1290,413,0,1,1958,1,'2019-07-12 16:15:24'),(1290,414,0,1,1959,1,'2019-07-12 16:15:26'),(1290,415,0,1,1960,2,'2019-07-12 16:15:30'),(1291,119,0,1,339,1,'2019-07-12 16:44:15'),(1291,184,0,1,644,1,'2019-07-12 16:44:19'),(1291,189,0,1,684,1,'2019-07-12 16:44:22'),(1292,51,0,1,224,1,'2019-07-12 16:44:37'),(1292,53,0,1,226,1,'2019-07-12 16:44:42'),(1292,90,0,1,310,1,'2019-07-12 16:44:50'),(1292,92,0,1,312,1,'2019-07-12 16:44:52'),(1292,93,0,1,313,1,'2019-07-12 16:44:55'),(1292,398,0,1,1924,1,'2019-07-12 16:44:31'),(1292,416,0,1,1961,1,'2019-07-12 16:44:34'),(1293,90,0,1,310,1,'2019-07-12 21:51:52'),(1293,92,0,1,312,1,'2019-07-12 21:51:55'),(1293,93,0,1,313,1,'2019-07-12 21:51:57'),(1294,106,0,1,326,1,'2019-07-12 21:59:07'),(1294,113,0,1,333,1,'2019-07-12 21:59:10'),(1294,114,0,1,334,1,'2019-07-12 21:59:13'),(1294,115,0,1,335,1,'2019-07-12 21:59:16'),(1294,116,0,1,336,1,'2019-07-12 21:59:19'),(1294,117,0,1,337,1,'2019-07-12 21:59:21'),(1294,119,0,1,339,1,'2019-07-12 21:59:23'),(1294,120,0,1,340,1,'2019-07-12 21:59:26'),(1294,122,0,1,342,1,'2019-07-12 21:59:28'),(1294,126,0,1,346,1,'2019-07-12 21:59:31'),(1294,129,0,1,349,1,'2019-07-12 21:59:34'),(1294,130,0,1,350,1,'2019-07-12 21:59:36'),(1294,135,0,1,355,1,'2019-07-12 21:59:38'),(1294,136,0,1,0,1,'2019-07-12 21:59:41'),(1294,142,0,1,358,1,'2019-07-12 21:59:44'),(1294,184,0,1,644,1,'2019-07-12 21:59:46'),(1294,189,0,1,684,1,'2019-07-12 21:59:49'),(1294,395,0,1,1921,2,'2019-07-12 21:59:54'),(1295,42,0,1,199,1,'2019-07-12 22:00:00'),(1295,43,0,1,200,1,'2019-07-12 22:00:04'),(1295,51,0,1,224,1,'2019-07-12 22:00:06'),(1295,53,0,1,226,1,'2019-07-12 22:00:09'),(1295,416,0,1,1961,1,'2019-07-12 21:59:58'),(1296,102,0,1,322,1,'2019-07-12 22:04:02'),(1297,118,0,1,338,1,'2019-07-13 04:08:54'),(1297,142,0,1,358,1,'2019-07-13 04:09:56'),(1297,398,0,1,1924,1,'2019-07-13 04:09:58'),(1298,363,0,1,1927,1,'2019-07-15 21:00:35');

--
-- Table structure for table `gcahdy_cart_rule`
--

CREATE TABLE `gcahdy_cart_rule` (
  `id_cart_rule` int(10) unsigned NOT NULL AUTO_INCREMENT,
  `id_customer` int(10) unsigned NOT NULL DEFAULT '0',
  `date_from` datetime NOT NULL,
  `date_to` datetime NOT NULL,
  `description` text,
  `quantity` int(10) unsigned NOT NULL DEFAULT '0',
  `quantity_per_user` int(10) unsigned NOT NULL DEFAULT '0',
  `priority` int(10) unsigned NOT NULL DEFAULT '1',
  `partial_use` tinyint(1) unsigned NOT NULL DEFAULT '0',
  `code` varchar(254) NOT NULL,
  `minimum_amount` decimal(17,2) NOT NULL DEFAULT '0.00',
  `minimum_amount_tax` tinyint(1) NOT NULL DEFAULT '0',
  `minimum_amount_currency` int(10) unsigned NOT NULL DEFAULT '0',
  `minimum_amount_shipping` tinyint(1) NOT NULL DEFAULT '0',
  `country_restriction` tinyint(1) unsigned NOT NULL DEFAULT '0',
  `carrier_restriction` tinyint(1) unsigned NOT NULL DEFAULT '0',
  `group_restriction` tinyint(1) unsigned NOT NULL DEFAULT '0',
  `cart_rule_restriction` tinyint(1) unsigned NOT NULL DEFAULT '0',
  `product_restriction` tinyint(1) unsigned NOT NULL DEFAULT '0',
  `shop_restriction` tinyint(1) unsigned NOT NULL DEFAULT '0',
  `free_shipping` tinyint(1) NOT NULL DEFAULT '0',
  `reduction_percent` decimal(5,2) NOT NULL DEFAULT '0.00',
  `reduction_amount` decimal(17,2) NOT NULL DEFAULT '0.00',
  `reduction_tax` tinyint(1) unsigned NOT NULL DEFAULT '0',
  `reduction_currency` int(10) unsigned NOT NULL DEFAULT '0',
  `reduction_product` int(10) NOT NULL DEFAULT '0',
  `gift_product` int(10) unsigned NOT NULL DEFAULT '0',
  `gift_product_attribute` int(10) unsigned NOT NULL DEFAULT '0',
  `highlight` tinyint(1) unsigned NOT NULL DEFAULT '0',
  `active` tinyint(1) unsigned NOT NULL DEFAULT '0',
  `date_add` datetime NOT NULL,
  `date_upd` datetime NOT NULL,
  PRIMARY KEY (`id_cart_rule`),
  KEY `id_customer` (`id_customer`,`active`,`date_to`),
  KEY `group_restriction` (`group_restriction`,`active`,`date_to`),
  KEY `id_customer_2` (`id_customer`,`active`,`highlight`,`date_to`),
  KEY `group_restriction_2` (`group_restriction`,`active`,`highlight`,`date_to`)
) ENGINE=InnoDB AUTO_INCREMENT=14 DEFAULT CHARSET=utf8;

--
-- Dumping data for table `gcahdy_cart_rule`
--

INSERT INTO `gcahdy_cart_rule` VALUES (1,0,'2018-11-30 10:00:00','2020-12-31 23:59:00','Livraison gratuite EEE à partir de 399€ TTC',99991,99999,1,0,'',399.00,1,1,0,1,0,0,0,0,0,1,0.00,0.00,0,1,0,0,0,0,1,'2018-06-08 15:47:22','2019-07-09 15:00:10'),(6,51,'2018-10-29 09:00:00','2018-11-29 09:00:00','Réductions sur les frais de port De Régine ROY (commande 46) car demande d\'ajout de produits sur une commande validée et payée',0,9999,1,1,'REFRPO',0.00,0,1,0,0,0,0,0,0,0,1,0.00,0.00,0,1,0,0,0,0,0,'2018-10-29 10:13:30','2019-01-31 17:48:27'),(7,0,'2018-11-10 00:01:00','2018-12-11 23:59:00','Réduction de 10% à partir de 150€ d\'achat TTC du 10/11 au 10/12 2018',76,1,0,0,'',150.00,1,1,0,0,0,0,0,0,0,0,10.00,0.00,0,1,0,0,0,1,0,'2018-11-08 12:11:41','2019-01-31 17:48:34'),(8,0,'2018-11-10 00:01:00','2018-12-10 23:59:00','Livraison gratuite pendant OP Noël 2018 pour les clients e-boutique et les inscrits sur le site',98,1,0,0,'NOEL 2018',150.00,1,1,0,0,0,1,0,0,0,1,0.00,0.00,0,1,0,0,0,1,0,'2018-11-08 15:35:48','2019-01-31 17:48:40'),(9,0,'2019-02-01 00:01:00','2019-02-14 23:59:00','Goyon-Chazeau offre la gravure pour l\'achat d\'un couteau de cuisine ou de poche. Une gravure par tranche de 50€ TTC.',9998,9999,1,0,'',50.00,1,1,0,0,0,0,0,1,0,0,0.00,0.00,0,1,0,201,726,1,0,'2019-01-29 14:19:13','2019-06-25 15:01:39'),(10,0,'2019-05-03 00:00:01','2019-06-16 23:59:59','Frais de port offerts période fête des mères fête des pères France',982,1000,1,0,'',0.00,0,1,0,1,0,0,0,0,0,1,0.00,0.00,0,1,0,0,0,1,0,'2019-04-29 15:45:07','2019-06-25 15:01:38'),(11,0,'2019-05-03 00:00:01','2019-06-16 23:59:59','9.90€ offerts période fête des mères-pères hors France',992,1000,2,0,'',0.00,0,1,0,1,0,0,0,0,0,0,0.00,9.90,1,1,0,0,0,1,0,'2019-04-29 15:48:37','2019-06-25 15:01:36'),(12,0,'2019-06-25 15:00:00','2019-07-31 23:59:00','9.90€TTC offerts  : pour inciter paniers abandonnés / cadeau clients établis / cadeaux clients n\'ayant pas profité de l\'offre',1000,5,2,0,'HAPPYORDER',0.00,0,1,0,0,0,0,1,0,0,0,0.00,9.90,1,1,0,0,0,0,1,'2019-06-25 15:11:24','2019-06-25 15:11:24'),(13,0,'2019-07-01 00:00:01','2019-12-31 00:00:00','9€90 TTC offerts sur la prochaine commande - offre valable jusqu\'au 31/12. Pour toute commande passée entre le 1er et le 31 juillet 2019 n\'ayant pas pu bénéficier de l\'offre HAPPYORDER.',1000,1,2,0,'MERCI2019',0.00,0,1,0,0,0,1,1,0,0,0,0.00,9.90,1,1,0,0,0,1,1,'2019-07-08 13:47:28','2019-07-08 13:48:53');

--
