CREATE TABLE `gcahdy_attribute_group` (
  `id_attribute_group` int(10) UNSIGNED NOT NULL,
  `is_color_group` tinyint(1) NOT NULL DEFAULT '0',
  `group_type` enum('select','radio','color') NOT NULL DEFAULT 'select',
  `position` int(10) UNSIGNED NOT NULL DEFAULT '0'
) ENGINE=InnoDB DEFAULT CHARSET=utf8;

--
-- Déchargement des données de la table `gcahdy_attribute_group`
--

INSERT INTO `gcahdy_attribute_group` (`id_attribute_group`, `is_color_group`, `group_type`, `position`) VALUES
(1, 1, 'color', 0),
(2, 1, 'color', 1),
(3, 1, 'color', 2),
(4, 1, 'color', 4),
(5, 1, 'color', 5),
(6, 1, 'color', 3),
(7, 0, 'select', 6),
(8, 0, 'select', 7),
(9, 0, 'select', 8),
(10, 0, 'select', 9);

-- --------------------------------------------------------

--
-- Structure de la table `gcahdy_attribute_group_attribute_group_global`
--

CREATE TABLE `gcahdy_attribute_group_attribute_group_global` (
  `id_attribute_group` int(10) NOT NULL,
  `id_attribute_group_global` int(10) NOT NULL
) ENGINE=InnoDB DEFAULT CHARSET=utf8 COLLATE=utf8_unicode_ci;

--
-- Déchargement des données de la table `gcahdy_attribute_group_attribute_group_global`
--

INSERT INTO `gcahdy_attribute_group_attribute_group_global` (`id_attribute_group`, `id_attribute_group_global`) VALUES
(1, 1),
(2, 1),
(3, 1),
(4, 1),
(5, 1),
(6, 1),
(7, 2),
(8, 3),
(9, 4);

-- --------------------------------------------------------

--
-- Structure de la table `gcahdy_attribute_group_global`
--

CREATE TABLE `gcahdy_attribute_group_global` (
  `id_attribute_group_global` int(10) NOT NULL
) ENGINE=InnoDB DEFAULT CHARSET=utf8 COLLATE=utf8_unicode_ci;

--
-- Déchargement des données de la table `gcahdy_attribute_group_global`
--

INSERT INTO `gcahdy_attribute_group_global` (`id_attribute_group_global`) VALUES
(1),
(2),
(3),
(4);

-- --------------------------------------------------------

--
-- Structure de la table `gcahdy_attribute_group_global_lang`
--

CREATE TABLE `gcahdy_attribute_group_global_lang` (
  `id_attribute_group_global` int(10) NOT NULL,
  `id_lang` int(10) NOT NULL,
  `name` varchar(128) COLLATE utf8_unicode_ci NOT NULL
) ENGINE=InnoDB DEFAULT CHARSET=utf8 COLLATE=utf8_unicode_ci;

--
-- Déchargement des données de la table `gcahdy_attribute_group_global_lang`
--

INSERT INTO `gcahdy_attribute_group_global_lang` (`id_attribute_group_global`, `id_lang`, `name`) VALUES
(1, 1, 'Matière manche'),
(1, 2, 'Handle materials'),
(2, 1, 'Finition'),
(2, 2, 'Finish'),
(3, 1, 'Matière lame'),
(3, 2, 'Blade materials'),
(4, 1, 'Unité'),
(4, 2, 'Unit');

-- --------------------------------------------------------

--
-- Structure de la table `gcahdy_attribute_group_lang`
--

CREATE TABLE `gcahdy_attribute_group_lang` (
  `id_attribute_group` int(10) UNSIGNED NOT NULL,
  `id_lang` int(10) UNSIGNED NOT NULL,
  `name` varchar(128) NOT NULL,
  `public_name` varchar(64) NOT NULL
) ENGINE=InnoDB DEFAULT CHARSET=utf8;

--
-- Déchargement des données de la table `gcahdy_attribute_group_lang`
--

INSERT INTO `gcahdy_attribute_group_lang` (`id_attribute_group`, `id_lang`, `name`, `public_name`) VALUES
(1, 1, 'Manche Bois', 'Bois'),
(1, 2, 'Wooden handle', 'Wood'),
(2, 1, 'Manche Corne', 'Corne'),
(2, 2, 'Horn handle', 'Horn'),
(3, 1, 'Manche acrylique', 'Acrylique'),
(3, 2, 'Acrylic handle', 'Acrylic'),
(4, 1, 'Manche inclusion', 'Inclusion'),
(4, 2, 'Inclusion handle', 'Inclusion'),
(5, 1, 'Finition manche inox', 'Finition inox '),
(5, 2, 'Stainless steel handle finish', 'Stainless steel finish'),
(6, 1, 'Manche composite', 'Composite'),
(6, 2, 'Composite handle', 'Composite'),
(7, 1, 'Finition', 'Finition'),
(7, 2, 'Finishing', 'Finishing'),
(8, 1, 'Matière haut de couvert', 'Haut de couvert'),
(8, 2, 'Article\'s head material', 'Head material'),
(9, 1, 'Unité', 'Unité'),
(9, 2, 'Unit', 'Unit'),
(10, 1, 'Acompte', 'Acompte'),
(10, 2, 'Deposit', 'Deposit');

-- --------------------------------------------------------

--
-- Structure de la table `gcahdy_attribute_group_shop`
--

CREATE TABLE `gcahdy_attribute_group_shop` (
  `id_attribute_group` int(11) UNSIGNED NOT NULL,
  `id_shop` int(11) UNSIGNED NOT NULL
) ENGINE=InnoDB DEFAULT CHARSET=utf8;

--
-- Déchargement des données de la table `gcahdy_attribute_group_shop`
--

INSERT INTO `gcahdy_attribute_group_shop` (`id_attribute_group`, `id_shop`) VALUES
(1, 1),
(2, 1),
(3, 1),
(4, 1),
(5, 1),
(6, 1),
(7, 1),
(8, 1),
(9, 1),
(10, 1);

-- --------------------------------------------------------

--
-- Structure de la table `gcahdy_attribute_impact`
--

CREATE TABLE `gcahdy_attribute_impact` (
  `id_attribute_impact` int(10) UNSIGNED NOT NULL,
  `id_product` int(11) UNSIGNED NOT NULL,
  `id_attribute` int(11) UNSIGNED NOT NULL,
  `weight` decimal(20,6) NOT NULL,
  `price` decimal(17,2) NOT NULL
) ENGINE=InnoDB DEFAULT CHARSET=utf8;

-- --------------------------------------------------------

--
-- Structure de la table `gcahdy_attribute_lang`
--

CREATE TABLE `gcahdy_attribute_lang` (
  `id_attribute` int(10) UNSIGNED NOT NULL,
  `id_lang` int(10) UNSIGNED NOT NULL,
  `name` varchar(128) NOT NULL
) ENGINE=InnoDB DEFAULT CHARSET=utf8;

--
-- Déchargement des données de la table `gcahdy_attribute_lang`
--

INSERT INTO `gcahdy_attribute_lang` (`id_attribute`, `id_lang`, `name`) VALUES
(107, 1, ' 10%'),
(76, 1, 'A l\'unité'),
(75, 1, 'Acier carbone XC75'),
(74, 1, 'Acier damas carbone'),
(73, 1, 'Acier damas inox'),
(72, 1, 'Acier inox 12c27'),
(71, 1, 'Acier inox 18-10'),
(70, 1, 'Acier inox X46cr13'),
(87, 1, 'Acier inox X50CrMov15'),
(105, 1, 'Acier Sandvik 14C28N'),
(7, 1, 'Amourette'),
(42, 1, 'Asperge'),
(58, 1, 'Assortiment automne'),
(99, 1, 'Assortiment chasse'),
(57, 1, 'Assortiment nacré'),
(59, 1, 'Assortiment nougat'),
(44, 1, 'Assortiment pastello'),
(40, 1, 'Aubergine '),
(18, 1, 'Bois Assortis - Groupe 1'),
(101, 1, 'Bois assortis - Groupe 2'),
(26, 1, 'Bois de cerf'),
(9, 1, 'Bois de rose'),
(6, 1, 'Bois de serpent'),
(8, 1, 'Bois de violette'),
(11, 1, 'Bouleau'),
(64, 1, 'Brillant'),
(69, 1, 'Brillant'),
(66, 1, 'Brossé'),
(93, 1, 'Brut'),
(25, 1, 'Buffle noir'),
(4, 1, 'Buis'),
(89, 1, 'Buis de bout'),
(5, 1, 'Cade - genévrier'),
(92, 1, 'Chasse - Bécasse'),
(85, 1, 'Chasse - Cerf'),
(91, 1, 'Chasse - Faisan vénéré'),
(63, 1, 'Chasse - Plumes et douille'),
(90, 1, 'Chasse - Sanglier'),
(19, 1, 'Chêne'),
(62, 1, 'Copeaux corne'),
(32, 1, 'Corail rouge'),
(84, 1, 'Corail tigre'),
(27, 1, 'Corne de bélier'),
(94, 1, 'Cornes assorties'),
(34, 1, 'Croûte de mammouth'),
(22, 1, 'Duo Ébène/Buis'),
(21, 1, 'Duo violette/rose'),
(10, 1, 'Ébène'),
(80, 1, 'En coffret de 12'),
(103, 1, 'En coffret de 12 pièces'),
(77, 1, 'En coffret de 2 pièces'),
(78, 1, 'En coffret de 6'),
(79, 1, 'En coffret de 8'),
(81, 1, 'En ménagère de 12'),
(82, 1, 'En ménagère de 24'),
(67, 1, 'Fibre de carbone'),
(39, 1, 'Ficelle '),
(108, 1, 'Forge brute'),
(83, 1, 'Frêne olivier'),
(100, 1, 'Grenadille'),
(38, 1, 'Gris anthracite '),
(43, 1, 'Gris bleu '),
(102, 1, 'Hêtre échauffé'),
(97, 1, 'Inox trempé rainuré'),
(28, 1, 'Ivoire de phacochère'),
(36, 1, 'Ivoire uni'),
(33, 1, 'Mammouth naturel'),
(23, 1, 'Marqueterie'),
(41, 1, 'Mastic '),
(68, 1, 'Mat'),
(31, 1, 'Molaire de mammouth'),
(98, 1, 'Nacré blanc'),
(45, 1, 'Nacré bleu lavande '),
(52, 1, 'Nacré bleu nuit '),
(53, 1, 'Nacré cerise '),
(56, 1, 'Nacré champagne '),
(47, 1, 'Nacré fuschia '),
(51, 1, 'Nacré gris '),
(48, 1, 'Nacré jaune '),
(54, 1, 'Nacré noir '),
(49, 1, 'Nacré orange '),
(55, 1, 'Nacré rouge orangé '),
(50, 1, 'Nacré saumon '),
(46, 1, 'Nacré vert anis'),
(88, 1, 'Noir uni'),
(104, 1, 'Noyer vieilli'),
(2, 1, 'Olivier'),
(29, 1, 'Os de girafe '),
(16, 1, 'Paperstone denim'),
(14, 1, 'Paperstone gris'),
(17, 1, 'Paperstone moka'),
(13, 1, 'Paperstone noir'),
(15, 1, 'Paperstone sable'),
(61, 1, 'Pépites argent'),
(60, 1, 'Pépites or'),
(1, 1, 'Pistachier'),
(24, 1, 'Pointe de corne'),
(30, 1, 'Pulpe de mammouth'),
(20, 1, 'Ronce de Noyer'),
(37, 1, 'Rouge uni'),
(65, 1, 'Sablé'),
(12, 1, 'Thuya'),
(3, 1, 'Wengé'),
(107, 2, ' 10%'),
(72, 2, '12C27 stainless steel'),
(71, 2, '18-10 stainless steel'),
(38, 2, 'Anthracite grey'),
(42, 2, 'Asparagus'),
(94, 2, 'Assorted horns'),
(58, 2, 'Autumn mix'),
(11, 2, 'Birch'),
(25, 2, 'Black buffalo'),
(13, 2, 'Black Paperstone'),
(80, 2, 'Box of 12'),
(77, 2, 'Box of 2 pieces'),
(78, 2, 'Box of 6'),
(79, 2, 'Box of 8'),
(4, 2, 'Boxwood'),
(64, 2, 'Brilliant'),
(69, 2, 'Brilliant'),
(66, 2, 'Brushed'),
(67, 2, 'Carbon fiber'),
(24, 2, 'Cattle '),
(26, 2, 'Deer'),
(16, 2, 'Denim Paperstone '),
(22, 2, 'Duo ebony/boxwood'),
(21, 2, 'Duo king/rosewood'),
(10, 2, 'Ebony'),
(40, 2, 'Eggplant'),
(89, 2, 'End-grain boxwood'),
(103, 2, 'Gift box of 12 pieces'),
(29, 2, 'Giraffe bone'),
(60, 2, 'Gold stones'),
(43, 2, 'Grey blue'),
(14, 2, 'Grey Paperstone'),
(97, 2, 'Grooved hardened stainless steel'),
(74, 2, 'Handcraft damascus'),
(62, 2, 'Horn shaving'),
(90, 2, 'Hunting - Boar'),
(85, 2, 'Hunting - Deer'),
(63, 2, 'Hunting - Feathers and cartridge'),
(91, 2, 'Hunting - Reeves\'s pheasant'),
(92, 2, 'Hunting - Woodcock'),
(99, 2, 'Hunting assortment'),
(76, 2, 'Individually'),
(5, 2, 'Juniper'),
(8, 2, 'Kingwood'),
(34, 2, 'Mammoth crust'),
(30, 2, 'Mammoth pulp'),
(31, 2, 'Mammoth tooth'),
(6, 2, 'Marble wood'),
(23, 2, 'Marquetry'),
(68, 2, 'Matt'),
(18, 2, 'Mixed woods - Group 1'),
(101, 2, 'Mixed woods - Group 2'),
(17, 2, 'Moka Paperstone'),
(100, 2, 'Mozambic ebony'),
(33, 2, 'Natural mammoth'),
(59, 2, 'Nougat mix'),
(19, 2, 'Oak'),
(2, 2, 'Olive'),
(83, 2, 'Olive ash'),
(44, 2, 'Pastello mix'),
(46, 2, 'Pearly anise green'),
(54, 2, 'Pearly black'),
(56, 2, 'Pearly champagne '),
(53, 2, 'Pearly cherry'),
(47, 2, 'Pearly fuchsia'),
(51, 2, 'Pearly grey'),
(45, 2, 'Pearly lavender blue'),
(52, 2, 'Pearly midnight blue'),
(57, 2, 'Pearly mix'),
(49, 2, 'Pearly orange'),
(55, 2, 'Pearly orange-red'),
(50, 2, 'Pearly salmon'),
(98, 2, 'Pearly white'),
(48, 2, 'Pearly yellow'),
(1, 2, 'Pistachio'),
(88, 2, 'Plain black'),
(36, 2, 'Plain off-white'),
(37, 2, 'Plain red'),
(41, 2, 'Putty'),
(27, 2, 'Ram '),
(93, 2, 'Raw'),
(108, 2, 'Raw forge'),
(32, 2, 'Red coral'),
(9, 2, 'Rosewood'),
(102, 2, 'Sabilised beech wood'),
(15, 2, 'Sand Paperstone'),
(65, 2, 'Sandblasted'),
(105, 2, 'Sandvik 14C28N steel'),
(81, 2, 'Set of 12pcs'),
(82, 2, 'Set of 24pcs'),
(61, 2, 'Silver stones'),
(7, 2, 'Snake wood'),
(73, 2, 'Stainless steel damascus'),
(39, 2, 'String'),
(84, 2, 'Tiger coral'),
(12, 2, 'Tuja'),
(20, 2, 'Walnut'),
(104, 2, 'Walnut wood'),
(28, 2, 'Warthog ivory'),
(3, 2, 'Wenge'),
(70, 2, 'X46cr13 stainless steel'),
(87, 2, 'X50CrMov15 stainless steel'),
(75, 2, 'XC75 carbon steel');

-- --------------------------------------------------------

--
-- Structure de la table `gcahdy_attribute_shop`
--

CREATE TABLE `gcahdy_attribute_shop` (
  `id_attribute` int(11) UNSIGNED NOT NULL,
  `id_shop` int(11) UNSIGNED NOT NULL
) ENGINE=InnoDB DEFAULT CHARSET=utf8;

--
-- Déchargement des données de la table `gcahdy_attribute_shop`
--

INSERT INTO `gcahdy_attribute_shop` (`id_attribute`, `id_shop`) VALUES
(1, 1),
(2, 1),
(3, 1),
(4, 1),
(5, 1),
(6, 1),
(7, 1),
(8, 1),
(9, 1),
(10, 1),
(11, 1),
(12, 1),
(13, 1),
(14, 1),
(15, 1),
(16, 1),
(17, 1),
(18, 1),
(19, 1),
(20, 1),
(21, 1),
(22, 1),
(23, 1),
(24, 1),
(25, 1),
(26, 1),
(27, 1),
(28, 1),
(29, 1),
(30, 1),
(31, 1),
(32, 1),
(33, 1),
(34, 1),
(36, 1),
(37, 1),
(38, 1),
(39, 1),
(40, 1),
(41, 1),
(42, 1),
(43, 1),
(44, 1),
(45, 1),
(46, 1),
(47, 1),
(48, 1),
(49, 1),
(50, 1),
(51, 1),
(52, 1),
(53, 1),
(54, 1),
(55, 1),
(56, 1),
(57, 1),
(58, 1),
(59, 1),
(60, 1),
(61, 1),
(62, 1),
(63, 1),
(64, 1),
(65, 1),
(66, 1),
(67, 1),
(68, 1),
(69, 1),
(70, 1),
(71, 1),
(72, 1),
(73, 1),
(74, 1),
(75, 1),
(76, 1),
(77, 1),
(78, 1),
(79, 1),
(80, 1),
(81, 1),
(82, 1),
(83, 1),
(84, 1),
(85, 1),
(87, 1),
(88, 1),
(89, 1),
(90, 1),
(91, 1),
(92, 1),
(93, 1),
(94, 1),
(97, 1),
(98, 1),
(99, 1),
(100, 1),
(101, 1),
(102, 1),
(103, 1),
(104, 1),
(105, 1),
(107, 1),
(108, 1);

-- --------------------------------------------------------

--
-- Structure de la table `gcahdy_badge`
--

CREATE TABLE `gcahdy_badge` (
  `id_badge` int(11) NOT NULL,
  `id_ps_badge` int(11) NOT NULL,
  `type` varchar(32) NOT NULL,
  `id_group` int(11) NOT NULL,
  `group_position` int(11) NOT NULL,
  `scoring` int(11) NOT NULL,
  `awb` int(11) DEFAULT '0',
  `validated` tinyint(1) UNSIGNED NOT NULL DEFAULT '0'
) ENGINE=InnoDB DEFAULT CHARSET=utf8;

--
-- Déchargement des données de la table `gcahdy_badge`
--

INSERT INTO `gcahdy_badge` (`id_badge`, `id_ps_badge`, `type`, `id_group`, `group_position`, `scoring`, `awb`, `validated`) VALUES
(21, 159, 'feature', 41, 1, 5, 1, 0),
(22, 160, 'feature', 41, 2, 10, 1, 0),
(23, 161, 'feature', 41, 3, 15, 1, 0),
(24, 162, 'feature', 41, 4, 20, 1, 0),
(25, 163, 'feature', 41, 1, 5, 1, 0),
(26, 164, 'feature', 41, 2, 10, 1, 0),
(27, 165, 'feature', 41, 3, 15, 1, 0),
(28, 166, 'feature', 41, 4, 20, 1, 0),
(53, 195, 'feature', 41, 1, 5, 1, 0),
(54, 196, 'feature', 41, 2, 10, 1, 0),
(81, 233, 'feature', 41, 1, 5, 1, 0),
(82, 234, 'feature', 41, 2, 10, 1, 0),
(83, 235, 'feature', 41, 3, 15, 1, 0),
(84, 236, 'feature', 41, 4, 20, 1, 0),
(85, 249, 'feature', 41, 1, 5, 1, 0),
(86, 250, 'feature', 41, 2, 10, 1, 0),
(87, 251, 'feature', 41, 3, 15, 1, 0),
(88, 252, 'feature', 41, 4, 20, 1, 0),
(89, 253, 'feature', 41, 1, 5, 1, 0),
(90, 254, 'feature', 41, 2, 10, 1, 0),
(91, 255, 'feature', 41, 3, 15, 1, 0),
(92, 256, 'feature', 41, 4, 20, 1, 0),
(93, 261, 'feature', 41, 1, 5, 1, 0),
(94, 262, 'feature', 41, 2, 10, 1, 0),
(95, 269, 'feature', 41, 1, 5, 1, 0),
(96, 270, 'feature', 41, 2, 10, 1, 0),
(97, 271, 'feature', 41, 3, 15, 1, 0),
(98, 272, 'feature', 41, 4, 20, 1, 0),
(99, 273, 'feature', 41, 1, 5, 1, 0),
(100, 274, 'feature', 41, 2, 10, 1, 0),
(101, 275, 'feature', 41, 3, 15, 1, 0),
(102, 276, 'feature', 41, 4, 20, 1, 0),
(103, 277, 'feature', 41, 1, 5, 1, 0),
(104, 278, 'feature', 41, 2, 10, 1, 0),
(105, 279, 'feature', 41, 3, 15, 1, 0),
(106, 280, 'feature', 41, 4, 20, 1, 0),
(107, 281, 'feature', 41, 1, 5, 1, 0),
(108, 282, 'feature', 41, 2, 10, 1, 0),
(109, 283, 'feature', 41, 3, 15, 1, 0),
(110, 284, 'feature', 41, 4, 20, 1, 0),
(111, 285, 'feature', 41, 1, 5, 1, 0),
(112, 286, 'feature', 41, 2, 10, 1, 0),
(113, 287, 'feature', 41, 3, 15, 1, 0),
(114, 288, 'feature', 41, 4, 20, 1, 0),
(115, 289, 'feature', 41, 1, 5, 1, 0),
(116, 290, 'feature', 41, 2, 10, 1, 0),
(117, 291, 'feature', 41, 3, 15, 1, 0),
(118, 292, 'feature', 41, 4, 20, 1, 0),
(119, 293, 'feature', 41, 1, 5, 1, 0),
(120, 294, 'feature', 41, 2, 10, 1, 0),
(121, 295, 'feature', 41, 3, 15, 1, 0),
(122, 296, 'feature', 41, 4, 20, 1, 0),
(123, 297, 'feature', 41, 1, 5, 1, 0),
(124, 298, 'feature', 41, 2, 10, 1, 0),
(125, 299, 'feature', 41, 3, 15, 1, 0),
(126, 300, 'feature', 41, 4, 20, 1, 0),
(127, 301, 'feature', 41, 1, 5, 1, 0),
(128, 302, 'feature', 41, 2, 10, 1, 0),
(129, 303, 'feature', 41, 3, 15, 1, 0),
(130, 304, 'feature', 41, 4, 20, 1, 0),
(131, 305, 'feature', 41, 1, 5, 1, 0),
(132, 306, 'feature', 41, 2, 10, 1, 0),
(133, 307, 'feature', 41, 3, 15, 1, 0),
(134, 308, 'feature', 41, 4, 20, 1, 0),
(135, 309, 'feature', 41, 1, 5, 1, 0),
(136, 310, 'feature', 41, 2, 10, 1, 0),
(137, 311, 'feature', 41, 3, 15, 1, 0),
(138, 312, 'feature', 41, 4, 20, 1, 0),
(139, 313, 'feature', 41, 1, 5, 1, 0),
(140, 314, 'feature', 41, 2, 10, 1, 0),
(141, 315, 'feature', 41, 3, 15, 1, 0),
(142, 316, 'feature', 41, 4, 20, 1, 0),
(143, 317, 'feature', 41, 1, 5, 1, 0),
(144, 318, 'feature', 41, 2, 10, 1, 0),
(145, 319, 'feature', 41, 3, 15, 1, 0),
(146, 320, 'feature', 41, 4, 20, 1, 0),
(147, 321, 'feature', 41, 1, 5, 1, 0),
(148, 322, 'feature', 41, 2, 10, 1, 0),
(149, 323, 'feature', 41, 3, 15, 1, 0),
(150, 324, 'feature', 41, 4, 20, 1, 0),
(151, 325, 'feature', 41, 1, 5, 1, 0),
(152, 326, 'feature', 41, 2, 10, 1, 0),
(153, 327, 'feature', 41, 3, 15, 1, 0),
(154, 328, 'feature', 41, 4, 20, 1, 0),
(155, 329, 'feature', 41, 1, 5, 1, 0),
(156, 330, 'feature', 41, 2, 10, 1, 0),
(157, 331, 'feature', 41, 3, 15, 1, 0),
(158, 332, 'feature', 41, 4, 20, 1, 0),
(159, 333, 'feature', 41, 1, 5, 1, 0),
(160, 334, 'feature', 41, 2, 10, 1, 0),
(161, 335, 'feature', 41, 3, 15, 1, 0),
(162, 336, 'feature', 41, 4, 20, 1, 0),
(163, 337, 'feature', 41, 1, 5, 1, 0),
(164, 338, 'feature', 41, 2, 10, 1, 0),
(165, 339, 'feature', 41, 3, 15, 1, 0),
(166, 340, 'feature', 41, 4, 20, 1, 0),
(167, 341, 'feature', 41, 1, 5, 1, 0),
(168, 342, 'feature', 41, 2, 10, 1, 0),
(169, 343, 'feature', 41, 3, 15, 1, 0),
(170, 344, 'feature', 41, 4, 20, 1, 0),
(171, 345, 'feature', 41, 1, 5, 1, 0),
(172, 346, 'feature', 41, 2, 10, 1, 0),
(173, 347, 'feature', 41, 3, 15, 1, 0),
(174, 348, 'feature', 41, 4, 20, 1, 0),
(175, 349, 'feature', 41, 1, 5, 1, 0),
(176, 350, 'feature', 41, 2, 10, 1, 0),
(177, 351, 'feature', 41, 3, 15, 1, 0),
(178, 352, 'feature', 41, 4, 20, 1, 0),
(179, 353, 'feature', 41, 1, 5, 1, 0),
(180, 354, 'feature', 41, 2, 10, 1, 0),
(181, 355, 'feature', 41, 3, 15, 1, 0),
(182, 356, 'feature', 41, 4, 20, 1, 0),
(183, 357, 'feature', 41, 1, 5, 1, 0),
(184, 358, 'feature', 41, 2, 10, 1, 0),
(185, 359, 'feature', 41, 3, 15, 1, 0),
(186, 360, 'feature', 41, 4, 20, 1, 0),
(187, 1, 'feature', 1, 1, 10, 0, 1),
(188, 2, 'feature', 2, 1, 10, 0, 1),
(189, 3, 'feature', 2, 2, 15, 0, 0),
(190, 4, 'feature', 3, 1, 15, 0, 1),
(191, 5, 'feature', 3, 2, 15, 0, 1),
(192, 6, 'feature', 4, 1, 15, 0, 1),
(193, 7, 'feature', 4, 2, 15, 0, 1),
(194, 8, 'feature', 5, 1, 5, 0, 1),
(195, 9, 'feature', 5, 2, 10, 0, 1),
(196, 10, 'feature', 6, 1, 15, 0, 1),
(197, 11, 'feature', 6, 2, 10, 0, 0),
(198, 12, 'feature', 6, 3, 10, 0, 0),
(199, 13, 'feature', 5, 3, 10, 0, 1),
(200, 14, 'feature', 5, 4, 15, 0, 0),
(201, 15, 'feature', 5, 5, 20, 0, 0),
(202, 16, 'feature', 5, 6, 20, 0, 0),
(203, 17, 'achievement', 7, 1, 5, 0, 1),
(204, 18, 'achievement', 7, 2, 10, 0, 1),
(205, 19, 'feature', 8, 1, 15, 0, 1),
(206, 20, 'feature', 8, 2, 15, 0, 0),
(207, 21, 'feature', 9, 1, 15, 0, 1),
(208, 22, 'feature', 10, 1, 10, 0, 0),
(209, 23, 'feature', 10, 2, 10, 0, 0),
(210, 24, 'feature', 10, 3, 10, 0, 0),
(211, 25, 'feature', 10, 4, 10, 0, 0),
(212, 26, 'feature', 10, 5, 10, 0, 0),
(213, 27, 'feature', 4, 3, 10, 0, 1),
(214, 28, 'feature', 3, 3, 10, 0, 0),
(215, 29, 'achievement', 11, 1, 5, 0, 1),
(216, 30, 'achievement', 11, 2, 10, 0, 1),
(217, 31, 'achievement', 11, 3, 15, 0, 1),
(218, 32, 'achievement', 11, 4, 20, 0, 0),
(219, 33, 'achievement', 11, 5, 25, 0, 0),
(220, 34, 'achievement', 11, 6, 30, 0, 0),
(221, 35, 'achievement', 7, 3, 15, 0, 1),
(222, 36, 'achievement', 7, 4, 20, 0, 1),
(223, 37, 'achievement', 7, 5, 25, 0, 0),
(224, 38, 'achievement', 7, 6, 30, 0, 0),
(225, 39, 'achievement', 12, 1, 5, 0, 1),
(226, 40, 'achievement', 12, 2, 10, 0, 1),
(227, 41, 'achievement', 12, 3, 15, 0, 1),
(228, 42, 'achievement', 12, 4, 20, 0, 1),
(229, 43, 'achievement', 12, 5, 25, 0, 1),
(230, 44, 'achievement', 12, 6, 30, 0, 0),
(231, 45, 'achievement', 13, 1, 5, 0, 1),
(232, 46, 'achievement', 13, 2, 10, 0, 1),
(233, 47, 'achievement', 13, 3, 15, 0, 1),
(234, 48, 'achievement', 13, 4, 20, 0, 1),
(235, 49, 'achievement', 13, 5, 25, 0, 0),
(236, 50, 'achievement', 13, 6, 30, 0, 0),
(237, 51, 'achievement', 14, 1, 5, 0, 0),
(238, 52, 'achievement', 14, 2, 10, 0, 0),
(239, 53, 'achievement', 14, 3, 15, 0, 0),
(240, 54, 'achievement', 14, 4, 20, 0, 0),
(241, 55, 'achievement', 14, 5, 25, 0, 0),
(242, 56, 'achievement', 14, 6, 30, 0, 0),
(243, 57, 'achievement', 15, 1, 5, 0, 1),
(244, 58, 'achievement', 15, 2, 10, 0, 1),
(245, 59, 'achievement', 15, 3, 15, 0, 1),
(246, 60, 'achievement', 15, 4, 20, 0, 0),
(247, 61, 'achievement', 15, 5, 25, 0, 0),
(248, 62, 'achievement', 15, 6, 30, 0, 0),
(249, 63, 'achievement', 16, 1, 5, 0, 1),
(250, 64, 'achievement', 16, 2, 10, 0, 1),
(251, 65, 'achievement', 16, 3, 15, 0, 1),
(252, 66, 'achievement', 16, 4, 20, 0, 0),
(253, 67, 'achievement', 16, 5, 25, 0, 0),
(254, 68, 'achievement', 16, 6, 30, 0, 0),
(260, 74, 'international', 22, 1, 10, 0, 1),
(261, 75, 'international', 23, 1, 10, 0, 1),
(262, 83, 'international', 31, 1, 10, 0, 0),
(263, 84, 'international', 25, 1, 10, 0, 1),
(264, 86, 'international', 33, 1, 10, 0, 0),
(265, 87, 'international', 34, 1, 10, 0, 0),
(266, 88, 'feature', 35, 1, 5, 0, 1),
(267, 89, 'feature', 35, 2, 10, 0, 1),
(268, 90, 'feature', 35, 3, 10, 0, 0),
(269, 91, 'feature', 35, 4, 10, 0, 0),
(270, 92, 'feature', 35, 5, 10, 0, 0),
(271, 93, 'feature', 35, 6, 10, 0, 0),
(272, 94, 'feature', 36, 1, 5, 0, 1),
(273, 95, 'feature', 36, 2, 5, 0, 1),
(274, 96, 'feature', 36, 3, 10, 0, 1),
(275, 97, 'feature', 36, 4, 10, 0, 1),
(276, 98, 'feature', 36, 5, 20, 0, 0),
(277, 99, 'feature', 36, 6, 20, 0, 0),
(278, 100, 'feature', 8, 3, 15, 0, 1),
(279, 101, 'achievement', 37, 1, 5, 0, 0),
(280, 102, 'achievement', 37, 2, 5, 0, 0),
(281, 103, 'achievement', 37, 3, 10, 0, 0),
(282, 104, 'achievement', 37, 4, 10, 0, 0),
(283, 105, 'achievement', 37, 5, 15, 0, 0),
(284, 106, 'achievement', 37, 6, 15, 0, 0),
(285, 107, 'achievement', 38, 1, 10, 0, 1),
(286, 108, 'achievement', 38, 2, 10, 0, 1),
(287, 109, 'achievement', 38, 3, 15, 0, 0),
(288, 110, 'achievement', 38, 4, 20, 0, 0),
(289, 111, 'achievement', 38, 5, 25, 0, 0),
(290, 112, 'achievement', 38, 6, 30, 0, 0),
(291, 113, 'achievement', 39, 1, 10, 0, 1),
(292, 114, 'achievement', 39, 2, 20, 0, 1),
(293, 115, 'achievement', 39, 3, 30, 0, 1),
(294, 116, 'achievement', 39, 4, 40, 0, 1),
(295, 117, 'achievement', 39, 5, 50, 0, 1),
(296, 118, 'achievement', 39, 6, 50, 0, 1),
(297, 119, 'feature', 40, 1, 10, 0, 0),
(298, 120, 'feature', 40, 2, 15, 0, 0),
(299, 121, 'feature', 40, 3, 20, 0, 0),
(300, 122, 'feature', 40, 4, 25, 0, 0),
(301, 229, 'feature', 41, 1, 5, 1, 0),
(302, 230, 'feature', 41, 2, 10, 1, 0),
(303, 231, 'feature', 41, 3, 15, 1, 0),
(304, 232, 'feature', 41, 4, 20, 1, 0),
(305, 241, 'feature', 41, 1, 5, 1, 0),
(306, 242, 'feature', 41, 2, 10, 1, 0),
(307, 243, 'feature', 41, 3, 15, 1, 0),
(308, 244, 'feature', 41, 4, 20, 1, 0),
(309, 85, 'international', 32, 1, 10, 0, 1);

-- --------------------------------------------------------

--
-- Structure de la table `gcahdy_badge_lang`
--

CREATE TABLE `gcahdy_badge_lang` (
  `id_badge` int(11) NOT NULL,
  `id_lang` int(11) NOT NULL,
  `name` varchar(64) DEFAULT NULL,
  `description` varchar(255) DEFAULT NULL,
  `group_name` varchar(255) DEFAULT NULL
) ENGINE=InnoDB DEFAULT CHARSET=utf8;

--
-- Déchargement des données de la table `gcahdy_badge_lang`
--

INSERT INTO `gcahdy_badge_lang` (`id_badge`, `id_lang`, `name`, `description`, `group_name`) VALUES
(21, 1, 'Shopgate installed', 'You have installed the Shopgate module', 'Partners'),
(21, 2, 'Shopgate installé', 'Vous avez installé le module Shopgate', 'Partenaires'),
(22, 1, 'Shopgate configured', 'You have configured the Shopgate module', 'Partners'),
(22, 2, 'Shopgate configuré', 'Vous avez configuré le modul Shopgate', 'Partenaires'),
(23, 1, 'Shopgate active', 'Your Shopgate module is active', 'Partners'),
(23, 2, 'Shopgate actif', 'Le module Shopgate est actif', 'Partenaires'),
(24, 1, 'Shopgate very active', 'Your Shopgate module is very active', 'Partners'),
(24, 2, 'Shopgate très actif', 'Le module Shopgate est très actif', 'Partenaires'),
(25, 1, 'Skrill installed', 'You have installed the Skrill module', 'Partners'),
(25, 2, 'Skrill installé', 'Vous avez installé le module Skrill', 'Partenaires'),
(26, 1, 'Skrill configured', 'You have configured the Skrill module', 'Partners'),
(26, 2, 'Skrill configuré', 'Vous avez configuré le module Skrill', 'Partenaires'),
(27, 1, 'Skrill active', 'Your Skrill module is active', 'Partners'),
(27, 2, 'Skrill actif', 'Le module Skrill est actif', 'Partenaires'),
(28, 1, 'Skrill very active', 'Your Skrill module is very active', 'Partners'),
(28, 2, 'Skrill très actif', 'Le module Skrill est très actif', 'Partenaires'),
(53, 1, 'Shopping Feed installed', 'You have installed the Shopping Feed module', 'Partners'),
(53, 2, 'Shopping Flux installé', 'Vous avez installé le module Shopping Flux', 'Partenaires'),
(54, 1, 'Shopping Feed configured', 'You have configured the Shopping Feed module', 'Partners'),
(54, 2, 'Shopping Flux configuré', 'Vous avez configuré le module Shopping Flux', 'Partenaires'),
(81, 1, 'Authorize Aim installed', 'You have installed the Authorize Aim module', 'Partners'),
(81, 2, 'Authorize Aim installé', 'Vous avez installé le module Authorize Aim', 'Partenaires'),
(82, 1, 'Authorize Aim configured', 'You have configured the Authorize Aim module', 'Partners'),
(82, 2, 'Authorize Aim configuré', 'Vous avez configuré le module Authorize Aim', 'Partenaires'),
(83, 1, 'Authorize Aim active', 'Your Authorize Aim module is active', 'Partners'),
(83, 2, 'Authorize Aim actif', 'Le module Authorize Aim est actif', 'Partenaires'),
(84, 1, 'Authorize Aim very active', 'Your Authorize Aim module is very active', 'Partners'),
(84, 2, 'Authorize Aim très actif', 'Le module Authorize Aim est très actif', 'Partenaires'),
(85, 1, 'Ebay installed', 'You have installed the Ebay module', 'Partners'),
(85, 2, 'Ebay installé', 'Vous avez installé le module Ebay', 'Partenaires'),
(86, 1, 'Ebay configured', 'You have configured the Ebay module', 'Partners'),
(86, 2, 'Ebay configuré', 'Vous avez configuré le module Ebay', 'Partenaires'),
(87, 1, 'Ebay active', 'Your Ebay module is active', 'Partners'),
(87, 2, 'Ebay actif', 'Le module Ebay est actif', 'Partenaires'),
(88, 1, 'Ebay very active', 'Your Ebay module is very active', 'Partners'),
(88, 2, 'Ebay très actif', 'Le module Ebay est très actif', 'Partenaires'),
(89, 1, 'PayPlug installed', 'You have installed the PayPlug module', 'Partners'),
(89, 2, 'PayPlug installé', 'Vous avez installé le module PayPlug', 'Partenaires'),
(90, 1, 'PayPlug configured', 'You have configured the PayPlug module', 'Partners'),
(90, 2, 'PayPlug configuré', 'Vous avez configuré le module PayPlug', 'Partenaires'),
(91, 1, 'PayPlug active', 'Your PayPlug module is active', 'Partners'),
(91, 2, 'PayPlug actif', 'Le module PayPlug est actif', 'Partenaires'),
(92, 1, 'PayPlug very active', 'Your PayPlug module is very active', 'Partners'),
(92, 2, 'PayPlug très actif', 'Le module PayPlug est très actif', 'Partenaires'),
(93, 1, 'Affinity Items installed', 'You have installed the Affinity Items module', 'Partners'),
(93, 2, 'Affinity Items installé', 'Vous avez installé le module Affinity Items', 'Partenaires'),
(94, 1, 'Affinity Items configured', 'You have configured the Affinity Items module', 'Partners'),
(94, 2, 'Affinity Items configuré', 'Vous avez configuré le module Affinity Items', 'Partenaires'),
(95, 1, 'DPD Poland installed', 'You have installed the DPD Poland module', 'Partners'),
(95, 2, 'DPD Poland installé', 'Vous avez installé le module DPD Poland', 'Partenaires'),
(96, 1, 'DPD Poland configured', 'You have configured the DPD Poland module', 'Partners'),
(96, 2, 'DPD Poland configuré', 'Vous avez configuré le module DPD Poland', 'Partenaires'),
(97, 1, 'DPD Poland active', 'Your DPD Poland module is active', 'Partners'),
(97, 2, 'DPD Poland actif', 'Le module DPD Poland est actif', 'Partenaires'),
(98, 1, 'DPD Poland very active', 'Your DPD Poland module is very active', 'Partners'),
(98, 2, 'DPD Poland très actif', 'Le module DPD Poland est très actif', 'Partenaires'),
(99, 1, 'Envoimoinscher installed', 'You have installed the Envoimoinscher module', 'Partners'),
(99, 2, 'Envoimoinscher installé', 'Vous avez installé le module Envoimoinscher', 'Partenaires'),
(100, 1, 'Envoimoinscher configured', 'You have configured the Envoimoinscher module', 'Partners'),
(100, 2, 'Envoimoinscher configuré', 'Vous avez configuré le module Envoimoinscher', 'Partenaires'),
(101, 1, 'Envoimoinscher active', 'Your Envoimoinscher module is active', 'Partners'),
(101, 2, 'Envoimoinscher actif', 'Le module Envoimoinscher est actif', 'Partenaires'),
(102, 1, 'Envoimoinscher very active', 'Your Envoimoinscher module is very active', 'Partners'),
(102, 2, 'Envoimoinscher très actif', 'Le module Envoimoinscher est très actif', 'Partenaires'),
(103, 1, 'Klik&Pay installed', 'You have installed the Klik&Pay module', 'Partners'),
(103, 2, 'Klik&Pay installé', 'Vous avez installé le module Klik&Pay', 'Partenaires'),
(104, 1, 'Klik&Pay configured', 'You have configured the Klik&Pay module', 'Partners'),
(104, 2, 'Klik&Pay configuré', 'Vous avez configuré le module Klik&Pay', 'Partenaires'),
(105, 1, 'Klik&Pay active', 'Your Klik&Pay module is active', 'Partners'),
(105, 2, 'Klik&Pay actif', 'Le module Klik&Pay est actif', 'Partenaires'),
(106, 1, 'Klik&Pay very active', 'Your Klik&Pay module is very active', 'Partners'),
(106, 2, 'Klik&Pay très actif', 'Le module Klik&Pay est très actif', 'Partenaires'),
(107, 1, 'Clickline installed', 'You have installed the Clickline module', 'Partners'),
(107, 2, 'Clickline installé', 'Vous avez installé le module Clickline', 'Partenaires'),
(108, 1, 'Clickline configured', 'You have configured the Clickline module', 'Partners'),
(108, 2, 'Clickline configuré', 'Vous avez configuré le module Clickline', 'Partenaires'),
(109, 1, 'Clickline active', 'Your Clickline module is active', 'Partners'),
(109, 2, 'Clickline actif', 'Le module Clickline est actif', 'Partenaires'),
(110, 1, 'Clickline very active', 'Your Clickline module is very active', 'Partners'),
(110, 2, 'Clickline très actif', 'Le module Clickline est très actif', 'Partenaires'),
(111, 1, 'CDiscount installed', 'You have installed the CDiscount module', 'Partners'),
(111, 2, 'CDiscount installé', 'Vous avez installé le module CDiscount', 'Partenaires'),
(112, 1, 'CDiscount configured', 'You have configured the CDiscount module', 'Partners'),
(112, 2, 'CDiscount configuré', 'Vous avez configuré le module CDiscount', 'Partenaires'),
(113, 1, 'CDiscount active', 'Your CDiscount module is active', 'Partners'),
(113, 2, 'CDiscount actif', 'Le module CDiscount est actif', 'Partenaires'),
(114, 1, 'CDiscount very active', 'Your CDiscount module is very active', 'Partners'),
(114, 2, 'CDiscount très actif', 'Le module CDiscount est très actif', 'Partenaires'),
(115, 1, 'illicoPresta installed', 'You have installed the illicoPresta module', 'Partners'),
(115, 2, 'illicoPresta installé', 'Vous avez installé le module illicoPresta', 'Partenaires'),
(116, 1, 'illicoPresta configured', 'You have configured the illicoPresta module', 'Partners'),
(116, 2, 'illicoPresta configuré', 'Vous avez configuré le module illicoPresta', 'Partenaires'),
(117, 1, 'illicoPresta active', 'Your illicoPresta module is active', 'Partners'),
(117, 2, 'illicoPresta actif', 'Le module illicoPresta est actif', 'Partenaires'),
(118, 1, 'illicoPresta very active', 'Your illicoPresta module is very active', 'Partners'),
(118, 2, 'illicoPresta très actif', 'Le module illicoPresta est très actif', 'Partenaires'),
(119, 1, 'NetReviews installed', 'You have installed the NetReviews module', 'Partners'),
(119, 2, 'NetReviews installé', 'Vous avez installé le module NetReviews', 'Partenaires'),
(120, 1, 'NetReviews configured', 'You have configured the NetReviews module', 'Partners'),
(120, 2, 'NetReviews configuré', 'Vous avez configuré le module NetReviews', 'Partenaires'),
(121, 1, 'NetReviews active', 'Your NetReviews module is active', 'Partners'),
(121, 2, 'NetReviews actif', 'Le module NetReviews est actif', 'Partenaires'),
(122, 1, 'NetReviews very active', 'Your NetReviews module is very active', 'Partners'),
(122, 2, 'NetReviews très actif', 'Le module NetReviews est très actif', 'Partenaires'),
(123, 1, 'Bluesnap installed', 'You have installed the Bluesnap module', 'Partners'),
(123, 2, 'Bluesnap installé', 'Vous avez installé le module Bluesnap', 'Partenaires'),
(124, 1, 'Bluesnap configured', 'You have configured the Bluesnap module', 'Partners'),
(124, 2, 'Bluesnap configuré', 'Vous avez configuré le module Bluesnap', 'Partenaires'),
(125, 1, 'Bluesnap active', 'Your Bluesnap module is active', 'Partners'),
(125, 2, 'Bluesnap actif', 'Le module Bluesnap est actif', 'Partenaires'),
(126, 1, 'Bluesnap very active', 'Your Bluesnap module is very active', 'Partners'),
(126, 2, 'Bluesnap très actif', 'Le module Bluesnap est très actif', 'Partenaires'),
(127, 1, 'Desjardins installed', 'You have installed the Desjardins module', 'Partners'),
(127, 2, 'Desjardins installé', 'Vous avez installé le module Desjardins', 'Partenaires'),
(128, 1, 'Desjardins configured', 'You have configured the Desjardins module', 'Partners'),
(128, 2, 'Desjardins configuré', 'Vous avez configuré le module Desjardins', 'Partenaires'),
(129, 1, 'Desjardins active', 'Your Desjardins module is active', 'Partners'),
(129, 2, 'Desjardins actif', 'Le module Desjardins est actif', 'Partenaires'),
(130, 1, 'Desjardins very active', 'Your Desjardins module is very active', 'Partners'),
(130, 2, 'Desjardins très actif', 'Le module Desjardins est très actif', 'Partenaires'),
(131, 1, 'First Data installed', 'You have installed the First Data module', 'Partners'),
(131, 2, 'First Data installé', 'Vous avez installé le module First Data', 'Partenaires'),
(132, 1, 'First Data configured', 'You have configured the First Data module', 'Partners'),
(132, 2, 'First Data configuré', 'Vous avez configuré le module First Data', 'Partenaires'),
(133, 1, 'First Data active', 'Your First Data module is active', 'Partners'),
(133, 2, 'First Data actif', 'Le module First Data est actif', 'Partenaires'),
(134, 1, 'First Data very active', 'Your First Data module is very active', 'Partners'),
(134, 2, 'First Data très actif', 'Le module First Data est très actif', 'Partenaires'),
(135, 1, 'Give.it installed', 'You have installed the Give.it module', 'Partners'),
(135, 2, 'Give.it installé', 'Vous avez installé le module Give.it', 'Partenaires'),
(136, 1, 'Give.it configured', 'You have configured the Give.it module', 'Partners'),
(136, 2, 'Give.it configuré', 'Vous avez configuré le module Give.it', 'Partenaires'),
(137, 1, 'Give.it active', 'Your Give.it module is active', 'Partners'),
(137, 2, 'Give.it actif', 'Le module Give.it est actif', 'Partenaires'),
(138, 1, 'Give.it very active', 'Your Give.it module is very active', 'Partners'),
(138, 2, 'Give.it très actif', 'Le module Give.it est très actif', 'Partenaires'),
(139, 1, 'Google Analytics installed', 'You have installed the Google Analytics module', 'Partners'),
(139, 2, 'Google Analytics installé', 'Vous avez installé le module Google Analytics', 'Partenaires'),
(140, 1, 'Google Analytics configured', 'You have configured the Google Analytics module', 'Partners'),
(140, 2, 'Google Analytics configuré', 'Vous avez configuré le module Google Analytics', 'Partenaires'),
(141, 1, 'Google Analytics active', 'Your Google Analytics module is active', 'Partners'),
(141, 2, 'Google Analytics actif', 'Le module Google Analytics est actif', 'Partenaires'),
(142, 1, 'Google Analytics very active', 'Your Google Analytics module is very active', 'Partners'),
(142, 2, 'Google Analytics très actif', 'Le module Google Analytics est très actif', 'Partenaires'),
(143, 1, 'PagSeguro installed', 'You have installed the PagSeguro module', 'Partners'),
(143, 2, 'PagSeguro installé', 'Vous avez installé le module PagSeguro', 'Partenaires'),
(144, 1, 'PagSeguro configured', 'You have configured the PagSeguro module', 'Partners'),
(144, 2, 'PagSeguro configuré', 'Vous avez configuré le module PagSeguro', 'Partenaires'),
(145, 1, 'PagSeguro active', 'Your PagSeguro module is active', 'Partners'),
(145, 2, 'PagSeguro actif', 'Le module PagSeguro est actif', 'Partenaires'),
(146, 1, 'PagSeguro very active', 'Your PagSeguro module is very active', 'Partners'),
(146, 2, 'PagSeguro très actif', 'Le module PagSeguro est très actif', 'Partenaires'),
(147, 1, 'Paypal MX installed', 'You have installed the Paypal MX module', 'Partners'),
(147, 2, 'Paypal MX installé', 'Vous avez installé le module Paypal MX', 'Partenaires'),
(148, 1, 'Paypal MX configured', 'You have configured the Paypal MX module', 'Partners'),
(148, 2, 'Paypal MX configuré', 'Vous avez configuré le module Paypal MX', 'Partenaires'),
(149, 1, 'Paypal MX active', 'Your Paypal MX module is active', 'Partners'),
(149, 2, 'Paypal MX actif', 'Le module Paypal MX est actif', 'Partenaires'),
(150, 1, 'Paypal MX very active', 'Your Paypal MX module is very active', 'Partners'),
(150, 2, 'Paypal MX très actif', 'Le module Paypal MX est très actif', 'Partenaires'),
(151, 1, 'Paypal USA installed', 'You have installed the Paypal USA module', 'Partners'),
(151, 2, 'Paypal USA installé', 'Vous avez installé le module Paypal USA', 'Partenaires'),
(152, 1, 'Paypal USA configured', 'You have configured the Paypal USA module', 'Partners'),
(152, 2, 'Paypal USA configuré', 'Vous avez configuré le module Paypal USA', 'Partenaires'),
(153, 1, 'Paypal USA active', 'Your Paypal USA module is active', 'Partners'),
(153, 2, 'Paypal USA actif', 'Le module Paypal USA est actif', 'Partenaires'),
(154, 1, 'Paypal USA very active', 'Your Paypal USA module is very active', 'Partners'),
(154, 2, 'Paypal USA très actif', 'Le module Paypal USA est très actif', 'Partenaires'),
(155, 1, 'PayULatam installed', 'You have installed the PayULatam module', 'Partners'),
(155, 2, 'PayULatam installé', 'Vous avez installé le module PayULatam', 'Partenaires'),
(156, 1, 'PayULatam configured', 'You have configured the PayULatam module', 'Partners'),
(156, 2, 'PayULatam configuré', 'Vous avez configuré le module PayULatam', 'Partenaires'),
(157, 1, 'PayULatam active', 'Your PayULatam module is active', 'Partners'),
(157, 2, 'PayULatam actif', 'Le module PayULatam est actif', 'Partenaires'),
(158, 1, 'PayULatam very active', 'Your PayULatam module is very active', 'Partners'),
(158, 2, 'PayULatam très actif', 'Le module PayULatam est très actif', 'Partenaires'),
(159, 1, 'PrestaStats installed', 'You have installed the PrestaStats module', 'Partners'),
(159, 2, 'PrestaStats installé', 'Vous avez installé le module PrestaStats', 'Partenaires'),
(160, 1, 'PrestaStats configured', 'You have configured the PrestaStats module', 'Partners'),
(160, 2, 'PrestaStats configuré', 'Vous avez configuré le module PrestaStats', 'Partenaires'),
(161, 1, 'PrestaStats active', 'Your PrestaStats module is active', 'Partners'),
(161, 2, 'PrestaStats actif', 'Le module PrestaStats est actif', 'Partenaires'),
(162, 1, 'PrestaStats very active', 'Your PrestaStats module is very active', 'Partners'),
(162, 2, 'PrestaStats très actif', 'Le module PrestaStats est très actif', 'Partenaires'),
(163, 1, 'Riskified installed', 'You have installed the Riskified module', 'Partners'),
(163, 2, 'Riskified installé', 'Vous avez installé le module Riskified', 'Partenaires'),
(164, 1, 'Riskified configured', 'You have configured the Riskified module', 'Partners'),
(164, 2, 'Riskified configuré', 'Vous avez configuré le module Riskified', 'Partenaires'),
(165, 1, 'Riskified active', 'Your Riskified module is active', 'Partners'),
(165, 2, 'Riskified actif', 'Le module Riskified est actif', 'Partenaires'),
(166, 1, 'Riskified very active', 'Your Riskified module is very active', 'Partners'),
(166, 2, 'Riskified très actif', 'Le module Riskified est très actif', 'Partenaires'),
(167, 1, 'Simplify installed', 'You have installed the Simplify module', 'Partners'),
(167, 2, 'Simplify installé', 'Vous avez installé le module Simplify', 'Partenaires'),
(168, 1, 'Simplify configured', 'You have configured the Simplify module', 'Partners'),
(168, 2, 'Simplify configuré', 'Vous avez configuré le module Simplify', 'Partenaires'),
(169, 1, 'Simplify active', 'Your Simplify module is active', 'Partners'),
(169, 2, 'Simplify actif', 'Le module Simplify est actif', 'Partenaires'),
(170, 1, 'Simplify very active', 'Your Simplify module is very active', 'Partners'),
(170, 2, 'Simplify très actif', 'Le module Simplify est très actif', 'Partenaires'),
(171, 1, 'VTPayment installed', 'You have installed the VTPayment module', 'Partners'),
(171, 2, 'VTPayment installé', 'Vous avez installé le module VTPayment', 'Partenaires'),
(172, 1, 'VTPayment configured', 'You have configured the VTPayment module', 'Partners'),
(172, 2, 'VTPayment configuré', 'Vous avez configuré le module VTPayment', 'Partenaires'),
(173, 1, 'VTPayment active', 'Your VTPayment module is active', 'Partners'),
(173, 2, 'VTPayment actif', 'Le module VTPayment est actif', 'Partenaires'),
(174, 1, 'VTPayment very active', 'Your VTPayment module is very active', 'Partners'),
(174, 2, 'VTPayment très actif', 'Le module VTPayment est très actif', 'Partenaires'),
(175, 1, 'Yotpo installed', 'You have installed the Yotpo module', 'Partners'),
(175, 2, 'Yotpo installé', 'Vous avez installé le module Yotpo', 'Partenaires'),
(176, 1, 'Yotpo configured', 'You have configured the Yotpo module', 'Partners'),
(176, 2, 'Yotpo configuré', 'Vous avez configuré le module Yotpo', 'Partenaires'),
(177, 1, 'Yotpo active', 'Your Yotpo module is active', 'Partners'),
(177, 2, 'Yotpo actif', 'Le module Yotpo est actif', 'Partenaires'),
(178, 1, 'Yotpo very active', 'Your Yotpo module is very active', 'Partners'),
(178, 2, 'Yotpo très actif', 'Le module Yotpo est très actif', 'Partenaires'),
(179, 1, 'Youstice installed', 'You have installed the Youstice module', 'Partners'),
(179, 2, 'Youstice installé', 'Vous avez installé le module Youstice', 'Partenaires'),
(180, 1, 'Youstice configured', 'You have configured the Youstice module', 'Partners'),
(180, 2, 'Youstice configuré', 'Vous avez configuré le module Youstice', 'Partenaires'),
(181, 1, 'Youstice active', 'Your Youstice module is active', 'Partners'),
(181, 2, 'Youstice actif', 'Le module Youstice est actif', 'Partenaires'),
(182, 1, 'Youstice very active', 'Your Youstice module is very active', 'Partners'),
(182, 2, 'Youstice très actif', 'Le module Youstice est très actif', 'Partenaires'),
(183, 1, 'Loyalty Lion installed', 'You have installed the Loyalty Lion module', 'Partners'),
(183, 2, 'Loyalty Lion installé', 'Vous avez installé le module Loyalty Lion', 'Partenaires'),
(184, 1, 'Loyalty Lion configured', 'You have configured the Loyalty Lion module', 'Partners'),
(184, 2, 'Loyalty Lion configuré', 'Vous avez configuré le module Loyalty Lion', 'Partenaires'),
(185, 1, 'Loyalty Lion active', 'Your Loyalty Lion module is active', 'Partners'),
(185, 2, 'Loyalty Lion actif', 'Le module Loyalty Lion est actif', 'Partenaires'),
(186, 1, 'Loyalty Lion very active', 'Your Loyalty Lion module is very active', 'Partners'),
(186, 2, 'Loyalty Lion très actif', 'Le module Loyalty Lion est très actif', 'Partenaires'),
(187, 1, 'SEO', 'You enabled the URL rewriting through the tab \"Preferences > SEO and URLs\".', 'SEO'),
(187, 2, 'Référencement', 'Vous avez activé la réécriture d\'URL via l\'onglet \"Préférences > SEO et URLs\".', 'Référencement'),
(188, 1, 'Site Performance', 'You enabled CCC (Combine, Compress and Cache), Rijndael and Smarty through the tab \r\nAdvanced Parameters > Performance.', 'Site Performance'),
(188, 2, 'Performances', 'Vous avez activé CCC (Concaténation, Compression et mise en Cache), Rijndael et Smarty via l\'onglet \"Paramètres avancés > Performances\".', 'Performances'),
(189, 1, 'Site Performance', 'You enabled media servers through the tab \"Advanced parameters > Performance\".', 'Site Performance'),
(189, 2, 'Performances', 'Vous avez activé des serveurs de médias via l\'onglet \" Paramètres avancés > Performances\". ', 'Performances'),
(190, 1, 'Payment', 'You configured a payment solution on your shop.', 'Payment'),
(190, 2, 'Moyens de paiement', 'Vous avez configuré une méthode de paiement sur votre boutique.', 'Moyens de paiement'),
(191, 1, 'Payment', 'You offer two different payment methods to your customers.', 'Payment'),
(191, 2, 'Moyens de paiement', 'Vous offrez 2 méthodes de paiement différentes à vos clients.', 'Moyens de paiement'),
(192, 1, 'Shipping', 'You configured a carrier on your shop.', 'Shipping'),
(192, 2, 'Solutions de transport', 'Vous avez configuré un transporteur sur votre boutique.', 'Solutions de transport'),
(193, 1, 'Shipping', 'You offer two shipping solutions (carriers) to your customers.', 'Shipping'),
(193, 2, 'Solutions de transport', 'Vous proposez 2 solutions de livraison (transporteurs) à vos clients.', 'Solutions de transport'),
(194, 1, 'Catalog Size', 'You added your first product to your catalog!', 'Catalog Size'),
(194, 2, 'Taille de catalogue', 'Vous avez créé le premier produit dans votre catalogue.', 'Taille de catalogue'),
(195, 1, 'Catalog Size', 'You have 10 products within your catalog.', 'Catalog Size'),
(195, 2, 'Taille de catalogue', 'Vous avez 10 produits au sein de votre catalogue.', 'Taille de catalogue'),
(196, 1, 'Contact information', 'You configured your phone number so your customers can reach you!', 'Contact information'),
(196, 2, 'Points de contact', 'Vous avez configuré votre numéro de téléphone en guise de point de contact.', 'Points de contact'),
(197, 1, 'Contact information', 'You added a third email address to your contact form.', 'Contact information'),
(197, 2, 'Points de contact', 'Vous avez configuré une troisième adresse via votre formulaire de contact.', 'Points de contact'),
(198, 1, 'Contact information', 'You suggest a total of 5 departments to be reached by your customers via your contact form.', 'Contact information'),
(198, 2, 'Points de contact', '5 services différents peuvent être contactés via votre formulaire de contact.', 'Points de contact'),
(199, 1, 'Catalog Size', 'You have 100 products within your catalog.', 'Catalog Size'),
(199, 2, 'Taille de catalogue', 'Vous avez 100 produits au sein de votre catalogue.', 'Taille de catalogue'),
(200, 1, 'Catalog Size', 'You have 1,000 products within your catalog.', 'Catalog Size'),
(200, 2, 'Taille de catalogue', 'Vous avez 1 000 produits au sein de votre catalogue.', 'Taille de catalogue'),
(201, 1, 'Catalog Size', 'You have 10,000 products within your catalog.', 'Catalog Size'),
(201, 2, 'Taille de catalogue', 'Vous avez 10 000 produits au sein de votre catalogue.', 'Taille de catalogue'),
(202, 1, 'Catalog Size', 'You have 100,000 products within your catalog.', 'Catalog Size'),
(202, 2, 'Taille de catalogue', 'Vous avez 100 000 produits au sein de votre catalogue.', 'Taille de catalogue'),
(203, 1, 'Days of Experience', 'You just installed PrestaShop!', 'Days of Experience'),
(203, 2, 'Expérience', 'Vous avez installé PrestaShop !', 'Expérience'),
(204, 1, 'Days of Experience', 'You installed PrestaShop a week ago!', 'Days of Experience'),
(204, 2, 'Expérience', 'Vous avez démarré avec PrestaShop il y a une semaine !', 'Expérience'),
(205, 1, 'Customization', 'You uploaded your own logo.', 'Customization'),
(205, 2, 'Personnalisation', 'Vous avez ajouté votre logo.', 'Personnalisation'),
(206, 1, 'Customization', 'You installed a new template.', 'Customization'),
(206, 2, 'Personnalisation', 'Vous avez installé un nouveau thème graphique.', 'Personnalisation'),
(207, 1, 'Addons', 'You connected your back-office to the Addons platform using your PrestaShop Addons account.', 'Addons'),
(207, 2, 'Addons', 'Vous avez connecté votre back-office à la plateforme Addons grâce à votre compte PrestaShop Addons.', 'Addons'),
(208, 1, 'Multistores', 'You enabled the Multistores feature.', 'Multistores'),
(208, 2, 'Multi-boutiques', 'Vous avez activé le multi-boutiques.', 'Multi-boutiques'),
(209, 1, 'Multistores', 'You manage two shops with the Multistores feature.', 'Multistores'),
(209, 2, 'Multi-boutiques', 'Vous gérez 2 boutiques différentes via la fonctionnalité de multi-boutiques.', 'Multi-boutiques'),
(210, 1, 'Multistores', 'You manage two different groups of shops using the Multistores feature.', 'Multistores'),
(210, 2, 'Multi-boutiques', 'Vous gérez 2 groupes de boutiques grâce à la fonctionnalité du multi-boutiques.', 'Multi-boutiques'),
(211, 1, 'Multistores', 'You manage five shops with the Multistores feature.', 'Multistores'),
(211, 2, 'Multi-boutiques', 'Vous gérez 5 boutiques différentes via la fonctionnalité de multi-boutiques.', 'Multi-boutiques'),
(212, 1, 'Multistores', 'You manage five different groups of shops using the Multistores feature.', 'Multistores'),
(212, 2, 'Multi-boutiques', 'Vous gérez 5 groupes de boutiques grâce à la fonctionnalité du multi-boutiques.', 'Multi-boutiques'),
(213, 1, 'Shipping', 'You offer three different shipping solutions (carriers) to your customers.', 'Shipping'),
(213, 2, 'Solutions de transport', 'Vous proposez 3 solutions de livraison différentes (transporteurs) à vos clients.', 'Solutions de transport'),
(214, 1, 'Payment', 'You offer three different payment methods to your customers.', 'Payment'),
(214, 2, 'Moyens de paiement', 'Vous offrez 3 méthodes de paiement différentes à vos clients.', 'Moyens de paiement'),
(215, 1, 'Revenue', 'You get this badge when you reach 200 USD in sales.', 'Revenue'),
(215, 2, 'Chiffre d\'affaires', 'Vous remportez ce badge lorsque vous atteignez un chiffre d\'affaires de 100 EUR.', 'Chiffre d\'affaires'),
(216, 1, 'Revenue', 'You get this badge when you reach 1000 USD in sales.', 'Revenue'),
(216, 2, 'Chiffre d\'affaires', 'Vous remportez ce badge lorsque vous atteignez un chiffre d\'affaires de 1000 EUR.', 'Chiffre d\'affaires'),
(217, 1, 'Revenue', 'You get this badge when you reach 1000 USD in sales.', 'Revenue'),
(217, 2, 'Chiffre d\'affaires', 'Vous remportez ce badge lorsque vous atteignez un chiffre d\'affaires de 10 000 EUR.', 'Chiffre d\'affaires'),
(218, 1, 'Revenue', 'You get this badge when you reach 200 USD in sales.', 'Revenue'),
(218, 2, 'Chiffre d\'affaires', 'Vous remportez ce badge lorsque vous atteignez un chiffre d\'affaires de 100 000 EUR.', 'Chiffre d\'affaires'),
(219, 1, 'Revenue', 'You get this badge when you reach 1000 USD in sales.', 'Revenue'),
(219, 2, 'Chiffre d\'affaires', 'Vous remportez ce badge lorsque vous atteignez un chiffre d\'affaires de 1 000 000 EUR', 'Chiffre d\'affaires'),
(220, 1, 'Revenue', 'You get this badge when you reach 1000 USD in sales.', 'Revenue'),
(220, 2, 'Chiffre d\'affaires', 'Vous remportez ce badge lorsque vous atteignez un chiffre d\'affaires de 10 000 000 EUR.', 'Chiffre d\'affaires'),
(221, 1, 'Days of Experience', 'You installed PrestaShop a month ago!', 'Days of Experience'),
(221, 2, 'Expérience', 'Déjà un mois que vous avez installé PrestaShop !', 'Expérience'),
(222, 1, 'Days of Experience', 'You installed PrestaShop six months ago!', 'Days of Experience'),
(222, 2, 'Expérience', 'Vous avez installé PrestaShop il y a 6 mois !', 'Expérience'),
(223, 1, 'Days of Experience', 'You installed PrestaShop a year ago!', 'Days of Experience'),
(223, 2, 'Expérience', 'Vous avez installé PrestaShop il y a un an !', 'Expérience'),
(224, 1, 'Days of Experience', 'You installed PrestaShop two years ago!', 'Days of Experience'),
(224, 2, 'Expérience', 'Vous avez installé PrestaShop il y a deux ans !', 'Expérience'),
(225, 1, 'Visitors', 'You reached 10 visitors!', 'Visitors'),
(225, 2, 'Visiteurs', 'Vous avez accueilli 10 visiteurs !', 'Visiteurs'),
(226, 1, 'Visitors', 'You reached 100 visitors!', 'Visitors'),
(226, 2, 'Visiteurs', 'Vous avez accueilli 100 visiteurs !', 'Visiteurs'),
(227, 1, 'Visitors', 'You reached 1,000 visitors!', 'Visitors'),
(227, 2, 'Visiteurs', 'Vous avez accueilli 1 000 visiteurs !', 'Visiteurs'),
(228, 1, 'Visitors', 'You reached 10,000 visitors!', 'Visitors'),
(228, 2, 'Visiteurs', 'Vous avez accueilli 10 000 visiteurs !', 'Visiteurs'),
(229, 1, 'Visitors', 'You reached 100,000 visitors!', 'Visitors'),
(229, 2, 'Visiteurs', 'Vous avez accueilli 100 000 visiteurs !', 'Visiteurs'),
(230, 1, 'Visitors', 'You reached 1,000,000 visitors!', 'Visitors'),
(230, 2, 'Visiteurs', 'Vous avez accueilli un million de visiteurs !', 'Visiteurs'),
(231, 1, 'Customer Carts', 'Two carts have been created by visitors', 'Customer Carts'),
(231, 2, 'Paniers', '2 paniers ont été créés par vos visiteurs.', 'Paniers'),
(232, 1, 'Customer Carts', 'Ten carts have been created by visitors.', 'Customer Carts'),
(232, 2, 'Paniers', '10 paniers ont été créés par vos visiteurs.', 'Paniers'),
(233, 1, 'Customer Carts', 'A hundred carts have been created by visitors on your shop.', 'Customer Carts'),
(233, 2, 'Paniers', '100 paniers ont été créés par vos visiteurs.', 'Paniers'),
(234, 1, 'Customer Carts', 'A thousand carts have been created by visitors on your shop.', 'Customer Carts'),
(234, 2, 'Paniers', '1 000 paniers ont été créés par vos visiteurs.', 'Paniers'),
(235, 1, 'Customer Carts', '10,000 carts have been created by visitors.', 'Customer Carts'),
(235, 2, 'Paniers', '10 000 paniers ont été créés par vos visiteurs.', 'Paniers'),
(236, 1, 'Customer Carts', '100,000 carts have been created by visitors.', 'Customer Carts'),
(236, 2, 'Paniers', '100 000 paniers ont été créés par vos visiteurs.', 'Paniers'),
(237, 1, 'Orders', 'You received your first order.', 'Orders'),
(237, 2, 'Commandes', 'Vous avez reçu votre première commande.', 'Commandes'),
(238, 1, 'Orders', '10 orders have been placed through your online shop.', 'Orders'),
(238, 2, 'Commandes', '10 commandes ont été passées sur votre boutique.', 'Commandes'),
(239, 1, 'Orders', 'You received 100 orders through your online shop!', 'Orders'),
(239, 2, 'Commandes', '100 commandes ont été passées sur votre boutique.', 'Commandes'),
(240, 1, 'Orders', 'You received 1,000 orders through your online shop, congrats!', 'Orders'),
(240, 2, 'Commandes', '1 000 commandes ont été passées sur votre boutique. Bravo !', 'Commandes'),
(241, 1, 'Orders', 'You received 10,000 orders through your online shop, cheers!', 'Orders'),
(241, 2, 'Commandes', '10 000 commandes ont été passées sur votre boutique, félicitations !', 'Commandes'),
(242, 1, 'Orders', 'You received 100,000 orders through your online shop!', 'Orders'),
(242, 2, 'Commandes', '100 000 commandes ont été passées sur votre boutique.', 'Commandes'),
(243, 1, 'Customer Service Threads', 'You received  your first customer\'s message.', 'Customer Service Threads'),
(243, 2, 'Messages Clients', 'Vous avez reçu votre premier message client.', 'Messages Clients'),
(244, 1, 'Customer Service Threads', 'You received 10 messages from your customers.', 'Customer Service Threads'),
(244, 2, 'Messages Clients', 'Vous avez reçu 10 messages clients.', 'Messages Clients'),
(245, 1, 'Customer Service Threads', 'You received 100 messages from your customers.', 'Customer Service Threads'),
(245, 2, 'Messages Clients', 'Vous avez reçu 100 messages clients.', 'Messages Clients'),
(246, 1, 'Customer Service Threads', 'You received 1,000 messages from your customers.', 'Customer Service Threads'),
(246, 2, 'Messages Clients', 'Vous avez reçu 1 000 messages clients.', 'Messages Clients'),
(247, 1, 'Customer Service Threads', 'You received 10,000 messages from your customers.', 'Customer Service Threads'),
(247, 2, 'Messages Clients', 'Vous avez reçu 10 000 messages clients.', 'Messages Clients'),
(248, 1, 'Customer Service Threads', 'You received 100,000 messages from your customers.', 'Customer Service Threads'),
(248, 2, 'Messages Clients', 'Vous avez reçu 100 000 messages clients.', 'Messages Clients'),
(249, 1, 'Customers', 'You got the first customer registered on your shop!', 'Customers'),
(249, 2, 'Clients', 'Votre premier client vient de s\'inscrire à votre boutique !', 'Clients'),
(250, 1, 'Customers', 'You have over 10 customers registered on your shop.', 'Customers'),
(250, 2, 'Clients', 'Vous avez plus de 10 clients inscrits sur votre boutique.', 'Clients'),
(251, 1, 'Customers', 'You have over 100 customers registered on your shop.', 'Customers'),
(251, 2, 'Clients', 'Vous avez plus de 100 clients inscrits sur votre boutique.', 'Clients'),
(252, 1, 'Customers', 'You have over 1,000 customers registered on your shop.', 'Customers'),
(252, 2, 'Clients', 'Vous avez plus de 1 000 clients inscrits sur votre boutique.', 'Clients'),
(253, 1, 'Customers', 'You have over 10,000 customers registered on your shop.', 'Customers'),
(253, 2, 'Clients', 'Vous avez plus de 10 000 clients inscrits sur votre boutique.', 'Clients'),
(254, 1, 'Customers', 'You have over 100,000 customers registered on your shop.', 'Customers'),
(254, 2, 'Clients', 'Vous avez plus de 100 000 clients inscrits sur votre boutique.', 'Clients'),
(260, 1, 'North America', 'You got your first sale in North America', 'North America'),
(260, 2, 'Amérique du Nord', 'Vous avez réalisé votre première vente en Amérique du Nord', 'Amérique du Nord'),
(261, 1, 'Oceania', 'You got your first sale in Oceania', 'Oceania'),
(261, 2, 'Océanie', 'Vous avez réalisé votre première vente en Océanie', 'Océanie'),
(262, 1, 'Asia', 'You got your first sale in Asia', 'Asia'),
(262, 2, 'Asie', 'Vous avez réalisé votre première vente en Asie', 'Asie'),
(263, 1, 'South America', 'You got your first sale in South America', 'South America'),
(263, 2, 'Amérique du Sud', 'Vous avez réalisé votre première vente en Amérique du Sud', 'Amérique du Sud'),
(264, 1, 'Africa', 'You got your first sale in Africa', 'Africa'),
(264, 2, 'Afrique', 'Vous avez réalisé votre première vente en Afrique', 'Afrique'),
(265, 1, 'Maghreb', 'You got your first sale in Maghreb', 'Maghreb'),
(265, 2, 'Maghreb', 'Vous avez réalisé votre première vente au Maghreb', 'Maghreb'),
(266, 1, 'Your Team\'s Employees', 'First employee account added to your shop', 'Your Team\'s Employees'),
(266, 2, 'Equipe', '1er compte d\'employé ajouté à votre boutique', 'Equipe'),
(267, 1, 'Your Team\'s Employees', '3 employee accounts added to your shop', 'Your Team\'s Employees'),
(267, 2, 'Equipe', '3 comptes d\'employé ajoutés à votre boutique', 'Equipe'),
(268, 1, 'Your Team\'s Employees', '5 employee accounts added to your shop', 'Your Team\'s Employees'),
(268, 2, 'Equipe', '5 comptes d\'employé ajoutés à votre boutique', 'Equipe'),
(269, 1, 'Your Team\'s Employees', '10 employee accounts added to your shop', 'Your Team\'s Employees'),
(269, 2, 'Equipe', '10 comptes d\'employé ajoutés à votre boutique', 'Equipe'),
(270, 1, 'Your Team\'s Employees', '20 employee accounts added to your shop', 'Your Team\'s Employees'),
(270, 2, 'Equipe', '20 comptes d\'employé ajoutés à votre boutique', 'Equipe'),
(271, 1, 'Your Team\'s Employees', '40 employee accounts added to your shop', 'Your Team\'s Employees'),
(271, 2, 'Equipe', '40 comptes d\'employé ajoutés à votre boutique', 'Equipe'),
(272, 1, 'Product Pictures', 'First photo added to your catalog', 'Product Pictures'),
(272, 2, 'Photos produits', '1re photo de produits ajoutée à votre catalogue', 'Photos produits'),
(273, 1, 'Product Pictures', '50 photos added to your catalog', 'Product Pictures'),
(273, 2, 'Photos produits', '50 photos de produits ajoutées à votre catalogue', 'Photos produits'),
(274, 1, 'Product Pictures', '100 photos added to your catalog', 'Product Pictures'),
(274, 2, 'Photos produits', '100 photos de produits ajoutées à votre catalogue', 'Photos produits'),
(275, 1, 'Product Pictures', '1,000 photos added to your catalog', 'Product Pictures'),
(275, 2, 'Photos produits', '1 000 photos de produits ajoutées à votre catalogue', 'Photos produits'),
(276, 1, 'Product Pictures', '10,000 photos added to your catalog', 'Product Pictures'),
(276, 2, 'Photos produits', '10 000 photos de produits ajoutées à votre catalogue', 'Photos produits'),
(277, 1, 'Product Pictures', '50,000 photos added to your catalog', 'Product Pictures'),
(277, 2, 'Photos produits', '50 000 photos de produits ajoutées à votre catalogue', 'Photos produits'),
(278, 1, 'Customization', 'First CMS page added to your catalog', 'Customization'),
(278, 2, 'Personnalisation', '1re page CMS ajoutée à votre catalogue', 'Personnalisation'),
(279, 1, 'Cart Rules', 'First cart rules configured on your shop', 'Cart Rules'),
(279, 2, 'Règles panier', '1re règle de promotion configurée sur votre boutique', 'Règles panier'),
(280, 1, 'Cart Rules', 'You have 10 cart rules configured on your shop', 'Cart Rules'),
(280, 2, 'Règles panier', 'Vous avez 10 règles de promotion configurées sur votre boutique', 'Règles panier'),
(281, 1, 'Cart Rules', 'You have 100 cart rules configured on your shop', 'Cart Rules'),
(281, 2, 'Règles panier', 'Vous avez 100 règles de promotion configurées sur votre boutique', 'Règles panier'),
(282, 1, 'Cart Rules', 'You have 500 cart rules configured on your shop', 'Cart Rules'),
(282, 2, 'Règles panier', 'Vous avez 500 règles de promotion configurées sur votre boutique', 'Règles panier'),
(283, 1, 'Cart Rules', 'You have 1,000 cart rules configured on your shop', 'Cart Rules'),
(283, 2, 'Règles panier', 'Vous avez 1 000 règles de promotion configurées sur votre boutique', 'Règles panier'),
(284, 1, 'Cart Rules', 'You have 5,000 cart rules configured on your shop', 'Cart Rules'),
(284, 2, 'Règles panier', 'Vous avez 5 000 règles de promotion configurées sur votre boutique', 'Règles panier'),
(285, 1, 'International Orders', 'First international order placed on your shop.', 'International Orders'),
(285, 2, 'Commandes à l\'étranger', 'Première commande passée par un client international sur votre boutique.', 'Commandes à l\'étranger'),
(286, 1, 'International Orders', '10 international orders placed on your shop.', 'International Orders'),
(286, 2, 'Commandes à l\'étranger', '10 commandes passées par des clients internationaux sur votre boutique.', 'Commandes à l\'étranger'),
(287, 1, 'International Orders', '100 international orders placed on your shop!', 'International Orders'),
(287, 2, 'Commandes à l\'étranger', '100 commandes passées par des clients internationaux sur votre boutique !', 'Commandes à l\'étranger'),
(288, 1, 'International Orders', '1,000 international orders placed on your shop!', 'International Orders'),
(288, 2, 'Commandes à l\'étranger', '1 000 commandes passées par des clients internationaux sur votre boutique !', 'Commandes à l\'étranger'),
(289, 1, 'International Orders', '5,000 international orders placed on your shop!', 'International Orders'),
(289, 2, 'Commandes à l\'étranger', '5 000 commandes passées par des clients internationaux sur votre boutique !', 'Commandes à l\'étranger'),
(290, 1, 'International Orders', '10,000 international orders placed on your shop!', 'International Orders'),
(290, 2, 'Commandes à l\'étranger', '10 000 commandes passées par des clients internationaux sur votre boutique', 'Commandes à l\'étranger'),
(291, 1, 'Store', 'First store configured on your shop!', 'Store'),
(291, 2, 'Boutique Physique', 'Premier magasin configuré sur votre boutique', 'Boutique Physique'),
(292, 1, 'Store', 'You have 2 stores configured on your shop', 'Store'),
(292, 2, 'Boutique Physique', 'Vous avez 2 magasins configurés sur votre boutique', 'Boutique Physique'),
(293, 1, 'Store', 'You have 5 stores configured on your shop', 'Store'),
(293, 2, 'Boutique Physique', 'Vous avez 5 magasins configurés sur votre boutique', 'Boutique Physique'),
(294, 1, 'Store', 'You have 10 stores configured on your shop', 'Store'),
(294, 2, 'Boutique Physique', 'Vous avez 10 magasins configurés sur votre boutique', 'Boutique Physique'),
(295, 1, 'Store', 'You have 20 stores configured on your shop', 'Store'),
(295, 2, 'Boutique Physique', 'Vous avez 20 magasins configurés sur votre boutique', 'Boutique Physique'),
(296, 1, 'Store', 'You have 50 stores configured on your shop', 'Store'),
(296, 2, 'Boutique Physique', 'Vous avez 50 magasins configurés sur votre boutique', 'Boutique Physique'),
(297, 1, 'Webservice x1', 'First webservice account added to your shop', 'WebService'),
(297, 2, 'Webservice x1', '1er compte webservice ajouté à votre boutique\r\n', 'WebService'),
(298, 1, 'Webservice x2', '2 webservice accounts added to your shop', 'WebService'),
(298, 2, 'Webservice x2', '2 comptes webservice ajoutés à votre boutique', 'WebService'),
(299, 1, 'Webservice x3', '3 webservice accounts added to your shop', 'WebService'),
(299, 2, 'Webservice x3', '3 comptes webservice ajoutés à votre boutique', 'WebService'),
(300, 1, 'Webservice x4', '4 webservice accounts added to your shop', 'WebService'),
(300, 2, 'Webservice x4', '4 comptes webservice ajoutés à votre boutique', 'WebService'),
(301, 1, 'Alliance Payment installed', 'You have installed the Alliance Payment module', 'Partners'),
(301, 2, 'Alliance Payment installed', '', ''),
(302, 1, 'Alliance Payment configured', 'You have configured the Alliance Payment module', 'Partners'),
(302, 2, 'Alliance Payment configured', '', ''),
(303, 1, 'Alliance Payment active', 'Your Alliance Payment module is active', 'Partners'),
(303, 2, 'Alliance Payment active', '', ''),
(304, 1, 'Alliance Payment very active', 'Your Alliance Payment module is very active', 'Partners'),
(304, 2, 'Alliance Payment very active', '', ''),
(305, 1, 'Blue Pay installed', 'You have installed the Blue Pay module', 'Partners'),
(305, 2, 'Blue Pay installed', '', ''),
(306, 1, 'Blue Pay configured', 'You have configured the Blue Pay module', 'Partners'),
(306, 2, 'Blue Pay configured', '', ''),
(307, 1, 'Blue Pay active', 'Your Blue Pay module is active', 'Partners'),
(307, 2, 'Blue Pay active', '', ''),
(308, 1, 'Blue Pay very active', 'Your Blue Pay module is very active', 'Partners'),
(308, 2, 'Blue Pay very active', '', ''),
(309, 1, 'Europe', 'You got your first sale in  Europe!', 'Europe'),
(309, 2, 'Europe', '', '');

-- --------------------------------------------------------

--
-- Structure de la table `gcahdy_btmegamenu`
--

CREATE TABLE `gcahdy_btmegamenu` (
  `id_btmegamenu` int(11) NOT NULL,
  `image` varchar(255) NOT NULL,
  `id_parent` int(11) NOT NULL,
  `is_group` tinyint(1) NOT NULL,
  `width` varchar(255) DEFAULT NULL,
  `submenu_width` varchar(255) DEFAULT NULL,
  `submenu_colum_width` varchar(255) DEFAULT NULL,
  `item` varchar(255) DEFAULT NULL,
  `colums` varchar(255) DEFAULT NULL,
  `type` varchar(255) NOT NULL,
  `is_content` tinyint(1) NOT NULL,
  `show_title` tinyint(1) NOT NULL,
  `level_depth` smallint(6) NOT NULL,
  `active` tinyint(1) NOT NULL,
  `position` int(11) NOT NULL,
  `submenu_content` text NOT NULL,
  `show_sub` tinyint(1) NOT NULL,
  `target` varchar(25) DEFAULT NULL,
  `privacy` smallint(6) DEFAULT NULL,
  `position_type` varchar(25) DEFAULT NULL,
  `menu_class` varchar(25) DEFAULT NULL,
  `content` text,
  `icon_class` varchar(255) DEFAULT NULL,
  `level` int(11) NOT NULL,
  `left` int(11) NOT NULL,
  `right` int(11) NOT NULL,
  `submenu_catids` text,
  `is_cattree` tinyint(1) DEFAULT '1',
  `date_add` datetime DEFAULT NULL,
  `date_upd` datetime DEFAULT NULL,
  `groupBox` varchar(255) DEFAULT 'all'
) ENGINE=InnoDB DEFAULT CHARSET=utf8;

--
-- Déchargement des données de la table `gcahdy_btmegamenu`
--

INSERT INTO `gcahdy_btmegamenu` (`id_btmegamenu`, `image`, `id_parent`, `is_group`, `width`, `submenu_width`, `submenu_colum_width`, `item`, `colums`, `type`, `is_content`, `show_title`, `level_depth`, `active`, `position`, `submenu_content`, `show_sub`, `target`, `privacy`, `position_type`, `menu_class`, `content`, `icon_class`, `level`, `left`, `right`, `submenu_catids`, `is_cattree`, `date_add`, `date_upd`, `groupBox`) VALUES
(143, '', 1, 0, '', '', '', '6', '1', 'empty', 0, 1, 1, 1, 0, '', 0, '_blank', 0, '', 'menu-disabled', '', '', 0, 0, 0, '', 1, '2018-01-31 16:46:59', '2018-03-22 09:41:27', '1,2,3'),
(144, '', 143, 0, '', '', '', '7', '1', 'cms', 0, 1, 2, 1, 1, '', 0, '_self', 0, '', '', '', '', 0, 0, 0, '', 1, '2018-01-31 16:46:59', '2018-02-23 10:33:53', '1,2,3'),
(147, '', 143, 0, '', '', '', '6', '1', 'cms', 0, 1, 2, 1, 0, '', 0, '_self', 0, '', '', '', '', 0, 0, 0, '', 1, '2018-01-31 16:46:59', '2018-02-23 10:30:57', '1,2,3'),
(149, '', 1, 0, '', '', '', '12', '1', 'url', 0, 1, 1, 1, 3, '', 0, '_self', 0, '', '', '', '', 0, 0, 0, '', 1, '2018-01-31 16:47:00', '2018-03-23 15:10:17', '1,2,3'),
(151, '', 1, 0, '', '', '', '', '1', 'url', 0, 1, 1, 1, 2, '', 0, '_self', 0, '', '', '', '', 0, 0, 0, '', 1, '2018-01-31 16:47:00', '2019-05-07 17:21:34', '1,2,3'),
(159, '', 1, 0, '', '', '', '', '1', 'url', 0, 1, 1, 1, 4, '', 0, '_self', 0, '', '', '', '', 0, 0, 0, '', 1, '2018-01-31 16:47:01', '2018-02-15 16:32:23', '1,2,3'),
(163, '', 1, 0, '', '', '', '3', '1', 'category', 0, 1, 1, 1, 1, '', 0, '_self', 0, '', '', '', '', 0, 0, 0, '', 1, '2018-02-02 09:22:57', '2018-04-04 15:14:24', '1,2,3'),
(164, '', 163, 0, '', '', '', '4', '1', 'category', 0, 1, 2, 1, 0, '', 0, '_self', 0, '', '', '', '', 0, 0, 0, '', 1, '2018-02-02 09:24:27', '2018-03-06 15:19:35', '1,2,3'),
(165, '', 163, 0, '', '', '', '5', '1', 'category', 0, 1, 2, 1, 1, '', 0, '_self', 0, '', '', '', '', 0, 0, 0, '', 1, '2018-02-02 09:25:11', '2018-03-06 15:22:17', '1,2,3'),
(166, '', 163, 0, '', '', '', '6', '1', 'category', 0, 1, 2, 1, 2, '', 0, '_self', 0, '', '', '', '', 0, 0, 0, '', 1, '2018-02-02 09:25:41', '2018-03-06 15:13:43', '1,2,3'),
(167, '', 163, 0, '', '', '', '7', '1', 'category', 0, 1, 2, 1, 3, '', 0, '_self', 0, '', '', '', '', 0, 0, 0, '', 1, '2018-02-02 09:26:10', '2019-04-25 08:50:27', '1,2,3'),
(168, '', 164, 0, '', '', '', '8', '1', 'category', 0, 1, 1, 1, 0, '', 0, '_self', 0, '', '', '', '', 0, 0, 0, '', 1, '2018-02-02 09:27:31', '2018-02-02 09:27:31', '1,2,3'),
(169, '', 168, 0, '', '', '', '9', '1', 'category', 0, 1, 1, 1, 0, '', 0, '_self', 0, '', '', '', '', 0, 0, 0, '', 1, '2018-02-02 09:27:57', '2018-02-02 09:28:29', '1,2,3'),
(170, '', 143, 0, '', '', '', '8', '1', 'cms', 0, 1, 2, 1, 2, '', 0, '_self', 0, '', '', '', '', 0, 0, 0, '', 1, '2018-02-02 10:34:29', '2018-02-23 10:39:08', '1,2,3'),
(171, '', 143, 0, '', '', '', '9', '1', 'cms', 0, 1, 2, 1, 3, '', 0, '_self', 0, '', '', '', '', 0, 0, 0, '', 1, '2018-02-02 10:35:24', '2018-02-23 10:41:48', '1,2,3'),
(173, '', 164, 0, '', '', '', '14', '1', 'category', 0, 1, 3, 1, 1, '', 0, '_self', 0, '', '', '', '', 0, 0, 0, '', 1, '2018-03-06 15:29:57', '2018-03-06 15:29:57', '1,2,3'),
(174, '', 164, 0, '', '', '', '17', '1', 'category', 0, 1, 3, 1, 3, '', 0, '_self', 0, '', '', '', '', 0, 0, 0, '', 1, '2018-03-06 15:31:39', '2018-03-06 15:31:39', '1,2,3'),
(175, '', 164, 0, '', '', '', '21', '1', 'category', 0, 1, 3, 1, 4, '', 0, '_self', 0, '', '', '', '', 0, 0, 0, '', 1, '2018-03-06 15:32:27', '2018-03-06 15:32:27', '1,2,3'),
(176, '', 164, 0, '', '', '', '27', '1', 'category', 0, 1, 3, 1, 5, '', 0, '_self', 0, '', '', '', '', 0, 0, 0, '', 1, '2018-03-06 15:33:47', '2018-03-06 15:33:47', '1,2,3'),
(177, '', 168, 0, '', '', '', '10', '1', 'category', 0, 1, 2, 1, 1, '', 0, '_self', 0, '', '', '', '', 0, 0, 0, '', 1, '2018-03-06 15:34:36', '2018-03-06 15:34:36', '1,2,3'),
(178, '', 168, 0, '', '', '', '11', '1', 'category', 0, 1, 2, 1, 2, '', 0, '_self', 0, '', '', '', '', 0, 0, 0, '', 1, '2018-03-06 15:36:09', '2018-03-06 15:36:09', '1,2,3'),
(179, '', 168, 0, '', '', '', '12', '1', 'category', 0, 1, 2, 1, 3, '', 0, '_self', 0, '', '', '', '', 0, 0, 0, '', 1, '2018-03-06 15:36:58', '2018-03-06 15:36:58', '1,2,3'),
(180, '', 168, 0, '', '', '', '13', '1', 'category', 0, 1, 2, 1, 4, '', 0, '_self', 0, '', '', '', '', 0, 0, 0, '', 1, '2018-03-06 15:37:52', '2018-03-06 15:37:52', '1,2,3'),
(181, '', 173, 0, '', '', '', '15', '1', 'category', 0, 1, 4, 1, 0, '', 0, '_self', 0, '', '', '', '', 0, 0, 0, '', 1, '2018-03-06 15:39:21', '2018-03-06 15:39:21', '1,2,3'),
(182, '', 173, 0, '', '', '', '16', '1', 'category', 0, 1, 4, 1, 1, '', 0, '_self', 0, '', '', '', '', 0, 0, 0, '', 1, '2018-03-06 15:40:04', '2018-03-06 15:40:04', '1,2,3'),
(183, '', 174, 0, '', '', '', '18', '1', 'category', 0, 1, 4, 1, 0, '', 0, '_self', 0, '', '', '', '', 0, 0, 0, '', 1, '2018-03-06 15:41:27', '2018-03-06 15:41:27', '1,2,3'),
(184, '', 174, 0, '', '', '', '19', '1', 'category', 0, 1, 4, 1, 1, '', 0, '_self', 0, '', '', '', '', 0, 0, 0, '', 1, '2018-03-06 15:43:57', '2018-03-06 15:43:57', '1,2,3'),
(185, '', 174, 0, '', '', '', '20', '1', 'category', 0, 1, 4, 1, 2, '', 0, '_self', 0, '', '', '', '', 0, 0, 0, '', 1, '2018-03-06 15:44:35', '2018-03-06 15:44:35', '1,2,3'),
(186, '', 175, 0, '', '', '', '22', '1', 'category', 0, 1, 4, 1, 0, '', 0, '_self', 0, '', '', '', '', 0, 0, 0, '', 1, '2018-03-06 15:47:47', '2018-03-06 15:47:47', '1,2,3'),
(187, '', 175, 0, '', '', '', '23', '1', 'category', 0, 1, 4, 1, 1, '', 0, '_self', 0, '', '', '', '', 0, 0, 0, '', 1, '2018-03-06 15:48:20', '2018-03-06 15:48:20', '1,2,3'),
(188, '', 175, 0, '', '', '', '24', '1', 'category', 0, 1, 4, 1, 2, '', 0, '_self', 0, '', '', '', '', 0, 0, 0, '', 1, '2018-03-06 15:49:06', '2018-03-06 15:49:06', '1,2,3'),
(189, '', 175, 0, '', '', '', '25', '1', 'category', 0, 1, 4, 1, 3, '', 0, '_self', 0, '', '', '', '', 0, 0, 0, '', 1, '2018-03-06 15:51:21', '2018-03-06 15:51:21', '1,2,3'),
(190, '', 175, 0, '', '', '', '26', '1', 'category', 0, 1, 4, 1, 4, '', 0, '_self', 0, '', '', '', '', 0, 0, 0, '', 1, '2018-03-06 15:52:35', '2018-03-06 15:52:35', '1,2,3'),
(191, '', 176, 0, '', '', '', '28', '1', 'category', 0, 1, 4, 1, 0, '', 0, '_self', 0, '', '', '', '', 0, 0, 0, '', 1, '2018-03-06 15:53:21', '2018-03-06 15:53:21', '1,2,3'),
(192, '', 176, 0, '', '', '', '29', '1', 'category', 0, 1, 4, 1, 1, '', 0, '_self', 0, '', '', '', '', 0, 0, 0, '', 1, '2018-03-06 15:54:32', '2018-03-06 15:54:32', '1,2,3'),
(193, '', 176, 0, '', '', '', '30', '1', 'category', 0, 1, 4, 1, 2, '', 0, '_self', 0, '', '', '', '', 0, 0, 0, '', 1, '2018-03-06 15:55:44', '2018-03-06 15:55:44', '1,2,3'),
(194, '', 165, 0, '', '', '', '31', '1', 'category', 0, 1, 3, 1, 0, '', 0, '_self', 0, '', '', '', '', 0, 0, 0, '', 1, '2018-03-06 15:56:42', '2018-03-06 15:56:42', '1,2,3'),
(195, '', 165, 0, '', '', '', '32', '1', 'category', 0, 1, 3, 1, 1, '', 0, '_self', 0, '', '', '', '', 0, 0, 0, '', 1, '2018-03-06 15:57:14', '2018-03-06 15:57:14', '1,2,3'),
(196, '', 165, 0, '', '', '', '33', '1', 'category', 0, 1, 3, 1, 3, '', 0, '_self', 0, '', '', '', '', 0, 0, 0, '', 1, '2018-03-06 15:57:36', '2018-03-06 15:57:36', '1,2,3'),
(197, '', 165, 0, '', '', '', '34', '1', 'category', 0, 1, 3, 1, 4, '', 0, '_self', 0, '', '', '', '', 0, 0, 0, '', 1, '2018-03-06 15:59:13', '2018-03-06 15:59:13', '1,2,3'),
(198, '', 165, 0, '', '', '', '35', '1', 'category', 0, 1, 3, 1, 6, '', 0, '_self', 0, '', '', '', '', 0, 0, 0, '', 1, '2018-03-06 15:59:49', '2018-03-06 15:59:49', '1,2,3'),
(199, '', 166, 0, '', '', '', '36', '1', 'category', 0, 1, 3, 1, 0, '', 0, '_self', 0, '', '', '', '', 0, 0, 0, '', 1, '2018-03-06 16:01:14', '2018-03-06 16:01:14', '1,2,3'),
(200, '', 199, 0, '', '', '', '37', '1', 'category', 0, 1, 4, 1, 0, '', 0, '_self', 0, '', '', '', '', 0, 0, 0, '', 1, '2018-03-06 16:01:55', '2018-03-06 16:01:55', '1,2,3'),
(201, '', 166, 0, '', '', '', '38', '1', 'category', 0, 1, 3, 1, 1, '', 0, '_self', 0, '', '', '', '', 0, 0, 0, '', 1, '2018-03-06 16:02:38', '2018-03-06 16:02:38', '1,2,3'),
(202, '', 201, 0, '', '', '', '39', '1', 'category', 0, 1, 4, 1, 0, '', 0, '_self', 0, '', '', '', '', 0, 0, 0, '', 1, '2018-03-06 16:03:43', '2018-11-08 15:42:49', '1,2,3'),
(203, '', 201, 0, '', '', '', '40', '1', 'category', 0, 1, 4, 1, 1, '', 0, '_self', 0, '', '', '', '', 0, 0, 0, '', 1, '2018-03-06 16:04:36', '2018-11-08 15:43:08', '1,2,3'),
(204, '', 201, 0, '', '', '', '41', '1', 'category', 0, 1, 4, 1, 2, '', 0, '_self', 0, '', '', '', '', 0, 0, 0, '', 1, '2018-03-06 16:05:13', '2018-03-06 16:05:13', '1,2,3'),
(205, '', 166, 0, '', '', '', '42', '1', 'category', 0, 1, 3, 1, 2, '', 0, '_self', 0, '', '', '', '', 0, 0, 0, '', 1, '2018-03-06 16:07:33', '2018-03-06 16:07:33', '1,2,3'),
(206, '', 205, 0, '', '', '', '43', '1', 'category', 0, 1, 4, 1, 0, '', 0, '_self', 0, '', '', '', '', 0, 0, 0, '', 1, '2018-03-06 16:08:08', '2018-03-06 16:08:08', '1,2,3'),
(207, '', 205, 0, '', '', '', '44', '1', 'category', 0, 1, 4, 1, 1, '', 0, '_self', 0, '', '', '', '', 0, 0, 0, '', 1, '2018-03-06 16:10:23', '2018-03-06 16:10:23', '1,2,3'),
(208, '', 205, 0, '', '', '', '45', '1', 'category', 0, 1, 4, 1, 2, '', 0, '_self', 0, '', '', '', '', 0, 0, 0, '', 1, '2018-03-06 16:13:09', '2018-03-06 16:13:09', '1,2,3'),
(209, '', 205, 0, '', '', '', '46', '1', 'category', 0, 1, 4, 1, 3, '', 0, '_self', 0, '', '', '', '', 0, 0, 0, '', 1, '2018-03-06 16:14:21', '2018-03-06 16:14:21', '1,2,3'),
(210, '', 167, 0, '', '', '', '47', '1', 'category', 0, 1, 3, 1, 0, '', 0, '_self', 0, '', '', '', '', 0, 0, 0, '', 1, '2018-03-06 16:16:29', '2018-03-06 16:16:29', '1,2,3'),
(211, '', 210, 0, '', '', '', '48', '1', 'category', 0, 1, 4, 1, 0, '', 0, '_self', 0, '', '', '', '', 0, 0, 0, '', 1, '2018-03-06 16:17:00', '2018-03-06 16:20:27', '1,2,3'),
(212, '', 167, 0, '', '', '', '49', '1', 'category', 0, 1, 3, 1, 1, '', 0, '_self', 0, '', '', '', '', 0, 0, 0, '', 1, '2018-03-06 16:18:16', '2018-03-06 16:18:16', '1,2,3'),
(213, '', 212, 0, '', '', '', '50', '1', 'category', 0, 1, 4, 1, 0, '', 0, '_self', 0, '', '', '', '', 0, 0, 0, '', 1, '2018-03-06 16:21:58', '2018-03-06 16:21:58', '1,2,3'),
(214, '', 149, 0, '', '', '', '', '1', 'url', 0, 1, 2, 1, 0, '', 0, '_self', 0, '', '', '', '', 0, 0, 0, '', 1, '2018-03-23 15:11:09', '2018-04-04 15:23:14', '1,2,3'),
(215, '', 149, 0, '', '', '', '', '1', 'url', 0, 1, 2, 1, 1, '', 0, '_self', 0, '', '', '', '', 0, 0, 0, '', 1, '2018-03-23 15:13:17', '2018-04-04 15:30:31', '1,2,3'),
(216, '', 149, 0, '', '', '', '', '1', 'url', 0, 1, 2, 1, 2, '', 0, '_self', 0, '', '', '', '', 0, 0, 0, '', 1, '2018-03-23 15:14:29', '2018-04-04 15:31:29', '1,2,3'),
(217, '', 176, 0, '', '', '', '51', '1', 'category', 0, 1, 4, 1, 3, '', 0, '_self', 0, '', '', '', '', 0, 0, 0, '', 1, '2018-06-15 08:55:40', '2018-06-21 16:42:49', '1,2,3'),
(219, '', 176, 0, '', '', '', '52', '1', 'category', 0, 1, 4, 1, 4, '', 0, '_self', 0, '', '', '', '', 0, 0, 0, '', 1, '2018-06-15 09:06:17', '2018-06-21 16:43:34', '1,2,3'),
(220, '', 165, 0, '', '', '', '54', '1', 'category', 0, 1, 3, 1, 5, '', 0, '_self', 0, '', '', '', '', 0, 0, 0, '', 1, '2018-09-27 14:37:38', '2018-09-27 14:37:38', '1,2,3'),
(221, '', 165, 0, '', '', '', '55', '1', 'category', 0, 1, 3, 1, 2, '', 0, '_self', 0, '', '', '', '', 0, 0, 0, '', 1, '2019-03-19 13:31:10', '2019-03-19 13:32:14', '1,2,3,4,5'),
(223, '', 164, 0, '', '', '', '56', '1', 'category', 0, 1, 3, 1, 2, '', 0, '_self', 0, '', '', '', '', 0, 0, 0, '', 1, '2019-04-26 16:14:28', '2019-04-26 16:19:57', '1,2,3,4,5');

-- --------------------------------------------------------

--
-- Structure de la table `gcahdy_btmegamenu_lang`
--

CREATE TABLE `gcahdy_btmegamenu_lang` (
  `id_btmegamenu` int(11) NOT NULL,
  `id_lang` int(11) NOT NULL,
  `title` varchar(255) DEFAULT NULL,
  `text` varchar(255) DEFAULT NULL,
  `url` varchar(255) DEFAULT NULL,
  `description` text,
  `content_text` text,
  `submenu_content_text` text
) ENGINE=InnoDB DEFAULT CHARSET=utf8;

--
-- Déchargement des données de la table `gcahdy_btmegamenu_lang`
--

INSERT INTO `gcahdy_btmegamenu_lang` (`id_btmegamenu`, `id_lang`, `title`, `text`, `url`, `description`, `content_text`, `submenu_content_text`) VALUES
(143, 1, 'La fabrique', '', 'index.php', '', '', NULL),
(143, 2, 'The factory', '', 'index.php', '', '', NULL),
(144, 1, 'Savoir-faire', '', '?id_appagebuilder_profiles=2', '', '', NULL),
(144, 2, 'Expertise', '', '?id_appagebuilder_profiles=2', '', '', NULL),
(147, 1, 'Histoire', '', 'index.php', '', '', NULL),
(147, 2, 'History', '', 'index.php', '', '', NULL),
(149, 1, 'Points de vente ', '', 'points-de-vente', '', '', NULL),
(149, 2, 'Points of sale', '', 'points-of-sale', '', '', NULL),
(151, 1, 'Le blog', '', 'blog.html', '', '', NULL),
(151, 2, 'Blog', '', 'blog.html', '', '', NULL),
(159, 1, 'Contact', '', 'nous-contacter', '', '', NULL),
(159, 2, 'Contact', '', 'contact-us', '', '', NULL),
(163, 1, 'La boutique', '', '', '', '', NULL),
(163, 2, 'E-shop', '', '', '', '', NULL),
(164, 1, 'La table', '', '', '', '', NULL),
(164, 2, 'Tableware', '', '', '', '', NULL),
(165, 1, 'La cuisine', '', '', '', '', NULL),
(165, 2, 'Cooking knives', '', '', '', '', NULL),
(166, 1, 'Les fermants', '', '', '', '', NULL),
(166, 2, 'Folding knives', '', '', '', '', NULL),
(167, 1, 'Les fermants damas', '', '', '', '', NULL),
(167, 2, 'Damascus blades', '', '', '', '', NULL),
(168, 1, 'Laguiole', '', '', '', '', NULL),
(168, 2, 'Laguiole', '', '', '', '', NULL),
(169, 1, 'Brasserie', '', '', '', '', NULL),
(169, 2, 'Brasserie', '', '', '', '', NULL),
(170, 1, 'La forge', '', '', '', '', NULL),
(170, 2, 'The forge', '', '', '', '', NULL),
(171, 1, 'Nos matières', '', '', '', '', NULL),
(171, 2, 'Our materials', '', '', '', '', NULL),
(173, 1, 'Laguiole Klasse G', '', '', '', '', NULL),
(173, 2, 'Laguiole Klasse G', '', '', '', '', NULL),
(174, 1, 'Le Thiers Pirou', '', '', '', '', NULL),
(174, 2, 'Le Thiers Pirou', '', '', '', '', NULL),
(175, 1, 'Le Thiers', '', '', '', '', NULL),
(175, 2, 'Le Thiers', '', '', '', '', NULL),
(176, 1, 'Styl\'ver', '', '', '', '', NULL),
(176, 2, 'Styl\'ver', '', '', '', '', NULL),
(177, 1, 'Avantage', '', '', '', '', NULL),
(177, 2, 'Avantage', '', '', '', '', NULL),
(178, 1, 'Prestige', '', '', '', '', NULL),
(178, 2, 'Prestige', '', '', '', '', NULL),
(179, 1, 'Tout inox Avantage', '', '', '', '', NULL),
(179, 2, 'Avantage stainless steel', '', '', '', '', NULL),
(180, 1, 'Tout inox Prestige', '', '', '', '', NULL),
(180, 2, 'Prestige stainless steel', '', '', '', '', NULL),
(181, 1, 'Avantage', '', '', '', '', NULL),
(181, 2, 'Avantage', '', '', '', '', NULL),
(182, 1, 'Tout inox', '', '', '', '', NULL),
(182, 2, 'Stainless steel', '', '', '', '', NULL),
(183, 1, 'Brasserie', '', '', '', '', NULL),
(183, 2, 'Brasserie', '', '', '', '', NULL),
(184, 1, 'Avantage', '', '', '', '', NULL),
(184, 2, 'Avantage', '', '', '', '', NULL),
(185, 1, 'Prestige', '', '', '', '', NULL),
(185, 2, 'Prestige', '', '', '', '', NULL),
(186, 1, 'Avantage', '', '', '', '', NULL),
(186, 2, 'Avantage', '', '', '', '', NULL),
(187, 1, 'Prestige', '', '', '', '', NULL),
(187, 2, 'Prestige', '', '', '', '', NULL),
(188, 1, 'Tout inox monobloc', '', '', '', '', NULL),
(188, 2, 'Stainless steel solid handle', '', '', '', '', NULL),
(189, 1, 'Tout inox Avantage', '', '', '', '', NULL),
(189, 2, 'Tout inox Avantage', '', '', '', '', NULL),
(190, 1, 'Tout inox Prestige', '', '', '', '', NULL),
(190, 2, 'Prestige stainless steel', '', '', '', '', NULL),
(191, 1, 'Brasserie', '', '', '', '', NULL),
(191, 2, 'Brasserie', '', '', '', '', NULL),
(192, 1, 'Avantage', '', '', '', '', NULL),
(192, 2, 'Avantage', '', '', '', '', NULL),
(193, 1, 'Tout inox', '', '', '', '', NULL),
(193, 2, 'Stainless steel', '', '', '', '', NULL),
(194, 1, 'Le Thiers', '', '', '', '', NULL),
(194, 2, 'Le Thiers', '', '', '', '', NULL),
(195, 1, 'Styl\'ver', '', '', '', '', NULL),
(195, 2, 'Styl\'ver', '', '', '', '', NULL),
(196, 1, 'F1', '', '', '', '', NULL),
(196, 2, 'F1', '', '', '', '', NULL),
(197, 1, 'Tradi\'chef', '', '', '', '', NULL),
(197, 2, 'Tradi\'chef', '', '', '', '', NULL),
(198, 1, 'Blocs', '', '', '', '', NULL),
(198, 2, 'Blocks', '', '', '', '', NULL),
(199, 1, 'Le Thiers', '', '', '', '', NULL),
(199, 2, 'Le Thiers', '', '', '', '', NULL),
(200, 1, 'Etui ceinture', '', '', '', '', NULL),
(200, 2, 'Belt pouch', '', '', '', '', NULL),
(201, 1, 'Le Thiers Pirou', '', '', '', '', NULL),
(201, 2, 'Le Thiers Pirou', '', '', '', '', NULL),
(202, 1, '10cm', '', '', '', '', NULL),
(202, 2, '10cm', '', '', '', '', NULL),
(203, 1, '12cm', '', '', '', '', NULL),
(203, 2, '12cm', '', '', '', '', NULL),
(204, 1, 'Etui ceinture', '', '', '', '', NULL),
(204, 2, 'Belt pouch', '', '', '', '', NULL),
(205, 1, 'Styl\'ver', '', '', '', '', NULL),
(205, 2, 'Styl\'ver', '', '', '', '', NULL),
(206, 1, 'Ressort série', '', '', '', '', NULL),
(206, 2, 'Machine chiselling', '', '', '', '', NULL),
(207, 1, '1 mitre, guilloché main', '', '', '', '', NULL),
(207, 2, '1 bolster, handmade chiselling', '', '', '', '', NULL),
(208, 1, 'Plein manche, guilloché main', '', '', '', '', NULL),
(208, 2, 'Plain handle, handmade chiselling', '', '', '', '', NULL),
(209, 1, 'Etui ceinture', '', '', '', '', NULL),
(209, 2, 'Belt pouch', '', '', '', '', NULL),
(210, 1, 'Le Thiers Pirou', '', '', '', '', NULL),
(210, 2, 'Le Thiers Pirou', '', '', '', '', NULL),
(211, 1, 'Etui ceinture', '', '', '', '', NULL),
(211, 2, 'Belt pouch', '', '', '', '', NULL),
(212, 1, 'Styl\'ver', '', '', '', '', NULL),
(212, 2, 'Styl\'ver', '', '', '', '', NULL),
(213, 1, 'Etui ceinture', '', '', '', '', NULL),
(213, 2, 'Belt pouch', '', '', '', '', NULL),
(214, 1, 'Trouver un revendeur', '', 'points-de-vente#map', '', '', NULL),
(214, 2, 'Find a boutique', '', 'points-of-sale#map', '', '', NULL),
(215, 1, 'Devenir revendeur', '', 'points-de-vente#retailer', '', '', NULL),
(215, 2, 'Sell our products', '', 'points-of-sale#retailer', '', '', NULL),
(216, 1, 'Notre catalogue', '', 'points-de-vente#retailer', '', '', NULL),
(216, 2, 'Catalog', '', 'points-of-sale#retailer', '', '', NULL),
(217, 1, 'Origines', '', '', '', '', NULL),
(217, 2, 'Origines', '', '', '', '', NULL),
(219, 1, 'Factory', '', '', '', '', NULL),
(219, 2, 'Factory', '', '', '', '', NULL),
(220, 1, 'Le P\'tit Tradi', '', '', '', '', NULL),
(220, 2, 'Le P\'tit Tradi', '', '', '', '', NULL),
(221, 1, 'Tridens', '', '', '', '', NULL),
(221, 2, 'Tridens', '', '', '', '', NULL),
(223, 1, 'Le Thiers Damas Hestia', '', '', '', '', NULL),
(223, 2, 'Le Thiers Damas Hestia', '', '', '', '', NULL);

-- --------------------------------------------------------

--
-- Structure de la table `gcahdy_btmegamenu_shop`
--

CREATE TABLE `gcahdy_btmegamenu_shop` (
  `id_btmegamenu` int(11) NOT NULL DEFAULT '0',
  `id_shop` int(11) NOT NULL DEFAULT '0'
) ENGINE=InnoDB DEFAULT CHARSET=utf8;

--
-- Déchargement des données de la table `gcahdy_btmegamenu_shop`
--

INSERT INTO `gcahdy_btmegamenu_shop` (`id_btmegamenu`, `id_shop`) VALUES
(143, 1),
(144, 1),
(147, 1),
(149, 1),
(151, 1),
(159, 1),
(163, 1),
(164, 1),
(165, 1),
(166, 1),
(167, 1),
(168, 1),
(169, 1),
(170, 1),
(171, 1),
(173, 1),
(174, 1),
(175, 1),
(176, 1),
(177, 1),
(178, 1),
(179, 1),
(180, 1),
(181, 1),
(182, 1),
(183, 1),
(184, 1),
(185, 1),
(186, 1),
(187, 1),
(188, 1),
(189, 1),
(190, 1),
(191, 1),
(192, 1),
(193, 1),
(194, 1),
(195, 1),
(196, 1),
(197, 1),
(198, 1),
(199, 1),
(200, 1),
(201, 1),
(202, 1),
(203, 1),
(204, 1),
(205, 1),
(206, 1),
(207, 1),
(208, 1),
(209, 1),
(210, 1),
(211, 1),
(212, 1),
(213, 1),
(214, 1),
(215, 1),
(216, 1),
(217, 1),
(219, 1),
(220, 1),
(221, 1),
(223, 1);

-- --------------------------------------------------------

--
-- Structure de la table `gcahdy_carrier`
--

CREATE TABLE `gcahdy_carrier` (
  `id_carrier` int(10) UNSIGNED NOT NULL,
  `id_reference` int(10) UNSIGNED NOT NULL,
  `id_tax_rules_group` int(10) UNSIGNED DEFAULT '0',
  `name` varchar(64) NOT NULL,
  `url` varchar(255) DEFAULT NULL,
  `active` tinyint(1) UNSIGNED NOT NULL DEFAULT '0',
  `deleted` tinyint(1) UNSIGNED NOT NULL DEFAULT '0',
  `shipping_handling` tinyint(1) UNSIGNED NOT NULL DEFAULT '1',
  `range_behavior` tinyint(1) UNSIGNED NOT NULL DEFAULT '0',
  `is_module` tinyint(1) UNSIGNED NOT NULL DEFAULT '0',
  `is_free` tinyint(1) UNSIGNED NOT NULL DEFAULT '0',
  `shipping_external` tinyint(1) UNSIGNED NOT NULL DEFAULT '0',
  `need_range` tinyint(1) UNSIGNED NOT NULL DEFAULT '0',
  `external_module_name` varchar(64) DEFAULT NULL,
  `shipping_method` int(2) NOT NULL DEFAULT '0',
  `position` int(10) UNSIGNED NOT NULL DEFAULT '0',
  `max_width` int(10) DEFAULT '0',
  `max_height` int(10) DEFAULT '0',
  `max_depth` int(10) DEFAULT '0',
  `max_weight` decimal(20,6) DEFAULT '0.000000',
  `grade` int(10) DEFAULT '0'
) ENGINE=InnoDB DEFAULT CHARSET=utf8;

--
-- Déchargement des données de la table `gcahdy_carrier`
--

INSERT INTO `gcahdy_carrier` (`id_carrier`, `id_reference`, `id_tax_rules_group`, `name`, `url`, `active`, `deleted`, `shipping_handling`, `range_behavior`, `is_module`, `is_free`, `shipping_external`, `need_range`, `external_module_name`, `shipping_method`, `position`, `max_width`, `max_height`, `max_depth`, `max_weight`, `grade`) VALUES
(1, 1, 0, 'Goyon Chazeau', '', 1, 1, 0, 0, 0, 0, 0, 0, '', 1, 0, 0, 0, 0, '0.000000', 0),
(2, 2, 0, 'My carrier', '', 1, 1, 1, 0, 0, 0, 0, 0, '', 1, 1, 0, 0, 0, '0.000000', 0),
(3, 3, 0, 'La Poste - Colissimo Simplicité', 'http://www.colissimo.fr/portail_colissimo/suivreResultat.do?parcelnumber=@', 1, 1, 0, 0, 1, 0, 1, 1, 'socolissimo', 1, 2, 0, 0, 0, '0.000000', 0),
(4, 4, 0, 'La Poste - Colissimo Simplicité - Commerce de proximité', 'http://www.colissimo.fr/portail_colissimo/suivreResultat.do?parcelnumber=@', 0, 1, 0, 0, 1, 0, 1, 1, 'socolissimo', 1, 3, 0, 0, 0, '0.000000', 0),
(5, 3, 0, 'La Poste - Colissimo Simplicité', 'http://www.colissimo.fr/portail_colissimo/suivreResultat.do?parcelnumber=@', 1, 1, 0, 0, 1, 0, 1, 1, 'socolissimo', 1, 2, 0, 0, 0, '0.000000', 0),
(6, 3, 0, 'La Poste - Colissimo Simplicité', 'http://www.colissimo.fr/portail_colissimo/suivreResultat.do?parcelnumber=@', 1, 1, 0, 0, 1, 0, 1, 1, 'socolissimo', 1, 2, 0, 0, 0, '0.000000', 0),
(7, 3, 0, 'La Poste - Colissimo Simplicité', 'http://www.colissimo.fr/portail_colissimo/suivreResultat.do?parcelnumber=@', 1, 1, 0, 0, 1, 0, 1, 1, 'socolissimo', 1, 2, 0, 0, 0, '0.000000', 0),
(8, 3, 0, 'La Poste - Colissimo Simplicité', 'http://www.colissimo.fr/portail_colissimo/suivreResultat.do?parcelnumber=@', 1, 1, 0, 0, 1, 0, 1, 1, 'socolissimo', 1, 2, 0, 0, 0, '0.000000', 0),
(9, 3, 0, 'La Poste - Colissimo Simplicité', 'http://www.colissimo.fr/portail_colissimo/suivreResultat.do?parcelnumber=@', 1, 1, 0, 0, 1, 0, 1, 1, 'socolissimo', 1, 2, 0, 0, 0, '0.000000', 0),
(10, 3, 0, 'La Poste - Colissimo Simplicité', 'http://www.colissimo.fr/portail_colissimo/suivreResultat.do?parcelnumber=@', 1, 1, 0, 0, 1, 0, 1, 1, 'socolissimo', 1, 2, 0, 0, 0, '0.000000', 0),
(11, 3, 0, 'La Poste - Colissimo Simplicité', 'http://www.colissimo.fr/portail_colissimo/suivreResultat.do?parcelnumber=@', 1, 1, 0, 0, 1, 0, 1, 1, 'socolissimo', 1, 2, 0, 0, 0, '0.000000', 0),
(12, 3, 0, 'La Poste - Colissimo Simplicité', 'http://www.colissimo.fr/portail_colissimo/suivreResultat.do?parcelnumber=@', 1, 1, 0, 1, 1, 0, 1, 1, 'socolissimo', 1, 2, 0, 0, 0, '0.000000', 0),
(13, 4, 0, 'La Poste - Colissimo Simplicité - Commerce de proximité', 'http://www.colissimo.fr/portail_colissimo/suivreResultat.do?parcelnumber=@', 0, 1, 0, 1, 1, 0, 1, 1, 'socolissimo', 1, 3, 0, 0, 0, '0.000000', 0),
(14, 4, 0, 'La Poste - Colissimo Simplicité - Commerce de proximité', 'http://www.colissimo.fr/portail_colissimo/suivreResultat.do?parcelnumber=@', 0, 1, 0, 1, 1, 0, 1, 1, 'socolissimo', 1, 3, 0, 0, 0, '0.000000', 0),
(15, 4, 0, 'La Poste - Colissimo Simplicité - Commerce de proximité', 'http://www.colissimo.fr/portail_colissimo/suivreResultat.do?parcelnumber=@', 0, 1, 0, 1, 1, 0, 1, 1, 'socolissimo', 1, 3, 0, 0, 0, '0.000000', 0),
(16, 4, 0, 'La Poste - Colissimo Simplicité - Commerce de proximité', 'http://www.colissimo.fr/portail_colissimo/suivreResultat.do?parcelnumber=@', 0, 1, 0, 1, 1, 0, 1, 1, 'socolissimo', 1, 3, 0, 0, 0, '0.000000', 0),
(17, 4, 0, 'La Poste - Colissimo Simplicité - Commerce de proximité', 'http://www.colissimo.fr/portail_colissimo/suivreResultat.do?parcelnumber=@', 0, 1, 0, 1, 1, 0, 1, 1, 'socolissimo', 1, 3, 0, 0, 0, '0.000000', 0),
(18, 3, 0, 'La Poste - Colissimo Simplicité', 'http://www.colissimo.fr/portail_colissimo/suivreResultat.do?parcelnumber=@', 1, 1, 0, 1, 1, 0, 1, 1, 'socolissimo', 1, 2, 0, 0, 0, '0.000000', 0),
(19, 4, 0, 'La Poste - Colissimo Simplicité - Commerce de proximité', 'http://www.colissimo.fr/portail_colissimo/suivreResultat.do?parcelnumber=@', 0, 1, 0, 1, 1, 0, 1, 1, 'socolissimo', 1, 3, 0, 0, 0, '0.000000', 0),
(20, 3, 0, 'La Poste - Colissimo Simplicité', 'http://www.colissimo.fr/portail_colissimo/suivreResultat.do?parcelnumber=@', 1, 1, 0, 1, 1, 0, 1, 1, 'socolissimo', 1, 2, 0, 0, 0, '0.000000', 0),
(21, 4, 0, 'La Poste - Colissimo Simplicité - Commerce de proximité', 'http://www.colissimo.fr/portail_colissimo/suivreResultat.do?parcelnumber=@', 0, 1, 0, 1, 1, 0, 1, 1, 'socolissimo', 1, 3, 0, 0, 0, '0.000000', 0),
(22, 1, 0, 'Goyon Chazeau', '', 0, 0, 0, 0, 0, 0, 0, 0, '', 1, 0, 0, 0, 0, '0.000000', 0),
(23, 2, 0, 'My carrier', '', 0, 0, 1, 0, 0, 0, 0, 0, '', 1, 1, 0, 0, 0, '0.000000', 0),
(24, 3, 0, 'La Poste - Colissimo Simplicité', 'http://www.colissimo.fr/portail_colissimo/suivreResultat.do?parcelnumber=@', 1, 1, 0, 1, 1, 0, 1, 1, 'socolissimo', 1, 2, 0, 0, 0, '0.000000', 0),
(25, 25, 0, 'La Poste int', '', 0, 1, 0, 0, 0, 0, 0, 0, '', 1, 4, 0, 0, 0, '0.000000', 0),
(26, 25, 0, 'La Poste international', 'http://www.colissimo.fr/portail_colissimo/suivreResultat.do?parcelnumber=@', 0, 1, 0, 0, 0, 0, 0, 0, '', 1, 4, 0, 0, 0, '0.000000', 0),
(27, 25, 0, 'La Poste international', 'http://www.colissimo.fr/portail_colissimo/suivreResultat.do?parcelnumber=@', 0, 1, 0, 0, 0, 0, 0, 0, '', 1, 4, 0, 0, 0, '0.000000', 0),
(28, 25, 0, 'La Poste international', 'http://www.colissimo.fr/portail_colissimo/suivreResultat.do?parcelnumber=@', 0, 1, 0, 0, 0, 0, 0, 0, '', 1, 4, 0, 0, 0, '0.000000', 0),
(29, 3, 0, 'La Poste - Colissimo Simplicité', 'http://www.colissimo.fr/portail_colissimo/suivreResultat.do?parcelnumber=@', 1, 1, 0, 1, 1, 0, 1, 1, 'socolissimo', 1, 2, 0, 0, 0, '0.000000', 0),
(30, 25, 0, 'La Poste international', 'http://www.colissimo.fr/portail_colissimo/suivreResultat.do?parcelnumber=@', 0, 1, 0, 0, 0, 0, 0, 0, '', 1, 4, 0, 0, 0, '0.000000', 0),
(31, 25, 0, 'La Poste international', 'http://www.colissimo.fr/portail_colissimo/suivreResultat.do?parcelnumber=@', 0, 1, 0, 0, 0, 0, 0, 0, '', 1, 4, 0, 0, 0, '0.000000', 0),
(32, 25, 0, 'La Poste international', 'http://www.colissimo.fr/portail_colissimo/suivreResultat.do?parcelnumber=@', 0, 1, 0, 0, 0, 0, 0, 0, '', 1, 4, 0, 0, 0, '0.000000', 0),
(33, 25, 0, 'La Poste international', 'http://www.colissimo.fr/portail_colissimo/suivreResultat.do?parcelnumber=@', 0, 1, 0, 0, 0, 0, 0, 0, '', 1, 4, 0, 0, 0, '0.000000', 0),
(34, 25, 0, 'La Poste international', 'http://www.colissimo.fr/portail_colissimo/suivreResultat.do?parcelnumber=@', 0, 1, 0, 0, 0, 0, 0, 0, '', 1, 4, 0, 0, 0, '0.000000', 0),
(35, 25, 0, 'La Poste international', 'http://www.colissimo.fr/portail_colissimo/suivreResultat.do?parcelnumber=@', 0, 1, 0, 1, 0, 0, 0, 0, '', 1, 4, 0, 0, 0, '0.000000', 0),
(36, 25, 0, 'La Poste international', 'http://www.colissimo.fr/portail_colissimo/suivreResultat.do?parcelnumber=@', 0, 1, 0, 1, 0, 0, 0, 0, '', 1, 4, 0, 0, 0, '0.000000', 0),
(37, 25, 0, 'La Poste international', 'http://www.colissimo.fr/portail_colissimo/suivreResultat.do?parcelnumber=@', 0, 1, 0, 1, 0, 0, 0, 0, '', 1, 4, 0, 0, 0, '0.000000', 0),
(38, 25, 0, 'La Poste international', 'http://www.colissimo.fr/portail_colissimo/suivreResultat.do?parcelnumber=@', 0, 1, 0, 1, 0, 0, 0, 0, '', 1, 4, 0, 0, 0, '0.000000', 0),
(39, 25, 0, 'La Poste international', 'http://www.colissimo.fr/portail_colissimo/suivreResultat.do?parcelnumber=@', 0, 1, 0, 1, 0, 0, 0, 0, '', 1, 4, 0, 0, 0, '0.000000', 0),
(40, 25, 0, 'La Poste international', 'http://www.colissimo.fr/portail_colissimo/suivreResultat.do?parcelnumber=@', 0, 1, 0, 1, 0, 0, 0, 0, '', 1, 4, 0, 0, 0, '0.000000', 0),
(41, 25, 0, 'La Poste international', 'http://www.colissimo.fr/portail_colissimo/suivreResultat.do?parcelnumber=@', 0, 1, 0, 1, 0, 0, 0, 0, '', 1, 4, 0, 0, 0, '0.000000', 0),
(42, 25, 0, 'La Poste international', 'http://www.colissimo.fr/portail_colissimo/suivreResultat.do?parcelnumber=@', 0, 1, 0, 1, 0, 0, 0, 0, '', 1, 4, 0, 0, 0, '0.000000', 0),
(43, 43, 0, 'Transporteur test', '', 1, 1, 0, 0, 0, 0, 0, 0, '', 1, 5, 0, 0, 0, '0.000000', 0),
(44, 43, 0, 'Transporteur test', '', 0, 1, 0, 0, 0, 0, 0, 0, '', 1, 5, 0, 0, 0, '0.000000', 0),
(45, 43, 0, 'Transporteur test', '', 0, 1, 0, 0, 0, 0, 0, 0, '', 1, 5, 0, 0, 0, '0.000000', 0),
(46, 43, 0, 'Transporteur test', '', 0, 1, 0, 0, 0, 0, 0, 0, '', 1, 4, 0, 0, 0, '0.000000', 0),
(47, 43, 0, 'La poste international', '', 0, 1, 0, 0, 0, 0, 0, 0, '', 1, 4, 0, 0, 0, '0.000000', 0),
(48, 43, 0, 'La poste international', 'http://www.colissimo.fr/portail_colissimo/suivreResultat.do?parcelnumber=@', 0, 1, 0, 0, 0, 0, 0, 0, '', 1, 4, 0, 0, 0, '0.000000', 0),
(49, 43, 0, 'La poste international', 'http://www.colissimo.fr/portail_colissimo/suivreResultat.do?parcelnumber=@', 0, 1, 0, 0, 0, 0, 0, 0, '', 1, 4, 0, 0, 0, '0.000000', 0),
(50, 43, 0, 'La poste international', 'http://www.colissimo.fr/portail_colissimo/suivreResultat.do?parcelnumber=@', 0, 1, 0, 1, 0, 0, 0, 0, '', 1, 4, 0, 0, 0, '0.000000', 0),
(51, 43, 0, 'La poste international', 'http://www.colissimo.fr/portail_colissimo/suivreResultat.do?parcelnumber=@', 0, 1, 0, 1, 0, 0, 0, 0, '', 1, 4, 0, 0, 0, '0.000000', 0),
(52, 43, 0, 'La poste international', 'http://www.colissimo.fr/portail_colissimo/suivreResultat.do?parcelnumber=@', 0, 1, 0, 1, 0, 0, 0, 0, '', 1, 4, 0, 0, 0, '0.000000', 0),
(53, 43, 0, 'La poste international', 'http://www.colissimo.fr/portail_colissimo/suivreResultat.do?parcelnumber=@', 0, 1, 0, 1, 0, 0, 0, 0, '', 1, 4, 0, 0, 0, '0.000000', 0),
(54, 43, 0, 'La poste international', 'http://www.colissimo.fr/portail_colissimo/suivreResultat.do?parcelnumber=@', 0, 1, 0, 1, 0, 0, 0, 0, '', 1, 4, 0, 0, 0, '0.000000', 0),
(55, 43, 0, 'La poste international', 'http://www.colissimo.fr/portail_colissimo/suivreResultat.do?parcelnumber=@', 1, 1, 0, 1, 0, 0, 0, 0, '', 1, 4, 0, 0, 0, '0.000000', 0),
(56, 3, 0, 'La Poste - Colissimo Simplicité', 'http://www.colissimo.fr/portail_colissimo/suivreResultat.do?parcelnumber=@', 1, 1, 0, 1, 1, 0, 1, 1, 'socolissimo', 1, 2, 0, 0, 0, '0.000000', 0),
(57, 4, 0, 'La Poste - Colissimo Simplicité - Commerce de proximité', 'http://www.colissimo.fr/portail_colissimo/suivreResultat.do?parcelnumber=@', 0, 1, 0, 1, 1, 0, 1, 1, 'socolissimo', 1, 3, 0, 0, 0, '0.000000', 0),
(58, 43, 0, 'La poste international', 'http://www.colissimo.fr/portail_colissimo/suivreResultat.do?parcelnumber=@', 1, 1, 0, 1, 0, 0, 0, 0, '', 1, 4, 0, 0, 0, '0.000000', 0),
(59, 43, 0, 'La poste international', 'http://www.colissimo.fr/portail_colissimo/suivreResultat.do?parcelnumber=@', 1, 1, 0, 0, 0, 0, 0, 0, '', 1, 4, 0, 0, 0, '0.000000', 0),
(60, 43, 0, 'La Poste international', 'http://www.colissimo.fr/portail_colissimo/suivreResultat.do?parcelnumber=@', 1, 1, 0, 1, 0, 0, 0, 0, '', 1, 4, 0, 0, 0, '0.000000', 0),
(61, 3, 0, 'La Poste - Colissimo Simplicité', 'http://www.colissimo.fr/portail_colissimo/suivreResultat.do?parcelnumber=@', 1, 1, 0, 1, 1, 0, 1, 1, 'socolissimo', 1, 2, 0, 0, 0, '0.000000', 0),
(62, 4, 0, 'La Poste - Colissimo Simplicité - Commerce de proximité', 'http://www.colissimo.fr/portail_colissimo/suivreResultat.do?parcelnumber=@', 0, 1, 0, 1, 1, 0, 1, 1, 'socolissimo', 1, 3, 0, 0, 0, '0.000000', 0),
(63, 4, 0, 'La Poste - Colissimo Simplicité - Commerce de proximité', 'http://www.colissimo.fr/portail_colissimo/suivreResultat.do?parcelnumber=@', 0, 1, 0, 1, 1, 0, 1, 1, 'socolissimo', 1, 3, 0, 0, 0, '0.000000', 0),
(64, 43, 0, 'La Poste international', 'http://www.colissimo.fr/portail_colissimo/suivreResultat.do?parcelnumber=@', 1, 1, 0, 1, 0, 0, 0, 0, '', 1, 4, 0, 0, 0, '0.000000', 0),
(65, 43, 0, 'La Poste international', 'http://www.colissimo.fr/portail_colissimo/suivreResultat.do?parcelnumber=@', 1, 1, 0, 1, 0, 0, 0, 0, '', 1, 4, 0, 0, 0, '0.000000', 0),
(66, 43, 0, 'La Poste international', 'http://www.colissimo.fr/portail_colissimo/suivreResultat.do?parcelnumber=@', 1, 1, 0, 1, 0, 0, 0, 0, '', 1, 4, 0, 0, 0, '0.000000', 0),
(67, 3, 0, 'La Poste - Colissimo Simplicité', 'http://www.colissimo.fr/portail_colissimo/suivreResultat.do?parcelnumber=@', 1, 1, 0, 1, 1, 0, 1, 1, 'socolissimo', 1, 2, 0, 0, 0, '0.000000', 0),
(68, 3, 0, 'La Poste - Colissimo Simplicité', 'http://www.colissimo.fr/portail_colissimo/suivreResultat.do?parcelnumber=@', 1, 1, 0, 1, 1, 0, 1, 1, 'socolissimo', 1, 2, 0, 0, 0, '0.000000', 0),
(69, 3, 0, 'La Poste - Colissimo Simplicité', 'http://www.colissimo.fr/portail_colissimo/suivreResultat.do?parcelnumber=@', 1, 1, 0, 1, 1, 0, 1, 1, 'socolissimo', 1, 2, 0, 0, 0, '0.000000', 0),
(70, 3, 0, 'La Poste - Colissimo Simplicité', 'http://www.colissimo.fr/portail_colissimo/suivreResultat.do?parcelnumber=@', 1, 1, 0, 1, 1, 0, 1, 1, 'socolissimo', 1, 2, 0, 0, 0, '0.000000', 0),
(71, 3, 0, 'La Poste - Colissimo Simplicité', 'http://www.colissimo.fr/portail_colissimo/suivreResultat.do?parcelnumber=@', 1, 1, 0, 1, 1, 0, 1, 1, 'socolissimo', 1, 2, 0, 0, 0, '0.000000', 0),
(72, 3, 0, 'La Poste - Colissimo Simplicité', 'http://www.colissimo.fr/portail_colissimo/suivreResultat.do?parcelnumber=@', 1, 1, 0, 1, 1, 0, 1, 1, 'socolissimo', 1, 2, 0, 0, 0, '0.000000', 0),
(73, 4, 0, 'La Poste - Colissimo Simplicité - Commerce de proximité', 'http://www.colissimo.fr/portail_colissimo/suivreResultat.do?parcelnumber=@', 0, 1, 0, 1, 1, 0, 1, 1, 'socolissimo', 1, 3, 0, 0, 0, '0.000000', 0),
(74, 43, 0, 'La Poste international', 'http://www.colissimo.fr/portail_colissimo/suivreResultat.do?parcelnumber=@', 1, 1, 0, 1, 0, 0, 0, 0, '', 1, 4, 0, 0, 0, '0.000000', 0),
(75, 43, 0, 'La Poste international', 'http://www.colissimo.fr/portail_colissimo/suivreResultat.do?parcelnumber=@', 1, 1, 0, 1, 0, 0, 0, 0, '', 1, 4, 0, 0, 0, '0.000000', 0),
(76, 76, 0, 'La Poste international EEE - Pays assujetti à la TVA', 'http://www.colissimo.fr/portail_colissimo/suivreResultat.do?parcelnumber=@', 1, 1, 0, 1, 0, 0, 0, 0, '', 1, 5, 0, 0, 0, '0.000000', 0),
(77, 43, 0, 'La Poste international', 'http://www.colissimo.fr/portail_colissimo/suivreResultat.do?parcelnumber=@', 1, 1, 0, 1, 0, 0, 0, 0, '', 1, 4, 0, 0, 0, '0.000000', 0),
(78, 76, 0, 'La Poste international EEE - Pays assujettis à la TVA', 'http://www.colissimo.fr/portail_colissimo/suivreResultat.do?parcelnumber=@', 1, 1, 0, 1, 0, 0, 0, 0, '', 1, 5, 0, 0, 0, '0.000000', 0),
(79, 76, 0, 'La Poste international EEE - Pays assujettis à la TVA', 'http://www.colissimo.fr/portail_colissimo/suivreResultat.do?parcelnumber=@', 1, 1, 0, 1, 0, 0, 0, 0, '', 1, 5, 0, 0, 0, '0.000000', 0),
(80, 43, 0, 'La Poste international', 'http://www.colissimo.fr/portail_colissimo/suivreResultat.do?parcelnumber=@', 1, 1, 0, 1, 0, 0, 0, 0, '', 1, 4, 0, 0, 0, '0.000000', 0),
(81, 76, 0, 'La Poste international EEE - Pays assujettis à la TVA', 'http://www.colissimo.fr/portail_colissimo/suivreResultat.do?parcelnumber=@', 1, 1, 0, 1, 0, 0, 0, 0, '', 1, 5, 0, 0, 0, '0.000000', 0),
(82, 43, 0, 'La Poste international', 'http://www.colissimo.fr/portail_colissimo/suivreResultat.do?parcelnumber=@', 1, 1, 0, 1, 0, 0, 0, 0, '', 1, 4, 0, 0, 0, '0.000000', 0),
(83, 43, 0, 'La Poste international', 'http://www.colissimo.fr/portail_colissimo/suivreResultat.do?parcelnumber=@', 1, 1, 0, 1, 0, 0, 0, 0, '', 1, 4, 0, 0, 0, '0.000000', 0),
(84, 43, 0, 'La Poste international', 'http://www.colissimo.fr/portail_colissimo/suivreResultat.do?parcelnumber=@', 1, 1, 0, 1, 0, 0, 0, 0, '', 1, 4, 0, 0, 0, '0.000000', 0),
(85, 43, 0, 'La Poste international', 'http://www.colissimo.fr/portail_colissimo/suivreResultat.do?parcelnumber=@', 1, 1, 0, 1, 0, 0, 0, 0, '', 1, 4, 0, 0, 0, '0.000000', 0),
(86, 43, 0, 'La Poste international', 'http://www.colissimo.fr/portail_colissimo/suivreResultat.do?parcelnumber=@', 1, 1, 0, 1, 0, 0, 0, 0, '', 1, 4, 0, 0, 0, '0.000000', 0),
(87, 43, 0, 'La Poste international', 'http://www.colissimo.fr/portail_colissimo/suivreResultat.do?parcelnumber=@', 1, 1, 0, 1, 0, 0, 0, 0, '', 1, 4, 0, 0, 0, '0.000000', 0),
(88, 43, 0, 'La Poste international', 'http://www.colissimo.fr/portail_colissimo/suivreResultat.do?parcelnumber=@', 1, 1, 0, 1, 0, 0, 0, 0, '', 1, 4, 0, 0, 0, '0.000000', 0),
(89, 43, 0, 'La Poste international', 'http://www.colissimo.fr/portail_colissimo/suivreResultat.do?parcelnumber=@', 1, 1, 0, 1, 0, 0, 0, 0, '', 1, 4, 0, 0, 0, '0.000000', 0),
(90, 3, 0, 'La Poste - Colissimo Simplicité', 'http://www.colissimo.fr/portail_colissimo/suivreResultat.do?parcelnumber=@', 1, 1, 0, 1, 1, 0, 1, 1, 'socolissimo', 1, 2, 0, 0, 0, '0.000000', 0),
(91, 4, 0, 'La Poste - Colissimo Simplicité - Commerce de proximité', 'http://www.colissimo.fr/portail_colissimo/suivreResultat.do?parcelnumber=@', 0, 1, 0, 1, 1, 0, 1, 1, 'socolissimo', 1, 3, 0, 0, 0, '0.000000', 0),
(92, 43, 0, 'La Poste international', 'http://www.colissimo.fr/portail_colissimo/suivreResultat.do?parcelnumber=@', 1, 1, 0, 1, 0, 0, 0, 0, '', 1, 4, 0, 0, 0, '0.000000', 0),
(93, 3, 0, 'La Poste - Colissimo Simplicité', 'http://www.colissimo.fr/portail_colissimo/suivreResultat.do?parcelnumber=@', 1, 0, 0, 1, 1, 0, 1, 1, 'socolissimo', 1, 2, 0, 0, 0, '0.000000', 0),
(94, 4, 0, 'La Poste - Colissimo Simplicité - Commerce de proximité', 'http://www.colissimo.fr/portail_colissimo/suivreResultat.do?parcelnumber=@', 0, 1, 0, 1, 1, 0, 1, 1, 'socolissimo', 1, 3, 0, 0, 0, '0.000000', 0),
(95, 4, 0, 'La Poste - Colissimo Simplicité - Commerce de proximité', 'http://www.colissimo.fr/portail_colissimo/suivreResultat.do?parcelnumber=@', 0, 0, 0, 1, 1, 0, 1, 1, 'socolissimo', 1, 3, 0, 0, 0, '0.000000', 0),
(96, 76, 0, 'La Poste international EEE - Pays assujettis à la TVA', 'http://www.colissimo.fr/portail_colissimo/suivreResultat.do?parcelnumber=@', 1, 1, 0, 1, 0, 0, 0, 0, '', 1, 5, 0, 0, 0, '0.000000', 0),
(97, 76, 0, 'La Poste international EEE - Pays assujettis à la TVA', 'http://www.colissimo.fr/portail_colissimo/suivreResultat.do?parcelnumber=@', 1, 1, 0, 1, 0, 0, 0, 0, '', 1, 5, 0, 0, 0, '0.000000', 0),
(98, 76, 0, 'La Poste international EEE - Pays assujettis à la TVA', 'http://www.colissimo.fr/portail_colissimo/suivreResultat.do?parcelnumber=@', 1, 0, 0, 1, 0, 0, 0, 0, '', 1, 5, 0, 0, 0, '0.000000', 0),
(99, 43, 0, 'La Poste international', 'http://www.colissimo.fr/portail_colissimo/suivreResultat.do?parcelnumber=@', 1, 1, 0, 1, 0, 0, 0, 0, '', 1, 4, 0, 0, 0, '0.000000', 0),
(100, 43, 0, 'La Poste international', 'http://www.colissimo.fr/portail_colissimo/suivreResultat.do?parcelnumber=@', 1, 1, 0, 1, 0, 0, 0, 0, '', 1, 4, 0, 0, 0, '0.000000', 0),
(101, 43, 0, 'La Poste international', 'http://www.colissimo.fr/portail_colissimo/suivreResultat.do?parcelnumber=@', 1, 1, 0, 1, 0, 0, 0, 0, '', 1, 4, 0, 0, 0, '0.000000', 0),
(102, 43, 0, 'La Poste international', 'http://www.colissimo.fr/portail_colissimo/suivreResultat.do?parcelnumber=@', 1, 1, 0, 1, 0, 0, 0, 0, '', 1, 4, 0, 0, 0, '0.000000', 0),
(103, 43, 0, 'La Poste international', 'http://www.colissimo.fr/portail_colissimo/suivreResultat.do?parcelnumber=@', 1, 0, 0, 1, 0, 0, 0, 0, '', 1, 4, 0, 0, 0, '0.000000', 0),
(104, 104, 0, 'Gratuit ', '', 1, 1, 1, 0, 0, 1, 0, 0, '', 2, 6, 0, 0, 0, '0.000000', 0),
(105, 104, 0, 'Gratuit ', '', 1, 0, 1, 0, 0, 0, 0, 0, '', 2, 6, 0, 0, 0, '0.000000', 0);

-- --------------------------------------------------------

--
-- Structure de la table `gcahdy_carrier_group`
--

CREATE TABLE `gcahdy_carrier_group` (
  `id_carrier` int(10) UNSIGNED NOT NULL,
  `id_group` int(10) UNSIGNED NOT NULL
) ENGINE=InnoDB DEFAULT CHARSET=utf8;

--
-- Déchargement des données de la table `gcahdy_carrier_group`
--

INSERT INTO `gcahdy_carrier_group` (`id_carrier`, `id_group`) VALUES
(1, 1),
(1, 2),
(1, 3),
(2, 1),
(2, 2),
(2, 3),
(3, 1),
(3, 2),
(3, 3),
(4, 1),
(4, 2),
(4, 3),
(5, 1),
(5, 2),
(5, 3),
(6, 1),
(6, 2),
(6, 3),
(7, 1),
(7, 2),
(7, 3),
(8, 1),
(8, 2),
(8, 3),
(9, 1),
(9, 2),
(9, 3),
(10, 1),
(10, 2),
(10, 3),
(11, 1),
(11, 2),
(11, 3),
(12, 1),
(12, 2),
(12, 3),
(13, 1),
(13, 2),
(13, 3),
(14, 1),
(14, 2),
(14, 3),
(15, 1),
(15, 2),
(15, 3),
(16, 1),
(16, 2),
(16, 3),
(17, 1),
(17, 2),
(17, 3),
(18, 1),
(18, 2),
(18, 3),
(19, 1),
(19, 2),
(19, 3),
(20, 1),
(20, 2),
(20, 3),
(21, 1),
(21, 2),
(21, 3),
(22, 1),
(22, 2),
(22, 3),
(22, 4),
(22, 5),
(22, 6),
(23, 1),
(23, 2),
(23, 3),
(23, 4),
(23, 5),
(23, 6),
(24, 1),
(24, 2),
(24, 3),
(25, 1),
(25, 2),
(25, 3),
(26, 1),
(26, 2),
(26, 3),
(27, 1),
(27, 2),
(27, 3),
(28, 1),
(28, 2),
(28, 3),
(29, 1),
(29, 2),
(29, 3),
(30, 1),
(30, 2),
(30, 3),
(31, 1),
(31, 2),
(31, 3),
(32, 1),
(32, 2),
(32, 3),
(33, 1),
(33, 2),
(33, 3),
(34, 1),
(34, 2),
(34, 3),
(35, 1),
(35, 2),
(35, 3),
(36, 1),
(36, 2),
(36, 3),
(37, 1),
(37, 2),
(37, 3),
(38, 1),
(38, 2),
(38, 3),
(39, 1),
(39, 2),
(39, 3),
(40, 1),
(40, 2),
(40, 3),
(41, 1),
(41, 2),
(41, 3),
(42, 1),
(42, 2),
(42, 3),
(43, 1),
(43, 2),
(43, 3),
(44, 1),
(44, 2),
(44, 3),
(45, 1),
(45, 2),
(45, 3),
(46, 1),
(46, 2),
(46, 3),
(47, 1),
(47, 2),
(47, 3),
(48, 1),
(48, 2),
(48, 3),
(49, 1),
(49, 2),
(49, 3),
(50, 1),
(50, 2),
(50, 3),
(51, 1),
(51, 2),
(51, 3),
(52, 1),
(52, 2),
(52, 3),
(53, 1),
(53, 2),
(53, 3),
(54, 1),
(54, 2),
(54, 3),
(55, 1),
(55, 2),
(55, 3),
(56, 1),
(56, 2),
(56, 3),
(57, 1),
(57, 2),
(57, 3),
(58, 1),
(58, 2),
(58, 3),
(59, 1),
(59, 2),
(59, 3),
(60, 1),
(60, 2),
(60, 3),
(61, 1),
(61, 2),
(61, 3),
(62, 1),
(62, 2),
(62, 3),
(63, 1),
(63, 2),
(63, 3),
(64, 1),
(64, 2),
(64, 3),
(65, 1),
(65, 2),
(65, 3),
(66, 1),
(66, 2),
(66, 3),
(67, 1),
(67, 2),
(67, 3),
(68, 1),
(68, 2),
(68, 3),
(69, 1),
(69, 2),
(69, 3),
(70, 1),
(70, 2),
(70, 3),
(71, 1),
(71, 2),
(71, 3),
(72, 1),
(72, 2),
(72, 3),
(72, 4),
(72, 5),
(73, 1),
(73, 2),
(73, 3),
(73, 4),
(73, 5),
(74, 1),
(74, 2),
(74, 3),
(75, 1),
(75, 2),
(75, 3),
(75, 4),
(75, 5),
(76, 1),
(76, 2),
(76, 3),
(76, 4),
(76, 5),
(77, 1),
(77, 2),
(77, 3),
(77, 4),
(77, 5),
(78, 1),
(78, 2),
(78, 3),
(78, 4),
(78, 5),
(79, 1),
(79, 2),
(79, 3),
(79, 4),
(79, 5),
(80, 1),
(80, 2),
(80, 3),
(80, 4),
(80, 5),
(81, 1),
(81, 2),
(81, 3),
(81, 4),
(81, 5),
(82, 1),
(82, 2),
(82, 3),
(82, 4),
(82, 5),
(83, 1),
(83, 2),
(83, 3),
(83, 4),
(83, 5),
(84, 1),
(84, 2),
(84, 3),
(84, 4),
(84, 5),
(85, 1),
(85, 2),
(85, 3),
(85, 4),
(85, 5),
(86, 1),
(86, 2),
(86, 3),
(86, 4),
(86, 5),
(87, 1),
(87, 2),
(87, 3),
(87, 4),
(87, 5),
(88, 1),
(88, 2),
(88, 3),
(88, 4),
(88, 5),
(89, 1),
(89, 2),
(89, 3),
(89, 4),
(89, 5),
(90, 1),
(90, 2),
(90, 3),
(90, 4),
(90, 5),
(91, 1),
(91, 2),
(91, 3),
(91, 4),
(91, 5),
(92, 1),
(92, 2),
(92, 3),
(92, 4),
(92, 5),
(93, 1),
(93, 2),
(93, 3),
(93, 4),
(93, 5),
(93, 6),
(94, 1),
(94, 2),
(94, 3),
(94, 4),
(94, 5),
(95, 1),
(95, 2),
(95, 3),
(95, 4),
(95, 5),
(95, 6),
(96, 1),
(96, 2),
(96, 3),
(96, 4),
(96, 5),
(97, 1),
(97, 2),
(97, 3),
(97, 4),
(97, 5),
(98, 1),
(98, 2),
(98, 3),
(98, 4),
(98, 5),
(98, 6),
(99, 1),
(99, 2),
(99, 3),
(99, 4),
(99, 5),
(100, 1),
(100, 2),
(100, 3),
(100, 4),
(100, 5),
(101, 1),
(101, 2),
(101, 3),
(101, 4),
(101, 5),
(102, 1),
(102, 2),
(102, 3),
(102, 4),
(102, 5),
(103, 1),
(103, 2),
(103, 3),
(103, 4),
(103, 5),
(103, 6),
(104, 1),
(104, 2),
(104, 3),
(104, 4),
(104, 5),
(105, 1),
(105, 2),
(105, 3),
(105, 4),
(105, 5),
(105, 6);

-- --------------------------------------------------------

--
-- Structure de la table `gcahdy_carrier_lang`
--

CREATE TABLE `gcahdy_carrier_lang` (
  `id_carrier` int(10) UNSIGNED NOT NULL,
  `id_shop` int(11) UNSIGNED NOT NULL DEFAULT '1',
  `id_lang` int(10) UNSIGNED NOT NULL,
  `delay` varchar(512) DEFAULT NULL
) ENGINE=InnoDB DEFAULT CHARSET=utf8;

--
-- Déchargement des données de la table `gcahdy_carrier_lang`
--

INSERT INTO `gcahdy_carrier_lang` (`id_carrier`, `id_shop`, `id_lang`, `delay`) VALUES
(1, 1, 1, 'Retrait en magasin'),
(2, 1, 1, 'Livraison le lendemain !'),
(3, 1, 1, 'Faites vous livrer en France métropolitaine ou en Europe, dans un des points retrait Colissimo.'),
(4, 1, 1, 'Vous pouvez ici paramétrer votre tarif pour une livraison en commerce de proximité.'),
(5, 1, 1, 'Faites vous livrer en France métropolitaine ou en Europe, dans un des points retrait Colissimo.'),
(6, 1, 1, 'Faites vous livrer en France métropolitaine ou en Europe, dans un des points retrait Colissimo.'),
(7, 1, 1, 'Faites vous livrer en France métropolitaine ou en Europe, dans un des points retrait Colissimo.'),
(8, 1, 1, 'Faites vous livrer en France métropolitaine ou en Europe, dans un des points retrait Colissimo.'),
(9, 1, 1, 'Faites vous livrer en France métropolitaine ou en Europe, dans un des points retrait Colissimo.'),
(10, 1, 1, 'Faites vous livrer en France métropolitaine ou en Europe, dans un des points retrait Colissimo.'),
(11, 1, 1, 'Faites vous livrer en France métropolitaine ou en Europe, dans un des points retrait Colissimo.'),
(12, 1, 1, 'Faites vous livrer en France métropolitaine ou en Europe, dans un des points retrait Colissimo.'),
(13, 1, 1, 'Vous pouvez ici paramétrer votre tarif pour une livraison en commerce de proximité.'),
(14, 1, 1, 'Vous pouvez ici paramétrer votre tarif pour une livraison en commerce de proximité.'),
(15, 1, 1, 'Vous pouvez ici paramétrer votre tarif pour une livraison en commerce de proximité.'),
(16, 1, 1, 'Vous pouvez ici paramétrer votre tarif pour une livraison en commerce de proximité.'),
(17, 1, 1, 'Vous pouvez ici paramétrer votre tarif pour une livraison en commerce de proximité.'),
(18, 1, 1, 'Faites vous livrer en France métropolitaine ou en Europe, dans un des points retrait Colissimo.'),
(19, 1, 1, 'Vous pouvez ici paramétrer votre tarif pour une livraison en commerce de proximité.'),
(20, 1, 1, 'Faites vous livrer en France métropolitaine ou en Europe, dans un des points retrait Colissimo.'),
(21, 1, 1, 'Vous pouvez ici paramétrer votre tarif pour une livraison en commerce de proximité.'),
(22, 1, 1, 'Retrait en magasin'),
(23, 1, 1, 'Livraison le lendemain !'),
(24, 1, 1, 'Faites vous livrer en France métropolitaine ou partout dans le monde'),
(25, 1, 1, '8 jours'),
(26, 1, 1, 'Livraison à l\'international'),
(27, 1, 1, 'Livraison à l\'international'),
(28, 1, 1, 'Livraison à l\'international'),
(29, 1, 1, 'Faites vous livrer en France métropolitaine ou partout dans le monde'),
(30, 1, 1, 'Livraison à l\'international'),
(31, 1, 1, 'Livraison à l\'international'),
(32, 1, 1, 'Livraison à l\'international'),
(33, 1, 1, 'Livraison à l\'international'),
(34, 1, 1, 'Livraison à l\'international'),
(35, 1, 1, 'Livraison à l\'international'),
(36, 1, 1, 'Livraison à l\'international'),
(37, 1, 1, 'Livraison à l\'international'),
(38, 1, 1, 'Livraison à l\'international'),
(39, 1, 1, 'Livraison à l\'international'),
(40, 1, 1, 'Livraison à linternational'),
(41, 1, 1, 'Livraison à linternational'),
(42, 1, 1, 'Livraison à linternational'),
(43, 1, 1, 'AAA'),
(44, 1, 1, 'AAA'),
(45, 1, 1, 'AAA'),
(46, 1, 1, 'AAA'),
(47, 1, 1, 'Livraison internationale'),
(48, 1, 1, 'Livraison à l\'international'),
(49, 1, 1, 'Livraison à l\'international'),
(50, 1, 1, 'Livraison à l\'international'),
(51, 1, 1, 'Livraison à l\'international'),
(52, 1, 1, 'Livraison à l\'international'),
(53, 1, 1, 'Livraison à l\'international'),
(54, 1, 1, 'Livraison à l\'international'),
(55, 1, 1, 'Livraison à l\'international'),
(56, 1, 1, 'Faites vous livrer en France métropolitaine ou partout dans le monde'),
(57, 1, 1, 'Vous pouvez ici paramétrer votre tarif pour une livraison en commerce de proximité.'),
(58, 1, 1, 'Livraison à l\'international'),
(59, 1, 1, 'Livraison à l\'international'),
(60, 1, 1, 'Livraison à l\'international'),
(61, 1, 1, 'Faites vous livrer en France métropolitaine ou partout dans le monde'),
(62, 1, 1, 'Vous pouvez ici paramétrer votre tarif pour une livraison en commerce de proximité.'),
(63, 1, 1, 'Vous pouvez ici paramétrer votre tarif pour une livraison en commerce de proximité.'),
(64, 1, 1, 'Livraison à l\'international'),
(65, 1, 1, 'Livraison à l\'international'),
(66, 1, 1, 'Livraison à l\'international'),
(67, 1, 1, 'Faites vous livrer en France métropolitaine ou partout dans le monde'),
(68, 1, 1, 'Faites vous livrer en France métropolitaine ou partout dans le monde'),
(69, 1, 1, 'Faites vous livrer en France métropolitaine ou partout dans le monde'),
(70, 1, 1, 'Faites vous livrer en France métropolitaine ou partout dans le monde'),
(71, 1, 1, 'Faites vous livrer en France métropolitaine ou partout dans le monde'),
(72, 1, 1, 'Faites vous livrer en France métropolitaine ou partout dans le monde'),
(73, 1, 1, 'Vous pouvez ici paramétrer votre tarif pour une livraison en commerce de proximité.'),
(74, 1, 1, 'Livraison à l\'international'),
(75, 1, 1, 'Livraison à l\'international'),
(76, 1, 1, 'Livraison au sein de l\'EEE'),
(77, 1, 1, 'Livraison à l\'international'),
(78, 1, 1, 'Livraison au sein de l\'EEE'),
(79, 1, 1, 'Livraison au sein de l\'EEE'),
(80, 1, 1, 'Livraison à l\'international'),
(81, 1, 1, 'Livraison au sein de l\'EEE'),
(82, 1, 1, 'Livraison à l\'international HT'),
(83, 1, 1, 'Livraison à l\'international HT'),
(84, 1, 1, 'Livraison à l\'international HT'),
(85, 1, 1, 'Livraison à l\'international HT'),
(86, 1, 1, 'Livraison à l\'international HT'),
(87, 1, 1, 'Livraison à l\'international HT'),
(88, 1, 1, 'Livraison à l\'international HT'),
(89, 1, 1, 'Livraison à l\'international HT'),
(90, 1, 1, 'Faites vous livrer en France métropolitaine ou partout dans le monde'),
(91, 1, 1, 'Vous pouvez ici paramétrer votre tarif pour une livraison en commerce de proximité.'),
(92, 1, 1, 'Livraison à l\'international HT'),
(93, 1, 1, 'Faites vous livrer en France métropolitaine ou partout dans le monde'),
(94, 1, 1, 'Vous pouvez ici paramétrer votre tarif pour une livraison en commerce de proximité.'),
(95, 1, 1, 'Vous pouvez ici paramétrer votre tarif pour une livraison en commerce de proximité.'),
(96, 1, 1, 'Livraison au sein de l\'EEE'),
(97, 1, 1, 'Livraison au sein de l\'EEE'),
(98, 1, 1, 'Livraison au sein de l\'EEE'),
(99, 1, 1, 'Livraison à l\'international HT'),
(100, 1, 1, 'Livraison à l\'international HT'),
(101, 1, 1, 'Livraison à l\'international HT'),
(102, 1, 1, 'Livraison à l\'international HT'),
(103, 1, 1, 'Livraison à l\'international HT'),
(104, 1, 1, 'Les frais de port sont offerts !'),
(105, 1, 1, 'Les frais de port sont offerts !'),
(1, 1, 2, 'Retrait en magasin'),
(2, 1, 2, 'Livraison le lendemain !'),
(3, 1, 2, 'Do you deliver wherever you want in France.'),
(4, 1, 2, 'Price management for Pick-up shipping points.'),
(5, 1, 2, 'Do you deliver wherever you want in France.'),
(6, 1, 2, 'Do you deliver wherever you want in France.'),
(7, 1, 2, 'Do you deliver wherever you want in France.'),
(8, 1, 2, 'Do you deliver wherever you want in France.'),
(9, 1, 2, 'Do you deliver wherever you want in France.'),
(10, 1, 2, 'Do you deliver wherever you want in France.'),
(11, 1, 2, 'Do you deliver wherever you want in France.'),
(12, 1, 2, 'Do you deliver wherever you want in France.'),
(13, 1, 2, 'Price management for Pick-up shipping points.'),
(14, 1, 2, 'Price management for Pick-up shipping points.'),
(15, 1, 2, 'Price management for Pick-up shipping points.'),
(16, 1, 2, 'Price management for Pick-up shipping points.'),
(17, 1, 2, 'Price management for Pick-up shipping points.'),
(18, 1, 2, 'Do you deliver wherever you want in France.'),
(19, 1, 2, 'Price management for Pick-up shipping points.'),
(20, 1, 2, 'Do you deliver wherever you want in France.'),
(21, 1, 2, 'Price management for Pick-up shipping points.'),
(22, 1, 2, 'Retrait en magasin'),
(23, 1, 2, 'Livraison le lendemain !'),
(24, 1, 2, 'Do you deliver wherever you want in France or everywhere in the world'),
(25, 1, 2, '8 jours'),
(26, 1, 2, 'International delivery'),
(27, 1, 2, 'International delivery'),
(28, 1, 2, 'International delivery'),
(29, 1, 2, 'Do you deliver wherever you want in France or everywhere in the world'),
(30, 1, 2, 'International delivery'),
(31, 1, 2, 'International delivery'),
(32, 1, 2, 'International delivery'),
(33, 1, 2, 'International delivery'),
(34, 1, 2, 'International delivery'),
(35, 1, 2, 'International delivery'),
(36, 1, 2, 'International delivery'),
(37, 1, 2, 'International delivery'),
(38, 1, 2, 'International delivery'),
(39, 1, 2, 'International delivery'),
(40, 1, 2, 'International delivery'),
(41, 1, 2, 'International delivery'),
(42, 1, 2, 'International delivery'),
(43, 1, 2, 'AAA'),
(44, 1, 2, 'AAA'),
(45, 1, 2, 'AAA'),
(46, 1, 2, 'AAA'),
(47, 1, 2, 'Intenational delivery'),
(48, 1, 2, 'Intenational delivery'),
(49, 1, 2, 'Intenational delivery'),
(50, 1, 2, 'Intenational delivery'),
(51, 1, 2, 'Intenational delivery'),
(52, 1, 2, 'Intenational delivery'),
(53, 1, 2, 'Intenational delivery'),
(54, 1, 2, 'Intenational delivery'),
(55, 1, 2, 'Intenational delivery'),
(56, 1, 2, 'Do you deliver wherever you want in France or everywhere in the world'),
(57, 1, 2, 'Price management for Pick-up shipping points.'),
(58, 1, 2, 'Intenational delivery'),
(59, 1, 2, 'Intenational delivery'),
(60, 1, 2, 'Intenational delivery'),
(61, 1, 2, 'Do you deliver wherever you want in France or everywhere in the world'),
(62, 1, 2, 'Price management for Pick-up shipping points.'),
(63, 1, 2, 'Price management for Pick-up shipping points.'),
(64, 1, 2, 'Intenational delivery'),
(65, 1, 2, 'Intenational delivery'),
(66, 1, 2, 'Intenational delivery'),
(67, 1, 2, 'Do you deliver wherever you want in France or everywhere in the world'),
(68, 1, 2, 'Do you deliver wherever you want in France or everywhere in the world'),
(69, 1, 2, 'Do you deliver wherever you want in France or everywhere in the world'),
(70, 1, 2, 'Do you deliver wherever you want in France or everywhere in the world'),
(71, 1, 2, 'Do you deliver wherever you want in France or everywhere in the world'),
(72, 1, 2, 'Do you deliver wherever you want in France or everywhere in the world'),
(73, 1, 2, 'Price management for Pick-up shipping points.'),
(74, 1, 2, 'Intenational delivery'),
(75, 1, 2, 'Intenational delivery'),
(76, 1, 2, 'Delivery within the European Economic Area'),
(77, 1, 2, 'Intenational delivery'),
(78, 1, 2, 'Delivery within the European Economic Area'),
(79, 1, 2, 'Delivery within the European Economic Area'),
(80, 1, 2, 'Intenational delivery'),
(81, 1, 2, 'Delivery within the European Economic Area'),
(82, 1, 2, 'Intenational delivery VAT excluded'),
(83, 1, 2, 'Intenational delivery VAT excluded'),
(84, 1, 2, 'Intenational delivery VAT excluded'),
(85, 1, 2, 'Intenational delivery VAT excluded'),
(86, 1, 2, 'Intenational delivery VAT excluded'),
(87, 1, 2, 'Intenational delivery VAT excluded'),
(88, 1, 2, 'Intenational delivery VAT excluded'),
(89, 1, 2, 'Intenational delivery VAT excluded'),
(90, 1, 2, 'Do you deliver wherever you want in France or everywhere in the world'),
(91, 1, 2, 'Price management for Pick-up shipping points.'),
(92, 1, 2, 'Intenational delivery VAT excluded'),
(93, 1, 2, 'Do you deliver wherever you want in France or everywhere in the world'),
(94, 1, 2, 'Price management for Pick-up shipping points.'),
(95, 1, 2, 'Price management for Pick-up shipping points.'),
(96, 1, 2, 'Delivery within the European Economic Area'),
(97, 1, 2, 'Delivery within the European Economic Area'),
(98, 1, 2, 'Delivery within the European Economic Area'),
(99, 1, 2, 'Intenational delivery VAT excluded'),
(100, 1, 2, 'Intenational delivery VAT excluded'),
(101, 1, 2, 'Intenational delivery VAT excluded'),
(102, 1, 2, 'Intenational delivery VAT excluded'),
(103, 1, 2, 'Intenational delivery VAT excluded'),
(104, 1, 2, 'Shipping costs are offered!'),
(105, 1, 2, 'Shipping costs are offered!');

-- --------------------------------------------------------

--
-- Structure de la table `gcahdy_carrier_shop`
--

CREATE TABLE `gcahdy_carrier_shop` (
  `id_carrier` int(11) UNSIGNED NOT NULL,
  `id_shop` int(11) UNSIGNED NOT NULL
) ENGINE=InnoDB DEFAULT CHARSET=utf8;

--
-- Déchargement des données de la table `gcahdy_carrier_shop`
--

INSERT INTO `gcahdy_carrier_shop` (`id_carrier`, `id_shop`) VALUES
(1, 1),
(2, 1),
(3, 1),
(4, 1),
(5, 1),
(6, 1),
(7, 1),
(8, 1),
(9, 1),
(10, 1),
(11, 1),
(12, 1),
(13, 1),
(14, 1),
(15, 1),
(16, 1),
(17, 1),
(18, 1),
(19, 1),
(20, 1),
(21, 1),
(22, 1),
(23, 1),
(24, 1),
(25, 1),
(26, 1),
(27, 1),
(28, 1),
(29, 1),
(30, 1),
(31, 1),
(32, 1),
(33, 1),
(34, 1),
(35, 1),
(36, 1),
(37, 1),
(38, 1),
(39, 1),
(40, 1),
(41, 1),
(42, 1),
(43, 1),
(44, 1),
(45, 1),
(46, 1),
(47, 1),
(48, 1),
(49, 1),
(50, 1),
(51, 1),
(52, 1),
(53, 1),
(54, 1),
(55, 1),
(56, 1),
(57, 1),
(58, 1),
(59, 1),
(60, 1),
(61, 1),
(62, 1),
(63, 1),
(64, 1),
(65, 1),
(66, 1),
(67, 1),
(68, 1),
(69, 1),
(70, 1),
(71, 1),
(72, 1),
(73, 1),
(74, 1),
(75, 1),
(76, 1),
(77, 1),
(78, 1),
(79, 1),
(80, 1),
(81, 1),
(82, 1),
(83, 1),
(84, 1),
(85, 1),
(86, 1),
(87, 1),
(88, 1),
(89, 1),
(90, 1),
(91, 1),
(92, 1),
(93, 1),
(94, 1),
(95, 1),
(96, 1),
(97, 1),
(98, 1),
(99, 1),
(100, 1),
(101, 1),
(102, 1),
(103, 1),
(104, 1),
(105, 1);

-- --------------------------------------------------------

--
-- Structure de la table `gcahdy_carrier_tax_rules_group_shop`
--

CREATE TABLE `gcahdy_carrier_tax_rules_group_shop` (
  `id_carrier` int(11) UNSIGNED NOT NULL,
  `id_tax_rules_group` int(11) UNSIGNED NOT NULL,
  `id_shop` int(11) UNSIGNED NOT NULL
) ENGINE=InnoDB DEFAULT CHARSET=utf8;

--
-- Déchargement des données de la table `gcahdy_carrier_tax_rules_group_shop`
--

INSERT INTO `gcahdy_carrier_tax_rules_group_shop` (`id_carrier`, `id_tax_rules_group`, `id_shop`) VALUES
(1, 6, 1),
(2, 6, 1),
(5, 0, 1),
(6, 0, 1),
(7, 0, 1),
(8, 0, 1),
(9, 0, 1),
(10, 0, 1),
(11, 0, 1),
(12, 0, 1),
(13, 0, 1),
(14, 0, 1),
(15, 0, 1),
(16, 0, 1),
(17, 0, 1),
(18, 0, 1),
(19, 0, 1),
(20, 0, 1),
(21, 0, 1),
(22, 6, 1),
(23, 6, 1),
(24, 0, 1),
(25, 0, 1),
(26, 0, 1),
(27, 0, 1),
(28, 0, 1),
(29, 0, 1),
(30, 0, 1),
(31, 0, 1),
(32, 0, 1),
(33, 0, 1),
(34, 0, 1),
(35, 0, 1),
(36, 0, 1),
(37, 0, 1),
(38, 0, 1),
(39, 0, 1),
(40, 0, 1),
(41, 0, 1),
(42, 0, 1),
(43, 0, 1),
(44, 0, 1),
(45, 0, 1),
(46, 0, 1),
(47, 0, 1),
(48, 0, 1),
(49, 0, 1),
(50, 0, 1),
(51, 0, 1),
(52, 0, 1),
(53, 0, 1),
(54, 0, 1),
(55, 0, 1),
(56, 0, 1),
(57, 0, 1),
(58, 0, 1),
(59, 0, 1),
(60, 0, 1),
(61, 6, 1),
(62, 6, 1),
(63, 6, 1),
(64, 0, 1),
(65, 0, 1),
(66, 0, 1),
(67, 0, 1),
(68, 6, 1),
(69, 6, 1),
(70, 6, 1),
(71, 6, 1),
(72, 6, 1),
(73, 6, 1),
(74, 0, 1),
(75, 0, 1),
(76, 6, 1),
(77, 0, 1),
(78, 6, 1),
(79, 6, 1),
(80, 0, 1),
(81, 6, 1),
(82, 0, 1),
(83, 0, 1),
(84, 0, 1),
(85, 0, 1),
(86, 0, 1),
(87, 0, 1),
(88, 0, 1),
(89, 0, 1),
(90, 6, 1),
(91, 6, 1),
(92, 0, 1),
(93, 6, 1),
(94, 6, 1),
(95, 6, 1),
(96, 6, 1),
(97, 6, 1),
(98, 6, 1),
(99, 0, 1),
(100, 0, 1),
(101, 0, 1),
(102, 0, 1),
(103, 0, 1),
(104, 0, 1),
(105, 0, 1);

-- --------------------------------------------------------

--
-- Structure de la table `gcahdy_carrier_zone`
--

CREATE TABLE `gcahdy_carrier_zone` (
  `id_carrier` int(10) UNSIGNED NOT NULL,
  `id_zone` int(10) UNSIGNED NOT NULL
) ENGINE=InnoDB DEFAULT CHARSET=utf8;

--
-- Déchargement des données de la table `gcahdy_carrier_zone`
--

INSERT INTO `gcahdy_carrier_zone` (`id_carrier`, `id_zone`) VALUES
(1, 1),
(2, 1),
(5, 9),
(6, 9),
(7, 9),
(7, 10),
(8, 9),
(8, 10),
(8, 11),
(9, 1),
(9, 9),
(9, 10),
(9, 11),
(9, 12),
(9, 13),
(9, 14),
(10, 1),
(10, 9),
(10, 10),
(10, 11),
(10, 12),
(10, 13),
(10, 14),
(10, 15),
(10, 16),
(10, 17),
(11, 1),
(11, 9),
(11, 10),
(11, 11),
(11, 12),
(11, 13),
(11, 14),
(11, 15),
(11, 16),
(11, 17),
(12, 1),
(12, 9),
(12, 10),
(12, 11),
(12, 12),
(12, 13),
(12, 14),
(12, 15),
(12, 16),
(12, 17),
(13, 9),
(14, 9),
(14, 10),
(14, 11),
(15, 9),
(16, 1),
(16, 9),
(16, 12),
(16, 13),
(16, 14),
(17, 1),
(17, 9),
(17, 12),
(17, 13),
(17, 14),
(17, 15),
(17, 16),
(17, 17),
(18, 1),
(18, 9),
(18, 10),
(18, 11),
(18, 12),
(18, 13),
(18, 14),
(18, 15),
(18, 16),
(18, 17),
(19, 1),
(19, 9),
(19, 12),
(19, 13),
(19, 14),
(19, 15),
(19, 16),
(19, 17),
(20, 1),
(20, 9),
(20, 10),
(20, 11),
(20, 12),
(20, 13),
(20, 14),
(20, 15),
(20, 16),
(20, 17),
(21, 1),
(21, 9),
(21, 12),
(21, 13),
(21, 14),
(21, 15),
(21, 16),
(21, 17),
(22, 1),
(22, 9),
(22, 10),
(22, 11),
(22, 12),
(22, 13),
(22, 14),
(22, 15),
(22, 16),
(22, 17),
(23, 1),
(23, 9),
(23, 10),
(23, 11),
(23, 12),
(23, 13),
(23, 14),
(23, 15),
(23, 16),
(23, 17),
(24, 1),
(24, 9),
(24, 10),
(24, 11),
(24, 12),
(24, 13),
(24, 14),
(24, 15),
(24, 16),
(24, 17),
(25, 16),
(26, 10),
(26, 11),
(26, 14),
(26, 15),
(26, 16),
(26, 17),
(26, 20),
(26, 21),
(27, 10),
(27, 11),
(27, 14),
(27, 15),
(27, 16),
(27, 17),
(27, 20),
(27, 21),
(28, 10),
(28, 11),
(28, 14),
(28, 15),
(28, 16),
(28, 17),
(28, 20),
(28, 21),
(29, 1),
(29, 9),
(29, 10),
(29, 11),
(29, 12),
(29, 13),
(29, 15),
(29, 16),
(29, 17),
(30, 10),
(30, 11),
(30, 14),
(30, 15),
(30, 16),
(30, 17),
(30, 20),
(30, 21),
(31, 10),
(31, 11),
(31, 14),
(31, 15),
(31, 16),
(31, 17),
(31, 20),
(31, 21),
(32, 10),
(32, 11),
(32, 14),
(32, 15),
(32, 16),
(32, 17),
(32, 20),
(32, 21),
(33, 10),
(33, 11),
(33, 14),
(33, 15),
(33, 16),
(33, 17),
(33, 20),
(33, 21),
(34, 10),
(34, 11),
(34, 14),
(34, 15),
(34, 16),
(34, 17),
(34, 20),
(34, 21),
(35, 10),
(35, 11),
(35, 14),
(35, 15),
(35, 16),
(35, 17),
(35, 20),
(35, 21),
(36, 10),
(36, 11),
(36, 14),
(36, 15),
(36, 16),
(36, 17),
(36, 20),
(36, 21),
(37, 10),
(37, 11),
(37, 14),
(37, 15),
(37, 16),
(37, 17),
(37, 20),
(37, 21),
(38, 10),
(38, 11),
(38, 14),
(38, 15),
(38, 16),
(38, 17),
(38, 20),
(38, 21),
(39, 10),
(39, 11),
(39, 14),
(39, 15),
(39, 16),
(39, 17),
(39, 20),
(39, 21),
(40, 10),
(40, 11),
(40, 14),
(40, 15),
(40, 16),
(40, 17),
(40, 20),
(40, 21),
(41, 10),
(41, 11),
(41, 14),
(41, 15),
(41, 16),
(41, 17),
(41, 20),
(41, 21),
(42, 10),
(42, 11),
(42, 14),
(42, 15),
(42, 16),
(42, 17),
(42, 20),
(42, 21),
(43, 17),
(44, 17),
(45, 17),
(46, 10),
(46, 11),
(46, 14),
(46, 15),
(46, 16),
(46, 17),
(46, 20),
(46, 21),
(47, 10),
(47, 11),
(47, 14),
(47, 15),
(47, 16),
(47, 17),
(47, 20),
(47, 21),
(48, 10),
(48, 11),
(48, 14),
(48, 15),
(48, 16),
(48, 17),
(48, 20),
(48, 21),
(49, 10),
(49, 11),
(49, 14),
(49, 15),
(49, 16),
(49, 17),
(49, 20),
(49, 21),
(50, 10),
(50, 11),
(50, 14),
(50, 15),
(50, 16),
(50, 17),
(50, 20),
(50, 21),
(51, 10),
(51, 11),
(51, 14),
(51, 15),
(51, 16),
(51, 17),
(51, 20),
(51, 21),
(52, 10),
(52, 11),
(52, 14),
(52, 15),
(52, 16),
(52, 17),
(52, 20),
(52, 21),
(53, 10),
(53, 11),
(53, 14),
(53, 15),
(53, 16),
(53, 17),
(53, 20),
(53, 21),
(54, 10),
(54, 11),
(54, 14),
(54, 15),
(54, 16),
(54, 17),
(54, 20),
(54, 21),
(55, 10),
(55, 11),
(55, 14),
(55, 15),
(55, 16),
(55, 17),
(55, 20),
(55, 21),
(56, 1),
(56, 9),
(56, 12),
(56, 13),
(57, 1),
(57, 9),
(57, 12),
(57, 13),
(58, 10),
(58, 11),
(58, 14),
(58, 15),
(58, 16),
(58, 17),
(58, 20),
(58, 21),
(59, 10),
(59, 11),
(59, 14),
(59, 15),
(59, 16),
(59, 17),
(59, 20),
(59, 21),
(60, 10),
(60, 11),
(60, 14),
(60, 15),
(60, 16),
(60, 17),
(60, 20),
(60, 21),
(61, 1),
(61, 9),
(61, 12),
(61, 13),
(62, 1),
(62, 9),
(62, 12),
(62, 13),
(63, 1),
(63, 9),
(63, 12),
(63, 13),
(64, 10),
(64, 11),
(64, 14),
(64, 15),
(64, 16),
(64, 17),
(64, 20),
(64, 21),
(65, 10),
(65, 11),
(65, 14),
(65, 15),
(65, 16),
(65, 17),
(65, 20),
(65, 21),
(66, 10),
(66, 11),
(66, 14),
(66, 15),
(66, 16),
(66, 17),
(66, 20),
(66, 21),
(67, 1),
(67, 9),
(67, 12),
(67, 13),
(68, 1),
(68, 9),
(68, 12),
(68, 13),
(69, 1),
(69, 9),
(69, 12),
(69, 13),
(70, 1),
(70, 9),
(70, 12),
(70, 13),
(71, 1),
(71, 9),
(71, 12),
(71, 13),
(72, 1),
(72, 9),
(72, 12),
(72, 13),
(73, 1),
(73, 9),
(73, 12),
(73, 13),
(74, 10),
(74, 11),
(74, 14),
(74, 15),
(74, 16),
(74, 17),
(74, 20),
(74, 21),
(75, 10),
(75, 11),
(75, 14),
(75, 15),
(75, 16),
(75, 17),
(75, 20),
(75, 21),
(76, 20),
(77, 10),
(77, 11),
(77, 14),
(77, 15),
(77, 16),
(77, 17),
(77, 21),
(78, 20),
(79, 20),
(79, 21),
(80, 10),
(80, 11),
(80, 14),
(80, 15),
(80, 16),
(80, 17),
(81, 20),
(81, 21),
(81, 22),
(82, 10),
(82, 11),
(82, 14),
(82, 15),
(82, 16),
(82, 17),
(83, 10),
(83, 11),
(83, 14),
(83, 15),
(83, 16),
(83, 17),
(84, 10),
(84, 11),
(84, 14),
(84, 15),
(84, 16),
(84, 17),
(85, 10),
(85, 11),
(85, 14),
(85, 15),
(85, 16),
(85, 17),
(86, 10),
(86, 11),
(86, 14),
(86, 15),
(86, 16),
(86, 17),
(87, 10),
(87, 11),
(87, 14),
(87, 15),
(87, 16),
(87, 17),
(88, 10),
(88, 11),
(88, 14),
(88, 15),
(88, 16),
(88, 17),
(89, 10),
(89, 11),
(89, 14),
(89, 15),
(89, 16),
(89, 17),
(90, 1),
(90, 9),
(90, 12),
(90, 13),
(91, 1),
(91, 9),
(91, 12),
(91, 13),
(92, 10),
(92, 11),
(92, 14),
(92, 15),
(92, 16),
(92, 17),
(93, 1),
(93, 9),
(93, 12),
(93, 13),
(94, 1),
(94, 9),
(94, 12),
(94, 13),
(95, 1),
(95, 9),
(95, 12),
(95, 13),
(96, 20),
(96, 21),
(96, 22),
(97, 20),
(97, 21),
(97, 22),
(98, 20),
(98, 21),
(98, 22),
(99, 10),
(99, 11),
(99, 14),
(99, 15),
(99, 16),
(99, 17),
(100, 10),
(100, 11),
(100, 14),
(100, 15),
(100, 16),
(100, 17),
(101, 10),
(101, 11),
(101, 14),
(101, 15),
(101, 16),
(101, 17),
(102, 10),
(102, 11),
(102, 14),
(102, 15),
(102, 16),
(102, 17),
(103, 10),
(103, 11),
(103, 14),
(103, 15),
(103, 16),
(103, 17),
(104, 1),
(104, 9),
(104, 10),
(104, 11),
(104, 12),
(104, 13),
(104, 14),
(104, 15),
(104, 16),
(104, 17),
(104, 20),
(104, 21),
(104, 22),
(105, 1),
(105, 9),
(105, 10),
(105, 11),
(105, 12),
(105, 13),
(105, 14),
(105, 15),
(105, 16),
(105, 17),
(105, 20),
(105, 21),
(105, 22);

-- --------------------------------------------------------

--
-- Structure de la table `gcahdy_cart`
--

CREATE TABLE `gcahdy_cart` (
  `id_cart` int(10) UNSIGNED NOT NULL,
  `id_shop_group` int(11) UNSIGNED NOT NULL DEFAULT '1',
  `id_shop` int(11) UNSIGNED NOT NULL DEFAULT '1',
  `id_carrier` int(10) UNSIGNED NOT NULL,
  `delivery_option` text NOT NULL,
  `id_lang` int(10) UNSIGNED NOT NULL,
  `id_address_delivery` int(10) UNSIGNED NOT NULL,
  `id_address_invoice` int(10) UNSIGNED NOT NULL,
  `id_currency` int(10) UNSIGNED NOT NULL,
  `id_customer` int(10) UNSIGNED NOT NULL,
  `id_guest` int(10) UNSIGNED NOT NULL,
  `secure_key` varchar(32) NOT NULL DEFAULT '-1',
  `recyclable` tinyint(1) UNSIGNED NOT NULL DEFAULT '1',
  `gift` tinyint(1) UNSIGNED NOT NULL DEFAULT '0',
  `gift_message` text,
  `mobile_theme` tinyint(1) NOT NULL DEFAULT '0',
  `allow_seperated_package` tinyint(1) UNSIGNED NOT NULL DEFAULT '0',
  `date_add` datetime NOT NULL,
  `date_upd` datetime NOT NULL
) ENGINE=InnoDB DEFAULT CHARSET=utf8;

--
-- Déchargement des données de la table `gcahdy_cart`
--

INSERT INTO `gcahdy_cart` (`id_cart`, `id_shop_group`, `id_shop`, `id_carrier`, `delivery_option`, `id_lang`, `id_address_delivery`, `id_address_invoice`, `id_currency`, `id_customer`, `id_guest`, `secure_key`, `recyclable`, `gift`, `gift_message`, `mobile_theme`, `allow_seperated_package`, `date_add`, `date_upd`) VALUES
(1, 1, 1, 0, '', 1, 0, 0, 1, 0, 14, '', 0, 0, '', 0, 0, '2018-02-07 16:37:40', '2018-02-07 16:37:41'),
(2, 1, 1, 0, '', 1, 0, 0, 1, 0, 14, '', 0, 0, '', 0, 0, '2018-02-07 17:19:40', '2018-02-07 17:19:41'),
(3, 1, 1, 0, '', 1, 0, 0, 1, 0, 14, '', 0, 0, '', 0, 0, '2018-02-07 17:23:54', '2018-02-07 17:23:54'),
(4, 1, 1, 0, '', 1, 0, 0, 1, 0, 14, '', 0, 0, '', 0, 0, '2018-02-07 17:28:39', '2018-02-07 17:28:39'),
(5, 1, 1, 0, '', 1, 0, 0, 1, 0, 14, '', 0, 0, '', 0, 0, '2018-02-07 17:28:55', '2018-02-07 17:28:55'),
(6, 1, 1, 1, 'a:1:{i:1;s:2:\"1,\";}', 1, 1, 1, 1, 1, 14, '568b2fd88b5016b6ca13231ff4ad84f0', 0, 0, '', 0, 0, '2018-02-14 12:28:24', '2018-02-19 11:21:15'),
(7, 1, 1, 2, 'a:1:{i:1;s:2:\"2,\";}', 1, 1, 1, 1, 1, 1, '568b2fd88b5016b6ca13231ff4ad84f0', 0, 0, '', 0, 0, '2018-02-19 11:54:43', '2018-02-19 11:55:05'),
(8, 1, 1, 1, 'a:1:{i:1;s:2:\"1,\";}', 1, 1, 1, 1, 1, 1, '568b2fd88b5016b6ca13231ff4ad84f0', 0, 0, '', 0, 0, '2018-02-19 12:00:36', '2018-02-19 12:02:51'),
(9, 1, 1, 1, 'a:1:{i:1;s:2:\"1,\";}', 1, 1, 1, 1, 1, 1, '568b2fd88b5016b6ca13231ff4ad84f0', 0, 0, '', 0, 0, '2018-02-19 16:03:42', '2018-03-06 17:29:28'),
(10, 1, 1, 0, '', 1, 1, 1, 1, 1, 29, '568b2fd88b5016b6ca13231ff4ad84f0', 0, 0, '', 0, 0, '2018-03-06 17:31:27', '2018-03-06 17:31:27'),
(11, 1, 1, 2, 'a:1:{i:1;s:2:\"2,\";}', 1, 1, 1, 1, 1, 32, '568b2fd88b5016b6ca13231ff4ad84f0', 0, 0, '', 0, 0, '2018-03-07 10:33:10', '2018-03-07 14:37:32'),
(12, 1, 1, 0, '', 1, 1, 1, 1, 1, 1, '568b2fd88b5016b6ca13231ff4ad84f0', 0, 0, '', 0, 0, '2018-03-07 14:41:51', '2018-03-12 11:28:41'),
(13, 1, 1, 0, '', 1, 6, 6, 1, 2, 31, '3cd7d60836e1a950491d8f7c44f4c730', 0, 0, '', 0, 0, '2018-03-09 14:17:36', '2018-03-09 14:46:16'),
(14, 1, 1, 0, '', 1, 6, 6, 1, 2, 34, '3cd7d60836e1a950491d8f7c44f4c730', 0, 0, '', 0, 0, '2018-03-09 17:53:07', '2018-03-09 17:53:54'),
(15, 0, 1, 0, '', 1, 1, 1, 1, 1, 0, '568b2fd88b5016b6ca13231ff4ad84f0', 0, 0, '', 0, 0, '2018-03-12 12:52:59', '2018-03-12 12:52:59'),
(16, 0, 1, 20, 'a:1:{i:6;s:3:\"20,\";}', 1, 6, 6, 1, 2, 0, '3cd7d60836e1a950491d8f7c44f4c730', 0, 0, '', 0, 0, '2018-03-12 12:53:57', '2018-03-12 13:04:51'),
(17, 1, 1, 0, '', 1, 7, 7, 1, 1, 37, '568b2fd88b5016b6ca13231ff4ad84f0', 0, 0, '', 0, 0, '2018-03-12 13:05:43', '2018-03-13 12:38:49'),
(18, 1, 1, 0, '', 1, 7, 7, 1, 1, 41, '568b2fd88b5016b6ca13231ff4ad84f0', 0, 0, '', 0, 0, '2018-03-12 15:47:20', '2018-03-12 15:51:50'),
(19, 1, 1, 0, '', 1, 6, 6, 1, 2, 39, '3cd7d60836e1a950491d8f7c44f4c730', 0, 0, '', 0, 0, '2018-03-12 17:35:45', '2018-04-27 17:47:40'),
(20, 1, 1, 20, '', 1, 1, 1, 1, 1, 43, '568b2fd88b5016b6ca13231ff4ad84f0', 0, 0, '', 0, 0, '2018-03-13 16:06:22', '2018-03-22 16:02:25'),
(21, 0, 1, 0, '', 1, 6, 6, 1, 2, 0, '3cd7d60836e1a950491d8f7c44f4c730', 0, 0, '', 0, 0, '2018-03-15 11:38:05', '2018-03-15 11:38:05'),
(22, 1, 1, 20, '', 1, 8, 8, 1, 4, 40, 'f26efc1a38d384b7f4f119a04e92cd9e', 0, 0, '', 0, 0, '2018-03-20 11:16:58', '2018-03-29 10:14:22'),
(23, 1, 1, 0, '', 1, 0, 0, 1, 0, 47, '', 0, 0, '', 0, 0, '2018-03-22 15:39:56', '2018-04-27 16:48:17'),
(24, 1, 1, 0, '', 1, 1, 1, 1, 1, 59, '568b2fd88b5016b6ca13231ff4ad84f0', 0, 0, '', 0, 0, '2018-03-28 12:24:47', '2018-04-09 11:07:08'),
(25, 1, 1, 22, 'a:1:{i:8;s:3:\"22,\";}', 1, 8, 8, 1, 4, 65, 'f26efc1a38d384b7f4f119a04e92cd9e', 0, 0, '', 0, 0, '2018-03-29 11:30:25', '2018-04-09 12:15:40'),
(26, 1, 1, 22, 'a:1:{i:8;s:3:\"22,\";}', 1, 8, 8, 1, 4, 40, 'f26efc1a38d384b7f4f119a04e92cd9e', 0, 0, '', 0, 0, '2018-04-09 12:20:15', '2018-04-20 12:24:09'),
(27, 1, 1, 22, 'a:1:{i:7;s:3:\"22,\";}', 1, 7, 7, 1, 1, 98, '568b2fd88b5016b6ca13231ff4ad84f0', 0, 0, '', 0, 0, '2018-04-17 13:07:06', '2018-04-25 10:17:01'),
(28, 1, 1, 0, '', 1, 9, 9, 1, 3, 99, 'a508315035a3432ef2f3dc080a4a1ebf', 0, 0, '', 0, 0, '2018-04-25 09:32:04', '2018-04-27 12:30:41'),
(29, 1, 1, 22, 'a:1:{i:7;s:3:\"22,\";}', 1, 7, 7, 1, 1, 1, '568b2fd88b5016b6ca13231ff4ad84f0', 0, 0, '', 0, 0, '2018-04-25 10:19:18', '2018-04-25 10:22:09'),
(30, 1, 1, 22, 'a:1:{i:7;s:3:\"22,\";}', 1, 7, 7, 1, 1, 1, '568b2fd88b5016b6ca13231ff4ad84f0', 0, 0, '', 0, 0, '2018-04-25 10:48:29', '2018-04-27 14:31:40'),
(31, 1, 1, 24, '', 1, 7, 7, 1, 1, 124, '568b2fd88b5016b6ca13231ff4ad84f0', 0, 0, '', 0, 0, '2018-05-02 13:15:16', '2018-05-02 13:17:31'),
(32, 1, 1, 24, '', 1, 7, 7, 1, 1, 1, '568b2fd88b5016b6ca13231ff4ad84f0', 0, 0, '', 0, 0, '2018-05-02 14:19:14', '2018-05-02 14:21:30'),
(33, 1, 1, 0, '', 1, 9, 9, 1, 3, 126, 'a508315035a3432ef2f3dc080a4a1ebf', 0, 0, '', 0, 0, '2018-05-02 14:45:00', '2018-05-04 09:53:57'),
(34, 1, 1, 24, '', 1, 7, 7, 1, 1, 1, '568b2fd88b5016b6ca13231ff4ad84f0', 0, 0, '', 0, 0, '2018-05-02 14:57:32', '2018-05-03 15:51:15'),
(35, 1, 1, 0, '', 1, 8, 8, 1, 4, 131, 'f26efc1a38d384b7f4f119a04e92cd9e', 0, 0, '', 0, 0, '2018-05-02 15:54:00', '2018-05-02 16:02:32'),
(36, 1, 1, 0, '', 1, 0, 0, 1, 0, 136, '', 0, 0, '', 0, 0, '2018-05-02 16:19:11', '2018-05-02 16:19:11'),
(37, 1, 1, 24, '', 1, 11, 11, 1, 5, 127, '18125782678c5c0f134e80f909eea1bc', 0, 0, '', 1, 0, '2018-05-03 13:46:47', '2018-05-03 16:59:25'),
(38, 1, 1, 0, '', 1, 6, 6, 1, 2, 251, '3cd7d60836e1a950491d8f7c44f4c730', 0, 0, '', 0, 0, '2018-05-03 14:16:35', '2018-05-03 14:19:09'),
(39, 1, 1, 24, '', 1, 11, 11, 1, 5, 135, '18125782678c5c0f134e80f909eea1bc', 0, 0, '', 0, 0, '2018-05-03 14:41:16', '2018-05-03 14:45:59'),
(40, 1, 1, 0, '', 1, 9, 9, 1, 3, 130, 'a508315035a3432ef2f3dc080a4a1ebf', 0, 0, '', 1, 0, '2018-05-03 14:43:42', '2018-05-17 11:25:05'),
(41, 1, 1, 24, '', 2, 6, 6, 1, 2, 177, '3cd7d60836e1a950491d8f7c44f4c730', 0, 0, '', 0, 0, '2018-05-03 15:34:00', '2018-05-03 15:37:48'),
(42, 1, 1, 0, '', 1, 6, 6, 1, 2, 262, '3cd7d60836e1a950491d8f7c44f4c730', 0, 0, '', 0, 0, '2018-05-03 15:45:59', '2018-05-03 15:45:59'),
(43, 1, 1, 24, '', 1, 7, 7, 1, 1, 175, '568b2fd88b5016b6ca13231ff4ad84f0', 0, 0, '', 1, 0, '2018-05-03 15:53:06', '2018-05-03 16:33:51'),
(44, 1, 1, 0, '', 1, 0, 0, 1, 0, 176, '', 0, 0, '', 1, 0, '2018-05-03 16:38:44', '2018-05-03 16:38:44'),
(45, 1, 1, 0, '', 1, 0, 0, 1, 0, 174, '', 0, 0, '', 1, 0, '2018-05-03 16:42:35', '2018-05-03 16:42:35'),
(46, 1, 1, 0, '', 1, 6, 6, 1, 2, 170, '3cd7d60836e1a950491d8f7c44f4c730', 0, 0, '', 1, 0, '2018-05-03 16:50:54', '2018-05-04 14:11:48'),
(47, 1, 1, 0, '', 1, 1, 1, 1, 1, 269, '568b2fd88b5016b6ca13231ff4ad84f0', 0, 0, '', 0, 0, '2018-05-03 17:13:23', '2018-05-03 17:13:23'),
(48, 1, 1, 24, '', 1, 13, 13, 1, 6, 274, '311ca5014fd4a2c95916632c3fce423b', 0, 0, '', 0, 0, '2018-05-03 17:26:26', '2018-05-03 17:27:51'),
(49, 1, 1, 0, '', 1, 6, 6, 1, 2, 273, '3cd7d60836e1a950491d8f7c44f4c730', 0, 0, '', 0, 0, '2018-05-03 17:30:32', '2018-05-03 17:30:32'),
(50, 1, 1, 0, '', 1, 0, 0, 1, 0, 585, '', 0, 0, '', 0, 0, '2018-05-04 12:33:19', '2018-05-04 12:33:19'),
(51, 1, 1, 0, '', 2, 13, 13, 1, 6, 274, '311ca5014fd4a2c95916632c3fce423b', 0, 0, '', 0, 0, '2018-05-04 13:13:58', '2018-05-04 13:16:04'),
(52, 1, 1, 0, '', 1, 1, 1, 1, 1, 590, '568b2fd88b5016b6ca13231ff4ad84f0', 0, 0, '', 0, 0, '2018-05-04 13:17:41', '2018-05-04 14:20:32'),
(53, 1, 1, 0, '', 2, 15, 15, 1, 7, 1696, 'ea42a489a282ebf368925135bb498ae1', 0, 0, '', 0, 0, '2018-05-06 21:10:28', '2018-05-06 21:21:51'),
(54, 1, 1, 0, '', 1, 15, 15, 1, 7, 2334, 'ea42a489a282ebf368925135bb498ae1', 0, 0, '', 0, 0, '2018-05-09 08:57:32', '2018-05-09 08:58:18'),
(55, 1, 1, 0, '', 2, 20, 20, 1, 8, 2439, '29dad781c366a52ab22b020594f4a42c', 0, 0, '', 1, 0, '2018-05-10 00:47:32', '2018-05-12 14:09:18'),
(56, 1, 1, 0, '', 2, 20, 20, 1, 8, 2440, '29dad781c366a52ab22b020594f4a42c', 0, 0, '', 0, 0, '2018-05-10 11:41:10', '2018-05-10 14:13:50'),
(57, 1, 1, 0, '', 2, 20, 20, 1, 8, 2532, '29dad781c366a52ab22b020594f4a42c', 0, 0, '', 0, 0, '2018-05-10 11:52:44', '2018-05-10 14:37:25'),
(58, 1, 1, 0, '', 2, 20, 20, 1, 8, 2535, '29dad781c366a52ab22b020594f4a42c', 0, 0, '', 1, 0, '2018-05-10 12:46:22', '2018-05-10 14:04:25'),
(59, 1, 1, 0, '', 2, 0, 0, 1, 8, 2547, '29dad781c366a52ab22b020594f4a42c', 0, 0, '', 0, 0, '2018-05-10 13:21:22', '2018-05-10 13:44:06'),
(60, 1, 1, 24, '', 1, 27, 27, 1, 10, 2721, 'c288a13cd64a6407e97b5577df09abf6', 0, 0, '', 1, 0, '2018-05-13 00:39:32', '2018-05-15 07:19:47'),
(61, 1, 1, 24, '', 1, 28, 28, 1, 1, 2878, '568b2fd88b5016b6ca13231ff4ad84f0', 0, 0, '', 0, 0, '2018-05-14 10:01:24', '2018-05-14 11:20:40'),
(62, 1, 1, 0, '', 1, 6, 6, 1, 2, 31, '3cd7d60836e1a950491d8f7c44f4c730', 0, 0, '', 1, 0, '2018-05-14 10:12:11', '2018-05-29 16:16:07'),
(63, 1, 1, 24, '', 2, 20, 20, 1, 8, 2741, '29dad781c366a52ab22b020594f4a42c', 0, 0, '', 1, 0, '2018-05-14 16:03:05', '2018-05-14 19:52:47'),
(64, 1, 1, 25, 'a:1:{i:4;s:3:\"25,\";}', 1, 4, 4, 1, 1, 2991, '568b2fd88b5016b6ca13231ff4ad84f0', 0, 0, '', 0, 0, '2018-05-15 09:16:15', '2018-05-23 12:49:42'),
(65, 1, 1, 0, '', 1, 27, 27, 1, 10, 3084, 'c288a13cd64a6407e97b5577df09abf6', 0, 0, '', 0, 0, '2018-05-15 11:16:16', '2018-05-15 11:16:16'),
(66, 1, 1, 0, '', 2, 20, 20, 1, 8, 3102, '29dad781c366a52ab22b020594f4a42c', 0, 0, '', 0, 0, '2018-05-15 13:58:39', '2018-05-15 13:58:39'),
(67, 1, 1, 0, '', 1, 9, 9, 1, 3, 2990, 'a508315035a3432ef2f3dc080a4a1ebf', 0, 0, '', 0, 0, '2018-05-16 11:08:13', '2018-06-22 10:06:23'),
(68, 1, 1, 0, '', 2, 0, 0, 1, 0, 4408, '', 0, 0, '', 0, 0, '2018-05-18 00:22:33', '2018-05-18 01:43:18'),
(69, 1, 1, 0, '', 2, 0, 0, 1, 0, 4495, '', 0, 0, '', 0, 0, '2018-05-18 15:19:02', '2018-05-18 15:19:02'),
(70, 1, 1, 0, '', 1, 0, 0, 1, 0, 4816, '', 0, 0, '', 0, 0, '2018-05-19 18:25:39', '2018-05-19 18:25:40'),
(71, 1, 1, 0, '', 2, 0, 0, 1, 0, 5486, '', 0, 0, '', 0, 0, '2018-05-22 18:01:57', '2018-05-22 18:19:22'),
(72, 1, 1, 0, '', 1, 0, 0, 1, 0, 5302, '', 0, 0, '', 1, 0, '2018-05-25 07:48:52', '2018-06-05 21:17:22'),
(73, 1, 1, 0, '', 1, 0, 0, 1, 0, 5926, '', 0, 0, '', 0, 0, '2018-05-25 07:58:10', '2018-05-25 07:58:10'),
(74, 1, 1, 0, '', 1, 0, 0, 1, 0, 5698, '', 0, 0, '', 0, 0, '2018-05-25 08:57:52', '2018-06-05 11:31:30'),
(75, 1, 1, 0, '', 1, 0, 0, 1, 0, 5634, '', 0, 0, '', 1, 0, '2018-05-25 17:51:39', '2018-05-25 17:52:09'),
(77, 1, 1, 72, '', 1, 7, 7, 1, 1, 5579, '568b2fd88b5016b6ca13231ff4ad84f0', 0, 0, '', 0, 0, '2018-05-30 12:08:59', '2018-06-11 10:11:19'),
(78, 1, 1, 0, '', 1, 29, 29, 1, 1, 6635, '568b2fd88b5016b6ca13231ff4ad84f0', 0, 0, '', 0, 0, '2018-05-30 12:16:49', '2018-05-30 12:29:51'),
(79, 1, 1, 0, '', 1, 29, 29, 1, 1, 6636, '568b2fd88b5016b6ca13231ff4ad84f0', 0, 0, '', 0, 0, '2018-05-30 12:24:27', '2018-05-30 12:24:51'),
(80, 1, 1, 72, '', 2, 38, 38, 1, 16, 6949, '751fbd0c5b772d0559e2c4ce1dc9c1d0', 0, 0, '', 0, 0, '2018-05-31 12:32:47', '2018-06-21 16:27:57'),
(81, 1, 1, 56, '', 2, 30, 30, 1, 11, 7150, '7383cc63631e6112ae8081f7d328b046', 0, 0, '', 0, 0, '2018-06-02 17:54:23', '2018-06-02 17:58:06'),
(82, 1, 1, 0, '', 2, 0, 0, 1, 0, 7150, '', 0, 0, '', 0, 0, '2018-06-02 17:54:24', '2018-06-02 17:54:24'),
(83, 1, 1, 56, '', 2, 31, 31, 1, 12, 7243, '8dc7c281ee8aed9d19168673f809602d', 0, 0, '', 1, 0, '2018-06-04 17:51:03', '2018-06-04 18:03:23'),
(84, 1, 1, 0, '', 1, 0, 0, 1, 0, 8617, '', 0, 0, '', 0, 0, '2018-06-06 15:58:38', '2018-06-06 15:58:38'),
(85, 1, 1, 0, '', 1, 0, 0, 1, 0, 8639, '', 0, 0, '', 1, 0, '2018-06-07 13:51:29', '2018-06-07 13:51:29'),
(86, 1, 1, 0, '', 1, 0, 0, 1, 0, 8723, '', 0, 0, '', 0, 0, '2018-06-07 14:59:03', '2018-06-07 14:59:04'),
(87, 1, 1, 0, '', 1, 0, 0, 1, 0, 6605, '', 0, 0, '', 0, 0, '2018-06-07 18:29:24', '2018-06-07 18:29:25'),
(88, 1, 1, 56, '', 1, 33, 33, 1, 13, 8806, '6b8af2044ed58093d85c6d87ff121038', 0, 0, '', 0, 0, '2018-06-08 10:03:40', '2018-06-08 10:07:00'),
(89, 1, 1, 0, '', 1, 0, 0, 1, 0, 6962, '', 0, 0, '', 0, 0, '2018-06-08 13:44:43', '2018-06-21 18:07:48'),
(90, 1, 1, 0, '', 1, 0, 0, 1, 0, 6621, '', 0, 0, '', 0, 0, '2018-06-08 15:28:52', '2018-06-18 12:59:00'),
(91, 0, 1, 61, 'a:1:{i:1;s:3:\"61,\";}', 1, 1, 1, 1, 1, 0, '568b2fd88b5016b6ca13231ff4ad84f0', 0, 0, '', 0, 0, '2018-06-08 15:35:20', '2018-06-08 15:53:44'),
(92, 0, 1, 69, 'a:1:{i:1;s:3:\"69,\";}', 1, 1, 1, 1, 1, 0, '568b2fd88b5016b6ca13231ff4ad84f0', 0, 0, '', 0, 0, '2018-06-08 16:14:42', '2018-06-08 16:15:23'),
(93, 0, 1, 70, 'a:1:{i:1;s:3:\"70,\";}', 1, 1, 1, 1, 1, 0, '568b2fd88b5016b6ca13231ff4ad84f0', 0, 0, '', 0, 0, '2018-06-08 16:15:29', '2018-06-08 16:56:27'),
(94, 1, 1, 0, '', 2, 0, 0, 1, 0, 9039, '', 0, 0, '', 1, 0, '2018-06-10 14:07:00', '2018-06-10 14:07:00'),
(95, 1, 1, 0, '', 2, 35, 35, 1, 14, 9039, '343ee91233a838b9b753e59b8193c595', 0, 0, '', 1, 0, '2018-06-10 14:07:29', '2018-06-10 14:14:06'),
(96, 1, 1, 72, '', 1, 28, 28, 1, 1, 1, '568b2fd88b5016b6ca13231ff4ad84f0', 0, 0, '', 0, 0, '2018-06-11 10:22:42', '2018-06-11 10:24:35'),
(97, 1, 1, 0, '', 2, 37, 37, 1, 15, 9540, '7142267add5a237b4fb0664472bd2d00', 0, 0, '', 1, 0, '2018-06-12 16:50:27', '2018-06-12 16:53:38'),
(98, 1, 1, 0, '', 2, 0, 0, 1, 0, 9915, '', 0, 0, '', 0, 0, '2018-06-14 23:24:50', '2018-06-14 23:24:50'),
(99, 1, 1, 0, '', 1, 0, 0, 1, 0, 9983, '', 0, 0, '', 0, 0, '2018-06-15 08:58:25', '2018-06-15 09:00:51'),
(100, 1, 1, 0, '', 2, 0, 0, 1, 0, 10120, '', 0, 0, '', 0, 0, '2018-06-16 04:06:40', '2018-06-19 01:16:58'),
(101, 1, 1, 0, '', 1, 0, 0, 1, 0, 10450, '', 0, 0, '', 1, 0, '2018-06-18 01:44:34', '2018-06-18 01:44:34'),
(102, 1, 1, 0, '', 1, 1, 1, 1, 1, 9145, '568b2fd88b5016b6ca13231ff4ad84f0', 0, 0, '', 0, 0, '2018-06-18 15:13:44', '2018-07-11 12:41:33'),
(103, 1, 1, 0, '', 2, 0, 0, 1, 0, 10645, '', 0, 0, '', 0, 0, '2018-06-19 08:15:15', '2018-06-19 08:15:16'),
(105, 1, 1, 0, '', 1, 41, 40, 1, 17, 11039, '4ffc9615b951fbe5556403cc99defa02', 0, 0, '', 0, 0, '2018-06-21 17:20:53', '2018-06-21 17:30:55'),
(107, 1, 1, 72, '', 1, 42, 42, 1, 18, 12553, '71a72e2a76db7af1c0a54b42227c815d', 0, 0, '', 0, 0, '2018-06-28 15:04:25', '2018-06-28 15:15:07'),
(108, 1, 1, 72, '', 2, 6, 6, 1, 2, 11809, '3cd7d60836e1a950491d8f7c44f4c730', 0, 0, '', 0, 0, '2018-06-28 16:47:35', '2018-08-02 11:01:04'),
(109, 1, 1, 0, '', 1, 0, 0, 1, 0, 12775, '', 0, 0, '', 1, 0, '2018-06-29 17:22:01', '2018-06-29 17:22:02'),
(110, 1, 1, 0, '', 1, 0, 0, 1, 0, 12921, '', 0, 0, '', 0, 0, '2018-06-30 21:17:55', '2018-06-30 21:17:56'),
(111, 1, 1, 0, '', 2, 0, 0, 1, 0, 13573, '', 0, 0, '', 1, 0, '2018-07-05 09:16:32', '2018-07-05 09:16:32'),
(112, 1, 1, 0, '', 2, 44, 44, 1, 19, 9904, '7fa167ce7eb7d5b93d47351e38b151f3', 0, 0, '', 1, 0, '2018-07-06 10:15:24', '2018-07-06 10:21:48'),
(113, 1, 1, 72, '', 2, 44, 44, 1, 19, 13760, '7fa167ce7eb7d5b93d47351e38b151f3', 0, 0, '', 0, 0, '2018-07-06 12:47:48', '2018-07-06 15:04:05'),
(114, 1, 1, 0, '', 1, 0, 0, 1, 0, 14382, '', 0, 0, '', 0, 0, '2018-07-09 00:39:07', '2018-07-09 00:39:07'),
(115, 1, 1, 72, '', 1, 47, 47, 1, 20, 15744, '38a734107528dffbec5578505c67596f', 0, 0, '', 0, 0, '2018-07-11 14:37:06', '2018-07-11 15:07:10'),
(116, 1, 1, 75, 'a:1:{i:49;s:3:\"75,\";}', 2, 49, 49, 1, 21, 15887, '3e776b6d7e4b70acd34e7e88e1ba5421', 0, 0, '', 0, 0, '2018-07-12 06:46:22', '2018-07-13 11:14:53'),
(117, 1, 1, 0, '', 1, 47, 47, 1, 20, 16066, '38a734107528dffbec5578505c67596f', 0, 0, '', 0, 0, '2018-07-13 11:26:39', '2018-07-13 11:26:39'),
(118, 1, 1, 0, '', 1, 1, 1, 1, 1, 16722, '568b2fd88b5016b6ca13231ff4ad84f0', 0, 0, '', 0, 0, '2018-07-16 16:01:24', '2018-07-16 16:01:24'),
(119, 1, 1, 0, '', 2, 1, 1, 1, 1, 16726, '568b2fd88b5016b6ca13231ff4ad84f0', 0, 0, '', 0, 0, '2018-07-16 16:35:47', '2018-08-23 09:35:31'),
(121, 1, 1, 0, '', 1, 0, 0, 1, 0, 17254, '', 0, 0, '', 0, 0, '2018-07-19 12:05:16', '2018-07-19 12:05:16'),
(122, 1, 1, 0, '', 2, 0, 0, 1, 0, 17573, '', 0, 0, '', 0, 0, '2018-07-20 23:48:01', '2018-07-20 23:48:01'),
(124, 1, 1, 72, '', 2, 50, 50, 1, 22, 18816, 'f53f5337b9d50bf118f0fe7276fc5094', 0, 0, '', 0, 0, '2018-07-25 09:10:41', '2018-07-25 09:20:34'),
(125, 1, 1, 72, '', 2, 51, 51, 1, 23, 18939, '225f284eb263c5075d860c32decb4951', 0, 0, '', 0, 0, '2018-07-25 14:15:37', '2018-07-25 15:07:47'),
(126, 1, 1, 0, '', 1, 0, 0, 1, 0, 19628, '', 0, 0, '', 1, 0, '2018-07-26 10:01:44', '2018-07-26 10:01:44'),
(127, 1, 1, 0, '', 2, 50, 50, 1, 22, 20182, 'f53f5337b9d50bf118f0fe7276fc5094', 0, 0, '', 0, 0, '2018-07-27 11:12:29', '2018-07-27 11:12:29'),
(128, 1, 1, 0, '', 1, 53, 53, 1, 26, 20208, '90caa46261d19dde76c37e47ca035b0a', 0, 0, '', 1, 0, '2018-07-27 15:16:36', '2018-07-28 19:40:17'),
(131, 1, 1, 72, '', 1, 53, 53, 1, 26, 20173, '90caa46261d19dde76c37e47ca035b0a', 0, 0, '', 0, 0, '2018-07-27 16:37:44', '2018-07-27 16:46:26'),
(132, 1, 1, 0, '', 1, 0, 0, 1, 0, 17652, '', 0, 0, '', 0, 0, '2018-07-28 12:45:35', '2018-07-28 12:48:20'),
(133, 1, 1, 0, '', 1, 0, 0, 1, 0, 20520, '', 0, 0, '', 0, 0, '2018-07-28 15:23:16', '2018-07-28 15:23:57'),
(134, 1, 1, 0, '', 2, 0, 0, 1, 0, 17456, '', 0, 0, '', 0, 0, '2018-07-30 12:07:52', '2018-08-19 13:55:27'),
(135, 1, 1, 0, '', 2, 0, 0, 1, 0, 21607, '', 0, 0, '', 0, 0, '2018-07-30 13:17:50', '2018-07-30 13:45:16'),
(136, 1, 1, 0, '', 1, 1, 1, 1, 1, 15731, '568b2fd88b5016b6ca13231ff4ad84f0', 0, 0, '', 0, 0, '2018-07-30 16:31:44', '2018-08-01 14:51:17'),
(137, 1, 1, 0, '', 1, 0, 0, 1, 0, 21780, '', 0, 0, '', 0, 0, '2018-07-31 01:19:43', '2018-07-31 01:21:04'),
(138, 1, 1, 0, '', 1, 0, 0, 1, 0, 21781, '', 0, 0, '', 0, 0, '2018-07-31 01:21:17', '2018-07-31 01:23:08'),
(139, 1, 1, 0, '', 1, 0, 0, 1, 0, 21782, '', 0, 0, '', 0, 0, '2018-07-31 01:23:21', '2018-07-31 01:25:12'),
(140, 1, 1, 0, '', 1, 0, 0, 1, 0, 21785, '', 0, 0, '', 0, 0, '2018-07-31 01:25:24', '2018-07-31 01:27:10'),
(141, 1, 1, 0, '', 1, 0, 0, 1, 0, 21786, '', 0, 0, '', 0, 0, '2018-07-31 01:27:25', '2018-07-31 01:29:13'),
(142, 1, 1, 0, '', 1, 0, 0, 1, 0, 21787, '', 0, 0, '', 0, 0, '2018-07-31 01:29:27', '2018-07-31 01:31:17'),
(143, 1, 1, 0, '', 1, 0, 0, 1, 0, 21788, '', 0, 0, '', 0, 0, '2018-07-31 01:31:30', '2018-07-31 01:33:21'),
(144, 1, 1, 0, '', 1, 0, 0, 1, 0, 21791, '', 0, 0, '', 0, 0, '2018-07-31 01:33:42', '2018-07-31 01:35:28'),
(145, 1, 1, 0, '', 1, 0, 0, 1, 0, 21792, '', 0, 0, '', 0, 0, '2018-07-31 01:35:42', '2018-07-31 01:36:01'),
(146, 1, 1, 72, '', 1, 1, 1, 1, 1, 21902, '568b2fd88b5016b6ca13231ff4ad84f0', 0, 0, '', 0, 0, '2018-07-31 14:59:06', '2018-07-31 15:01:59'),
(147, 1, 1, 0, '', 2, 0, 0, 1, 0, 21940, '', 0, 0, '', 0, 0, '2018-07-31 18:43:01', '2018-07-31 18:47:15'),
(148, 1, 1, 0, '', 2, 0, 0, 1, 0, 23125, '', 0, 0, '', 0, 0, '2018-08-02 22:05:21', '2018-08-02 22:29:47'),
(149, 1, 1, 0, '', 1, 0, 0, 1, 0, 22650, '', 0, 0, '', 0, 0, '2018-08-02 23:32:18', '2018-08-02 23:33:43'),
(150, 1, 1, 0, '', 2, 0, 0, 1, 27, 23718, 'df5df0f3d3117d8dd94db2f9f62e5d8c', 0, 0, '', 0, 0, '2018-08-04 03:13:41', '2018-08-04 17:24:49'),
(151, 1, 1, 0, '', 1, 0, 0, 1, 0, 24027, '', 0, 0, '', 0, 0, '2018-08-04 17:25:35', '2018-08-04 17:50:57'),
(152, 1, 1, 0, '', 2, 0, 0, 1, 0, 24274, '', 0, 0, '', 0, 0, '2018-08-05 00:26:11', '2018-08-05 00:27:25'),
(153, 1, 1, 0, '', 2, 0, 0, 1, 0, 24275, '', 0, 0, '', 0, 0, '2018-08-05 00:28:08', '2018-08-05 00:30:02'),
(154, 1, 1, 0, '', 2, 0, 0, 1, 0, 24277, '', 0, 0, '', 0, 0, '2018-08-05 00:30:18', '2018-08-05 00:32:08'),
(155, 1, 1, 0, '', 2, 0, 0, 1, 0, 24280, '', 0, 0, '', 0, 0, '2018-08-05 00:32:32', '2018-08-05 00:34:15'),
(156, 1, 1, 0, '', 2, 0, 0, 1, 0, 24281, '', 0, 0, '', 0, 0, '2018-08-05 00:34:45', '2018-08-05 00:36:11'),
(157, 1, 1, 0, '', 2, 0, 0, 1, 0, 24282, '', 0, 0, '', 0, 0, '2018-08-05 00:36:41', '2018-08-05 00:38:34'),
(158, 1, 1, 0, '', 2, 0, 0, 1, 0, 24283, '', 0, 0, '', 0, 0, '2018-08-05 00:39:05', '2018-08-05 00:40:39'),
(159, 1, 1, 0, '', 2, 0, 0, 1, 0, 24285, '', 0, 0, '', 0, 0, '2018-08-05 00:41:30', '2018-08-05 00:42:47'),
(160, 1, 1, 0, '', 2, 0, 0, 1, 0, 24288, '', 0, 0, '', 0, 0, '2018-08-05 00:43:32', '2018-08-05 00:44:21'),
(161, 1, 1, 0, '', 2, 0, 0, 1, 0, 24289, '', 0, 0, '', 0, 0, '2018-08-05 00:45:07', '2018-08-05 00:46:54'),
(162, 1, 1, 0, '', 2, 0, 0, 1, 0, 24291, '', 0, 0, '', 0, 0, '2018-08-05 00:47:54', '2018-08-05 00:49:23'),
(163, 1, 1, 0, '', 2, 0, 0, 1, 0, 24292, '', 0, 0, '', 0, 0, '2018-08-05 00:49:47', '2018-08-05 00:51:23'),
(164, 1, 1, 0, '', 2, 0, 0, 1, 0, 24295, '', 0, 0, '', 0, 0, '2018-08-05 00:51:59', '2018-08-05 00:53:40'),
(165, 1, 1, 0, '', 2, 0, 0, 1, 0, 24297, '', 0, 0, '', 0, 0, '2018-08-05 00:54:15', '2018-08-05 00:56:00'),
(166, 1, 1, 0, '', 2, 0, 0, 1, 0, 24300, '', 0, 0, '', 0, 0, '2018-08-05 00:56:34', '2018-08-05 00:58:19'),
(167, 1, 1, 0, '', 2, 0, 0, 1, 0, 24301, '', 0, 0, '', 0, 0, '2018-08-05 00:58:35', '2018-08-05 01:00:22'),
(168, 1, 1, 0, '', 2, 0, 0, 1, 0, 24302, '', 0, 0, '', 0, 0, '2018-08-05 01:00:50', '2018-08-05 01:02:23'),
(169, 1, 1, 0, '', 2, 0, 0, 1, 0, 24306, '', 0, 0, '', 0, 0, '2018-08-05 01:02:49', '2018-08-05 01:03:55'),
(170, 1, 1, 0, '', 1, 0, 0, 1, 0, 24352, '', 0, 0, '', 0, 0, '2018-08-05 01:53:14', '2018-08-05 01:53:27'),
(171, 1, 1, 0, '', 1, 0, 0, 1, 0, 24355, '', 0, 0, '', 0, 0, '2018-08-05 01:53:52', '2018-08-05 01:55:18'),
(172, 1, 1, 0, '', 2, 0, 0, 1, 0, 25634, '', 0, 0, '', 0, 0, '2018-08-07 17:28:34', '2018-08-07 17:29:48'),
(173, 1, 1, 0, '', 2, 0, 0, 1, 0, 25635, '', 0, 0, '', 0, 0, '2018-08-07 17:30:28', '2018-08-07 17:31:58'),
(174, 1, 1, 0, '', 1, 0, 0, 1, 0, 25690, '', 0, 0, '', 0, 0, '2018-08-07 18:44:13', '2018-08-07 18:45:44'),
(175, 1, 1, 0, '', 1, 0, 0, 1, 0, 25692, '', 0, 0, '', 0, 0, '2018-08-07 18:46:16', '2018-08-07 18:47:58'),
(176, 1, 1, 0, '', 1, 0, 0, 1, 0, 25693, '', 0, 0, '', 0, 0, '2018-08-07 18:48:17', '2018-08-07 18:48:17'),
(177, 1, 1, 72, '', 1, 55, 55, 1, 28, 25492, '5932e7cb2307b790bba70bf9f5a0a036', 0, 0, '', 0, 0, '2018-08-08 09:05:30', '2018-08-08 09:14:07'),
(178, 1, 1, 0, '', 2, 0, 0, 1, 0, 26541, '', 0, 0, '', 0, 0, '2018-08-09 20:16:15', '2018-08-09 20:16:34'),
(179, 1, 1, 0, '', 1, 0, 0, 1, 0, 26566, '', 0, 0, '', 0, 0, '2018-08-09 20:38:37', '2018-08-09 20:38:38'),
(180, 1, 1, 75, 'a:1:{i:57;s:3:\"75,\";}', 2, 57, 57, 1, 29, 26587, 'ed7ad10b880e2b42f2d9ef2565cbfeca', 0, 0, '', 0, 0, '2018-08-09 21:57:29', '2018-08-09 22:09:28'),
(181, 1, 1, 75, 'a:1:{i:57;s:3:\"75,\";}', 2, 57, 57, 1, 29, 26587, 'ed7ad10b880e2b42f2d9ef2565cbfeca', 0, 0, '', 0, 0, '2018-08-09 22:13:23', '2018-08-09 22:16:55'),
(182, 1, 1, 72, '', 1, 58, 58, 1, 30, 27402, '3deaea087873ff463c6a20d7c4a7613a', 0, 0, '', 0, 0, '2018-08-12 10:53:39', '2018-09-04 20:21:04'),
(183, 1, 1, 0, '', 1, 0, 0, 1, 0, 27626, '', 0, 0, '', 1, 0, '2018-08-12 16:49:02', '2018-08-12 16:49:03'),
(184, 1, 1, 0, '', 1, 0, 0, 1, 0, 21562, '', 0, 0, '', 1, 0, '2018-08-12 17:15:44', '2018-08-12 17:15:44'),
(185, 1, 1, 0, '', 1, 0, 0, 1, 0, 27691, '', 0, 0, '', 0, 0, '2018-08-12 18:26:38', '2018-08-12 18:26:39'),
(186, 1, 1, 0, '', 1, 0, 0, 1, 0, 28484, '', 0, 0, '', 0, 0, '2018-08-13 19:23:33', '2018-08-13 19:23:33'),
(187, 1, 1, 0, '', 2, 0, 0, 1, 0, 29324, '', 0, 0, '', 0, 0, '2018-08-16 19:08:40', '2018-08-16 19:08:41'),
(188, 1, 1, 72, '', 2, 59, 60, 1, 31, 29324, 'beea8b6f51b6b84838b081c14ea7946d', 0, 0, '', 0, 0, '2018-08-16 19:08:46', '2018-08-17 19:56:58'),
(189, 1, 1, 0, '', 1, 0, 0, 1, 0, 29859, '', 0, 0, '', 1, 0, '2018-08-18 14:28:17', '2018-08-18 14:28:17'),
(190, 1, 1, 0, '', 1, 0, 0, 1, 0, 29869, '', 0, 0, '', 1, 0, '2018-08-18 15:19:27', '2018-08-18 15:19:27'),
(191, 1, 1, 0, '', 1, 0, 0, 1, 0, 29897, '', 0, 0, '', 0, 0, '2018-08-18 18:19:27', '2018-08-18 18:19:27'),
(192, 1, 1, 0, '', 1, 0, 0, 1, 0, 29943, '', 0, 0, '', 0, 0, '2018-08-19 01:17:13', '2018-08-19 02:13:07'),
(193, 1, 1, 0, '', 1, 0, 0, 1, 0, 29691, '', 0, 0, '', 1, 0, '2018-08-20 11:43:33', '2018-08-20 11:43:34'),
(194, 1, 1, 0, '', 2, 0, 0, 1, 0, 30456, '', 0, 0, '', 0, 0, '2018-08-21 05:29:24', '2018-08-21 05:29:25'),
(195, 1, 1, 0, '', 1, 0, 0, 1, 0, 27145, '', 0, 0, '', 0, 0, '2018-08-21 18:09:21', '2018-08-21 18:09:21'),
(196, 1, 1, 75, 'a:1:{i:61;s:3:\"75,\";}', 1, 61, 61, 1, 32, 30654, '3fc9f5fd27cf5b4c96cb20bf5e7e3ea7', 0, 0, '', 0, 0, '2018-08-22 04:01:38', '2018-08-22 04:24:46'),
(197, 1, 1, 0, '', 1, 61, 61, 1, 32, 33665, '3fc9f5fd27cf5b4c96cb20bf5e7e3ea7', 0, 0, '', 0, 0, '2018-08-24 13:43:04', '2018-08-24 13:43:04'),
(198, 1, 1, 72, '', 2, 59, 60, 1, 31, 29324, 'beea8b6f51b6b84838b081c14ea7946d', 0, 0, '', 0, 0, '2018-08-24 16:56:32', '2018-08-24 17:23:22'),
(199, 1, 1, 0, '', 2, 57, 57, 1, 29, 33708, 'ed7ad10b880e2b42f2d9ef2565cbfeca', 0, 0, '', 0, 0, '2018-08-24 18:13:56', '2018-08-24 18:13:56'),
(200, 1, 1, 0, '', 1, 62, 62, 1, 33, 33404, 'de299ba5f79959466850715e98fd38f6', 0, 0, '', 1, 0, '2018-08-27 18:48:49', '2018-08-29 20:28:04'),
(201, 1, 1, 0, '', 1, 0, 0, 1, 33, 34420, 'de299ba5f79959466850715e98fd38f6', 0, 0, '', 0, 0, '2018-08-27 20:25:50', '2018-08-27 20:34:57'),
(202, 1, 1, 0, '', 1, 61, 61, 1, 32, 34395, '3fc9f5fd27cf5b4c96cb20bf5e7e3ea7', 0, 0, '', 0, 0, '2018-08-27 21:31:22', '2018-08-27 21:31:22'),
(203, 1, 1, 0, '', 1, 0, 0, 1, 0, 34441, '', 0, 0, '', 1, 0, '2018-08-27 21:35:13', '2018-08-28 10:25:53'),
(204, 1, 1, 0, '', 1, 0, 0, 1, 0, 34454, '', 0, 0, '', 0, 0, '2018-08-27 22:25:25', '2018-08-27 22:25:25'),
(205, 1, 1, 0, '', 1, 0, 0, 1, 0, 34461, '', 0, 0, '', 1, 0, '2018-08-27 22:44:01', '2018-08-27 22:44:01'),
(206, 1, 1, 0, '', 2, 0, 0, 1, 0, 34460, '', 0, 0, '', 0, 0, '2018-08-27 22:45:49', '2018-08-27 22:45:49'),
(207, 1, 1, 72, '', 1, 62, 62, 1, 33, 34434, 'de299ba5f79959466850715e98fd38f6', 0, 0, '', 0, 0, '2018-08-27 23:41:11', '2018-08-27 23:49:52'),
(208, 1, 1, 0, '', 1, 67, 67, 1, 34, 34586, 'c5080b2cecca6c9fb9ea83d8085ce0d1', 0, 0, '', 1, 0, '2018-08-28 14:16:14', '2018-08-28 14:21:48'),
(209, 1, 1, 72, '', 1, 67, 67, 1, 34, 34587, 'c5080b2cecca6c9fb9ea83d8085ce0d1', 0, 0, '', 0, 0, '2018-08-28 14:25:08', '2018-08-28 14:30:53'),
(210, 1, 1, 0, '', 1, 67, 67, 1, 34, 34598, 'c5080b2cecca6c9fb9ea83d8085ce0d1', 0, 0, '', 0, 0, '2018-08-28 15:13:13', '2018-08-28 15:13:13'),
(211, 1, 1, 0, '', 1, 72, 72, 1, 34, 28788, 'c5080b2cecca6c9fb9ea83d8085ce0d1', 0, 0, '', 0, 0, '2018-08-28 15:25:07', '2018-08-28 15:27:53'),
(212, 1, 1, 0, '', 1, 61, 61, 1, 32, 34443, '3fc9f5fd27cf5b4c96cb20bf5e7e3ea7', 0, 0, '', 0, 0, '2018-08-28 20:31:32', '2018-08-28 20:35:17'),
(213, 1, 1, 0, '', 1, 72, 72, 1, 34, 34912, 'c5080b2cecca6c9fb9ea83d8085ce0d1', 0, 0, '', 0, 0, '2018-08-29 09:01:14', '2018-08-29 09:01:14'),
(214, 1, 1, 75, 'a:1:{i:74;s:3:\"75,\";}', 2, 74, 74, 1, 35, 34966, '28df0310f14eb6cab5bff26ea3fc2056', 0, 0, '', 0, 0, '2018-08-29 13:40:47', '2018-08-29 13:45:44'),
(215, 1, 1, 0, '', 1, 62, 62, 1, 33, 34471, 'de299ba5f79959466850715e98fd38f6', 0, 0, '', 1, 0, '2018-08-29 13:53:01', '2018-08-29 13:55:40'),
(216, 1, 1, 72, '', 1, 75, 75, 1, 36, 34564, '7a30c11c9c62f9223ba231be66debc28', 0, 0, '', 0, 0, '2018-08-29 14:47:42', '2018-08-29 14:53:17'),
(217, 1, 1, 0, '', 2, 0, 0, 1, 0, 35030, '', 0, 0, '', 0, 0, '2018-08-29 19:34:08', '2018-08-29 19:34:08'),
(218, 1, 1, 72, '', 2, 59, 60, 1, 31, 35509, 'beea8b6f51b6b84838b081c14ea7946d', 0, 0, '', 0, 0, '2018-08-31 02:18:36', '2018-08-31 02:26:32'),
(219, 1, 1, 0, '', 1, 0, 0, 1, 0, 36296, '', 0, 0, '', 0, 0, '2018-09-01 19:01:44', '2018-09-01 19:01:44'),
(220, 1, 1, 0, '', 1, 0, 0, 1, 0, 36752, '', 0, 0, '', 1, 0, '2018-09-03 09:35:20', '2018-09-03 09:36:37'),
(221, 1, 1, 72, '', 1, 75, 75, 1, 36, 36777, '7a30c11c9c62f9223ba231be66debc28', 0, 0, '', 0, 0, '2018-09-03 11:33:59', '2018-09-05 17:45:39'),
(222, 1, 1, 72, '', 1, 78, 78, 1, 37, 37102, '43981064d7ce6023730e2dc7cc6d6ed7', 0, 0, '', 0, 0, '2018-09-04 14:14:12', '2018-09-04 14:18:05'),
(223, 1, 1, 0, '', 1, 62, 62, 1, 33, 37116, 'de299ba5f79959466850715e98fd38f6', 0, 0, '', 0, 0, '2018-09-04 15:02:12', '2018-09-04 15:02:12'),
(224, 1, 1, 0, '', 1, 75, 75, 1, 36, 36853, '7a30c11c9c62f9223ba231be66debc28', 0, 0, '', 0, 0, '2018-09-04 16:37:17', '2018-09-04 16:37:17'),
(225, 1, 1, 0, '', 1, 0, 0, 1, 0, 39130, '', 0, 0, '', 0, 0, '2018-09-05 11:34:21', '2018-09-05 11:34:39'),
(226, 1, 1, 0, '', 1, 0, 0, 1, 0, 39131, '', 0, 0, '', 0, 0, '2018-09-05 11:35:00', '2018-09-05 11:36:41'),
(227, 1, 1, 0, '', 1, 0, 0, 1, 0, 39132, '', 0, 0, '', 0, 0, '2018-09-05 11:37:05', '2018-09-05 11:38:49'),
(228, 1, 1, 0, '', 1, 0, 0, 1, 0, 39135, '', 0, 0, '', 0, 0, '2018-09-05 11:39:21', '2018-09-05 11:40:59'),
(229, 1, 1, 0, '', 1, 0, 0, 1, 0, 39136, '', 0, 0, '', 0, 0, '2018-09-05 11:41:21', '2018-09-05 11:43:12'),
(230, 1, 1, 0, '', 1, 0, 0, 1, 0, 39137, '', 0, 0, '', 0, 0, '2018-09-05 11:43:35', '2018-09-05 11:45:23'),
(231, 1, 1, 0, '', 1, 0, 0, 1, 0, 39139, '', 0, 0, '', 0, 0, '2018-09-05 11:45:56', '2018-09-05 11:47:29'),
(232, 1, 1, 0, '', 1, 0, 0, 1, 0, 39140, '', 0, 0, '', 0, 0, '2018-09-05 11:47:42', '2018-09-05 11:49:29'),
(233, 1, 1, 0, '', 1, 0, 0, 1, 0, 39143, '', 0, 0, '', 0, 0, '2018-09-05 11:50:01', '2018-09-05 11:51:35'),
(234, 1, 1, 0, '', 1, 0, 0, 1, 0, 39144, '', 0, 0, '', 0, 0, '2018-09-05 11:52:13', '2018-09-05 11:53:51'),
(235, 1, 1, 0, '', 1, 0, 0, 1, 0, 39146, '', 0, 0, '', 0, 0, '2018-09-05 11:54:12', '2018-09-05 11:55:58'),
(236, 1, 1, 0, '', 1, 0, 0, 1, 0, 39147, '', 0, 0, '', 0, 0, '2018-09-05 11:56:11', '2018-09-05 11:56:46'),
(237, 1, 1, 72, '', 1, 62, 62, 1, 33, 37117, 'de299ba5f79959466850715e98fd38f6', 0, 0, '', 1, 0, '2018-09-05 13:29:45', '2018-09-05 13:34:44'),
(238, 1, 1, 0, '', 2, 0, 0, 1, 0, 39234, '', 0, 0, '', 1, 0, '2018-09-05 16:03:56', '2018-09-05 16:03:57'),
(239, 1, 1, 0, '', 1, 61, 61, 1, 32, 39256, '3fc9f5fd27cf5b4c96cb20bf5e7e3ea7', 0, 0, '', 0, 0, '2018-09-05 19:08:47', '2018-09-05 19:08:47'),
(241, 1, 1, 0, '', 1, 0, 0, 1, 0, 39463, '', 0, 0, '', 0, 0, '2018-09-06 15:18:43', '2018-09-06 15:18:43'),
(242, 1, 1, 0, '', 2, 0, 0, 1, 0, 39834, '', 0, 0, '', 0, 0, '2018-09-07 19:31:18', '2018-09-07 19:32:39'),
(243, 1, 1, 0, '', 2, 0, 0, 1, 0, 39835, '', 0, 0, '', 0, 0, '2018-09-07 19:32:57', '2018-09-07 19:34:41'),
(244, 1, 1, 0, '', 2, 0, 0, 1, 0, 39836, '', 0, 0, '', 0, 0, '2018-09-07 19:35:14', '2018-09-07 19:36:41'),
(245, 1, 1, 0, '', 2, 0, 0, 1, 0, 39837, '', 0, 0, '', 0, 0, '2018-09-07 19:37:15', '2018-09-07 19:38:50'),
(246, 1, 1, 0, '', 2, 0, 0, 1, 0, 39840, '', 0, 0, '', 0, 0, '2018-09-07 19:39:29', '2018-09-07 19:40:53'),
(247, 1, 1, 0, '', 2, 0, 0, 1, 0, 39841, '', 0, 0, '', 0, 0, '2018-09-07 19:41:36', '2018-09-07 19:42:55'),
(248, 1, 1, 0, '', 2, 0, 0, 1, 0, 39843, '', 0, 0, '', 0, 0, '2018-09-07 19:44:13', '2018-09-07 19:44:39'),
(249, 1, 1, 0, '', 2, 0, 0, 1, 0, 39844, '', 0, 0, '', 0, 0, '2018-09-07 19:45:35', '2018-09-07 19:47:19'),
(250, 1, 1, 0, '', 2, 0, 0, 1, 0, 39848, '', 0, 0, '', 0, 0, '2018-09-07 19:47:43', '2018-09-07 19:49:24'),
(251, 1, 1, 0, '', 2, 0, 0, 1, 0, 39849, '', 0, 0, '', 0, 0, '2018-09-07 19:49:52', '2018-09-07 19:51:35'),
(252, 1, 1, 0, '', 2, 0, 0, 1, 0, 39850, '', 0, 0, '', 0, 0, '2018-09-07 19:51:49', '2018-09-07 19:53:40'),
(253, 1, 1, 0, '', 2, 0, 0, 1, 0, 39851, '', 0, 0, '', 0, 0, '2018-09-07 19:53:59', '2018-09-07 19:55:44'),
(254, 1, 1, 0, '', 2, 0, 0, 1, 0, 39852, '', 0, 0, '', 0, 0, '2018-09-07 19:56:03', '2018-09-07 19:57:52'),
(255, 1, 1, 0, '', 2, 0, 0, 1, 0, 39855, '', 0, 0, '', 0, 0, '2018-09-07 19:58:16', '2018-09-07 20:00:02'),
(256, 1, 1, 0, '', 2, 0, 0, 1, 0, 39856, '', 0, 0, '', 0, 0, '2018-09-07 20:00:15', '2018-09-07 20:00:58'),
(257, 1, 1, 0, '', 1, 0, 0, 1, 0, 39893, '', 0, 0, '', 0, 0, '2018-09-07 20:39:39', '2018-09-07 20:41:14'),
(258, 1, 1, 0, '', 1, 0, 0, 1, 0, 39895, '', 0, 0, '', 0, 0, '2018-09-07 20:41:36', '2018-09-07 20:41:36'),
(259, 1, 1, 0, '', 1, 0, 0, 1, 0, 40042, '', 0, 0, '', 0, 0, '2018-09-08 13:11:14', '2018-09-08 13:11:14'),
(260, 1, 1, 0, '', 1, 82, 82, 1, 32, 40162, '3fc9f5fd27cf5b4c96cb20bf5e7e3ea7', 0, 0, '', 0, 0, '2018-09-08 20:55:12', '2018-09-17 04:39:03'),
(261, 1, 1, 0, '', 2, 0, 0, 1, 0, 40467, '', 0, 0, '', 0, 0, '2018-09-09 22:05:03', '2018-09-09 22:05:25'),
(262, 1, 1, 0, '', 2, 0, 0, 1, 0, 40469, '', 0, 0, '', 0, 0, '2018-09-09 22:05:37', '2018-09-09 22:06:29'),
(263, 1, 1, 0, '', 1, 0, 0, 1, 0, 40507, '', 0, 0, '', 0, 0, '2018-09-09 22:44:58', '2018-09-09 22:45:56'),
(264, 1, 1, 0, '', 1, 0, 0, 1, 0, 40510, '', 0, 0, '', 0, 0, '2018-09-09 22:46:42', '2018-09-09 22:47:57'),
(265, 1, 1, 0, '', 1, 0, 0, 1, 0, 40517, '', 0, 0, '', 0, 0, '2018-09-09 22:48:40', '2018-09-09 22:49:53'),
(266, 1, 1, 0, '', 1, 0, 0, 1, 0, 40508, '', 0, 0, '', 1, 0, '2018-09-09 22:51:11', '2018-09-09 22:52:09'),
(267, 1, 1, 0, '', 1, 0, 0, 1, 0, 33743, '', 0, 0, '', 1, 0, '2018-09-10 14:16:42', '2018-09-10 14:16:42'),
(268, 1, 1, 75, 'a:1:{i:85;s:3:\"75,\";}', 1, 85, 86, 1, 40, 40862, '70ce947f80ccd54002b17a3dbb3239f6', 0, 0, '', 0, 0, '2018-09-10 23:50:45', '2018-09-15 20:38:30'),
(270, 1, 1, 72, '', 1, 82, 82, 1, 32, 41251, '3fc9f5fd27cf5b4c96cb20bf5e7e3ea7', 0, 0, '', 0, 0, '2018-09-11 20:45:42', '2018-09-11 20:47:38'),
(271, 1, 1, 0, '', 2, 0, 0, 1, 0, 41266, '', 0, 0, '', 0, 0, '2018-09-11 22:15:01', '2018-09-11 22:15:11'),
(272, 1, 1, 0, '', 2, 0, 0, 1, 0, 41267, '', 0, 0, '', 0, 0, '2018-09-11 22:16:30', '2018-09-11 22:16:47'),
(273, 1, 1, 0, '', 1, 0, 0, 1, 0, 41274, '', 0, 0, '', 0, 0, '2018-09-11 22:26:43', '2018-09-11 22:26:57'),
(274, 1, 1, 0, '', 2, 83, 83, 1, 38, 41518, '767f683b9b0df51ae15c47d6c3c1af1a', 0, 0, '', 0, 0, '2018-09-12 21:05:06', '2018-09-14 19:47:32'),
(276, 1, 1, 0, '', 1, 0, 0, 1, 0, 41617, '', 0, 0, '', 0, 0, '2018-09-13 08:07:52', '2018-09-13 08:09:18'),
(277, 1, 1, 0, '', 1, 0, 0, 1, 0, 41772, '', 0, 0, '', 0, 0, '2018-09-13 18:15:24', '2018-09-13 18:15:25'),
(278, 1, 1, 0, '', 2, 0, 0, 1, 0, 41927, '', 0, 0, '', 0, 0, '2018-09-14 06:26:26', '2018-09-14 06:26:26'),
(279, 1, 1, 0, '', 1, 0, 0, 1, 0, 41930, '', 0, 0, '', 0, 0, '2018-09-14 06:32:50', '2018-09-14 06:33:13'),
(281, 1, 1, 0, '', 2, 0, 0, 1, 0, 42143, '', 0, 0, '', 0, 0, '2018-09-14 17:26:07', '2018-09-14 17:26:07'),
(282, 1, 1, 0, '', 1, 0, 0, 1, 0, 42146, '', 0, 0, '', 0, 0, '2018-09-14 17:31:21', '2018-09-14 17:31:53'),
(283, 1, 1, 0, '', 1, 0, 0, 1, 0, 42165, '', 0, 0, '', 0, 0, '2018-09-14 18:50:05', '2018-09-14 18:50:21'),
(284, 1, 1, 0, '', 2, 0, 0, 1, 0, 42197, '', 0, 0, '', 0, 0, '2018-09-14 20:34:03', '2018-09-14 20:34:03'),
(285, 1, 1, 0, '', 1, 0, 0, 1, 0, 42200, '', 0, 0, '', 0, 0, '2018-09-14 20:37:46', '2018-09-14 20:37:58'),
(286, 1, 1, 72, '', 1, 84, 84, 1, 39, 40098, 'd419e50f73397fe9b52c45e71c4bea3f', 0, 0, '', 0, 0, '2018-09-15 11:46:29', '2018-09-15 13:56:19'),
(287, 1, 1, 0, '', 1, 0, 0, 1, 0, 42432, '', 0, 0, '', 0, 0, '2018-09-15 15:12:18', '2018-09-15 15:12:35'),
(288, 1, 1, 0, '', 1, 0, 0, 1, 0, 42443, '', 0, 0, '', 0, 0, '2018-09-15 16:49:03', '2018-09-15 16:49:11'),
(289, 1, 1, 0, '', 1, 87, 87, 1, 41, 42958, 'a7b38328db8715ac35e127ba5231dee2', 0, 0, '', 0, 0, '2018-09-17 05:53:26', '2018-09-17 05:57:38'),
(291, 1, 1, 0, '', 1, 0, 0, 1, 0, 43109, '', 0, 0, '', 0, 0, '2018-09-17 20:17:29', '2018-09-17 20:18:36'),
(292, 1, 1, 0, '', 1, 0, 0, 1, 0, 43110, '', 0, 0, '', 0, 0, '2018-09-17 20:20:00', '2018-09-17 20:20:08'),
(293, 1, 1, 0, '', 1, 0, 0, 1, 0, 43307, '', 0, 0, '', 1, 0, '2018-09-18 06:54:52', '2018-09-19 07:35:14'),
(294, 1, 1, 0, '', 2, 0, 0, 1, 0, 43444, '', 0, 0, '', 0, 0, '2018-09-18 11:05:28', '2018-09-18 11:05:36'),
(295, 1, 1, 0, '', 1, 0, 0, 1, 0, 43446, '', 0, 0, '', 0, 0, '2018-09-18 11:08:56', '2018-09-18 11:08:56'),
(296, 1, 1, 0, '', 1, 84, 84, 1, 39, 43777, 'd419e50f73397fe9b52c45e71c4bea3f', 0, 0, '', 0, 0, '2018-09-19 10:54:42', '2018-09-19 10:54:42'),
(297, 1, 1, 72, 'a:1:{i:29;s:3:\"89,\";}', 1, 152, 152, 1, 1, 43757, '568b2fd88b5016b6ca13231ff4ad84f0', 0, 0, '', 0, 0, '2018-09-19 12:43:07', '2018-12-19 15:39:10'),
(298, 1, 1, 0, '', 2, 0, 0, 1, 0, 43817, '', 0, 0, '', 0, 0, '2018-09-19 12:59:16', '2018-09-19 12:59:16'),
(299, 1, 1, 0, '', 1, 0, 0, 1, 0, 41465, '', 0, 0, '', 0, 0, '2018-09-19 17:02:39', '2018-09-19 17:02:40'),
(300, 1, 1, 0, '', 2, 0, 0, 1, 0, 44621, '', 0, 0, '', 1, 0, '2018-09-20 05:39:55', '2018-09-20 05:39:55'),
(301, 1, 1, 0, '', 2, 0, 0, 1, 0, 44721, '', 0, 0, '', 1, 0, '2018-09-20 13:01:19', '2018-09-20 13:01:55'),
(302, 1, 1, 0, '', 1, 0, 0, 1, 0, 45290, '', 0, 0, '', 1, 0, '2018-09-21 15:42:45', '2018-09-21 15:42:45'),
(305, 1, 1, 72, '', 2, 89, 89, 1, 42, 48447, '4a31110de3c0f74a0f2ef189e59de1a8', 0, 0, '', 0, 0, '2018-09-24 16:05:26', '2018-09-24 16:09:29'),
(306, 1, 1, 0, '', 1, 0, 0, 1, 0, 48347, '', 0, 0, '', 0, 0, '2018-09-25 16:40:03', '2018-09-25 16:40:04'),
(307, 1, 1, 72, '', 2, 91, 91, 1, 43, 48842, 'ed1b3bc99c43cb6fa4248dc7593ad3fd', 0, 0, '', 0, 0, '2018-09-25 20:58:45', '2018-09-25 21:03:43'),
(308, 1, 1, 0, '', 2, 93, 93, 1, 44, 49419, '83f839708c33ad104baa62ddd91bef8c', 0, 0, '', 0, 0, '2018-09-27 11:23:28', '2018-09-27 11:27:24'),
(309, 1, 1, 0, '', 1, 0, 0, 1, 0, 26451, '', 0, 0, '', 0, 0, '2018-09-28 16:29:47', '2018-09-28 16:29:54'),
(310, 1, 1, 0, '', 2, 0, 0, 1, 0, 50481, '', 0, 0, '', 0, 0, '2018-09-29 15:03:51', '2018-09-29 15:03:52'),
(311, 1, 1, 0, '', 2, 91, 91, 1, 43, 49433, 'ed1b3bc99c43cb6fa4248dc7593ad3fd', 0, 0, '', 0, 0, '2018-10-01 14:36:40', '2018-10-01 14:36:40'),
(312, 1, 1, 72, '', 1, 96, 96, 1, 46, 51194, '51b9c36dff766593b1ef65b4178b1519', 0, 0, '', 0, 0, '2018-10-01 18:56:53', '2018-10-06 18:28:21'),
(313, 1, 1, 72, '', 1, 94, 94, 1, 45, 51428, 'be8f961e17a7c6abe6e0d67d38c4a62c', 0, 0, '', 0, 0, '2018-10-02 11:40:53', '2018-10-02 11:45:06'),
(314, 1, 1, 0, '', 2, 0, 0, 1, 0, 51858, '', 0, 0, '', 1, 0, '2018-10-03 19:17:36', '2018-10-03 19:17:36'),
(315, 1, 1, 0, '', 2, 0, 0, 1, 0, 52499, '', 0, 0, '', 1, 0, '2018-10-05 15:52:48', '2018-10-05 15:52:49'),
(316, 1, 1, 0, '', 1, 0, 0, 1, 0, 52302, '', 0, 0, '', 0, 0, '2018-10-07 02:05:45', '2018-10-07 02:05:45'),
(317, 1, 1, 0, '', 2, 0, 0, 1, 0, 53111, '', 0, 0, '', 0, 0, '2018-10-07 09:57:29', '2018-10-07 09:58:33'),
(318, 1, 1, 72, '', 1, 98, 98, 1, 47, 53366, '898910ee3d49728a8e3dadb72bcc5809', 0, 0, '', 0, 0, '2018-10-07 16:18:59', '2018-10-07 16:27:06'),
(319, 1, 1, 0, '', 2, 0, 0, 1, 0, 55903, '', 0, 0, '', 0, 0, '2018-10-13 04:53:21', '2018-10-13 04:53:21'),
(320, 1, 1, 0, '', 1, 0, 0, 1, 0, 55917, '', 0, 0, '', 0, 0, '2018-10-13 05:46:32', '2018-10-13 05:47:40'),
(321, 1, 1, 0, '', 1, 0, 0, 1, 0, 57151, '', 0, 0, '', 0, 0, '2018-10-14 17:55:01', '2018-10-14 17:55:47'),
(322, 1, 1, 0, '', 1, 0, 0, 1, 0, 57152, '', 0, 0, '', 0, 0, '2018-10-14 17:56:08', '2018-10-14 17:57:57'),
(323, 1, 1, 0, '', 1, 0, 0, 1, 0, 57154, '', 0, 0, '', 0, 0, '2018-10-14 17:58:14', '2018-10-14 18:00:04'),
(324, 1, 1, 0, '', 1, 0, 0, 1, 0, 57157, '', 0, 0, '', 0, 0, '2018-10-14 18:00:24', '2018-10-14 18:02:11'),
(325, 1, 1, 0, '', 1, 0, 0, 1, 0, 57160, '', 0, 0, '', 0, 0, '2018-10-14 18:02:32', '2018-10-14 18:04:17'),
(327, 1, 1, 0, '', 1, 0, 0, 1, 0, 57162, '', 0, 0, '', 0, 0, '2018-10-14 18:06:40', '2018-10-14 18:08:21'),
(328, 1, 1, 0, '', 1, 0, 0, 1, 0, 57163, '', 0, 0, '', 0, 0, '2018-10-14 18:08:45', '2018-10-14 18:10:27'),
(329, 1, 1, 0, '', 1, 0, 0, 1, 0, 57164, '', 0, 0, '', 0, 0, '2018-10-14 18:10:46', '2018-10-14 18:12:25'),
(330, 1, 1, 0, '', 1, 0, 0, 1, 0, 57167, '', 0, 0, '', 0, 0, '2018-10-14 18:12:46', '2018-10-14 18:14:28'),
(332, 1, 1, 0, '', 1, 0, 0, 1, 0, 57171, '', 0, 0, '', 0, 0, '2018-10-14 18:17:05', '2018-10-14 18:18:49'),
(333, 1, 1, 0, '', 1, 0, 0, 1, 0, 57172, '', 0, 0, '', 0, 0, '2018-10-14 18:19:15', '2018-10-14 18:20:42'),
(334, 1, 1, 0, '', 2, 0, 0, 1, 0, 58013, '', 0, 0, '', 0, 0, '2018-10-16 17:21:17', '2018-10-16 17:21:51'),
(335, 1, 1, 0, '', 1, 100, 100, 1, 48, 58102, '51fa561d33e51e8bbcd030f8a87d5f33', 0, 0, '', 1, 0, '2018-10-16 21:47:26', '2018-10-18 23:13:26'),
(336, 1, 1, 0, '', 2, 0, 0, 1, 0, 58109, '', 0, 0, '', 0, 0, '2018-10-16 21:59:11', '2018-10-16 21:59:11'),
(337, 1, 1, 0, '', 2, 0, 0, 1, 0, 58126, '', 0, 0, '', 1, 0, '2018-10-16 22:07:27', '2018-10-16 22:07:42'),
(338, 1, 1, 0, '', 2, 0, 0, 1, 0, 58155, '', 0, 0, '', 0, 0, '2018-10-16 22:39:32', '2018-10-23 22:23:31'),
(339, 1, 1, 0, '', 2, 0, 0, 1, 0, 58163, '', 0, 0, '', 0, 0, '2018-10-16 23:20:46', '2018-10-16 23:21:13'),
(340, 1, 1, 0, '', 2, 0, 0, 1, 0, 58285, '', 0, 0, '', 0, 0, '2018-10-17 02:25:26', '2018-10-17 02:25:27'),
(341, 1, 1, 0, '', 2, 0, 0, 1, 0, 58369, '', 0, 0, '', 1, 0, '2018-10-17 06:05:44', '2018-10-17 06:05:44'),
(342, 1, 1, 0, '', 2, 0, 0, 1, 0, 58498, '', 0, 0, '', 1, 0, '2018-10-17 13:01:03', '2018-10-17 13:01:03'),
(343, 1, 1, 0, '', 1, 0, 0, 1, 0, 58560, '', 0, 0, '', 0, 0, '2018-10-17 17:31:54', '2018-10-17 17:38:57'),
(344, 1, 1, 0, '', 1, 0, 0, 1, 0, 58563, '', 0, 0, '', 1, 0, '2018-10-17 17:43:27', '2018-10-17 17:43:27'),
(345, 1, 1, 0, '', 1, 0, 0, 1, 0, 58565, '', 0, 0, '', 1, 0, '2018-10-17 18:12:51', '2018-10-17 18:12:51'),
(346, 1, 1, 0, '', 2, 0, 0, 1, 0, 58598, '', 0, 0, '', 0, 0, '2018-10-17 20:23:20', '2018-10-17 20:23:20'),
(347, 1, 1, 0, '', 2, 0, 0, 1, 0, 58891, '', 0, 0, '', 0, 0, '2018-10-18 14:23:58', '2018-10-18 14:24:46'),
(348, 1, 1, 0, '', 2, 0, 0, 1, 0, 58894, '', 0, 0, '', 0, 0, '2018-10-18 14:25:04', '2018-10-18 14:26:52'),
(349, 1, 1, 0, '', 2, 0, 0, 1, 0, 58895, '', 0, 0, '', 0, 0, '2018-10-18 14:27:10', '2018-10-18 14:28:59'),
(350, 1, 1, 0, '', 2, 0, 0, 1, 0, 58902, '', 0, 0, '', 0, 0, '2018-10-18 14:29:17', '2018-10-18 14:31:02'),
(351, 1, 1, 0, '', 2, 0, 0, 1, 0, 58903, '', 0, 0, '', 0, 0, '2018-10-18 14:31:20', '2018-10-18 14:33:13'),
(352, 1, 1, 0, '', 2, 0, 0, 1, 0, 58904, '', 0, 0, '', 0, 0, '2018-10-18 14:33:30', '2018-10-18 14:35:18'),
(353, 1, 1, 0, '', 2, 0, 0, 1, 0, 58907, '', 0, 0, '', 0, 0, '2018-10-18 14:35:31', '2018-10-18 14:37:06'),
(354, 1, 1, 0, '', 2, 0, 0, 1, 0, 58909, '', 0, 0, '', 0, 0, '2018-10-18 14:37:40', '2018-10-18 14:39:21'),
(355, 1, 1, 0, '', 2, 0, 0, 1, 0, 58910, '', 0, 0, '', 0, 0, '2018-10-18 14:39:37', '2018-10-18 14:41:22'),
(356, 1, 1, 0, '', 2, 0, 0, 1, 0, 58912, '', 0, 0, '', 0, 0, '2018-10-18 14:41:36', '2018-10-18 14:43:25'),
(357, 1, 1, 0, '', 2, 0, 0, 1, 0, 58914, '', 0, 0, '', 0, 0, '2018-10-18 14:43:41', '2018-10-18 14:45:29'),
(358, 1, 1, 0, '', 2, 0, 0, 1, 0, 58917, '', 0, 0, '', 0, 0, '2018-10-18 14:45:44', '2018-10-18 14:45:55'),
(359, 1, 1, 0, '', 1, 0, 0, 1, 0, 58960, '', 0, 0, '', 0, 0, '2018-10-18 15:27:40', '2018-10-18 15:28:52'),
(360, 1, 1, 72, '', 2, 101, 102, 1, 49, 59059, '9128305ff21234aecd4dbeb53dad8929', 0, 0, '', 0, 0, '2018-10-18 23:11:12', '2018-10-18 23:20:18'),
(361, 1, 1, 0, '', 2, 0, 0, 1, 0, 59443, '', 0, 0, '', 1, 0, '2018-10-20 04:50:47', '2018-10-20 04:50:48'),
(362, 1, 1, 0, '', 2, 0, 0, 1, 0, 59457, '', 0, 0, '', 0, 0, '2018-10-20 06:06:44', '2018-10-20 06:06:44'),
(363, 1, 1, 75, 'a:1:{i:103;s:3:\"75,\";}', 2, 103, 103, 1, 50, 56874, '81bf3acecb8b8a1f0db6685556302e0e', 0, 0, '', 1, 0, '2018-10-20 09:23:52', '2018-10-20 09:35:53'),
(364, 1, 1, 0, '', 2, 0, 0, 1, 0, 59533, '', 0, 0, '', 1, 0, '2018-10-20 15:20:50', '2018-10-20 15:24:14'),
(365, 1, 1, 0, '', 2, 103, 103, 1, 50, 56874, '81bf3acecb8b8a1f0db6685556302e0e', 0, 0, '', 1, 0, '2018-10-20 17:30:03', '2018-10-20 18:35:39'),
(366, 1, 1, 0, '', 2, 0, 0, 1, 0, 59589, '', 0, 0, '', 0, 0, '2018-10-20 18:16:09', '2018-10-20 18:16:35'),
(367, 1, 1, 0, '', 2, 0, 0, 1, 0, 59592, '', 0, 0, '', 0, 0, '2018-10-20 18:16:58', '2018-10-20 18:18:35'),
(368, 1, 1, 0, '', 1, 0, 0, 1, 0, 59623, '', 0, 0, '', 0, 0, '2018-10-20 18:48:14', '2018-10-20 18:49:57'),
(369, 1, 1, 0, '', 1, 0, 0, 1, 0, 60412, '', 0, 0, '', 1, 0, '2018-10-22 11:46:38', '2018-10-22 11:56:13'),
(370, 1, 1, 72, '', 1, 110, 110, 1, 54, 60547, 'f44edd178ab2ff5778809070cd5a759e', 0, 0, '', 0, 0, '2018-10-22 21:26:12', '2018-11-01 19:46:04'),
(371, 1, 1, 0, '', 2, 0, 0, 1, 0, 60622, '', 0, 0, '', 0, 0, '2018-10-23 05:37:36', '2018-10-23 05:37:36'),
(372, 1, 1, 0, '', 1, 0, 0, 1, 0, 60631, '', 0, 0, '', 0, 0, '2018-10-23 05:44:27', '2018-10-23 05:44:58'),
(373, 1, 1, 0, '', 1, 0, 0, 1, 0, 60735, '', 0, 0, '', 0, 0, '2018-10-23 16:33:38', '2018-10-23 16:33:38'),
(374, 1, 1, 0, '', 1, 0, 0, 1, 0, 61664, '', 0, 0, '', 0, 0, '2018-10-25 16:38:34', '2018-10-25 16:38:34'),
(375, 1, 1, 72, '', 1, 121, 121, 1, 62, 48674, '128856a08f7f0f9521afb04f88c0449c', 0, 0, '', 0, 0, '2018-10-26 09:09:33', '2018-11-13 10:18:20'),
(376, 1, 1, 0, '', 1, 0, 0, 1, 0, 56251, '', 0, 0, '', 0, 0, '2018-10-26 22:30:24', '2018-10-26 22:30:42'),
(377, 1, 1, 0, '', 2, 0, 0, 1, 0, 55416, '', 0, 0, '', 0, 0, '2018-10-27 06:05:39', '2018-10-27 06:58:04'),
(378, 1, 1, 0, '', 1, 0, 0, 1, 0, 64411, '', 0, 0, '', 0, 0, '2018-10-27 07:49:52', '2018-10-27 17:48:55'),
(379, 1, 1, 0, '', 1, 0, 0, 1, 0, 64636, '', 0, 0, '', 0, 0, '2018-10-27 18:15:05', '2018-10-27 21:48:08'),
(380, 1, 1, 0, '', 2, 0, 0, 1, 0, 64704, '', 0, 0, '', 0, 0, '2018-10-27 21:58:06', '2018-10-27 22:02:30'),
(381, 1, 1, 72, '', 1, 104, 104, 1, 51, 64560, 'a03ce3a33888d08048e405c88ffc4722', 0, 0, '', 0, 0, '2018-10-28 21:49:44', '2018-10-28 22:13:10'),
(382, 1, 1, 72, '', 1, 104, 104, 1, 51, 64560, 'a03ce3a33888d08048e405c88ffc4722', 0, 0, '', 0, 0, '2018-10-29 19:14:10', '2018-10-29 19:20:08'),
(383, 1, 1, 0, '', 1, 0, 0, 1, 0, 66121, '', 0, 0, '', 0, 0, '2018-10-30 11:08:30', '2018-10-30 11:08:49'),
(384, 1, 1, 0, '', 2, 0, 0, 1, 0, 66168, '', 0, 0, '', 0, 0, '2018-10-30 11:39:39', '2018-10-30 11:40:15'),
(385, 1, 1, 0, '', 1, 0, 0, 1, 0, 66190, '', 0, 0, '', 0, 0, '2018-10-30 12:09:50', '2018-10-30 12:11:09'),
(386, 1, 1, 0, '', 1, 0, 0, 1, 0, 66194, '', 0, 0, '', 0, 0, '2018-10-30 12:11:25', '2018-10-30 12:13:00'),
(387, 1, 1, 0, '', 1, 0, 0, 1, 0, 66198, '', 0, 0, '', 0, 0, '2018-10-30 12:13:29', '2018-10-30 12:15:23'),
(388, 1, 1, 0, '', 1, 0, 0, 1, 0, 66200, '', 0, 0, '', 0, 0, '2018-10-30 12:15:44', '2018-10-30 12:17:29'),
(389, 1, 1, 0, '', 1, 0, 0, 1, 0, 66201, '', 0, 0, '', 0, 0, '2018-10-30 12:17:46', '2018-10-30 12:19:37'),
(390, 1, 1, 0, '', 1, 0, 0, 1, 0, 66202, '', 0, 0, '', 0, 0, '2018-10-30 12:19:53', '2018-10-30 12:21:37'),
(391, 1, 1, 0, '', 1, 0, 0, 1, 0, 66203, '', 0, 0, '', 0, 0, '2018-10-30 12:21:54', '2018-10-30 12:23:46'),
(392, 1, 1, 0, '', 1, 0, 0, 1, 0, 66208, '', 0, 0, '', 0, 0, '2018-10-30 12:24:03', '2018-10-30 12:25:52'),
(393, 1, 1, 0, '', 1, 0, 0, 1, 0, 66209, '', 0, 0, '', 0, 0, '2018-10-30 12:26:08', '2018-10-30 12:27:53'),
(394, 1, 1, 0, '', 1, 0, 0, 1, 0, 66210, '', 0, 0, '', 0, 0, '2018-10-30 12:28:41', '2018-10-30 12:29:16'),
(395, 1, 1, 0, '', 1, 0, 0, 1, 0, 66184, '', 0, 0, '', 0, 0, '2018-10-30 14:35:39', '2018-10-30 14:35:39'),
(396, 1, 1, 0, '', 1, 0, 0, 1, 0, 66293, '', 0, 0, '', 0, 0, '2018-10-30 14:50:10', '2018-10-30 14:50:31'),
(397, 1, 1, 0, '', 1, 0, 0, 1, 0, 66298, '', 0, 0, '', 0, 0, '2018-10-30 14:59:58', '2018-10-30 14:59:58'),
(398, 1, 1, 0, '', 1, 0, 0, 1, 0, 66301, '', 0, 0, '', 0, 0, '2018-10-30 15:00:39', '2018-10-30 15:02:16'),
(399, 1, 1, 0, '', 1, 0, 0, 1, 0, 66302, '', 0, 0, '', 0, 0, '2018-10-30 15:02:38', '2018-10-30 15:04:00'),
(400, 1, 1, 72, '', 1, 107, 107, 1, 52, 66365, '94a2e62df5868d1e394789dbd18a7ee4', 0, 0, '', 0, 0, '2018-10-30 15:58:44', '2018-10-30 16:09:52'),
(401, 1, 1, 0, '', 2, 0, 0, 1, 0, 66366, '', 0, 0, '', 0, 0, '2018-10-30 16:00:02', '2018-10-30 16:00:47'),
(402, 1, 1, 0, '', 2, 0, 0, 1, 0, 66376, '', 0, 0, '', 0, 0, '2018-10-30 16:01:20', '2018-10-30 16:02:59'),
(403, 1, 1, 0, '', 2, 0, 0, 1, 0, 66378, '', 0, 0, '', 0, 0, '2018-10-30 16:03:28', '2018-10-30 16:04:57'),
(404, 1, 1, 0, '', 2, 0, 0, 1, 0, 66380, '', 0, 0, '', 0, 0, '2018-10-30 16:05:29', '2018-10-30 16:07:13'),
(405, 1, 1, 0, '', 2, 0, 0, 1, 0, 66382, '', 0, 0, '', 0, 0, '2018-10-30 16:07:41', '2018-10-30 16:09:08'),
(406, 1, 1, 0, '', 2, 0, 0, 1, 0, 66383, '', 0, 0, '', 0, 0, '2018-10-30 16:09:39', '2018-10-30 16:10:55'),
(407, 1, 1, 0, '', 2, 0, 0, 1, 0, 66387, '', 0, 0, '', 0, 0, '2018-10-30 16:11:49', '2018-10-30 16:13:23'),
(408, 1, 1, 0, '', 2, 0, 0, 1, 0, 66388, '', 0, 0, '', 0, 0, '2018-10-30 16:13:57', '2018-10-30 16:15:30'),
(409, 1, 1, 0, '', 2, 0, 0, 1, 0, 66389, '', 0, 0, '', 0, 0, '2018-10-30 16:16:10', '2018-10-30 16:17:39'),
(410, 1, 1, 0, '', 2, 0, 0, 1, 0, 66390, '', 0, 0, '', 0, 0, '2018-10-30 16:18:07', '2018-10-30 16:19:57'),
(411, 1, 1, 0, '', 2, 0, 0, 1, 0, 66394, '', 0, 0, '', 0, 0, '2018-10-30 16:20:25', '2018-10-30 16:22:05'),
(412, 1, 1, 0, '', 2, 0, 0, 1, 0, 66398, '', 0, 0, '', 0, 0, '2018-10-30 16:22:20', '2018-10-30 16:24:09'),
(413, 1, 1, 0, '', 2, 0, 0, 1, 0, 66400, '', 0, 0, '', 0, 0, '2018-10-30 16:24:39', '2018-10-30 16:26:25'),
(414, 1, 1, 0, '', 1, 107, 107, 1, 52, 66365, '94a2e62df5868d1e394789dbd18a7ee4', 0, 0, '', 0, 0, '2018-10-30 16:24:54', '2018-11-09 15:40:03'),
(415, 1, 1, 0, '', 2, 0, 0, 1, 0, 66403, '', 0, 0, '', 0, 0, '2018-10-30 16:27:03', '2018-10-30 16:28:25'),
(416, 1, 1, 0, '', 2, 0, 0, 1, 0, 66404, '', 0, 0, '', 0, 0, '2018-10-30 16:29:01', '2018-10-30 16:30:47'),
(417, 1, 1, 0, '', 2, 0, 0, 1, 0, 66405, '', 0, 0, '', 0, 0, '2018-10-30 16:31:04', '2018-10-30 16:32:52'),
(418, 1, 1, 0, '', 2, 0, 0, 1, 0, 66409, '', 0, 0, '', 0, 0, '2018-10-30 16:33:04', '2018-10-30 16:34:35'),
(419, 1, 1, 72, '', 1, 108, 108, 1, 53, 64986, 'fb1640a25e4daa871227f205d98cabfa', 0, 0, '', 0, 0, '2018-10-30 17:16:54', '2018-10-30 17:35:42'),
(420, 1, 1, 0, '', 1, 0, 0, 1, 0, 72094, '', 0, 0, '', 0, 0, '2018-10-31 10:05:34', '2018-10-31 10:06:07'),
(421, 1, 1, 0, '', 1, 0, 0, 1, 0, 72096, '', 0, 0, '', 0, 0, '2018-10-31 10:06:27', '2018-10-31 10:06:59'),
(422, 1, 1, 0, '', 1, 107, 107, 1, 52, 72053, '94a2e62df5868d1e394789dbd18a7ee4', 0, 0, '', 0, 0, '2018-10-31 11:06:04', '2018-10-31 11:06:04'),
(423, 1, 1, 0, '', 1, 0, 0, 1, 0, 72130, '', 0, 0, '', 0, 0, '2018-10-31 12:04:09', '2018-10-31 12:04:50'),
(424, 1, 1, 0, '', 2, 0, 0, 1, 0, 72134, '', 0, 0, '', 0, 0, '2018-10-31 12:10:54', '2018-10-31 12:11:36'),
(425, 1, 1, 0, '', 2, 0, 0, 1, 0, 72164, '', 0, 0, '', 0, 0, '2018-10-31 12:41:42', '2018-10-31 12:43:06'),
(426, 1, 1, 0, '', 1, 0, 0, 1, 0, 72199, '', 0, 0, '', 0, 0, '2018-10-31 13:11:11', '2018-10-31 13:12:51'),
(427, 1, 1, 0, '', 1, 0, 0, 1, 0, 72203, '', 0, 0, '', 0, 0, '2018-10-31 13:13:19', '2018-10-31 13:13:44'),
(428, 1, 1, 0, '', 2, 0, 0, 1, 0, 72276, '', 0, 0, '', 0, 0, '2018-10-31 17:20:32', '2018-10-31 17:20:41'),
(429, 1, 1, 0, '', 1, 109, 109, 1, 54, 72323, 'f44edd178ab2ff5778809070cd5a759e', 0, 0, '', 0, 0, '2018-10-31 19:41:47', '2018-10-31 19:45:09'),
(431, 1, 1, 0, '', 2, 118, 118, 1, 60, 73086, 'a57984350e71c928227c05e7436caa63', 0, 0, '', 0, 0, '2018-11-02 11:10:45', '2018-11-09 12:04:09'),
(432, 1, 1, 75, 'a:1:{i:113;s:3:\"75,\";}', 2, 113, 113, 1, 56, 73319, '7c7dcde743f429e8ed3f48c8475b4a47', 0, 0, '', 1, 0, '2018-11-02 23:55:36', '2018-11-03 00:00:22'),
(433, 1, 1, 72, '', 2, 114, 114, 1, 57, 73329, 'eb1221e81ce53b3e3efb3ffb185cba05', 0, 0, '', 0, 0, '2018-11-03 00:13:00', '2018-11-03 00:23:49'),
(434, 1, 1, 0, '', 2, 0, 0, 1, 0, 73930, '', 0, 0, '', 0, 0, '2018-11-04 00:42:21', '2018-11-04 00:42:22'),
(435, 1, 1, 0, '', 2, 0, 0, 1, 0, 73335, '', 0, 0, '', 0, 0, '2018-11-04 19:44:39', '2018-11-04 19:47:25');
INSERT INTO `gcahdy_cart` (`id_cart`, `id_shop_group`, `id_shop`, `id_carrier`, `delivery_option`, `id_lang`, `id_address_delivery`, `id_address_invoice`, `id_currency`, `id_customer`, `id_guest`, `secure_key`, `recyclable`, `gift`, `gift_message`, `mobile_theme`, `allow_seperated_package`, `date_add`, `date_upd`) VALUES
(436, 1, 1, 0, '', 1, 0, 0, 1, 0, 59815, '', 0, 0, '', 0, 0, '2018-11-06 17:24:01', '2018-11-06 17:24:30'),
(437, 1, 1, 75, 'a:1:{i:116;s:3:\"75,\";}', 2, 116, 116, 1, 58, 75199, '4822dcf635cf21e0dea46dcad31373f5', 0, 0, '', 0, 0, '2018-11-06 21:10:43', '2018-11-06 21:12:53'),
(438, 1, 1, 0, '', 1, 0, 0, 1, 0, 43557, '', 0, 0, '', 1, 0, '2018-11-06 23:29:00', '2018-11-06 23:32:17'),
(439, 1, 1, 0, '', 1, 0, 0, 1, 0, 77669, '', 0, 0, '', 0, 0, '2018-11-07 19:41:07', '2018-11-07 19:41:08'),
(440, 1, 1, 75, 'a:1:{i:117;s:3:\"75,\";}', 2, 117, 117, 1, 59, 77705, '74dd1b4126467ad390caf4dcc498eec6', 0, 0, '', 0, 0, '2018-11-07 21:16:16', '2018-11-07 21:35:22'),
(441, 1, 1, 0, '', 1, 9, 9, 1, 3, 78040, 'a508315035a3432ef2f3dc080a4a1ebf', 0, 0, '', 0, 0, '2018-11-08 12:33:10', '2018-11-08 12:33:10'),
(442, 1, 1, 0, '', 1, 0, 0, 1, 0, 78317, '', 0, 0, '', 0, 0, '2018-11-08 17:29:18', '2018-11-08 17:31:13'),
(443, 1, 1, 0, '', 1, 0, 0, 1, 0, 78382, '', 0, 0, '', 0, 0, '2018-11-08 20:30:42', '2018-11-21 23:05:34'),
(444, 1, 1, 0, '', 1, 0, 0, 1, 0, 78396, '', 0, 0, '', 0, 0, '2018-11-08 20:36:12', '2018-11-08 20:37:55'),
(445, 1, 1, 0, '', 2, 0, 0, 1, 0, 78397, '', 0, 0, '', 0, 0, '2018-11-08 20:38:04', '2018-11-08 20:38:56'),
(446, 1, 1, 0, '', 1, 0, 0, 1, 0, 78400, '', 0, 0, '', 0, 0, '2018-11-08 20:40:05', '2018-11-08 20:41:55'),
(447, 1, 1, 0, '', 2, 0, 0, 1, 0, 78401, '', 0, 0, '', 0, 0, '2018-11-08 20:42:14', '2018-11-08 20:44:00'),
(448, 1, 1, 0, '', 2, 0, 0, 1, 0, 78404, '', 0, 0, '', 0, 0, '2018-11-08 20:44:08', '2018-11-08 20:45:51'),
(449, 1, 1, 0, '', 1, 0, 0, 1, 0, 78408, '', 0, 0, '', 0, 0, '2018-11-08 20:46:10', '2018-11-08 20:48:03'),
(450, 1, 1, 0, '', 1, 0, 0, 1, 0, 78409, '', 0, 0, '', 0, 0, '2018-11-08 20:48:16', '2018-11-08 20:50:10'),
(451, 1, 1, 0, '', 1, 0, 0, 1, 0, 78410, '', 0, 0, '', 0, 0, '2018-11-08 20:50:13', '2018-11-08 20:52:04'),
(452, 1, 1, 0, '', 2, 0, 0, 1, 0, 78411, '', 0, 0, '', 0, 0, '2018-11-08 20:52:15', '2018-11-08 20:54:02'),
(453, 1, 1, 0, '', 2, 0, 0, 1, 0, 78421, '', 0, 0, '', 0, 0, '2018-11-08 21:07:34', '2018-11-08 21:07:34'),
(454, 1, 1, 0, '', 2, 0, 0, 1, 0, 78424, '', 0, 0, '', 0, 0, '2018-11-08 21:07:57', '2018-11-08 21:08:09'),
(455, 1, 1, 0, '', 2, 0, 0, 1, 0, 78534, '', 0, 0, '', 0, 0, '2018-11-08 23:57:30', '2018-11-08 23:58:53'),
(456, 1, 1, 0, '', 2, 0, 0, 1, 0, 78537, '', 0, 0, '', 0, 0, '2018-11-08 23:58:57', '2018-11-09 00:00:39'),
(457, 1, 1, 0, '', 1, 0, 0, 1, 0, 78552, '', 0, 0, '', 0, 0, '2018-11-09 00:14:38', '2018-11-09 00:15:02'),
(458, 1, 1, 0, '', 1, 0, 0, 1, 0, 78553, '', 0, 0, '', 0, 0, '2018-11-09 00:15:30', '2018-11-09 00:17:13'),
(459, 1, 1, 0, '', 2, 0, 0, 1, 0, 78554, '', 0, 0, '', 0, 0, '2018-11-09 00:17:25', '2018-11-09 00:19:16'),
(460, 1, 1, 0, '', 2, 0, 0, 1, 0, 78556, '', 0, 0, '', 0, 0, '2018-11-09 00:19:21', '2018-11-09 00:21:21'),
(461, 1, 1, 0, '', 2, 0, 0, 1, 0, 78558, '', 0, 0, '', 0, 0, '2018-11-09 00:21:26', '2018-11-09 00:23:18'),
(462, 1, 1, 0, '', 2, 0, 0, 1, 0, 78563, '', 0, 0, '', 0, 0, '2018-11-09 00:23:24', '2018-11-09 00:25:18'),
(463, 1, 1, 0, '', 1, 0, 0, 1, 0, 78576, '', 0, 0, '', 0, 0, '2018-11-09 00:36:13', '2018-11-09 00:37:21'),
(464, 1, 1, 0, '', 2, 0, 0, 1, 0, 78585, '', 0, 0, '', 0, 0, '2018-11-09 01:14:52', '2018-11-09 01:15:40'),
(465, 1, 1, 0, '', 2, 0, 0, 1, 0, 78654, '', 0, 0, '', 0, 0, '2018-11-09 04:01:37', '2018-11-09 04:01:56'),
(466, 1, 1, 0, '', 2, 0, 0, 1, 0, 78655, '', 0, 0, '', 0, 0, '2018-11-09 04:02:03', '2018-11-09 04:02:23'),
(467, 1, 1, 0, '', 1, 0, 0, 1, 0, 78667, '', 0, 0, '', 0, 0, '2018-11-09 04:12:25', '2018-11-09 04:12:32'),
(468, 1, 1, 0, '', 1, 0, 0, 1, 0, 78753, '', 0, 0, '', 0, 0, '2018-11-09 08:22:16', '2018-11-09 08:22:45'),
(469, 1, 1, 0, '', 2, 118, 118, 1, 60, 78843, 'a57984350e71c928227c05e7436caa63', 0, 0, '', 0, 0, '2018-11-09 12:05:45', '2018-11-09 12:21:32'),
(470, 1, 1, 0, '', 1, 0, 0, 1, 0, 78875, '', 0, 0, '', 0, 0, '2018-11-09 13:19:26', '2018-11-09 13:19:27'),
(471, 1, 1, 0, '', 2, 0, 0, 1, 0, 78999, '', 0, 0, '', 1, 0, '2018-11-09 19:00:05', '2018-11-09 19:00:06'),
(472, 1, 1, 0, '', 2, 0, 0, 1, 0, 80025, '', 0, 0, '', 0, 0, '2018-11-11 01:14:42', '2018-11-11 01:14:42'),
(473, 1, 1, 0, '', 1, 0, 0, 1, 0, 78564, '', 0, 0, '', 1, 0, '2018-11-11 08:29:13', '2018-11-11 08:29:57'),
(474, 1, 1, 0, '', 1, 0, 0, 1, 0, 78026, '', 0, 0, '', 0, 0, '2018-11-11 10:48:07', '2018-11-11 10:48:46'),
(475, 1, 1, 75, 'a:1:{i:119;s:3:\"75,\";}', 2, 119, 119, 1, 61, 82469, 'b7ebb16591b9bbdfa60c11385d00c336', 0, 0, '', 0, 0, '2018-11-11 14:53:19', '2018-11-11 14:59:13'),
(476, 1, 1, 0, '', 2, 0, 0, 1, 0, 82536, '', 0, 0, '', 1, 0, '2018-11-11 20:14:46', '2018-11-12 12:31:54'),
(477, 1, 1, 0, '', 2, 0, 0, 1, 0, 82737, '', 0, 0, '', 0, 0, '2018-11-12 03:43:32', '2018-11-12 03:43:33'),
(478, 1, 1, 0, '', 2, 0, 0, 1, 0, 82988, '', 0, 0, '', 0, 0, '2018-11-12 15:08:24', '2018-11-12 15:08:41'),
(479, 1, 1, 0, '', 1, 0, 0, 1, 0, 83207, '', 0, 0, '', 0, 0, '2018-11-12 22:01:46', '2018-11-12 22:01:46'),
(480, 1, 1, 75, 'a:1:{i:120;s:3:\"75,\";}', 2, 120, 120, 1, 63, 83209, '2e4b5a348addf93d40c7e469963c83f6', 0, 0, '', 0, 0, '2018-11-12 22:19:18', '2018-11-12 22:26:08'),
(481, 1, 1, 72, 'a:1:{i:0;s:3:\"72,\";}', 1, 121, 121, 1, 62, 80363, '128856a08f7f0f9521afb04f88c0449c', 0, 0, '', 1, 0, '2018-11-13 09:32:07', '2018-11-14 21:24:39'),
(482, 1, 1, 72, '', 1, 123, 123, 1, 64, 83282, '5b09e9e653051bcc1daf3530c0000c8d', 0, 0, '', 0, 0, '2018-11-13 12:22:22', '2018-11-13 12:55:58'),
(483, 1, 1, 0, '', 2, 0, 0, 1, 0, 83723, '', 0, 0, '', 0, 0, '2018-11-13 17:44:21', '2018-11-13 17:44:21'),
(484, 1, 1, 0, '', 1, 0, 0, 1, 0, 83729, '', 0, 0, '', 0, 0, '2018-11-13 17:48:32', '2018-11-13 17:49:20'),
(485, 1, 1, 0, '', 1, 0, 0, 1, 0, 83730, '', 0, 0, '', 0, 0, '2018-11-13 17:49:45', '2018-11-13 17:51:33'),
(486, 1, 1, 0, '', 2, 0, 0, 1, 0, 83731, '', 0, 0, '', 0, 0, '2018-11-13 17:52:16', '2018-11-13 17:53:45'),
(487, 1, 1, 0, '', 2, 0, 0, 1, 0, 83732, '', 0, 0, '', 0, 0, '2018-11-13 17:53:53', '2018-11-13 17:55:47'),
(488, 1, 1, 0, '', 2, 0, 0, 1, 0, 83736, '', 0, 0, '', 0, 0, '2018-11-13 17:55:53', '2018-11-13 17:57:44'),
(489, 1, 1, 0, '', 1, 0, 0, 1, 0, 83737, '', 0, 0, '', 0, 0, '2018-11-13 17:57:51', '2018-11-13 17:59:48'),
(490, 1, 1, 0, '', 1, 0, 0, 1, 0, 83740, '', 0, 0, '', 0, 0, '2018-11-13 18:00:01', '2018-11-13 18:01:43'),
(491, 1, 1, 0, '', 1, 0, 0, 1, 0, 83751, '', 0, 0, '', 0, 0, '2018-11-13 18:07:02', '2018-11-13 18:07:54'),
(492, 1, 1, 0, '', 1, 0, 0, 1, 0, 83753, '', 0, 0, '', 0, 0, '2018-11-13 18:08:08', '2018-11-13 18:09:54'),
(493, 1, 1, 0, '', 1, 0, 0, 1, 0, 83754, '', 0, 0, '', 0, 0, '2018-11-13 18:10:21', '2018-11-13 18:10:40'),
(494, 1, 1, 0, '', 2, 0, 0, 1, 0, 83794, '', 0, 0, '', 0, 0, '2018-11-13 19:45:03', '2018-11-13 19:46:35'),
(495, 1, 1, 0, '', 2, 0, 0, 1, 0, 83795, '', 0, 0, '', 0, 0, '2018-11-13 19:46:53', '2018-11-13 19:48:48'),
(496, 1, 1, 0, '', 2, 0, 0, 1, 0, 83796, '', 0, 0, '', 0, 0, '2018-11-13 19:48:53', '2018-11-13 19:50:32'),
(497, 1, 1, 0, '', 2, 0, 0, 1, 0, 83799, '', 0, 0, '', 0, 0, '2018-11-13 19:51:01', '2018-11-13 19:51:39'),
(498, 1, 1, 0, '', 2, 0, 0, 1, 0, 83811, '', 0, 0, '', 0, 0, '2018-11-13 20:11:22', '2018-11-13 20:11:22'),
(499, 1, 1, 0, '', 1, 0, 0, 1, 0, 83819, '', 0, 0, '', 0, 0, '2018-11-13 20:11:33', '2018-11-13 20:13:20'),
(500, 1, 1, 0, '', 2, 0, 0, 1, 0, 83820, '', 0, 0, '', 0, 0, '2018-11-13 20:13:30', '2018-11-13 20:15:26'),
(501, 1, 1, 0, '', 2, 0, 0, 1, 0, 83822, '', 0, 0, '', 0, 0, '2018-11-13 20:15:51', '2018-11-13 20:17:32'),
(502, 1, 1, 0, '', 2, 0, 0, 1, 0, 83824, '', 0, 0, '', 0, 0, '2018-11-13 20:18:02', '2018-11-13 20:19:41'),
(503, 1, 1, 0, '', 2, 0, 0, 1, 0, 83827, '', 0, 0, '', 0, 0, '2018-11-13 20:20:07', '2018-11-13 20:21:50'),
(504, 1, 1, 0, '', 2, 0, 0, 1, 0, 83830, '', 0, 0, '', 0, 0, '2018-11-13 20:22:20', '2018-11-13 20:23:56'),
(505, 1, 1, 0, '', 2, 0, 0, 1, 0, 83831, '', 0, 0, '', 0, 0, '2018-11-13 20:24:24', '2018-11-13 20:26:03'),
(506, 1, 1, 0, '', 2, 0, 0, 1, 0, 83834, '', 0, 0, '', 0, 0, '2018-11-13 20:26:20', '2018-11-13 20:27:51'),
(507, 1, 1, 75, 'a:1:{i:126;s:3:\"75,\";}', 2, 125, 125, 1, 65, 83849, 'd96454bbb45a92289bae7fe1e524e53f', 0, 0, '', 0, 0, '2018-11-13 21:31:07', '2018-11-14 00:39:02'),
(508, 1, 1, 0, '', 2, 0, 0, 1, 0, 83895, '', 0, 0, '', 0, 0, '2018-11-13 23:08:07', '2018-11-13 23:09:50'),
(509, 1, 1, 0, '', 1, 0, 0, 1, 0, 83902, '', 0, 0, '', 0, 0, '2018-11-13 23:15:44', '2018-11-13 23:15:59'),
(510, 1, 1, 0, '', 1, 0, 0, 1, 0, 83904, '', 0, 0, '', 0, 0, '2018-11-13 23:16:08', '2018-11-13 23:16:19'),
(511, 1, 1, 0, '', 1, 0, 0, 1, 0, 84146, '', 0, 0, '', 0, 0, '2018-11-14 02:14:28', '2018-11-14 02:14:42'),
(512, 1, 1, 0, '', 1, 0, 0, 1, 0, 84231, '', 0, 0, '', 0, 0, '2018-11-14 05:17:12', '2018-11-14 05:17:16'),
(513, 1, 1, 0, '', 1, 121, 121, 1, 62, 80363, '128856a08f7f0f9521afb04f88c0449c', 0, 0, '', 0, 0, '2018-11-14 10:14:27', '2018-11-14 10:16:54'),
(514, 1, 1, 0, '', 1, 121, 121, 1, 62, 84338, '128856a08f7f0f9521afb04f88c0449c', 0, 0, '', 0, 0, '2018-11-14 10:17:46', '2018-11-14 10:17:46'),
(516, 1, 1, 0, '', 2, 113, 113, 1, 56, 84587, '7c7dcde743f429e8ed3f48c8475b4a47', 0, 0, '', 0, 0, '2018-11-14 18:49:06', '2018-11-14 18:58:52'),
(517, 1, 1, 75, 'a:1:{i:113;s:3:\"75,\";}', 2, 113, 113, 1, 56, 73348, '7c7dcde743f429e8ed3f48c8475b4a47', 0, 0, '', 0, 0, '2018-11-14 19:00:56', '2018-11-14 19:08:30'),
(518, 1, 1, 0, '', 2, 0, 0, 1, 66, 85113, 'fdbcc6c587fab5df78428a3e84d40380', 0, 0, '', 0, 0, '2018-11-15 05:05:49', '2018-11-15 05:08:59'),
(519, 1, 1, 72, '', 1, 127, 127, 1, 67, 85313, '87f7e94c4d1cf01bf886de0c8c281aec', 0, 0, '', 0, 0, '2018-11-15 08:51:41', '2018-11-15 12:47:44'),
(520, 1, 1, 72, '', 1, 132, 132, 1, 69, 86397, '422ef672f7adaa18ffbaa68b14887831', 0, 0, '', 0, 0, '2018-11-16 15:27:03', '2018-11-19 09:28:19'),
(521, 1, 1, 0, '', 2, 120, 120, 1, 63, 86478, '2e4b5a348addf93d40c7e469963c83f6', 0, 0, '', 0, 0, '2018-11-16 16:56:34', '2018-11-16 16:56:34'),
(522, 1, 1, 0, '', 1, 0, 0, 1, 0, 86522, '', 0, 0, '', 0, 0, '2018-11-16 18:02:25', '2018-11-16 18:02:25'),
(523, 1, 1, 0, '', 1, 0, 0, 1, 0, 87240, '', 0, 0, '', 0, 0, '2018-11-17 09:10:48', '2018-11-17 09:10:48'),
(524, 1, 1, 0, '', 1, 0, 0, 1, 0, 87535, '', 0, 0, '', 0, 0, '2018-11-17 18:09:37', '2018-11-17 18:09:37'),
(525, 1, 1, 0, '', 2, 0, 0, 1, 0, 87823, '', 0, 0, '', 0, 0, '2018-11-18 02:02:16', '2018-11-18 02:02:16'),
(526, 1, 1, 75, 'a:1:{i:129;s:3:\"75,\";}', 2, 129, 129, 1, 66, 87852, 'fdbcc6c587fab5df78428a3e84d40380', 0, 0, '', 0, 0, '2018-11-18 02:33:03', '2018-11-18 02:49:19'),
(527, 1, 1, 0, '', 1, 0, 0, 1, 0, 88220, '', 0, 0, '', 0, 0, '2018-11-18 12:21:54', '2018-11-18 12:22:20'),
(528, 1, 1, 0, '', 1, 0, 0, 1, 0, 88221, '', 0, 0, '', 0, 0, '2018-11-18 12:22:24', '2018-11-18 12:24:17'),
(529, 1, 1, 0, '', 1, 0, 0, 1, 0, 88223, '', 0, 0, '', 0, 0, '2018-11-18 12:24:23', '2018-11-18 12:26:19'),
(530, 1, 1, 0, '', 1, 0, 0, 1, 0, 88225, '', 0, 0, '', 0, 0, '2018-11-18 12:26:29', '2018-11-18 12:28:51'),
(531, 1, 1, 0, '', 1, 0, 0, 1, 0, 88226, '', 0, 0, '', 0, 0, '2018-11-18 12:28:58', '2018-11-18 12:30:49'),
(532, 1, 1, 0, '', 1, 0, 0, 1, 0, 88230, '', 0, 0, '', 0, 0, '2018-11-18 12:31:04', '2018-11-18 12:32:52'),
(533, 1, 1, 0, '', 1, 0, 0, 1, 0, 88231, '', 0, 0, '', 0, 0, '2018-11-18 12:33:02', '2018-11-18 12:34:54'),
(534, 1, 1, 0, '', 1, 0, 0, 1, 0, 88232, '', 0, 0, '', 0, 0, '2018-11-18 12:35:03', '2018-11-18 12:35:58'),
(535, 1, 1, 0, '', 1, 0, 0, 1, 0, 88233, '', 0, 0, '', 0, 0, '2018-11-18 12:38:58', '2018-11-18 12:38:58'),
(536, 1, 1, 0, '', 1, 0, 0, 1, 0, 88235, '', 0, 0, '', 0, 0, '2018-11-18 12:39:11', '2018-11-18 12:41:03'),
(537, 1, 1, 0, '', 1, 0, 0, 1, 0, 88238, '', 0, 0, '', 0, 0, '2018-11-18 12:41:17', '2018-11-18 12:41:37'),
(538, 1, 1, 0, '', 2, 0, 0, 1, 0, 88379, '', 0, 0, '', 0, 0, '2018-11-18 15:21:24', '2018-11-18 15:22:47'),
(539, 1, 1, 0, '', 2, 0, 0, 1, 0, 88382, '', 0, 0, '', 0, 0, '2018-11-18 15:22:55', '2018-11-18 15:24:50'),
(540, 1, 1, 0, '', 2, 0, 0, 1, 0, 88384, '', 0, 0, '', 0, 0, '2018-11-18 15:24:56', '2018-11-18 15:27:23'),
(541, 1, 1, 0, '', 2, 0, 0, 1, 0, 88399, '', 0, 0, '', 0, 0, '2018-11-18 15:27:27', '2018-11-18 15:29:23'),
(542, 1, 1, 0, '', 2, 0, 0, 1, 0, 88409, '', 0, 0, '', 0, 0, '2018-11-18 15:36:49', '2018-11-18 15:37:41'),
(543, 1, 1, 0, '', 2, 0, 0, 1, 0, 88413, '', 0, 0, '', 0, 0, '2018-11-18 15:37:49', '2018-11-18 15:39:37'),
(544, 1, 1, 0, '', 1, 0, 0, 1, 0, 88414, '', 0, 0, '', 0, 0, '2018-11-18 15:40:15', '2018-11-18 15:41:45'),
(545, 1, 1, 0, '', 2, 0, 0, 1, 0, 88417, '', 0, 0, '', 0, 0, '2018-11-18 15:41:56', '2018-11-18 15:43:47'),
(546, 1, 1, 0, '', 1, 0, 0, 1, 0, 88422, '', 0, 0, '', 0, 0, '2018-11-18 15:44:07', '2018-11-18 15:46:06'),
(547, 1, 1, 0, '', 1, 0, 0, 1, 0, 88465, '', 0, 0, '', 0, 0, '2018-11-18 16:14:34', '2018-11-18 16:15:13'),
(548, 1, 1, 72, '', 2, 130, 130, 1, 68, 88683, '1eab3e928a30bf04e8c87d6bc16d2eca', 0, 0, '', 0, 0, '2018-11-18 19:35:48', '2018-11-18 19:55:02'),
(549, 1, 1, 0, '', 2, 0, 0, 1, 0, 88719, '', 0, 0, '', 0, 0, '2018-11-18 20:27:46', '2018-11-18 20:28:42'),
(550, 1, 1, 0, '', 2, 0, 0, 1, 0, 88720, '', 0, 0, '', 0, 0, '2018-11-18 20:28:51', '2018-11-18 20:29:48'),
(551, 1, 1, 0, '', 1, 0, 0, 1, 0, 88730, '', 0, 0, '', 0, 0, '2018-11-18 20:35:58', '2018-11-18 20:36:25'),
(552, 1, 1, 0, '', 1, 0, 0, 1, 0, 88885, '', 0, 0, '', 0, 0, '2018-11-19 01:46:05', '2018-11-19 01:47:46'),
(553, 1, 1, 0, '', 1, 120, 120, 1, 63, 89243, '2e4b5a348addf93d40c7e469963c83f6', 0, 0, '', 0, 0, '2018-11-19 16:46:26', '2018-11-19 16:46:26'),
(554, 1, 1, 72, '', 1, 134, 134, 1, 70, 89267, '20751e9977167194a46e808c17ede93e', 0, 0, '', 0, 0, '2018-11-19 17:40:11', '2018-11-19 17:59:14'),
(555, 1, 1, 0, '', 1, 0, 0, 1, 0, 89551, '', 0, 0, '', 0, 0, '2018-11-20 10:43:45', '2018-11-20 10:43:45'),
(556, 1, 1, 0, '', 2, 0, 0, 1, 0, 89104, '', 0, 0, '', 0, 0, '2018-11-20 16:54:30', '2018-11-20 16:54:30'),
(557, 1, 1, 0, '', 2, 0, 0, 1, 0, 89701, '', 0, 0, '', 0, 0, '2018-11-20 21:06:15', '2018-11-20 21:06:56'),
(558, 1, 1, 0, '', 1, 0, 0, 1, 0, 89714, '', 0, 0, '', 1, 0, '2018-11-20 21:50:36', '2018-11-20 21:50:36'),
(559, 1, 1, 0, '', 1, 0, 0, 1, 0, 90266, '', 0, 0, '', 0, 0, '2018-11-21 23:24:13', '2018-11-21 23:24:59'),
(560, 1, 1, 0, '', 1, 0, 0, 1, 0, 90607, '', 0, 0, '', 0, 0, '2018-11-22 14:01:16', '2018-11-22 14:01:17'),
(561, 1, 1, 0, '', 1, 0, 0, 1, 0, 90872, '', 0, 0, '', 0, 0, '2018-11-23 04:02:40', '2018-11-23 04:02:41'),
(562, 1, 1, 0, '', 1, 0, 0, 1, 0, 90971, '', 0, 0, '', 0, 0, '2018-11-23 13:03:30', '2018-11-23 13:03:31'),
(563, 1, 1, 72, '', 1, 137, 137, 1, 71, 91329, 'cf8886852733bdf3c8ff8bac15f938de', 0, 0, '', 0, 0, '2018-11-24 12:01:41', '2018-11-24 12:11:34'),
(564, 1, 1, 0, '', 1, 171, 171, 1, 92, 91316, '29b6ac810b46d288aa3da0e2baff69eb', 0, 0, '', 0, 0, '2018-11-24 12:58:22', '2018-12-13 22:05:51'),
(565, 1, 1, 0, '', 1, 0, 0, 1, 0, 91378, '', 0, 0, '', 0, 0, '2018-11-24 14:16:44', '2018-11-24 14:16:47'),
(566, 1, 1, 72, '', 1, 139, 139, 1, 72, 91425, '09e955acdb629da16776aabf5ece7615', 0, 0, '', 0, 0, '2018-11-24 17:02:46', '2018-11-24 17:06:29'),
(567, 1, 1, 0, '', 1, 140, 140, 1, 73, 91457, '008f950ddc584a17ce444758099cd092', 0, 0, '', 1, 0, '2018-11-24 18:30:41', '2018-11-24 18:32:41'),
(568, 1, 1, 72, '', 1, 140, 140, 1, 73, 91821, '008f950ddc584a17ce444758099cd092', 0, 0, '', 0, 0, '2018-11-25 19:34:47', '2018-11-25 19:38:04'),
(569, 1, 1, 72, '', 1, 142, 142, 1, 74, 91841, '5f426fd266ea19866cbf964e22d62f47', 0, 0, '', 0, 0, '2018-11-26 10:00:27', '2018-11-26 10:05:45'),
(570, 1, 1, 72, '', 1, 148, 148, 1, 78, 90551, '6c184ec185c02722c06da88d215b1842', 0, 0, '', 0, 0, '2018-11-26 11:11:31', '2018-11-28 15:22:46'),
(571, 1, 1, 0, '', 2, 0, 0, 1, 0, 90935, '', 0, 0, '', 1, 0, '2018-11-26 18:58:49', '2018-11-26 18:58:49'),
(572, 1, 1, 72, '', 1, 144, 144, 1, 75, 92084, 'c42b33879ef836d43501aeca193fc834', 0, 0, '', 0, 0, '2018-11-26 19:24:13', '2018-11-26 19:29:13'),
(573, 1, 1, 81, 'a:1:{i:146;s:3:\"81,\";}', 2, 146, 146, 1, 76, 85371, 'fda4c2ebbb2935d5b64f26bb4a5446a4', 0, 0, '', 0, 0, '2018-11-26 20:21:49', '2018-11-26 20:26:37'),
(574, 1, 1, 0, '', 1, 0, 0, 1, 0, 92628, '', 0, 0, '', 0, 0, '2018-11-27 14:17:10', '2018-11-27 14:17:11'),
(575, 1, 1, 82, 'a:1:{i:147;s:3:\"82,\";}', 2, 147, 147, 1, 77, 86841, 'd2074a321bf84f1bb4208be1475d2945', 0, 0, '', 0, 0, '2018-11-28 00:29:37', '2018-11-28 01:24:54'),
(576, 1, 1, 0, '', 2, 0, 0, 1, 0, 93216, '', 0, 0, '', 0, 0, '2018-11-28 17:23:43', '2018-11-28 17:27:45'),
(577, 1, 1, 0, '', 1, 139, 139, 1, 72, 93280, '09e955acdb629da16776aabf5ece7615', 0, 0, '', 0, 0, '2018-11-28 18:18:06', '2018-11-28 18:18:06'),
(578, 1, 1, 0, '', 1, 150, 150, 1, 79, 93385, 'd64d00a72dcae29ec05f6ae226f5a7a2', 0, 0, '', 0, 0, '2018-11-28 22:21:02', '2018-11-28 22:30:04'),
(579, 1, 1, 0, '', 1, 0, 0, 1, 0, 93547, '', 0, 0, '', 0, 0, '2018-11-29 10:19:01', '2018-11-29 10:19:02'),
(580, 1, 1, 72, '', 1, 151, 151, 1, 80, 91444, '0540def4587709718cee00bc806ebd97', 0, 0, '', 0, 0, '2018-11-29 11:11:23', '2018-11-29 11:15:32'),
(581, 1, 1, 0, '', 1, 0, 0, 1, 0, 93638, '', 0, 0, '', 0, 0, '2018-11-29 14:53:55', '2018-11-29 14:53:55'),
(582, 1, 1, 0, '', 1, 0, 0, 1, 0, 93195, '', 0, 0, '', 1, 0, '2018-11-29 14:56:35', '2018-11-29 14:56:35'),
(583, 1, 1, 0, '', 1, 150, 150, 1, 79, 93865, 'd64d00a72dcae29ec05f6ae226f5a7a2', 0, 0, '', 0, 0, '2018-11-29 20:10:25', '2018-11-29 20:17:06'),
(584, 1, 1, 0, '', 1, 0, 0, 1, 0, 93868, '', 0, 0, '', 1, 0, '2018-11-29 20:39:06', '2018-11-29 20:39:06'),
(585, 1, 1, 0, '', 1, 0, 0, 1, 0, 93920, '', 0, 0, '', 0, 0, '2018-11-29 22:11:08', '2018-11-29 22:11:09'),
(586, 1, 1, 0, '', 2, 0, 0, 1, 0, 94069, '', 0, 0, '', 1, 0, '2018-11-30 03:26:56', '2018-11-30 03:26:56'),
(588, 1, 1, 0, '', 2, 0, 0, 1, 0, 94231, '', 0, 0, '', 0, 0, '2018-11-30 11:41:07', '2018-11-30 11:42:02'),
(589, 1, 1, 0, '', 1, 0, 0, 1, 0, 91898, '', 0, 0, '', 0, 0, '2018-11-30 12:05:39', '2018-11-30 12:23:35'),
(590, 1, 1, 0, '', 1, 0, 0, 1, 0, 94329, '', 0, 0, '', 0, 0, '2018-11-30 18:11:08', '2018-11-30 18:11:22'),
(591, 1, 1, 72, '', 1, 153, 150, 1, 79, 94358, 'd64d00a72dcae29ec05f6ae226f5a7a2', 0, 0, '', 1, 0, '2018-11-30 19:37:30', '2018-11-30 19:45:25'),
(592, 1, 1, 72, '', 1, 155, 155, 1, 81, 91655, '50a5189dd635060bdcaa358ab343e7aa', 0, 0, '', 1, 0, '2018-12-01 11:32:06', '2018-12-04 10:16:14'),
(593, 1, 1, 72, '', 1, 156, 156, 1, 82, 94621, 'e2bae9be00b32eb84bb9dff0d66613bd', 0, 0, '', 1, 0, '2018-12-01 16:44:22', '2018-12-01 16:49:36'),
(594, 1, 1, 0, '', 2, 0, 0, 1, 0, 94868, '', 0, 0, '', 0, 0, '2018-12-02 02:10:19', '2018-12-02 02:10:19'),
(595, 1, 1, 0, '', 2, 0, 0, 1, 0, 95014, '', 0, 0, '', 0, 0, '2018-12-02 11:13:53', '2018-12-02 11:13:53'),
(596, 1, 1, 0, '', 2, 0, 0, 1, 83, 95635, '535710e966706d201d0a3b36dbc90b26', 0, 0, '', 0, 0, '2018-12-03 20:52:50', '2018-12-03 20:57:36'),
(597, 1, 1, 0, '', 1, 0, 0, 1, 0, 95953, '', 0, 0, '', 0, 0, '2018-12-04 12:39:25', '2018-12-04 12:40:14'),
(598, 1, 1, 0, '', 2, 0, 0, 1, 0, 95956, '', 0, 0, '', 0, 0, '2018-12-04 12:40:18', '2018-12-04 12:42:15'),
(599, 1, 1, 0, '', 2, 0, 0, 1, 0, 95957, '', 0, 0, '', 0, 0, '2018-12-04 12:42:23', '2018-12-04 12:44:13'),
(600, 1, 1, 0, '', 2, 0, 0, 1, 0, 95960, '', 0, 0, '', 0, 0, '2018-12-04 12:44:26', '2018-12-04 12:46:18'),
(601, 1, 1, 0, '', 1, 0, 0, 1, 0, 95967, '', 0, 0, '', 0, 0, '2018-12-04 12:53:07', '2018-12-04 12:54:30'),
(602, 1, 1, 0, '', 1, 0, 0, 1, 0, 95968, '', 0, 0, '', 0, 0, '2018-12-04 12:54:40', '2018-12-04 12:56:34'),
(603, 1, 1, 0, '', 1, 0, 0, 1, 0, 95969, '', 0, 0, '', 0, 0, '2018-12-04 12:56:47', '2018-12-04 12:58:37'),
(604, 1, 1, 0, '', 1, 0, 0, 1, 0, 95973, '', 0, 0, '', 0, 0, '2018-12-04 12:58:51', '2018-12-04 12:59:31'),
(605, 1, 1, 72, '', 1, 160, 160, 1, 84, 96050, '1eb389d24fdac2b83d8f0ca8e9932205', 0, 0, '', 0, 0, '2018-12-04 17:20:27', '2018-12-04 17:55:41'),
(606, 1, 1, 0, '', 1, 6, 6, 1, 2, 31, '3cd7d60836e1a950491d8f7c44f4c730', 0, 0, '', 0, 0, '2018-12-04 17:46:52', '2018-12-11 11:36:23'),
(607, 1, 1, 72, '', 1, 162, 161, 1, 85, 95255, 'c74a6e864ec22ea7accad7429810bfcc', 0, 0, '', 0, 0, '2018-12-05 08:29:39', '2018-12-05 08:37:53'),
(608, 1, 1, 0, '', 1, 161, 161, 1, 85, 96353, 'c74a6e864ec22ea7accad7429810bfcc', 0, 0, '', 0, 0, '2018-12-05 12:28:24', '2018-12-05 12:28:24'),
(609, 1, 1, 0, '', 1, 0, 0, 1, 0, 96444, '', 0, 0, '', 0, 0, '2018-12-05 17:27:20', '2018-12-05 17:27:20'),
(610, 1, 1, 0, '', 2, 0, 0, 1, 0, 96539, '', 0, 0, '', 0, 0, '2018-12-05 21:03:49', '2018-12-05 21:04:23'),
(611, 1, 1, 0, '', 2, 0, 0, 1, 0, 96556, '', 0, 0, '', 0, 0, '2018-12-05 21:04:37', '2018-12-05 21:06:24'),
(612, 1, 1, 0, '', 2, 0, 0, 1, 0, 96558, '', 0, 0, '', 0, 0, '2018-12-05 21:06:37', '2018-12-05 21:08:26'),
(613, 1, 1, 0, '', 2, 0, 0, 1, 0, 96562, '', 0, 0, '', 0, 0, '2018-12-05 21:08:37', '2018-12-05 21:10:28'),
(614, 1, 1, 0, '', 2, 0, 0, 1, 0, 96570, '', 0, 0, '', 0, 0, '2018-12-05 21:17:31', '2018-12-05 21:18:38'),
(615, 1, 1, 0, '', 2, 0, 0, 1, 0, 96575, '', 0, 0, '', 0, 0, '2018-12-05 21:18:45', '2018-12-05 21:20:44'),
(616, 1, 1, 0, '', 1, 0, 0, 1, 0, 96576, '', 0, 0, '', 0, 0, '2018-12-05 21:20:55', '2018-12-05 21:22:45'),
(617, 1, 1, 0, '', 1, 0, 0, 1, 0, 96577, '', 0, 0, '', 0, 0, '2018-12-05 21:22:56', '2018-12-05 21:24:48'),
(618, 1, 1, 0, '', 1, 0, 0, 1, 0, 96579, '', 0, 0, '', 0, 0, '2018-12-05 21:28:15', '2018-12-05 21:28:50'),
(619, 1, 1, 0, '', 1, 0, 0, 1, 0, 96582, '', 0, 0, '', 0, 0, '2018-12-05 21:29:02', '2018-12-05 21:30:58'),
(620, 1, 1, 0, '', 1, 0, 0, 1, 0, 96583, '', 0, 0, '', 0, 0, '2018-12-05 21:31:36', '2018-12-05 21:32:21'),
(621, 1, 1, 0, '', 2, 0, 0, 1, 0, 96619, '', 0, 0, '', 0, 0, '2018-12-05 23:00:43', '2018-12-05 23:01:56'),
(622, 1, 1, 0, '', 1, 0, 0, 1, 0, 96621, '', 0, 0, '', 0, 0, '2018-12-05 23:02:03', '2018-12-05 23:03:54'),
(623, 1, 1, 0, '', 1, 0, 0, 1, 0, 96622, '', 0, 0, '', 0, 0, '2018-12-05 23:04:10', '2018-12-05 23:06:01'),
(624, 1, 1, 0, '', 1, 0, 0, 1, 0, 96623, '', 0, 0, '', 0, 0, '2018-12-05 23:06:10', '2018-12-05 23:08:04'),
(625, 1, 1, 0, '', 1, 0, 0, 1, 0, 96626, '', 0, 0, '', 0, 0, '2018-12-05 23:08:12', '2018-12-05 23:10:07'),
(626, 1, 1, 0, '', 1, 0, 0, 1, 0, 96627, '', 0, 0, '', 0, 0, '2018-12-05 23:10:23', '2018-12-05 23:12:14'),
(627, 1, 1, 0, '', 1, 0, 0, 1, 0, 96628, '', 0, 0, '', 0, 0, '2018-12-05 23:12:23', '2018-12-05 23:14:21'),
(628, 1, 1, 0, '', 1, 0, 0, 1, 0, 96629, '', 0, 0, '', 0, 0, '2018-12-05 23:14:30', '2018-12-05 23:15:03'),
(629, 1, 1, 0, '', 1, 0, 0, 1, 0, 96631, '', 0, 0, '', 0, 0, '2018-12-05 23:16:59', '2018-12-05 23:18:46'),
(630, 1, 1, 0, '', 1, 0, 0, 1, 0, 96634, '', 0, 0, '', 0, 0, '2018-12-05 23:19:01', '2018-12-05 23:19:01'),
(631, 1, 1, 0, '', 2, 0, 0, 1, 0, 96670, '', 0, 0, '', 0, 0, '2018-12-06 01:46:56', '2018-12-06 01:48:13'),
(632, 1, 1, 0, '', 2, 0, 0, 1, 0, 96672, '', 0, 0, '', 0, 0, '2018-12-06 01:48:26', '2018-12-06 01:50:14'),
(633, 1, 1, 0, '', 2, 0, 0, 1, 0, 96673, '', 0, 0, '', 0, 0, '2018-12-06 01:50:25', '2018-12-06 01:50:30'),
(634, 1, 1, 0, '', 2, 0, 0, 1, 0, 96691, '', 0, 0, '', 0, 0, '2018-12-06 02:04:14', '2018-12-06 02:04:32'),
(636, 1, 1, 0, '', 2, 0, 0, 1, 0, 96693, '', 0, 0, '', 0, 0, '2018-12-06 02:06:51', '2018-12-06 02:08:40'),
(637, 1, 1, 0, '', 1, 0, 0, 1, 0, 96695, '', 0, 0, '', 0, 0, '2018-12-06 02:08:57', '2018-12-06 02:10:44'),
(638, 1, 1, 0, '', 2, 0, 0, 1, 0, 96696, '', 0, 0, '', 0, 0, '2018-12-06 02:12:01', '2018-12-06 02:13:44'),
(639, 1, 1, 0, '', 2, 0, 0, 1, 0, 96699, '', 0, 0, '', 0, 0, '2018-12-06 02:13:53', '2018-12-06 02:15:41'),
(640, 1, 1, 0, '', 1, 0, 0, 1, 0, 96785, '', 0, 0, '', 0, 0, '2018-12-06 03:39:12', '2018-12-06 03:39:28'),
(641, 1, 1, 0, '', 2, 0, 0, 1, 0, 96835, '', 0, 0, '', 0, 0, '2018-12-06 06:59:59', '2018-12-06 07:00:58'),
(642, 1, 1, 0, '', 1, 0, 0, 1, 0, 96838, '', 0, 0, '', 0, 0, '2018-12-06 07:07:22', '2018-12-06 07:07:36'),
(643, 1, 1, 0, '', 1, 0, 0, 1, 0, 96841, '', 0, 0, '', 0, 0, '2018-12-06 07:07:49', '2018-12-06 07:08:21'),
(644, 1, 1, 72, '', 1, 164, 163, 1, 86, 87358, '3eefd67368c3ae26e7a4770026fe76ba', 0, 0, '', 0, 0, '2018-12-06 07:24:02', '2018-12-06 07:30:49'),
(645, 1, 1, 0, '', 1, 0, 0, 1, 0, 97498, '', 0, 0, '', 0, 0, '2018-12-06 17:41:54', '2018-12-06 17:42:49'),
(646, 1, 1, 72, '', 1, 165, 165, 1, 87, 97536, '321d83c617efd408f97ba32999ac574b', 0, 0, '', 0, 0, '2018-12-06 20:07:29', '2018-12-06 20:12:27'),
(647, 1, 1, 0, '', 1, 0, 0, 1, 0, 97553, '', 0, 0, '', 0, 0, '2018-12-06 20:46:39', '2018-12-06 20:46:40'),
(648, 1, 1, 0, '', 2, 0, 0, 1, 0, 97545, '', 0, 0, '', 0, 0, '2018-12-06 20:49:28', '2018-12-06 20:49:28'),
(649, 1, 1, 72, '', 1, 167, 167, 1, 88, 97873, 'bb72eba65ab219a8cbe713eb7ea51bdc', 0, 0, '', 0, 0, '2018-12-07 16:44:38', '2018-12-07 16:51:12'),
(650, 1, 1, 72, '', 1, 168, 168, 1, 89, 98094, 'fd7c6cb8f2c0e038725f8cc7c0c13488', 0, 0, '', 1, 0, '2018-12-07 22:00:59', '2018-12-07 22:29:21'),
(651, 1, 1, 0, '', 1, 168, 168, 1, 89, 98099, 'fd7c6cb8f2c0e038725f8cc7c0c13488', 0, 0, '', 0, 0, '2018-12-07 22:31:26', '2018-12-07 22:31:26'),
(652, 1, 1, 72, '', 1, 173, 173, 1, 93, 98335, 'ed211dfe17c446e4a5fa13b5f24d9db3', 0, 0, '', 0, 0, '2018-12-08 16:17:54', '2018-12-10 21:07:15'),
(653, 1, 1, 72, '', 1, 169, 169, 1, 90, 98256, 'c1d643fbfaf61b412b1336f8007631c8', 0, 0, '', 0, 0, '2018-12-08 21:16:19', '2018-12-10 23:11:51'),
(654, 1, 1, 0, '', 1, 0, 0, 1, 0, 98623, '', 0, 0, '', 0, 0, '2018-12-09 08:07:54', '2018-12-09 08:08:57'),
(655, 1, 1, 72, '', 1, 170, 170, 1, 91, 98845, '677c2d2f0e35e8c7169456383bd9621c', 0, 0, '', 0, 0, '2018-12-09 18:17:28', '2018-12-09 18:21:34'),
(656, 1, 1, 72, '', 1, 170, 170, 1, 91, 98845, '677c2d2f0e35e8c7169456383bd9621c', 0, 0, '', 0, 0, '2018-12-09 18:23:21', '2018-12-09 18:24:11'),
(657, 1, 1, 0, '', 1, 0, 0, 1, 0, 97408, '', 0, 0, '', 1, 0, '2018-12-09 18:24:51', '2018-12-09 18:25:53'),
(658, 1, 1, 72, '', 1, 171, 171, 1, 92, 99187, '29b6ac810b46d288aa3da0e2baff69eb', 0, 0, '', 0, 0, '2018-12-10 09:54:52', '2018-12-10 10:31:00'),
(659, 1, 1, 0, '', 1, 0, 0, 1, 0, 99185, '', 0, 0, '', 0, 0, '2018-12-10 10:59:36', '2018-12-10 10:59:36'),
(660, 1, 1, 0, '', 1, 0, 0, 1, 0, 99212, '', 0, 0, '', 0, 0, '2018-12-10 12:21:52', '2018-12-10 12:21:53'),
(661, 1, 1, 72, '', 1, 173, 173, 1, 93, 99261, 'ed211dfe17c446e4a5fa13b5f24d9db3', 0, 0, '', 0, 0, '2018-12-10 12:44:36', '2018-12-10 12:51:21'),
(662, 1, 1, 72, '', 1, 170, 170, 1, 91, 98866, '677c2d2f0e35e8c7169456383bd9621c', 0, 0, '', 1, 0, '2018-12-10 17:16:28', '2018-12-10 17:17:50'),
(663, 1, 1, 0, '', 1, 0, 0, 1, 0, 91459, '', 0, 0, '', 0, 0, '2018-12-10 17:29:33', '2018-12-10 17:29:33'),
(664, 1, 1, 0, '', 2, 0, 0, 1, 0, 88766, '', 0, 0, '', 0, 0, '2018-12-10 19:42:40', '2018-12-10 20:02:18'),
(665, 1, 1, 0, '', 1, 0, 0, 1, 0, 98984, '', 0, 0, '', 0, 0, '2018-12-10 21:21:30', '2018-12-10 21:21:30'),
(666, 1, 1, 0, '', 1, 0, 0, 1, 0, 99705, '', 0, 0, '', 0, 0, '2018-12-11 11:31:27', '2018-12-11 11:31:27'),
(667, 1, 1, 72, '', 1, 176, 176, 1, 94, 99769, '94397816ae5505e690368780c90b2ae1', 0, 0, '', 1, 0, '2018-12-11 14:49:54', '2018-12-11 14:54:10'),
(668, 1, 1, 0, '', 1, 0, 0, 1, 0, 99790, '', 0, 0, '', 0, 0, '2018-12-11 16:29:52', '2018-12-11 16:29:53'),
(669, 1, 1, 72, '', 1, 178, 178, 1, 95, 99806, 'c2d35c27e8cd7e91d99d54289e9f0af4', 0, 0, '', 0, 0, '2018-12-11 17:06:46', '2018-12-11 17:12:24'),
(670, 1, 1, 72, '', 1, 178, 178, 1, 95, 99806, 'c2d35c27e8cd7e91d99d54289e9f0af4', 0, 0, '', 0, 0, '2018-12-11 17:15:13', '2018-12-11 17:16:50'),
(671, 1, 1, 0, '', 2, 0, 0, 1, 0, 99967, '', 0, 0, '', 0, 0, '2018-12-11 21:42:49', '2018-12-11 21:43:33'),
(672, 1, 1, 0, '', 2, 0, 0, 1, 0, 99971, '', 0, 0, '', 0, 0, '2018-12-11 21:43:37', '2018-12-11 21:45:19'),
(673, 1, 1, 0, '', 2, 0, 0, 1, 0, 99972, '', 0, 0, '', 0, 0, '2018-12-11 21:46:13', '2018-12-11 21:47:42'),
(675, 1, 1, 0, '', 2, 0, 0, 1, 0, 99990, '', 0, 0, '', 0, 0, '2018-12-11 22:02:21', '2018-12-11 22:02:57'),
(676, 1, 1, 0, '', 1, 178, 178, 1, 95, 99806, 'c2d35c27e8cd7e91d99d54289e9f0af4', 0, 0, '', 0, 0, '2018-12-12 09:44:30', '2019-01-17 14:35:58'),
(677, 1, 1, 72, '', 1, 180, 180, 1, 96, 96002, '6e16a0e229418b16541d9ff9de8d8007', 0, 0, '', 1, 0, '2018-12-12 15:54:10', '2018-12-13 12:33:13'),
(679, 1, 1, 0, '', 1, 182, 182, 1, 97, 100756, '0bf3c81025e63ac6aaf4910e3396d5a0', 0, 0, '', 0, 0, '2018-12-13 15:32:28', '2018-12-13 15:37:21'),
(681, 1, 1, 72, '', 2, 183, 184, 1, 98, 101159, '3ce4ffd02accae7ca2fede6b3afc740b', 0, 0, '', 0, 0, '2018-12-14 10:47:08', '2018-12-14 11:47:03'),
(683, 1, 1, 72, '', 1, 187, 187, 1, 100, 101709, '4e23b9a634a7b64172653f536798e74f', 0, 0, '', 0, 0, '2018-12-15 08:38:01', '2018-12-16 13:02:43'),
(684, 1, 1, 0, '', 2, 0, 0, 1, 0, 101769, '', 0, 0, '', 0, 0, '2018-12-15 11:57:27', '2018-12-15 11:57:27'),
(685, 1, 1, 0, '', 2, 0, 0, 1, 0, 101830, '', 0, 0, '', 0, 0, '2018-12-15 14:57:36', '2019-01-14 14:16:26'),
(686, 1, 1, 0, '', 1, 0, 0, 1, 0, 101892, '', 0, 0, '', 1, 0, '2018-12-15 18:26:56', '2018-12-15 18:26:57'),
(687, 1, 1, 0, '', 1, 0, 0, 1, 0, 102060, '', 0, 0, '', 1, 0, '2018-12-16 03:14:06', '2018-12-16 03:14:07'),
(688, 1, 1, 0, '', 1, 0, 0, 1, 0, 101130, '', 0, 0, '', 1, 0, '2018-12-16 10:42:04', '2018-12-16 10:46:51'),
(689, 1, 1, 72, '', 1, 185, 185, 1, 99, 101279, '434cd51449325f552c25648bc809b076', 0, 0, '', 0, 0, '2018-12-16 11:20:51', '2018-12-16 11:27:01'),
(690, 1, 1, 0, '', 1, 0, 0, 1, 0, 102441, '', 0, 0, '', 0, 0, '2018-12-16 18:42:36', '2018-12-16 20:06:26'),
(691, 1, 1, 0, '', 1, 0, 0, 1, 0, 102437, '', 0, 0, '', 1, 0, '2018-12-16 19:35:08', '2018-12-16 19:40:45'),
(692, 1, 1, 0, '', 1, 0, 0, 1, 0, 102465, '', 0, 0, '', 0, 0, '2018-12-16 19:57:35', '2018-12-16 20:45:35'),
(693, 1, 1, 0, '', 1, 0, 0, 1, 0, 102501, '', 0, 0, '', 0, 0, '2018-12-16 20:29:10', '2018-12-16 20:29:10'),
(694, 1, 1, 0, '', 1, 0, 0, 1, 0, 102522, '', 0, 0, '', 1, 0, '2018-12-16 22:12:50', '2018-12-16 22:12:50'),
(695, 1, 1, 72, '', 1, 193, 193, 1, 105, 102522, '5aaefb5c67c4f146fe92b340c6b47873', 0, 0, '', 1, 0, '2018-12-16 22:15:53', '2018-12-20 21:31:51'),
(696, 1, 1, 0, '', 2, 0, 0, 1, 0, 102626, '', 0, 0, '', 0, 0, '2018-12-17 05:33:47', '2018-12-17 05:33:49'),
(697, 1, 1, 0, '', 1, 168, 168, 1, 89, 102721, 'fd7c6cb8f2c0e038725f8cc7c0c13488', 0, 0, '', 0, 0, '2018-12-17 11:08:15', '2018-12-17 11:08:15'),
(698, 1, 1, 0, '', 1, 0, 0, 1, 0, 101173, '', 0, 0, '', 0, 0, '2018-12-17 11:27:12', '2018-12-17 20:57:40'),
(699, 1, 1, 0, '', 1, 185, 185, 1, 99, 101266, '434cd51449325f552c25648bc809b076', 0, 0, '', 0, 0, '2018-12-17 12:58:09', '2018-12-17 12:58:09'),
(700, 1, 1, 72, '', 2, 189, 189, 1, 101, 102830, '5a161f86c89ae68f39f951f779b3c2aa', 0, 0, '', 0, 0, '2018-12-17 16:16:03', '2018-12-17 16:24:35'),
(701, 1, 1, 0, '', 1, 0, 0, 1, 0, 103207, '', 0, 0, '', 0, 0, '2018-12-18 08:25:09', '2018-12-18 08:25:09'),
(702, 1, 1, 0, '', 1, 168, 168, 1, 89, 103307, 'fd7c6cb8f2c0e038725f8cc7c0c13488', 0, 0, '', 0, 0, '2018-12-18 11:40:49', '2018-12-18 11:40:49'),
(703, 1, 1, 72, '', 1, 190, 190, 1, 102, 103490, '7dc3448f7fb55474c011cc7c4055d476', 0, 0, '', 0, 0, '2018-12-18 19:23:50', '2018-12-18 19:27:33'),
(704, 1, 1, 72, '', 1, 192, 192, 1, 103, 103542, 'f460f17f933d141c9d986136e343b8c0', 0, 0, '', 0, 0, '2018-12-18 21:40:55', '2018-12-18 21:44:58'),
(705, 1, 1, 0, '', 1, 185, 185, 1, 99, 103618, '434cd51449325f552c25648bc809b076', 0, 0, '', 0, 0, '2018-12-19 03:08:31', '2018-12-19 03:08:31'),
(707, 1, 1, 0, '', 2, 0, 0, 1, 0, 104214, '', 0, 0, '', 0, 0, '2018-12-19 23:17:50', '2018-12-19 23:17:50'),
(708, 1, 1, 0, '', 1, 0, 0, 1, 0, 104215, '', 0, 0, '', 0, 0, '2018-12-19 23:18:03', '2018-12-19 23:18:13'),
(709, 1, 1, 0, '', 1, 0, 0, 1, 0, 104223, '', 0, 0, '', 0, 0, '2018-12-19 23:25:56', '2018-12-19 23:25:56'),
(711, 1, 1, 0, '', 2, 0, 0, 1, 0, 104283, '', 0, 0, '', 0, 0, '2018-12-20 12:18:41', '2018-12-20 14:36:48'),
(712, 1, 1, 72, '', 1, 196, 195, 1, 104, 104878, 'a97d12111ac7953ecf7bee0fc5adc3e8', 0, 0, '', 0, 0, '2018-12-20 14:22:42', '2018-12-22 13:05:09'),
(713, 1, 1, 0, '', 1, 0, 0, 1, 0, 105156, '', 0, 0, '', 0, 0, '2018-12-20 19:32:57', '2018-12-20 19:33:56'),
(722, 1, 1, 0, '', 2, 0, 0, 1, 0, 106029, '', 0, 0, '', 0, 0, '2018-12-21 16:33:39', '2018-12-21 16:34:25'),
(723, 1, 1, 0, '', 2, 0, 0, 1, 0, 106033, '', 0, 0, '', 0, 0, '2018-12-21 16:34:36', '2018-12-21 16:36:13'),
(724, 1, 1, 0, '', 2, 0, 0, 1, 0, 106035, '', 0, 0, '', 0, 0, '2018-12-21 16:36:40', '2018-12-21 16:38:33'),
(725, 1, 1, 0, '', 2, 0, 0, 1, 0, 106036, '', 0, 0, '', 0, 0, '2018-12-21 16:38:41', '2018-12-21 16:39:39'),
(726, 1, 1, 0, '', 2, 0, 0, 1, 0, 106044, '', 0, 0, '', 0, 0, '2018-12-21 16:49:23', '2018-12-21 16:51:08'),
(727, 1, 1, 0, '', 2, 0, 0, 1, 0, 106045, '', 0, 0, '', 0, 0, '2018-12-21 16:51:25', '2018-12-21 16:53:14'),
(728, 1, 1, 0, '', 2, 0, 0, 1, 0, 106046, '', 0, 0, '', 0, 0, '2018-12-21 16:53:52', '2018-12-21 16:55:20'),
(729, 1, 1, 0, '', 2, 0, 0, 1, 0, 106050, '', 0, 0, '', 0, 0, '2018-12-21 16:56:08', '2018-12-21 16:57:51'),
(730, 1, 1, 0, '', 2, 0, 0, 1, 0, 106051, '', 0, 0, '', 0, 0, '2018-12-21 16:58:26', '2018-12-21 16:58:34'),
(731, 1, 1, 0, '', 1, 0, 0, 1, 0, 106097, '', 0, 0, '', 0, 0, '2018-12-21 17:47:18', '2018-12-21 17:48:29'),
(732, 1, 1, 0, '', 2, 0, 0, 1, 0, 106484, '', 0, 0, '', 0, 0, '2018-12-22 10:14:54', '2018-12-22 10:16:51'),
(733, 1, 1, 0, '', 2, 0, 0, 1, 0, 106485, '', 0, 0, '', 0, 0, '2018-12-22 10:17:31', '2018-12-22 10:18:34'),
(734, 1, 1, 0, '', 2, 0, 0, 1, 0, 106486, '', 0, 0, '', 0, 0, '2018-12-22 10:19:10', '2018-12-22 10:21:08'),
(735, 1, 1, 0, '', 2, 0, 0, 1, 0, 106491, '', 0, 0, '', 0, 0, '2018-12-22 10:21:45', '2018-12-22 10:23:06'),
(736, 1, 1, 0, '', 2, 0, 0, 1, 0, 106493, '', 0, 0, '', 0, 0, '2018-12-22 10:23:15', '2018-12-22 10:23:31'),
(737, 1, 1, 0, '', 1, 0, 0, 1, 0, 106495, '', 0, 0, '', 0, 0, '2018-12-22 10:28:16', '2018-12-22 10:29:07'),
(738, 1, 1, 0, '', 2, 0, 0, 1, 0, 106886, '', 0, 0, '', 0, 0, '2018-12-23 06:03:03', '2018-12-23 06:03:05'),
(739, 1, 1, 0, '', 1, 0, 0, 1, 0, 106889, '', 0, 0, '', 0, 0, '2018-12-23 06:03:16', '2018-12-23 06:04:02'),
(740, 1, 1, 0, '', 1, 0, 0, 1, 0, 106890, '', 0, 0, '', 0, 0, '2018-12-23 06:05:53', '2018-12-23 06:06:17'),
(741, 1, 1, 0, '', 2, 0, 0, 1, 0, 107053, '', 0, 0, '', 1, 0, '2018-12-23 15:21:41', '2018-12-23 15:21:42'),
(742, 1, 1, 0, '', 1, 0, 0, 1, 0, 107234, '', 0, 0, '', 0, 0, '2018-12-24 00:02:43', '2018-12-24 00:02:56'),
(743, 1, 1, 0, '', 1, 0, 0, 1, 0, 108078, '', 0, 0, '', 1, 0, '2018-12-25 18:03:13', '2018-12-25 18:03:14'),
(744, 1, 1, 0, '', 2, 0, 0, 1, 0, 108198, '', 0, 0, '', 1, 0, '2018-12-26 04:39:48', '2018-12-26 04:39:49'),
(745, 1, 1, 89, 'a:1:{i:197;s:3:\"89,\";}', 2, 197, 197, 1, 106, 108993, '772cf6b5b978985228defad0cacf2394', 0, 0, '', 1, 0, '2018-12-27 01:59:08', '2018-12-27 02:04:38'),
(746, 1, 1, 0, '', 1, 0, 0, 1, 0, 109003, '', 0, 0, '', 1, 0, '2018-12-27 02:41:57', '2018-12-27 02:41:58'),
(747, 1, 1, 0, '', 1, 0, 0, 1, 0, 109104, '', 0, 0, '', 0, 0, '2018-12-27 07:55:10', '2018-12-27 07:55:10'),
(748, 1, 1, 0, '', 1, 183, 183, 1, 98, 101191, '3ce4ffd02accae7ca2fede6b3afc740b', 0, 0, '', 0, 0, '2018-12-27 08:39:44', '2018-12-27 08:39:44'),
(749, 1, 1, 0, '', 1, 0, 0, 1, 0, 109241, '', 0, 0, '', 0, 0, '2018-12-27 13:56:48', '2018-12-27 13:56:48'),
(750, 1, 1, 0, '', 1, 0, 0, 1, 0, 109448, '', 0, 0, '', 0, 0, '2018-12-27 22:44:26', '2018-12-27 22:44:34'),
(751, 1, 1, 0, '', 1, 0, 0, 1, 0, 109530, '', 0, 0, '', 1, 0, '2018-12-28 00:06:39', '2018-12-28 00:06:40'),
(752, 1, 1, 0, '', 1, 0, 0, 1, 0, 110054, '', 0, 0, '', 0, 0, '2018-12-29 11:09:54', '2018-12-29 11:09:55'),
(753, 1, 1, 0, '', 1, 0, 0, 1, 0, 110558, '', 0, 0, '', 0, 0, '2018-12-29 17:52:49', '2018-12-29 17:52:50'),
(754, 1, 1, 0, '', 2, 0, 0, 1, 0, 110756, '', 0, 0, '', 1, 0, '2018-12-30 03:04:23', '2018-12-30 03:04:24'),
(755, 1, 1, 0, '', 1, 0, 0, 1, 0, 111200, '', 0, 0, '', 0, 0, '2018-12-31 02:25:16', '2018-12-31 02:25:24'),
(756, 1, 1, 72, '', 1, 198, 198, 1, 107, 110084, '83e550d2f80817f191275c0419264179', 0, 0, '', 1, 0, '2018-12-31 11:08:18', '2018-12-31 11:31:54'),
(757, 1, 1, 0, '', 1, 0, 0, 1, 0, 113661, '', 0, 0, '', 1, 0, '2018-12-31 16:55:44', '2018-12-31 16:55:44'),
(758, 1, 1, 72, '', 1, 199, 199, 1, 108, 110169, 'c6c4b38ea0ae4a2214597ad1935a080a', 0, 0, '', 0, 0, '2019-01-01 12:14:59', '2019-01-01 12:32:51'),
(759, 1, 1, 0, '', 1, 0, 0, 1, 0, 114196, '', 0, 0, '', 1, 0, '2019-01-01 12:45:33', '2019-01-01 12:45:33'),
(760, 1, 1, 72, '', 1, 201, 201, 1, 109, 114361, 'a371a898478d5a9d9ecfdc5019003fad', 0, 0, '', 1, 0, '2019-01-01 19:23:51', '2019-01-01 19:57:41'),
(761, 1, 1, 0, '', 1, 0, 0, 1, 0, 115145, '', 0, 0, '', 0, 0, '2019-01-02 11:04:19', '2019-01-02 11:04:20'),
(762, 1, 1, 0, '', 1, 198, 198, 1, 107, 115353, '83e550d2f80817f191275c0419264179', 0, 0, '', 0, 0, '2019-01-02 19:45:56', '2019-01-02 19:45:56'),
(763, 1, 1, 0, '', 1, 0, 0, 1, 0, 115406, '', 0, 0, '', 1, 0, '2019-01-02 22:20:59', '2019-01-02 22:22:33'),
(764, 1, 1, 0, '', 2, 0, 0, 1, 0, 115456, '', 0, 0, '', 0, 0, '2019-01-03 00:18:03', '2019-01-03 00:18:14'),
(765, 1, 1, 0, '', 1, 0, 0, 1, 0, 115466, '', 0, 0, '', 0, 0, '2019-01-03 00:22:42', '2019-01-03 00:22:43'),
(766, 1, 1, 0, '', 1, 198, 198, 1, 107, 115656, '83e550d2f80817f191275c0419264179', 0, 0, '', 0, 0, '2019-01-03 09:37:48', '2019-01-03 09:37:48'),
(767, 1, 1, 0, '', 1, 201, 201, 1, 109, 115223, 'a371a898478d5a9d9ecfdc5019003fad', 0, 0, '', 0, 0, '2019-01-03 12:22:00', '2019-01-03 12:22:00'),
(768, 1, 1, 0, '', 1, 197, 197, 1, 106, 116057, '772cf6b5b978985228defad0cacf2394', 0, 0, '', 0, 0, '2019-01-04 02:46:15', '2019-01-04 02:46:15'),
(769, 1, 1, 0, '', 1, 0, 0, 1, 0, 116822, '', 0, 0, '', 0, 0, '2019-01-04 09:08:52', '2019-01-04 09:10:29'),
(770, 1, 1, 72, '', 1, 204, 204, 1, 111, 115410, 'e78f1e61bdecc867fa4d2efb6770ead9', 0, 0, '', 0, 0, '2019-01-04 12:55:14', '2019-01-04 14:46:48'),
(771, 1, 1, 0, '', 1, 0, 0, 1, 0, 117139, '', 0, 0, '', 0, 0, '2019-01-04 18:19:56', '2019-01-04 18:23:33'),
(772, 1, 1, 0, '', 1, 201, 201, 1, 109, 117149, 'a371a898478d5a9d9ecfdc5019003fad', 0, 0, '', 0, 0, '2019-01-04 18:38:49', '2019-01-04 18:38:49'),
(773, 1, 1, 72, '', 2, 203, 203, 1, 110, 115445, 'faeb247f7bfa625d24250c47b3cb1c7c', 0, 0, '', 0, 0, '2019-01-05 14:34:24', '2019-01-10 20:18:08'),
(774, 1, 1, 0, '', 2, 0, 0, 1, 0, 117623, '', 0, 0, '', 0, 0, '2019-01-05 16:50:23', '2019-01-05 16:52:05'),
(775, 1, 1, 0, '', 1, 206, 206, 1, 112, 117646, '7021adcd993299f47f18e9f09ace5085', 0, 0, '', 1, 0, '2019-01-05 18:06:34', '2019-01-05 18:52:47'),
(776, 1, 1, 0, '', 1, 201, 201, 1, 109, 117519, 'a371a898478d5a9d9ecfdc5019003fad', 0, 0, '', 0, 0, '2019-01-05 21:35:02', '2019-01-05 21:35:02'),
(777, 1, 1, 0, '', 2, 0, 0, 1, 0, 117792, '', 0, 0, '', 0, 0, '2019-01-05 23:47:01', '2019-01-05 23:48:59'),
(778, 1, 1, 0, '', 1, 0, 0, 1, 0, 117793, '', 0, 0, '', 0, 0, '2019-01-05 23:49:03', '2019-01-05 23:51:00'),
(779, 1, 1, 0, '', 1, 0, 0, 1, 0, 117794, '', 0, 0, '', 0, 0, '2019-01-05 23:51:03', '2019-01-05 23:53:00'),
(780, 1, 1, 0, '', 1, 0, 0, 1, 0, 117796, '', 0, 0, '', 0, 0, '2019-01-05 23:53:05', '2019-01-05 23:54:59'),
(781, 1, 1, 0, '', 1, 0, 0, 1, 0, 117797, '', 0, 0, '', 0, 0, '2019-01-05 23:55:06', '2019-01-05 23:55:57'),
(782, 1, 1, 0, '', 2, 0, 0, 1, 0, 118083, '', 0, 0, '', 0, 0, '2019-01-06 11:13:23', '2019-01-06 11:14:56'),
(783, 1, 1, 0, '', 2, 0, 0, 1, 0, 118084, '', 0, 0, '', 0, 0, '2019-01-06 11:15:01', '2019-01-06 11:16:53'),
(784, 1, 1, 0, '', 2, 0, 0, 1, 0, 118087, '', 0, 0, '', 0, 0, '2019-01-06 11:17:06', '2019-01-06 11:19:00'),
(785, 1, 1, 0, '', 2, 0, 0, 1, 0, 118088, '', 0, 0, '', 0, 0, '2019-01-06 11:19:08', '2019-01-06 11:21:01'),
(786, 1, 1, 0, '', 2, 0, 0, 1, 0, 118092, '', 0, 0, '', 0, 0, '2019-01-06 11:21:14', '2019-01-06 11:23:04'),
(787, 1, 1, 0, '', 2, 0, 0, 1, 0, 118093, '', 0, 0, '', 0, 0, '2019-01-06 11:23:14', '2019-01-06 11:24:18'),
(788, 1, 1, 0, '', 1, 0, 0, 1, 0, 118115, '', 0, 0, '', 0, 0, '2019-01-06 11:41:29', '2019-01-06 11:41:35'),
(789, 1, 1, 0, '', 1, 183, 183, 1, 98, 118257, '3ce4ffd02accae7ca2fede6b3afc740b', 0, 0, '', 0, 0, '2019-01-06 15:26:11', '2019-01-06 15:26:11'),
(790, 1, 1, 72, '', 1, 207, 207, 1, 113, 118292, '58298850ab29bdf8a7468ef572c109e3', 0, 0, '', 0, 0, '2019-01-06 16:21:02', '2019-01-06 17:03:44'),
(791, 1, 1, 0, '', 1, 199, 199, 1, 108, 118331, 'c6c4b38ea0ae4a2214597ad1935a080a', 0, 0, '', 0, 0, '2019-01-06 17:43:49', '2019-01-06 17:43:49'),
(792, 1, 1, 0, '', 2, 0, 0, 1, 0, 118478, '', 0, 0, '', 0, 0, '2019-01-06 23:14:34', '2019-01-06 23:14:35'),
(793, 1, 1, 0, '', 1, 0, 0, 1, 0, 118479, '', 0, 0, '', 0, 0, '2019-01-06 23:14:40', '2019-01-06 23:16:17'),
(794, 1, 1, 0, '', 1, 0, 0, 1, 0, 118481, '', 0, 0, '', 0, 0, '2019-01-06 23:19:04', '2019-01-06 23:19:34'),
(795, 1, 1, 0, '', 1, 0, 0, 1, 0, 118709, '', 0, 0, '', 0, 0, '2019-01-07 09:25:00', '2019-01-07 09:25:26'),
(796, 1, 1, 0, '', 1, 0, 0, 1, 0, 118711, '', 0, 0, '', 0, 0, '2019-01-07 09:27:49', '2019-01-07 09:27:54'),
(797, 1, 1, 0, '', 1, 198, 198, 1, 107, 118714, '83e550d2f80817f191275c0419264179', 0, 0, '', 0, 0, '2019-01-07 09:45:06', '2019-01-07 09:45:06'),
(798, 1, 1, 0, '', 1, 198, 198, 1, 107, 118738, '83e550d2f80817f191275c0419264179', 0, 0, '', 0, 0, '2019-01-07 11:45:49', '2019-01-07 11:45:49'),
(799, 1, 1, 0, '', 2, 203, 203, 1, 110, 119014, 'faeb247f7bfa625d24250c47b3cb1c7c', 0, 0, '', 0, 0, '2019-01-07 17:14:14', '2019-01-07 17:14:37'),
(800, 1, 1, 0, '', 1, 0, 0, 1, 0, 119020, '', 0, 0, '', 0, 0, '2019-01-07 17:22:37', '2019-01-07 17:23:16'),
(801, 1, 1, 0, '', 1, 198, 198, 1, 107, 119043, '83e550d2f80817f191275c0419264179', 0, 0, '', 0, 0, '2019-01-07 18:10:26', '2019-01-07 18:10:26'),
(802, 1, 1, 0, '', 1, 0, 0, 1, 0, 119630, '', 0, 0, '', 0, 0, '2019-01-08 05:18:33', '2019-01-08 05:19:00'),
(803, 1, 1, 0, '', 1, 183, 184, 1, 98, 101159, '3ce4ffd02accae7ca2fede6b3afc740b', 0, 0, '', 0, 0, '2019-01-08 10:13:53', '2019-01-08 10:14:26'),
(804, 1, 1, 72, '', 1, 183, 184, 1, 98, 101159, '3ce4ffd02accae7ca2fede6b3afc740b', 0, 0, '', 0, 0, '2019-01-08 10:16:00', '2019-01-08 10:16:01'),
(805, 1, 1, 0, '', 1, 198, 198, 1, 107, 119733, '83e550d2f80817f191275c0419264179', 0, 0, '', 0, 0, '2019-01-08 10:39:22', '2019-01-08 10:39:22'),
(806, 1, 1, 0, '', 1, 198, 198, 1, 107, 119817, '83e550d2f80817f191275c0419264179', 0, 0, '', 0, 0, '2019-01-08 14:00:56', '2019-01-08 14:00:56'),
(807, 1, 1, 0, '', 1, 198, 198, 1, 107, 119947, '83e550d2f80817f191275c0419264179', 0, 0, '', 0, 0, '2019-01-08 16:48:37', '2019-01-08 16:48:37'),
(808, 1, 1, 72, '', 1, 209, 209, 1, 114, 116915, '5a59acf302bb861fe064b12907ee62e0', 0, 0, '', 0, 0, '2019-01-08 17:38:30', '2019-01-09 10:37:30'),
(809, 1, 1, 72, '', 2, 210, 210, 1, 115, 118457, '929fe63da0b7773805bf2edf7b71aec8', 0, 0, '', 0, 0, '2019-01-08 19:06:42', '2019-01-08 19:31:47'),
(810, 1, 1, 0, '', 2, 0, 0, 1, 0, 120093, '', 0, 0, '', 1, 0, '2019-01-09 01:17:52', '2019-01-09 01:17:54'),
(811, 1, 1, 72, '', 2, 212, 212, 1, 116, 120992, 'e185a26110c0a8292c43f6d8bfd86e1c', 0, 0, '', 0, 0, '2019-01-10 18:02:00', '2019-01-10 18:10:47'),
(812, 1, 1, 0, '', 1, 0, 0, 1, 0, 121010, '', 0, 0, '', 0, 0, '2019-01-10 19:09:15', '2019-01-10 19:09:15'),
(813, 1, 1, 0, '', 1, 0, 0, 1, 0, 122212, '', 0, 0, '', 0, 0, '2019-01-11 22:42:06', '2019-01-11 22:42:08'),
(814, 1, 1, 0, '', 1, 0, 0, 1, 0, 127451, '', 0, 0, '', 0, 0, '2019-01-14 21:55:38', '2019-01-14 21:55:38'),
(815, 1, 1, 0, '', 2, 203, 203, 1, 110, 127874, 'faeb247f7bfa625d24250c47b3cb1c7c', 0, 0, '', 0, 0, '2019-01-15 16:35:29', '2019-01-15 16:48:08'),
(816, 1, 1, 72, '', 1, 215, 215, 1, 117, 128705, '8d370a8a379fccc47caaa6dce48aeadd', 0, 0, '', 0, 0, '2019-01-16 18:10:48', '2019-01-16 18:47:02'),
(817, 1, 1, 89, 'a:1:{i:217;s:3:\"89,\";}', 2, 217, 217, 1, 118, 128051, 'b35efc086cb00cf1d684fc0848aa3bcd', 0, 0, '', 0, 0, '2019-01-17 03:31:58', '2019-01-17 03:35:43'),
(820, 1, 1, 0, '', 2, 0, 0, 1, 0, 129337, '', 0, 0, '', 0, 0, '2019-01-17 17:29:17', '2019-01-17 17:30:53'),
(821, 1, 1, 72, '', 2, 218, 218, 1, 119, 129216, '69114f1d3ab2f6d33b18c948d18d3e78', 0, 0, '', 0, 0, '2019-01-18 09:13:07', '2019-01-18 10:23:34'),
(822, 1, 1, 0, '', 2, 0, 0, 1, 0, 130734, '', 0, 0, '', 0, 0, '2019-01-19 14:37:33', '2019-01-19 16:19:07'),
(823, 1, 1, 0, '', 1, 0, 0, 1, 0, 130748, '', 0, 0, '', 0, 0, '2019-01-19 14:50:19', '2019-01-19 14:52:01'),
(824, 1, 1, 0, '', 1, 222, 222, 1, 121, 131300, 'ef96ae1276d0552f7de5e2a1e75701bf', 0, 0, '', 0, 0, '2019-01-20 15:19:19', '2019-01-20 15:44:57'),
(825, 1, 1, 89, 'a:1:{i:223;s:3:\"89,\";}', 2, 223, 223, 1, 122, 131379, '935888edaa8233ed5b7d4a9820b92ffd', 0, 0, '', 0, 0, '2019-01-20 17:52:20', '2019-01-20 18:02:59'),
(826, 1, 1, 0, '', 2, 224, 224, 1, 123, 131408, 'b46ce762c65ae9d6e9102c13065849cb', 0, 0, '', 0, 0, '2019-01-20 19:42:27', '2019-01-20 23:11:50'),
(827, 1, 1, 0, '', 1, 225, 225, 1, 124, 131421, '2d2e92ac97d91b2e509fb0a5ce89306c', 0, 0, '', 1, 0, '2019-01-20 20:02:47', '2019-01-20 20:11:38'),
(828, 1, 1, 89, 'a:1:{i:223;s:3:\"89,\";}', 2, 223, 226, 1, 122, 131508, '935888edaa8233ed5b7d4a9820b92ffd', 0, 0, '', 0, 0, '2019-01-20 23:07:01', '2019-01-21 01:20:03'),
(829, 1, 1, 89, 'a:1:{i:223;s:3:\"89,\";}', 2, 223, 226, 1, 122, 131379, '935888edaa8233ed5b7d4a9820b92ffd', 0, 0, '', 0, 0, '2019-01-21 01:53:14', '2019-01-21 01:54:24'),
(830, 1, 1, 0, '', 1, 0, 0, 1, 0, 131762, '', 0, 0, '', 0, 0, '2019-01-21 11:35:11', '2019-01-21 11:38:59'),
(831, 1, 1, 0, '', 2, 224, 224, 1, 123, 131332, 'b46ce762c65ae9d6e9102c13065849cb', 0, 0, '', 0, 0, '2019-01-22 21:39:45', '2019-02-27 21:04:04'),
(832, 1, 1, 0, '', 1, 0, 0, 1, 0, 133076, '', 0, 0, '', 0, 0, '2019-01-23 16:03:03', '2019-01-23 16:03:35'),
(841, 1, 1, 0, '', 1, 0, 0, 1, 0, 133449, '', 0, 0, '', 0, 0, '2019-01-24 07:34:58', '2019-01-24 07:35:12'),
(842, 1, 1, 0, '', 1, 0, 0, 1, 0, 133451, '', 0, 0, '', 0, 0, '2019-01-24 07:38:30', '2019-01-24 07:38:31'),
(847, 1, 1, 0, '', 1, 0, 0, 1, 0, 133562, '', 0, 0, '', 0, 0, '2019-01-24 11:41:41', '2019-01-24 11:42:05'),
(848, 1, 1, 0, '', 1, 0, 0, 1, 0, 133649, '', 0, 0, '', 1, 0, '2019-01-24 14:34:57', '2019-01-24 14:54:00'),
(849, 1, 1, 0, '', 1, 0, 0, 1, 0, 133944, '', 0, 0, '', 0, 0, '2019-01-25 02:06:14', '2019-01-25 02:06:58'),
(850, 1, 1, 0, '', 1, 0, 0, 1, 0, 133945, '', 0, 0, '', 0, 0, '2019-01-25 02:07:01', '2019-01-25 02:09:00'),
(851, 1, 1, 0, '', 1, 0, 0, 1, 0, 134253, '', 0, 0, '', 0, 0, '2019-01-25 13:35:57', '2019-01-25 13:36:08'),
(852, 1, 1, 0, '', 1, 0, 0, 1, 0, 134550, '', 0, 0, '', 0, 0, '2019-01-26 01:40:57', '2019-01-26 01:41:00'),
(853, 1, 1, 0, '', 1, 203, 203, 1, 110, 134797, 'faeb247f7bfa625d24250c47b3cb1c7c', 0, 0, '', 0, 0, '2019-01-26 11:00:54', '2019-01-26 11:00:54'),
(854, 1, 1, 0, '', 1, 0, 0, 1, 125, 133416, 'fe20f439447787e8e7fa7a4b57642619', 0, 0, '', 0, 0, '2019-01-26 18:20:34', '2019-01-29 17:23:03'),
(855, 1, 1, 0, '', 1, 0, 0, 1, 0, 135209, '', 0, 0, '', 1, 0, '2019-01-27 08:06:27', '2019-01-27 08:06:27'),
(856, 1, 1, 0, '', 1, 0, 0, 1, 0, 135246, '', 0, 0, '', 1, 0, '2019-01-27 10:12:48', '2019-01-27 10:12:49'),
(857, 1, 1, 72, '', 1, 220, 220, 1, 120, 129932, '2bb5783d385267b79effdafafa03044a', 0, 0, '', 0, 0, '2019-01-27 13:17:02', '2019-01-27 13:31:25'),
(858, 1, 1, 72, '', 2, 224, 224, 1, 123, 133005, 'b46ce762c65ae9d6e9102c13065849cb', 0, 0, '', 0, 0, '2019-01-27 14:22:32', '2019-01-31 12:04:31'),
(859, 1, 1, 72, '', 1, 220, 220, 1, 120, 129932, '2bb5783d385267b79effdafafa03044a', 0, 0, '', 0, 0, '2019-01-29 18:11:49', '2019-01-29 18:18:28'),
(860, 1, 1, 0, '', 1, 0, 0, 1, 0, 133893, '', 0, 0, '', 1, 0, '2019-01-30 00:21:21', '2019-01-30 00:30:14'),
(861, 1, 1, 0, '', 1, 227, 227, 1, 126, 137305, '37efabb1170f049fd20bf3c7a29c8b60', 0, 0, '', 0, 0, '2019-01-30 10:22:39', '2019-01-30 10:27:19'),
(862, 1, 1, 0, '', 1, 1, 1, 1, 1, 137310, '568b2fd88b5016b6ca13231ff4ad84f0', 0, 0, '', 0, 0, '2019-01-30 10:33:29', '2019-01-31 10:20:47'),
(863, 1, 1, 0, '', 2, 0, 0, 1, 0, 137767, '', 0, 0, '', 1, 0, '2019-01-30 23:47:11', '2019-01-30 23:47:11'),
(864, 1, 1, 0, '', 1, 0, 0, 1, 0, 138039, '', 0, 0, '', 1, 0, '2019-02-01 08:39:50', '2019-02-01 08:58:23'),
(865, 1, 1, 0, '', 1, 0, 0, 1, 0, 138654, '', 0, 0, '', 0, 0, '2019-02-01 12:23:32', '2019-02-01 12:23:32'),
(866, 1, 1, 0, '', 1, 0, 0, 1, 0, 139146, '', 0, 0, '', 0, 0, '2019-02-02 13:44:51', '2019-02-02 13:53:55'),
(867, 1, 1, 0, '', 1, 0, 0, 1, 0, 141754, '', 0, 0, '', 0, 0, '2019-02-03 04:02:35', '2019-02-03 04:02:50'),
(868, 1, 1, 0, '', 1, 0, 0, 1, 0, 142064, '', 0, 0, '', 0, 0, '2019-02-03 20:04:17', '2019-02-03 20:06:28'),
(869, 1, 1, 72, '', 1, 229, 229, 1, 125, 136997, 'fe20f439447787e8e7fa7a4b57642619', 0, 0, '', 0, 0, '2019-02-04 10:20:48', '2019-02-04 10:26:40'),
(870, 1, 1, 72, '', 1, 229, 229, 1, 125, 133416, 'fe20f439447787e8e7fa7a4b57642619', 0, 0, '', 0, 0, '2019-02-04 11:03:33', '2019-02-04 11:04:04'),
(871, 1, 1, 0, '', 1, 0, 0, 1, 0, 142640, '', 0, 0, '', 0, 0, '2019-02-04 15:33:38', '2019-02-04 15:40:12'),
(872, 1, 1, 72, '', 1, 7, 7, 1, 1, 143293, '568b2fd88b5016b6ca13231ff4ad84f0', 0, 0, '', 0, 0, '2019-02-05 16:11:04', '2019-02-05 16:12:12'),
(873, 1, 1, 0, '', 2, 224, 224, 1, 123, 131439, 'b46ce762c65ae9d6e9102c13065849cb', 0, 0, '', 0, 0, '2019-02-08 11:07:45', '2019-03-06 07:35:31'),
(874, 1, 1, 0, '', 2, 0, 0, 1, 0, 146050, '', 0, 0, '', 0, 0, '2019-02-09 17:51:19', '2019-02-09 18:10:43'),
(875, 1, 1, 0, '', 2, 0, 0, 1, 0, 146157, '', 0, 0, '', 1, 0, '2019-02-09 22:09:15', '2019-02-09 22:09:15'),
(876, 1, 1, 0, '', 2, 0, 0, 1, 0, 146065, '', 0, 0, '', 1, 0, '2019-02-10 07:20:26', '2019-02-10 11:09:46'),
(877, 1, 1, 0, '', 1, 0, 0, 1, 0, 149438, '', 0, 0, '', 0, 0, '2019-02-14 03:50:07', '2019-02-14 03:50:30'),
(878, 1, 1, 0, '', 2, 0, 0, 1, 0, 149516, '', 0, 0, '', 0, 0, '2019-02-14 06:48:07', '2019-02-17 03:36:29'),
(879, 1, 1, 0, '', 1, 0, 0, 1, 0, 149577, '', 0, 0, '', 0, 0, '2019-02-14 10:25:26', '2019-02-14 10:26:49'),
(880, 1, 1, 0, '', 2, 0, 0, 1, 0, 149608, '', 0, 0, '', 0, 0, '2019-02-14 10:26:54', '2019-02-14 10:28:51'),
(881, 1, 1, 0, '', 2, 0, 0, 1, 0, 149609, '', 0, 0, '', 0, 0, '2019-02-14 10:28:54', '2019-02-14 10:30:52'),
(882, 1, 1, 0, '', 2, 0, 0, 1, 0, 149612, '', 0, 0, '', 0, 0, '2019-02-14 10:30:57', '2019-02-14 10:32:40'),
(883, 1, 1, 0, '', 2, 0, 0, 1, 0, 149861, '', 0, 0, '', 0, 0, '2019-02-14 21:15:23', '2019-02-14 21:17:19'),
(884, 1, 1, 0, '', 2, 0, 0, 1, 0, 149863, '', 0, 0, '', 0, 0, '2019-02-14 21:17:33', '2019-02-14 21:19:23'),
(885, 1, 1, 0, '', 2, 0, 0, 1, 0, 149864, '', 0, 0, '', 0, 0, '2019-02-14 21:19:34', '2019-02-14 21:21:27');
INSERT INTO `gcahdy_cart` (`id_cart`, `id_shop_group`, `id_shop`, `id_carrier`, `delivery_option`, `id_lang`, `id_address_delivery`, `id_address_invoice`, `id_currency`, `id_customer`, `id_guest`, `secure_key`, `recyclable`, `gift`, `gift_message`, `mobile_theme`, `allow_seperated_package`, `date_add`, `date_upd`) VALUES
(886, 1, 1, 0, '', 2, 0, 0, 1, 0, 149866, '', 0, 0, '', 0, 0, '2019-02-14 21:21:31', '2019-02-14 21:22:39'),
(887, 1, 1, 0, '', 2, 0, 0, 1, 0, 149867, '', 0, 0, '', 0, 0, '2019-02-14 21:23:43', '2019-02-14 21:23:43'),
(888, 1, 1, 0, '', 1, 232, 232, 1, 127, 149868, '5e114dc16e3833936aaa55eff3a5b0a3', 0, 0, '', 1, 0, '2019-02-14 21:45:13', '2019-02-14 21:48:44'),
(889, 1, 1, 0, '', 1, 0, 0, 1, 0, 149900, '', 0, 0, '', 0, 0, '2019-02-14 21:46:23', '2019-02-14 21:46:49'),
(890, 1, 1, 0, '', 1, 0, 0, 1, 0, 149923, '', 0, 0, '', 0, 0, '2019-02-14 23:21:00', '2019-02-14 23:21:01'),
(891, 1, 1, 0, '', 2, 0, 0, 1, 0, 150155, '', 0, 0, '', 0, 0, '2019-02-15 07:47:00', '2019-02-15 07:47:00'),
(892, 1, 1, 0, '', 2, 0, 0, 1, 0, 150222, '', 0, 0, '', 0, 0, '2019-02-15 09:05:57', '2019-02-15 09:06:03'),
(893, 1, 1, 0, '', 2, 0, 0, 1, 0, 150224, '', 0, 0, '', 0, 0, '2019-02-15 09:06:28', '2019-02-15 09:07:53'),
(894, 1, 1, 0, '', 2, 0, 0, 1, 0, 150228, '', 0, 0, '', 0, 0, '2019-02-15 09:08:42', '2019-02-15 09:10:16'),
(895, 1, 1, 0, '', 2, 0, 0, 1, 0, 150231, '', 0, 0, '', 0, 0, '2019-02-15 09:11:00', '2019-02-15 09:12:17'),
(896, 1, 1, 0, '', 1, 0, 0, 1, 0, 150254, '', 0, 0, '', 0, 0, '2019-02-15 09:34:58', '2019-02-15 09:35:54'),
(897, 1, 1, 0, '', 1, 0, 0, 1, 128, 150255, '990350f76e1dd362c22b34ff824ecb20', 0, 0, '', 0, 0, '2019-02-15 09:36:25', '2019-02-22 14:59:00'),
(898, 1, 1, 93, 'a:1:{i:233;s:3:\"93,\";}', 2, 233, 233, 1, 129, 150307, 'b12b0c17ab27de0d991971d03b18ea53', 0, 0, '', 0, 0, '2019-02-15 13:26:02', '2019-02-15 13:50:03'),
(899, 1, 1, 0, '', 2, 0, 0, 1, 0, 150440, '', 0, 0, '', 0, 0, '2019-02-15 18:08:39', '2019-02-15 18:10:23'),
(900, 1, 1, 0, '', 1, 0, 0, 1, 0, 150454, '', 0, 0, '', 0, 0, '2019-02-15 18:22:35', '2019-02-15 18:23:25'),
(901, 1, 1, 0, '', 1, 0, 0, 1, 0, 150456, '', 0, 0, '', 0, 0, '2019-02-15 18:23:29', '2019-02-15 18:23:29'),
(902, 1, 1, 0, '', 1, 0, 0, 1, 0, 150486, '', 0, 0, '', 1, 0, '2019-02-15 20:56:56', '2019-02-15 20:56:56'),
(903, 1, 1, 0, '', 2, 0, 0, 1, 0, 150645, '', 0, 0, '', 0, 0, '2019-02-16 01:05:01', '2019-02-22 21:05:48'),
(904, 1, 1, 0, '', 1, 0, 0, 1, 0, 150681, '', 0, 0, '', 0, 0, '2019-02-16 02:58:52', '2019-02-16 02:59:20'),
(905, 1, 1, 0, '', 2, 233, 233, 1, 129, 152003, 'b12b0c17ab27de0d991971d03b18ea53', 0, 0, '', 0, 0, '2019-02-17 23:11:58', '2019-02-17 23:17:12'),
(906, 1, 1, 0, '', 1, 0, 0, 1, 0, 152824, '', 0, 0, '', 1, 0, '2019-02-19 12:03:36', '2019-02-19 12:03:38'),
(907, 1, 1, 93, 'a:1:{i:234;s:3:\"93,\";}', 1, 234, 234, 1, 130, 155214, 'f83636eae2d68cc100349dc8f2addce7', 0, 0, '', 0, 0, '2019-02-23 10:00:39', '2019-02-23 10:03:44'),
(908, 1, 1, 0, '', 2, 0, 0, 1, 0, 155737, '', 0, 0, '', 0, 0, '2019-02-24 04:57:55', '2019-02-24 04:58:45'),
(909, 1, 1, 0, '', 1, 0, 0, 1, 0, 155768, '', 0, 0, '', 0, 0, '2019-02-24 05:25:34', '2019-02-24 05:25:43'),
(910, 1, 1, 0, '', 1, 0, 0, 1, 0, 155771, '', 0, 0, '', 0, 0, '2019-02-24 05:25:54', '2019-02-24 05:27:28'),
(911, 1, 1, 0, '', 1, 0, 0, 1, 0, 149922, '', 0, 0, '', 1, 0, '2019-02-26 09:46:04', '2019-02-26 09:46:05'),
(912, 1, 1, 0, '', 2, 0, 0, 1, 0, 157035, '', 0, 0, '', 1, 0, '2019-02-26 15:37:19', '2019-02-26 15:37:19'),
(913, 1, 1, 0, '', 2, 0, 0, 1, 0, 157096, '', 0, 0, '', 0, 0, '2019-02-26 18:48:48', '2019-02-26 21:04:53'),
(914, 1, 1, 0, '', 1, 0, 0, 1, 0, 157656, '', 0, 0, '', 0, 0, '2019-02-27 23:37:35', '2019-02-27 23:37:36'),
(917, 1, 1, 103, 'a:1:{i:235;s:4:\"103,\";}', 2, 235, 235, 1, 131, 158424, 'b9e2637cf02db06b02c5fc99e4781ecf', 0, 0, '', 1, 0, '2019-03-01 16:23:04', '2019-03-01 16:27:34'),
(918, 1, 1, 0, '', 2, 224, 224, 1, 123, 131408, 'b46ce762c65ae9d6e9102c13065849cb', 0, 0, '', 0, 0, '2019-03-03 01:19:48', '2019-03-03 01:19:52'),
(919, 1, 1, 0, '', 1, 0, 0, 1, 0, 160035, '', 0, 0, '', 0, 0, '2019-03-04 16:48:23', '2019-03-04 16:48:24'),
(920, 1, 1, 0, '', 2, 0, 0, 1, 0, 160146, '', 0, 0, '', 0, 0, '2019-03-04 22:40:30', '2019-03-04 22:40:30'),
(921, 1, 1, 0, '', 2, 0, 0, 1, 0, 160194, '', 0, 0, '', 0, 0, '2019-03-05 01:23:58', '2019-03-05 01:25:17'),
(922, 1, 1, 0, '', 2, 0, 0, 1, 0, 160728, '', 0, 0, '', 0, 0, '2019-03-05 06:54:15', '2019-03-05 06:54:15'),
(923, 1, 1, 0, '', 1, 0, 0, 1, 0, 160741, '', 0, 0, '', 0, 0, '2019-03-05 07:44:44', '2019-03-05 07:45:18'),
(924, 1, 1, 0, '', 1, 0, 0, 1, 0, 160748, '', 0, 0, '', 0, 0, '2019-03-05 07:52:52', '2019-03-05 07:53:26'),
(925, 1, 1, 0, '', 1, 0, 0, 1, 0, 160749, '', 0, 0, '', 0, 0, '2019-03-05 07:53:31', '2019-03-05 07:55:28'),
(926, 1, 1, 0, '', 1, 0, 0, 1, 0, 160750, '', 0, 0, '', 0, 0, '2019-03-05 07:55:34', '2019-03-05 07:57:27'),
(927, 1, 1, 0, '', 1, 0, 0, 1, 0, 160751, '', 0, 0, '', 0, 0, '2019-03-05 07:57:56', '2019-03-05 07:59:44'),
(928, 1, 1, 0, '', 1, 0, 0, 1, 0, 160754, '', 0, 0, '', 0, 0, '2019-03-05 08:00:05', '2019-03-05 08:01:41'),
(929, 1, 1, 0, '', 1, 0, 0, 1, 0, 160755, '', 0, 0, '', 0, 0, '2019-03-05 08:02:19', '2019-03-05 08:04:09'),
(930, 1, 1, 0, '', 1, 0, 0, 1, 0, 160756, '', 0, 0, '', 0, 0, '2019-03-05 08:04:16', '2019-03-05 08:05:28'),
(931, 1, 1, 93, 'a:1:{i:236;s:3:\"93,\";}', 1, 236, 236, 1, 132, 160952, '8679033f96eb38c650f4792f7754b255', 0, 0, '', 0, 0, '2019-03-05 18:44:19', '2019-03-05 18:50:17'),
(932, 1, 1, 0, '', 2, 0, 0, 1, 0, 160971, '', 0, 0, '', 0, 0, '2019-03-05 18:48:05', '2019-03-05 18:48:34'),
(933, 1, 1, 0, '', 2, 0, 0, 1, 0, 160972, '', 0, 0, '', 0, 0, '2019-03-05 18:48:39', '2019-03-05 18:50:33'),
(934, 1, 1, 0, '', 2, 0, 0, 1, 0, 160973, '', 0, 0, '', 0, 0, '2019-03-05 18:50:42', '2019-03-05 18:52:36'),
(935, 1, 1, 0, '', 2, 0, 0, 1, 0, 160978, '', 0, 0, '', 0, 0, '2019-03-05 18:52:40', '2019-03-05 18:54:36'),
(936, 1, 1, 0, '', 2, 0, 0, 1, 0, 160983, '', 0, 0, '', 0, 0, '2019-03-05 18:54:42', '2019-03-05 18:56:37'),
(937, 1, 1, 0, '', 2, 0, 0, 1, 0, 160984, '', 0, 0, '', 0, 0, '2019-03-05 18:56:48', '2019-03-05 18:57:44'),
(938, 1, 1, 0, '', 1, 0, 0, 1, 0, 160996, '', 0, 0, '', 0, 0, '2019-03-05 19:14:10', '2019-03-05 19:14:43'),
(939, 1, 1, 0, '', 2, 0, 0, 1, 0, 161482, '', 0, 0, '', 0, 0, '2019-03-06 05:45:51', '2019-03-06 05:46:18'),
(940, 1, 1, 0, '', 2, 0, 0, 1, 0, 161483, '', 0, 0, '', 0, 0, '2019-03-06 05:46:56', '2019-03-06 05:47:19'),
(941, 1, 1, 0, '', 1, 0, 0, 1, 0, 161506, '', 0, 0, '', 0, 0, '2019-03-06 06:13:32', '2019-03-06 06:13:41'),
(942, 1, 1, 0, '', 1, 0, 0, 1, 0, 159693, '', 0, 0, '', 1, 0, '2019-03-06 06:49:50', '2019-03-06 06:49:50'),
(943, 1, 1, 0, '', 2, 0, 0, 1, 133, 161861, 'af5406ef67138ab5b61dfad38c3ac3f1', 0, 0, '', 0, 0, '2019-03-07 02:17:19', '2019-03-07 02:20:05'),
(944, 1, 1, 0, '', 1, 0, 0, 1, 0, 162048, '', 0, 0, '', 0, 0, '2019-03-07 08:58:18', '2019-03-07 08:58:39'),
(945, 1, 1, 0, '', 1, 0, 0, 1, 0, 162049, '', 0, 0, '', 0, 0, '2019-03-07 08:59:31', '2019-03-07 08:59:38'),
(946, 1, 1, 0, '', 1, 0, 0, 1, 0, 162181, '', 0, 0, '', 0, 0, '2019-03-07 16:22:51', '2019-03-07 16:22:55'),
(947, 1, 1, 93, 'a:1:{i:237;s:3:\"93,\";}', 1, 237, 237, 1, 134, 162205, 'def616d5580fe74a4d717e15dc51a4a9', 0, 0, '', 1, 0, '2019-03-07 17:22:18', '2019-03-07 17:31:58'),
(948, 1, 1, 0, '', 1, 0, 0, 1, 0, 162350, '', 0, 0, '', 0, 0, '2019-03-07 23:00:55', '2019-03-07 23:01:08'),
(949, 1, 1, 0, '', 2, 0, 0, 1, 0, 162476, '', 0, 0, '', 0, 0, '2019-03-08 05:36:59', '2019-03-08 05:37:29'),
(950, 1, 1, 0, '', 1, 0, 0, 1, 0, 162488, '', 0, 0, '', 0, 0, '2019-03-08 05:48:19', '2019-03-08 05:48:44'),
(951, 1, 1, 0, '', 2, 224, 224, 1, 123, 162706, 'b46ce762c65ae9d6e9102c13065849cb', 0, 0, '', 0, 0, '2019-03-08 17:58:37', '2019-03-24 18:03:49'),
(952, 1, 1, 0, '', 1, 0, 0, 1, 0, 163263, '', 0, 0, '', 1, 0, '2019-03-10 08:39:55', '2019-03-10 08:39:56'),
(953, 1, 1, 93, 'a:1:{i:242;s:3:\"93,\";}', 1, 242, 242, 1, 139, 163263, '05fbd363c6fbfbf4161b4b36ece639ee', 0, 0, '', 1, 0, '2019-03-10 08:40:06', '2019-03-23 16:03:00'),
(954, 1, 1, 0, '', 2, 0, 0, 1, 0, 163460, '', 0, 0, '', 0, 0, '2019-03-10 09:35:12', '2019-03-10 09:35:12'),
(955, 1, 1, 0, '', 1, 0, 0, 1, 0, 164869, '', 0, 0, '', 0, 0, '2019-03-13 08:15:09', '2019-03-13 08:15:18'),
(957, 1, 1, 0, '', 1, 0, 0, 1, 0, 164967, '', 0, 0, '', 1, 0, '2019-03-13 14:06:23', '2019-03-13 14:30:36'),
(958, 1, 1, 93, 'a:1:{i:238;s:3:\"93,\";}', 2, 238, 238, 1, 135, 154212, '0090207c6bb914c126897ef5a0bfc28f', 0, 0, '', 0, 0, '2019-03-13 20:51:55', '2019-03-13 21:11:12'),
(959, 1, 1, 93, 'a:1:{i:239;s:3:\"93,\";}', 1, 239, 239, 1, 136, 165748, '45cc40d1bbac4683608abad8a509af80', 0, 0, '', 0, 0, '2019-03-15 00:50:57', '2019-03-15 17:08:03'),
(960, 1, 1, 93, 'a:1:{i:240;s:3:\"93,\";}', 1, 240, 240, 1, 137, 159533, '90c1b56eb1c44fc8f5514133e142e4f0', 0, 0, '', 0, 0, '2019-03-15 22:23:48', '2019-03-15 22:30:08'),
(961, 1, 1, 0, '', 1, 0, 0, 1, 0, 167163, '', 0, 0, '', 0, 0, '2019-03-17 20:09:34', '2019-03-17 20:09:34'),
(962, 1, 1, 93, 'a:1:{i:241;s:3:\"93,\";}', 1, 241, 241, 1, 138, 167556, 'adcaa6d1b924ff86b17346ecacc207b7', 0, 0, '', 0, 0, '2019-03-18 15:45:25', '2019-03-18 16:08:51'),
(963, 1, 1, 0, '', 2, 0, 0, 1, 0, 171757, '', 0, 0, '', 1, 0, '2019-03-23 22:36:42', '2019-04-06 17:19:06'),
(964, 1, 1, 0, '', 2, 0, 0, 1, 0, 172201, '', 0, 0, '', 1, 0, '2019-03-24 10:16:16', '2019-03-24 10:16:17'),
(965, 1, 1, 0, '', 1, 257, 257, 1, 627, 174133, '753ae2b26147082f4a6ce7911758a6f1', 0, 0, '', 0, 0, '2019-03-25 15:49:04', '2019-05-13 09:44:20'),
(966, 1, 1, 0, '', 1, 0, 0, 1, 0, 174481, '', 0, 0, '', 0, 0, '2019-03-26 00:03:15', '2019-03-26 00:05:31'),
(969, 1, 1, 0, '', 2, 0, 0, 1, 0, 175821, '', 0, 0, '', 1, 0, '2019-03-27 16:06:49', '2019-03-27 19:32:20'),
(970, 1, 1, 93, 'a:1:{i:243;s:3:\"93,\";}', 2, 243, 243, 1, 140, 175857, '868ff47fc723372b89f9b3396b49361c', 0, 0, '', 0, 0, '2019-03-27 17:29:39', '2019-03-27 17:37:21'),
(971, 1, 1, 0, '', 1, 0, 0, 1, 0, 157393, '', 0, 0, '', 0, 0, '2019-03-28 14:03:25', '2019-03-28 14:03:26'),
(972, 1, 1, 93, 'a:1:{i:244;s:3:\"93,\";}', 1, 244, 244, 1, 141, 175957, 'bc1376a2ef563d1ff1313d5b7ab34ba3', 0, 0, '', 1, 0, '2019-03-28 17:12:16', '2019-03-28 17:22:42'),
(973, 1, 1, 0, '', 1, 0, 0, 1, 0, 161701, '', 0, 0, '', 1, 0, '2019-03-28 22:09:57', '2019-03-28 22:09:58'),
(976, 1, 1, 93, 'a:1:{i:220;s:3:\"93,\";}', 1, 220, 220, 1, 120, 180850, '2bb5783d385267b79effdafafa03044a', 0, 0, '', 0, 0, '2019-04-03 15:11:02', '2019-04-05 16:22:35'),
(977, 1, 1, 0, '', 1, 0, 0, 1, 0, 181647, '', 0, 0, '', 0, 0, '2019-04-04 10:54:42', '2019-04-04 10:54:44'),
(978, 1, 1, 0, '', 2, 0, 0, 1, 0, 181661, '', 0, 0, '', 0, 0, '2019-04-04 11:36:04', '2019-04-04 12:40:53'),
(979, 1, 1, 0, '', 1, 0, 0, 1, 0, 181793, '', 0, 0, '', 0, 0, '2019-04-04 15:37:41', '2019-04-04 17:04:01'),
(982, 1, 1, 0, '', 1, 0, 0, 1, 0, 182341, '', 0, 0, '', 0, 0, '2019-04-05 12:43:33', '2019-04-05 12:43:33'),
(984, 1, 1, 0, '', 1, 0, 0, 1, 0, 182627, '', 0, 0, '', 1, 0, '2019-04-05 22:53:24', '2019-04-05 22:53:24'),
(985, 1, 1, 0, '', 2, 0, 0, 1, 0, 182970, '', 0, 0, '', 0, 0, '2019-04-06 14:44:07', '2019-04-06 14:44:56'),
(986, 1, 1, 0, '', 1, 0, 0, 1, 0, 182994, '', 0, 0, '', 0, 0, '2019-04-06 15:03:13', '2019-04-06 15:03:54'),
(987, 1, 1, 0, '', 2, 0, 0, 1, 142, 183104, '8890f9c4b0cba5762bc425c4459c1952', 0, 0, '', 1, 0, '2019-04-06 19:22:49', '2019-04-07 03:33:13'),
(989, 1, 1, 0, '', 1, 8, 8, 1, 4, 40, 'f26efc1a38d384b7f4f119a04e92cd9e', 0, 0, '', 0, 0, '2019-04-08 11:46:08', '2019-04-08 11:47:02'),
(990, 1, 1, 0, '', 1, 8, 8, 1, 4, 184475, 'f26efc1a38d384b7f4f119a04e92cd9e', 0, 0, '', 0, 0, '2019-04-08 11:47:46', '2019-04-08 16:06:00'),
(991, 1, 1, 0, '', 2, 0, 0, 1, 0, 184556, '', 0, 0, '', 0, 0, '2019-04-08 14:15:48', '2019-04-08 14:15:48'),
(992, 1, 1, 0, '', 1, 0, 0, 1, 0, 120969, '', 0, 0, '', 0, 0, '2019-04-08 15:01:45', '2019-07-03 11:45:51'),
(994, 1, 1, 0, '', 1, 8, 8, 1, 4, 184609, 'f26efc1a38d384b7f4f119a04e92cd9e', 0, 0, '', 0, 0, '2019-04-08 16:02:59', '2019-04-08 16:08:06'),
(995, 1, 1, 0, '', 1, 0, 0, 1, 0, 184898, '', 0, 0, '', 1, 0, '2019-04-08 23:19:52', '2019-04-08 23:19:52'),
(996, 1, 1, 0, '', 1, 0, 0, 1, 0, 184924, '', 0, 0, '', 0, 0, '2019-04-09 00:13:00', '2019-04-09 00:13:04'),
(997, 1, 1, 0, '', 1, 8, 8, 1, 4, 181788, 'f26efc1a38d384b7f4f119a04e92cd9e', 0, 0, '', 0, 0, '2019-04-09 09:15:42', '2019-04-10 16:38:27'),
(998, 1, 1, 0, '', 2, 8, 8, 1, 4, 185170, 'f26efc1a38d384b7f4f119a04e92cd9e', 0, 0, '', 0, 0, '2019-04-09 09:32:58', '2019-06-20 16:09:07'),
(999, 1, 1, 0, '', 1, 0, 0, 1, 0, 185322, '', 0, 0, '', 0, 0, '2019-04-09 15:23:01', '2019-04-09 15:23:21'),
(1000, 1, 1, 0, '', 1, 0, 0, 1, 0, 185354, '', 0, 0, '', 1, 0, '2019-04-09 16:31:22', '2019-04-09 16:31:22'),
(1001, 1, 1, 0, '', 1, 0, 0, 1, 0, 185449, '', 0, 0, '', 0, 0, '2019-04-09 21:12:01', '2019-04-09 21:14:00'),
(1005, 1, 1, 0, '', 1, 0, 0, 1, 0, 185462, '', 0, 0, '', 0, 0, '2019-04-09 21:25:00', '2019-04-09 21:25:39'),
(1006, 1, 1, 0, '', 2, 0, 0, 1, 0, 185695, '', 0, 0, '', 0, 0, '2019-04-10 07:13:36', '2019-04-10 07:13:40'),
(1007, 1, 1, 0, '', 2, 0, 0, 1, 0, 185697, '', 0, 0, '', 0, 0, '2019-04-10 07:13:45', '2019-04-10 07:15:43'),
(1008, 1, 1, 0, '', 2, 0, 0, 1, 0, 185698, '', 0, 0, '', 0, 0, '2019-04-10 07:15:47', '2019-04-10 07:17:06'),
(1009, 1, 1, 0, '', 1, 0, 0, 1, 0, 185733, '', 0, 0, '', 0, 0, '2019-04-10 07:49:04', '2019-04-10 07:49:16'),
(1010, 1, 1, 0, '', 2, 0, 0, 1, 0, 185983, '', 0, 0, '', 0, 0, '2019-04-10 17:26:55', '2019-04-10 17:28:19'),
(1011, 1, 1, 0, '', 1, 0, 0, 1, 0, 185984, '', 0, 0, '', 0, 0, '2019-04-10 17:28:27', '2019-04-10 17:29:20'),
(1012, 1, 1, 0, '', 1, 0, 0, 1, 0, 185989, '', 0, 0, '', 0, 0, '2019-04-10 17:33:22', '2019-04-10 17:33:24'),
(1013, 1, 1, 0, '', 1, 0, 0, 1, 0, 186146, '', 0, 0, '', 0, 0, '2019-04-11 00:22:33', '2019-04-11 00:22:38'),
(1014, 1, 1, 0, '', 1, 0, 0, 1, 0, 186147, '', 0, 0, '', 0, 0, '2019-04-11 00:24:14', '2019-04-11 00:24:26'),
(1015, 1, 1, 0, '', 1, 0, 0, 1, 0, 186311, '', 0, 0, '', 0, 0, '2019-04-11 06:20:31', '2019-04-11 06:20:50'),
(1016, 1, 1, 0, '', 1, 0, 0, 1, 0, 186465, '', 0, 0, '', 0, 0, '2019-04-11 12:01:03', '2019-04-11 12:01:13'),
(1017, 1, 1, 0, '', 1, 0, 0, 1, 0, 187435, '', 0, 0, '', 1, 0, '2019-04-12 22:10:44', '2019-04-12 22:11:55'),
(1018, 1, 1, 0, '', 1, 0, 0, 1, 0, 188136, '', 0, 0, '', 1, 0, '2019-04-13 14:49:45', '2019-04-13 14:49:47'),
(1019, 1, 1, 0, '', 1, 0, 0, 1, 0, 188455, '', 0, 0, '', 0, 0, '2019-04-13 16:36:38', '2019-04-13 16:36:38'),
(1020, 1, 1, 0, '', 2, 0, 0, 1, 0, 189216, '', 0, 0, '', 0, 0, '2019-04-14 12:18:40', '2019-04-14 12:19:33'),
(1021, 1, 1, 0, '', 1, 0, 0, 1, 0, 189151, '', 0, 0, '', 0, 0, '2019-04-14 21:49:41', '2019-04-15 02:24:49'),
(1022, 1, 1, 0, '', 1, 0, 0, 1, 0, 190152, '', 0, 0, '', 0, 0, '2019-04-15 10:03:11', '2019-04-15 10:03:11'),
(1023, 1, 1, 0, '', 2, 0, 0, 1, 0, 190298, '', 0, 0, '', 0, 0, '2019-04-15 14:03:56', '2019-04-15 14:04:15'),
(1024, 1, 1, 0, '', 1, 0, 0, 1, 0, 190307, '', 0, 0, '', 0, 0, '2019-04-15 14:14:50', '2019-04-15 14:15:26'),
(1025, 1, 1, 0, '', 2, 0, 0, 1, 0, 175068, '', 0, 0, '', 0, 0, '2019-04-15 17:35:51', '2019-04-18 10:08:08'),
(1026, 1, 1, 0, '', 1, 0, 0, 1, 0, 191080, '', 0, 0, '', 0, 0, '2019-04-16 13:21:34', '2019-04-16 13:21:35'),
(1027, 1, 1, 0, '', 1, 0, 0, 1, 0, 184808, '', 0, 0, '', 0, 0, '2019-04-16 14:40:24', '2019-04-16 14:40:24'),
(1028, 1, 1, 0, '', 1, 0, 0, 1, 0, 191193, '', 0, 0, '', 0, 0, '2019-04-16 17:56:07', '2019-04-16 17:56:09'),
(1029, 1, 1, 93, 'a:1:{i:255;s:3:\"93,\";}', 2, 255, 255, 1, 511, 191307, 'f31a2f27043d612dfe1594c2da50285d', 0, 0, '', 0, 0, '2019-04-16 22:57:39', '2019-05-09 19:34:20'),
(1030, 1, 1, 0, '', 2, 0, 0, 1, 0, 192245, '', 0, 0, '', 0, 0, '2019-04-18 08:38:59', '2019-04-18 08:39:00'),
(1031, 1, 1, 0, '', 1, 0, 0, 1, 0, 192368, '', 0, 0, '', 0, 0, '2019-04-18 12:37:18', '2019-04-18 12:37:18'),
(1032, 1, 1, 0, '', 2, 0, 0, 1, 0, 193190, '', 0, 0, '', 0, 0, '2019-04-19 21:44:12', '2019-04-19 21:44:12'),
(1033, 1, 1, 0, '', 2, 0, 0, 1, 0, 193638, '', 0, 0, '', 1, 0, '2019-04-20 12:41:03', '2019-04-20 12:41:05'),
(1034, 1, 1, 0, '', 1, 0, 0, 1, 0, 193956, '', 0, 0, '', 1, 0, '2019-04-20 19:15:18', '2019-04-20 19:15:19'),
(1035, 1, 1, 0, '', 2, 0, 0, 1, 0, 194336, '', 0, 0, '', 0, 0, '2019-04-21 07:18:36', '2019-04-21 07:18:56'),
(1036, 1, 1, 0, '', 2, 0, 0, 1, 0, 194347, '', 0, 0, '', 0, 0, '2019-04-21 07:31:24', '2019-04-21 07:31:28'),
(1037, 1, 1, 0, '', 1, 0, 0, 1, 0, 194349, '', 0, 0, '', 0, 0, '2019-04-21 07:31:34', '2019-04-21 07:33:26'),
(1038, 1, 1, 93, 'a:1:{i:245;s:3:\"93,\";}', 1, 245, 245, 1, 196, 195355, '8bf469badc4aa68b70abde1d4a6c3016', 0, 0, '', 0, 0, '2019-04-22 09:57:24', '2019-04-22 10:18:47'),
(1039, 1, 1, 0, '', 2, 0, 0, 1, 0, 195459, '', 0, 0, '', 0, 0, '2019-04-22 14:21:31', '2019-04-22 14:29:11'),
(1040, 1, 1, 0, '', 2, 0, 0, 1, 0, 196109, '', 0, 0, '', 0, 0, '2019-04-23 14:06:39', '2019-04-23 14:06:39'),
(1041, 1, 1, 0, '', 1, 0, 0, 1, 0, 196126, '', 0, 0, '', 0, 0, '2019-04-23 14:47:21', '2019-04-23 14:47:21'),
(1042, 1, 1, 0, '', 1, 0, 0, 1, 0, 196713, '', 0, 0, '', 0, 0, '2019-04-24 14:51:18', '2019-04-24 14:51:20'),
(1045, 1, 1, 93, 'a:1:{i:246;s:3:\"93,\";}', 1, 246, 246, 1, 267, 197314, '1d9c6fc06f7d62683b02166eb9e1d09c', 0, 0, '', 0, 0, '2019-04-25 16:23:10', '2019-04-25 18:46:06'),
(1046, 1, 1, 0, '', 2, 0, 0, 1, 0, 197400, '', 0, 0, '', 0, 0, '2019-04-25 18:43:37', '2019-04-25 18:44:58'),
(1048, 1, 1, 0, '', 1, 0, 0, 1, 0, 197983, '', 0, 0, '', 1, 0, '2019-04-26 17:40:43', '2019-04-26 17:40:44'),
(1050, 1, 1, 0, '', 1, 0, 0, 1, 0, 198389, '', 0, 0, '', 0, 0, '2019-04-27 11:09:37', '2019-06-11 08:50:29'),
(1051, 1, 1, 0, '', 2, 0, 0, 1, 0, 198613, '', 0, 0, '', 0, 0, '2019-04-27 18:47:12', '2019-05-17 07:22:15'),
(1053, 1, 1, 0, '', 2, 0, 0, 1, 0, 199192, '', 0, 0, '', 0, 0, '2019-04-28 20:00:03', '2019-04-28 20:00:03'),
(1054, 1, 1, 105, 'a:1:{i:247;s:4:\"105,\";}', 2, 247, 247, 1, 329, 199524, 'ac4ec9b4d1019bc0dc3ecc8a094bdccb', 0, 0, '', 0, 0, '2019-04-29 11:46:08', '2019-04-29 11:49:57'),
(1059, 1, 1, 0, '', 2, 253, 253, 1, 455, 166619, '9799bba3150b46cdf4bf82ea5aeef66f', 0, 0, '', 0, 0, '2019-04-29 20:49:23', '2019-05-08 18:50:09'),
(1060, 1, 1, 0, '', 2, 0, 0, 1, 0, 200048, '', 0, 0, '', 0, 0, '2019-04-30 11:03:00', '2019-04-30 11:03:00'),
(1061, 1, 1, 0, '', 2, 0, 0, 1, 0, 200048, '', 0, 0, '', 0, 0, '2019-04-30 11:03:01', '2019-04-30 11:04:19'),
(1063, 1, 1, 93, 'a:1:{i:248;s:3:\"93,\";}', 1, 248, 248, 1, 364, 200281, '0befb7f06da4f7b046f992e6cd4dc181', 0, 0, '', 1, 0, '2019-04-30 21:45:44', '2019-05-01 13:21:48'),
(1064, 1, 1, 0, '', 2, 0, 0, 1, 0, 200864, '', 0, 0, '', 1, 0, '2019-05-01 17:17:23', '2019-05-01 17:17:23'),
(1065, 1, 1, 0, '', 1, 0, 0, 1, 0, 201612, '', 0, 0, '', 0, 0, '2019-05-02 09:39:15', '2019-05-02 09:39:48'),
(1067, 1, 1, 93, 'a:1:{i:249;s:3:\"93,\";}', 1, 249, 249, 1, 399, 202107, '24fca1ff22b4716557ab83a7bebab9be', 0, 0, '', 0, 0, '2019-05-03 07:40:56', '2019-05-03 07:51:14'),
(1069, 1, 1, 0, '', 2, 0, 0, 1, 0, 202587, '', 0, 0, '', 0, 0, '2019-05-03 22:51:23', '2019-05-03 22:51:23'),
(1070, 1, 1, 0, '', 1, 0, 0, 1, 0, 202929, '', 0, 0, '', 0, 0, '2019-05-04 11:39:51', '2019-05-04 11:39:53'),
(1071, 1, 1, 93, 'a:1:{i:251;s:3:\"93,\";}', 1, 251, 252, 1, 423, 203294, '564c89558b60bd80ecd664bc68b82e9f', 0, 0, '', 0, 0, '2019-05-04 15:03:13', '2019-05-04 15:21:08'),
(1072, 1, 1, 93, 'a:1:{i:251;s:3:\"93,\";}', 1, 251, 250, 1, 423, 203294, '564c89558b60bd80ecd664bc68b82e9f', 0, 0, '', 0, 0, '2019-05-04 15:30:13', '2019-05-04 15:34:11'),
(1073, 1, 1, 103, 'a:1:{i:120;s:4:\"103,\";}', 1, 120, 120, 1, 63, 203389, '2e4b5a348addf93d40c7e469963c83f6', 0, 0, '', 0, 0, '2019-05-04 17:15:33', '2019-05-04 17:20:21'),
(1075, 1, 1, 0, '', 1, 0, 0, 1, 0, 203958, '', 0, 0, '', 1, 0, '2019-05-05 18:12:17', '2019-05-05 18:12:17'),
(1076, 1, 1, 0, '', 2, 0, 0, 1, 0, 204349, '', 0, 0, '', 0, 0, '2019-05-06 04:29:35', '2019-05-06 04:30:42'),
(1077, 1, 1, 0, '', 1, 0, 0, 1, 0, 204369, '', 0, 0, '', 0, 0, '2019-05-06 04:50:23', '2019-05-06 04:51:07'),
(1078, 1, 1, 93, 'a:1:{i:254;s:3:\"93,\";}', 1, 254, 254, 1, 474, 204502, '7e185f792c678cd068e2fd9b3c695bf0', 0, 0, '', 1, 0, '2019-05-06 15:14:32', '2019-05-07 17:55:36'),
(1079, 1, 1, 93, 'a:1:{i:254;s:3:\"93,\";}', 1, 254, 254, 1, 474, 204502, '7e185f792c678cd068e2fd9b3c695bf0', 0, 0, '', 1, 0, '2019-05-07 18:03:44', '2019-05-07 18:07:18'),
(1084, 1, 1, 93, 'a:1:{i:256;s:3:\"93,\";}', 1, 256, 256, 1, 564, 208508, '6b923b615bd6397aacf188fc7ab117a2', 0, 0, '', 0, 0, '2019-05-11 12:03:39', '2019-05-11 12:09:58'),
(1085, 1, 1, 0, '', 2, 0, 0, 1, 0, 208960, '', 0, 0, '', 0, 0, '2019-05-12 02:09:36', '2019-05-12 02:09:37'),
(1086, 1, 1, 0, '', 1, 0, 0, 1, 0, 205328, '', 0, 0, '', 1, 0, '2019-05-13 05:45:38', '2019-05-13 05:48:02'),
(1089, 1, 1, 93, 'a:1:{i:257;s:3:\"93,\";}', 1, 257, 257, 1, 627, 210022, '753ae2b26147082f4a6ce7911758a6f1', 0, 0, '', 0, 0, '2019-05-13 09:44:57', '2019-05-13 10:01:29'),
(1098, 1, 1, 103, 'a:1:{i:258;s:4:\"103,\";}', 2, 258, 258, 1, 671, 205020, '196292714af4460640d2173d8539bc2a', 0, 0, '', 1, 0, '2019-05-15 17:36:51', '2019-05-15 17:41:10'),
(1099, 1, 1, 0, '', 1, 0, 0, 1, 0, 213868, '', 0, 0, '', 0, 0, '2019-05-15 18:26:54', '2019-05-15 18:28:01'),
(1100, 1, 1, 0, '', 1, 0, 0, 1, 0, 213922, '', 0, 0, '', 1, 0, '2019-05-15 20:18:55', '2019-05-15 20:18:55'),
(1101, 1, 1, 0, '', 1, 0, 0, 1, 0, 214032, '', 0, 0, '', 0, 0, '2019-05-16 00:19:15', '2019-05-16 00:19:29'),
(1102, 1, 1, 0, '', 2, 0, 0, 1, 0, 214035, '', 0, 0, '', 0, 0, '2019-05-16 00:19:33', '2019-05-16 00:21:06'),
(1103, 1, 1, 0, '', 1, 0, 0, 1, 0, 214043, '', 0, 0, '', 0, 0, '2019-05-16 00:27:11', '2019-05-16 00:27:41'),
(1104, 1, 1, 0, '', 1, 0, 0, 1, 0, 214045, '', 0, 0, '', 0, 0, '2019-05-16 00:27:50', '2019-05-16 00:29:43'),
(1105, 1, 1, 0, '', 1, 0, 0, 1, 0, 214046, '', 0, 0, '', 0, 0, '2019-05-16 00:29:50', '2019-05-16 00:31:46'),
(1106, 1, 1, 0, '', 1, 0, 0, 1, 0, 214052, '', 0, 0, '', 0, 0, '2019-05-16 00:31:51', '2019-05-16 00:33:48'),
(1107, 1, 1, 0, '', 1, 0, 0, 1, 0, 214053, '', 0, 0, '', 0, 0, '2019-05-16 00:33:57', '2019-05-16 00:35:45'),
(1108, 1, 1, 0, '', 1, 0, 0, 1, 0, 214054, '', 0, 0, '', 0, 0, '2019-05-16 00:36:21', '2019-05-16 00:36:46'),
(1109, 1, 1, 0, '', 2, 0, 0, 1, 0, 214255, '', 0, 0, '', 0, 0, '2019-05-16 08:44:59', '2019-05-16 08:46:52'),
(1110, 1, 1, 0, '', 2, 0, 0, 1, 0, 214257, '', 0, 0, '', 0, 0, '2019-05-16 08:47:01', '2019-05-16 08:48:57'),
(1111, 1, 1, 0, '', 2, 0, 0, 1, 0, 214259, '', 0, 0, '', 0, 0, '2019-05-16 08:49:03', '2019-05-16 08:50:53'),
(1112, 1, 1, 0, '', 2, 0, 0, 1, 0, 214262, '', 0, 0, '', 0, 0, '2019-05-16 08:51:18', '2019-05-16 08:53:10'),
(1113, 1, 1, 0, '', 2, 0, 0, 1, 0, 214263, '', 0, 0, '', 0, 0, '2019-05-16 08:53:17', '2019-05-16 08:55:10'),
(1114, 1, 1, 0, '', 2, 0, 0, 1, 0, 214267, '', 0, 0, '', 0, 0, '2019-05-16 08:55:20', '2019-05-16 08:56:46'),
(1115, 1, 1, 0, '', 1, 0, 0, 1, 0, 214295, '', 0, 0, '', 0, 0, '2019-05-16 09:17:47', '2019-05-16 09:18:18'),
(1116, 1, 1, 93, 'a:1:{i:261;s:3:\"93,\";}', 1, 261, 261, 1, 731, 214396, '893485fd73a22094389eb8843d4d2694', 0, 0, '', 0, 0, '2019-05-16 14:11:28', '2019-05-20 20:00:41'),
(1118, 1, 1, 0, '', 1, 257, 257, 1, 627, 213797, '753ae2b26147082f4a6ce7911758a6f1', 0, 0, '', 0, 0, '2019-05-17 09:32:03', '2019-05-17 09:32:03'),
(1119, 1, 1, 0, '', 1, 220, 220, 1, 120, 217476, '2bb5783d385267b79effdafafa03044a', 0, 0, '', 0, 0, '2019-05-17 20:08:21', '2019-05-17 20:08:21'),
(1120, 1, 1, 0, '', 1, 0, 0, 1, 0, 217579, '', 0, 0, '', 1, 0, '2019-05-17 23:58:46', '2019-05-17 23:58:46'),
(1121, 1, 1, 0, '', 2, 0, 0, 1, 0, 217803, '', 0, 0, '', 0, 0, '2019-05-18 10:02:56', '2019-05-18 10:02:56'),
(1122, 1, 1, 0, '', 2, 0, 0, 1, 0, 217810, '', 0, 0, '', 0, 0, '2019-05-18 10:12:56', '2019-05-18 10:12:56'),
(1123, 1, 1, 0, '', 1, 0, 0, 1, 0, 217813, '', 0, 0, '', 0, 0, '2019-05-18 10:13:04', '2019-05-18 10:13:38'),
(1124, 1, 1, 0, '', 1, 0, 0, 1, 0, 217864, '', 0, 0, '', 0, 0, '2019-05-18 11:14:14', '2019-05-18 11:14:14'),
(1125, 1, 1, 0, '', 1, 0, 0, 1, 0, 217867, '', 0, 0, '', 0, 0, '2019-05-18 11:16:50', '2019-05-18 11:17:58'),
(1126, 1, 1, 0, '', 1, 0, 0, 1, 0, 217960, '', 0, 0, '', 0, 0, '2019-05-18 15:05:10', '2019-05-18 15:05:11'),
(1128, 1, 1, 0, '', 1, 0, 0, 1, 0, 218071, '', 0, 0, '', 0, 0, '2019-05-18 18:26:28', '2019-05-18 18:27:14'),
(1129, 1, 1, 93, 'a:1:{i:259;s:3:\"93,\";}', 1, 259, 259, 1, 728, 218458, '3d27eaf4d8575d98de5cb8e62ccb33d3', 0, 0, '', 0, 0, '2019-05-19 11:07:27', '2019-05-19 11:56:09'),
(1130, 1, 1, 93, 'a:1:{i:260;s:3:\"93,\";}', 1, 260, 260, 1, 730, 218895, '6b08f6eb6f220a040057200b1fff5f30', 0, 0, '', 0, 0, '2019-05-20 08:44:56', '2019-05-20 08:56:29'),
(1132, 1, 1, 0, '', 1, 62, 62, 1, 33, 219600, 'de299ba5f79959466850715e98fd38f6', 0, 0, '', 1, 0, '2019-05-21 13:29:58', '2019-05-21 13:31:23'),
(1133, 1, 1, 93, 'a:1:{i:262;s:3:\"93,\";}', 1, 262, 262, 1, 735, 219474, '29817ebbb33e54d1609cbe8d7ed507c3', 0, 0, '', 1, 0, '2019-05-21 20:00:12', '2019-05-21 20:04:42'),
(1135, 1, 1, 93, 'a:1:{i:220;s:3:\"93,\";}', 1, 220, 220, 1, 120, 219824, '2bb5783d385267b79effdafafa03044a', 0, 0, '', 0, 0, '2019-05-22 01:10:49', '2019-05-22 01:14:38'),
(1136, 1, 1, 93, 'a:1:{i:263;s:3:\"93,\";}', 1, 263, 263, 1, 748, 220133, '3c4757b715fa48d49ecba9a747ca2de3', 0, 0, '', 0, 0, '2019-05-22 10:08:13', '2019-05-22 10:11:41'),
(1137, 1, 1, 93, 'a:1:{i:264;s:3:\"93,\";}', 2, 264, 264, 1, 750, 220154, 'abeb0c78b378af37497875fd33789199', 0, 0, '', 0, 0, '2019-05-22 11:01:51', '2019-05-22 11:19:44'),
(1138, 1, 1, 0, '', 2, 0, 0, 1, 0, 220172, '', 0, 0, '', 0, 0, '2019-05-24 09:19:45', '2019-05-24 09:21:53'),
(1140, 1, 1, 93, 'a:1:{i:261;s:3:\"93,\";}', 1, 261, 261, 1, 731, 214396, '893485fd73a22094389eb8843d4d2694', 0, 0, '', 0, 0, '2019-05-25 08:26:26', '2019-05-25 08:27:24'),
(1141, 1, 1, 93, 'a:1:{i:261;s:3:\"93,\";}', 1, 261, 261, 1, 731, 214396, '893485fd73a22094389eb8843d4d2694', 0, 0, '', 0, 0, '2019-05-25 08:36:52', '2019-05-25 08:37:56'),
(1142, 1, 1, 0, '', 1, 0, 0, 1, 0, 222577, '', 0, 0, '', 1, 0, '2019-05-25 23:19:28', '2019-05-25 23:19:28'),
(1143, 1, 1, 0, '', 1, 0, 0, 1, 0, 224298, '', 0, 0, '', 0, 0, '2019-05-27 14:45:35', '2019-05-27 14:45:35'),
(1144, 1, 1, 0, '', 2, 0, 0, 1, 0, 225095, '', 0, 0, '', 0, 0, '2019-05-28 13:04:38', '2019-05-28 13:04:39'),
(1145, 1, 1, 93, 'a:1:{i:266;s:3:\"93,\";}', 1, 266, 266, 1, 870, 225285, 'df21f4b5760d7970d9db03e48773c380', 0, 0, '', 0, 0, '2019-05-28 21:45:16', '2019-05-28 22:04:48'),
(1146, 1, 1, 0, '', 2, 0, 0, 1, 0, 225618, '', 0, 0, '', 0, 0, '2019-05-29 11:13:41', '2019-05-29 11:14:15'),
(1147, 1, 1, 0, '', 2, 0, 0, 1, 0, 225620, '', 0, 0, '', 0, 0, '2019-05-29 11:14:22', '2019-05-29 11:16:17'),
(1148, 1, 1, 0, '', 1, 0, 0, 1, 0, 225644, '', 0, 0, '', 0, 0, '2019-05-29 11:35:08', '2019-05-29 11:35:33'),
(1153, 1, 1, 93, 'a:1:{i:267;s:3:\"93,\";}', 1, 267, 267, 1, 918, 227472, 'dfe295269e6cbe4b71c28488154ae320', 0, 0, '', 0, 0, '2019-05-31 17:03:30', '2019-05-31 17:19:32'),
(1154, 1, 1, 0, '', 1, 0, 0, 1, 0, 227935, '', 0, 0, '', 1, 0, '2019-06-01 11:04:36', '2019-06-01 11:04:37'),
(1155, 1, 1, 93, 'a:1:{i:268;s:3:\"93,\";}', 1, 268, 268, 1, 928, 227941, 'ba489872f6591248cf07b3faffc6026c', 0, 0, '', 0, 0, '2019-06-01 11:22:25', '2019-06-01 11:25:31'),
(1156, 1, 1, 0, '', 1, 0, 0, 1, 0, 227935, '', 0, 0, '', 1, 0, '2019-06-01 11:33:00', '2019-06-01 11:33:00'),
(1157, 1, 1, 103, 'a:1:{i:269;s:4:\"103,\";}', 2, 269, 269, 1, 941, 228412, 'afaae942a292614a99c92a84c88afa05', 0, 0, '', 0, 0, '2019-06-02 01:14:54', '2019-06-02 01:22:51'),
(1158, 1, 1, 93, 'a:1:{i:270;s:3:\"93,\";}', 1, 270, 270, 1, 977, 226381, '8528cef1870816945123c4f579609ebe', 0, 0, '', 0, 0, '2019-06-03 12:50:26', '2019-06-03 12:52:32'),
(1159, 1, 1, 93, 'a:1:{i:271;s:3:\"93,\";}', 1, 271, 271, 1, 999, 229683, '82b9a3264d3c24120b6a312963add522', 0, 0, '', 0, 0, '2019-06-03 18:37:11', '2019-06-04 16:08:26'),
(1160, 1, 1, 0, '', 1, 0, 0, 1, 0, 231418, '', 0, 0, '', 1, 0, '2019-06-06 01:38:11', '2019-06-06 01:44:10'),
(1162, 1, 1, 0, '', 2, 0, 0, 1, 0, 232327, '', 0, 0, '', 1, 0, '2019-06-07 06:56:53', '2019-06-07 06:56:54'),
(1163, 1, 1, 98, 'a:1:{i:272;s:3:\"98,\";}', 1, 272, 272, 1, 1062, 232541, '7277b065f44cb370bf4ef564fd7e8e1c', 0, 0, '', 0, 0, '2019-06-07 15:21:47', '2019-06-07 15:29:24'),
(1164, 1, 1, 0, '', 1, 272, 272, 1, 1062, 231571, '7277b065f44cb370bf4ef564fd7e8e1c', 0, 0, '', 0, 0, '2019-06-07 15:38:29', '2019-06-07 15:38:29'),
(1165, 1, 1, 0, '', 2, 0, 0, 1, 0, 231211, '', 0, 0, '', 0, 0, '2019-06-08 10:56:28', '2019-06-08 10:56:29'),
(1166, 1, 1, 0, '', 1, 0, 0, 1, 0, 233092, '', 0, 0, '', 0, 0, '2019-06-08 16:08:56', '2019-06-08 16:08:56'),
(1167, 1, 1, 0, '', 1, 0, 0, 1, 0, 234913, '', 0, 0, '', 0, 0, '2019-06-10 18:03:49', '2019-06-10 18:04:15'),
(1168, 1, 1, 0, '', 1, 0, 0, 1, 0, 234919, '', 0, 0, '', 0, 0, '2019-06-10 18:04:28', '2019-06-10 18:05:02'),
(1169, 1, 1, 0, '', 1, 0, 0, 1, 0, 235068, '', 0, 0, '', 0, 0, '2019-06-10 22:02:20', '2019-06-10 22:03:07'),
(1170, 1, 1, 0, '', 1, 0, 0, 1, 0, 235071, '', 0, 0, '', 0, 0, '2019-06-10 22:03:11', '2019-06-10 22:05:07'),
(1171, 1, 1, 0, '', 1, 0, 0, 1, 0, 235073, '', 0, 0, '', 0, 0, '2019-06-10 22:05:17', '2019-06-10 22:07:08'),
(1172, 1, 1, 0, '', 1, 0, 0, 1, 0, 235074, '', 0, 0, '', 0, 0, '2019-06-10 22:07:14', '2019-06-10 22:09:09'),
(1173, 1, 1, 0, '', 1, 0, 0, 1, 0, 235075, '', 0, 0, '', 0, 0, '2019-06-10 22:09:20', '2019-06-10 22:11:10'),
(1174, 1, 1, 0, '', 1, 0, 0, 1, 0, 235079, '', 0, 0, '', 0, 0, '2019-06-10 22:11:18', '2019-06-10 22:13:01'),
(1175, 1, 1, 0, '', 2, 0, 0, 1, 0, 235239, '', 0, 0, '', 0, 0, '2019-06-11 04:27:14', '2019-06-11 04:28:59'),
(1176, 1, 1, 0, '', 2, 0, 0, 1, 0, 235240, '', 0, 0, '', 0, 0, '2019-06-11 04:29:04', '2019-06-11 04:30:34'),
(1177, 1, 1, 0, '', 2, 0, 0, 1, 0, 235241, '', 0, 0, '', 0, 0, '2019-06-11 04:31:09', '2019-06-11 04:32:46'),
(1178, 1, 1, 0, '', 2, 0, 0, 1, 0, 235242, '', 0, 0, '', 0, 0, '2019-06-11 04:33:23', '2019-06-11 04:35:06'),
(1179, 1, 1, 0, '', 2, 0, 0, 1, 0, 235246, '', 0, 0, '', 0, 0, '2019-06-11 04:35:25', '2019-06-11 04:37:19'),
(1180, 1, 1, 0, '', 2, 0, 0, 1, 0, 235250, '', 0, 0, '', 0, 0, '2019-06-11 04:37:26', '2019-06-11 04:39:18'),
(1181, 1, 1, 0, '', 2, 0, 0, 1, 0, 235251, '', 0, 0, '', 0, 0, '2019-06-11 04:39:34', '2019-06-11 04:41:26'),
(1182, 1, 1, 0, '', 2, 0, 0, 1, 0, 235252, '', 0, 0, '', 0, 0, '2019-06-11 04:41:39', '2019-06-11 04:43:31'),
(1183, 1, 1, 0, '', 2, 0, 0, 1, 0, 235254, '', 0, 0, '', 0, 0, '2019-06-11 04:44:03', '2019-06-11 04:45:36'),
(1184, 1, 1, 0, '', 2, 0, 0, 1, 0, 235258, '', 0, 0, '', 0, 0, '2019-06-11 04:45:44', '2019-06-11 04:46:34'),
(1185, 1, 1, 0, '', 1, 0, 0, 1, 0, 235391, '', 0, 0, '', 0, 0, '2019-06-11 05:01:38', '2019-06-11 05:02:06'),
(1186, 1, 1, 0, '', 2, 0, 0, 1, 0, 235754, '', 0, 0, '', 0, 0, '2019-06-11 12:36:43', '2019-06-11 12:37:30'),
(1187, 1, 1, 0, '', 1, 0, 0, 1, 0, 235760, '', 0, 0, '', 0, 0, '2019-06-11 12:42:17', '2019-06-11 12:42:40'),
(1188, 1, 1, 93, 'a:1:{i:273;s:3:\"93,\";}', 1, 273, 273, 1, 1149, 233138, 'c41370e883a7ef8dae426dbc9c7b3e7c', 0, 0, '', 0, 0, '2019-06-11 18:14:49', '2019-06-11 18:16:53'),
(1189, 1, 1, 0, '', 2, 0, 0, 1, 0, 235989, '', 0, 0, '', 0, 0, '2019-06-11 19:04:39', '2019-06-11 19:04:39'),
(1190, 1, 1, 0, '', 1, 0, 0, 1, 0, 235990, '', 0, 0, '', 0, 0, '2019-06-11 19:04:53', '2019-06-11 19:05:50'),
(1191, 1, 1, 0, '', 1, 0, 0, 1, 0, 235996, '', 0, 0, '', 0, 0, '2019-06-11 19:13:20', '2019-06-11 19:13:27'),
(1192, 1, 1, 93, 'a:1:{i:274;s:3:\"93,\";}', 1, 274, 274, 1, 1155, 235140, 'e125fca14a56f8cada77ec05a7c9a6c9', 0, 0, '', 1, 0, '2019-06-11 23:02:40', '2019-06-11 23:09:12'),
(1193, 1, 1, 0, '', 1, 0, 0, 1, 0, 236235, '', 0, 0, '', 0, 0, '2019-06-12 02:08:15', '2019-06-12 02:08:39'),
(1194, 1, 1, 0, '', 1, 0, 0, 1, 0, 238000, '', 0, 0, '', 0, 0, '2019-06-13 13:23:10', '2019-06-13 13:24:33'),
(1195, 1, 1, 103, 'a:1:{i:275;s:4:\"103,\";}', 2, 275, 275, 1, 1196, 238321, '27cc6273fb6bf2a3c1697b0d3bcd4b06', 0, 0, '', 0, 0, '2019-06-14 00:53:47', '2019-06-14 00:57:34'),
(1196, 1, 1, 0, '', 1, 0, 0, 1, 0, 227667, '', 0, 0, '', 0, 0, '2019-06-14 22:24:18', '2019-06-14 22:24:18'),
(1197, 1, 1, 93, 'a:1:{i:276;s:3:\"93,\";}', 1, 276, 276, 1, 1230, 235962, 'd56e0ac8d91188f8da3fe64981d4a3da', 0, 0, '', 0, 0, '2019-06-15 15:51:43', '2019-06-15 15:57:00'),
(1198, 1, 1, 103, 'a:1:{i:277;s:4:\"103,\";}', 2, 277, 277, 1, 1248, 239792, '871b26d6adf4e3c62bd3436a6f03180a', 0, 0, '', 1, 0, '2019-06-16 14:31:45', '2019-06-16 14:47:05'),
(1199, 1, 1, 0, '', 1, 0, 0, 1, 0, 230558, '', 0, 0, '', 1, 0, '2019-06-16 20:11:48', '2019-06-16 20:11:48'),
(1200, 1, 1, 0, '', 1, 0, 0, 1, 0, 240753, '', 0, 0, '', 0, 0, '2019-06-17 13:48:04', '2019-06-17 13:48:05'),
(1201, 1, 1, 0, '', 1, 0, 0, 1, 0, 240996, '', 0, 0, '', 1, 0, '2019-06-17 20:57:31', '2019-06-17 20:57:31'),
(1202, 1, 1, 0, '', 1, 6, 6, 1, 2, 225205, '3cd7d60836e1a950491d8f7c44f4c730', 0, 0, '', 0, 0, '2019-06-18 10:03:09', '2019-07-15 18:17:30'),
(1203, 1, 1, 0, '', 1, 0, 0, 1, 0, 241026, '', 0, 0, '', 0, 0, '2019-06-18 22:22:57', '2019-06-18 22:22:57'),
(1204, 1, 1, 0, '', 2, 0, 0, 1, 0, 242403, '', 0, 0, '', 0, 0, '2019-06-19 17:54:29', '2019-06-19 17:55:33'),
(1205, 1, 1, 0, '', 1, 0, 0, 1, 0, 242416, '', 0, 0, '', 0, 0, '2019-06-19 18:00:05', '2019-06-19 18:00:38'),
(1206, 1, 1, 0, '', 2, 0, 0, 1, 0, 243030, '', 0, 0, '', 0, 0, '2019-06-19 22:39:11', '2019-06-19 22:41:07'),
(1207, 1, 1, 0, '', 2, 0, 0, 1, 0, 243033, '', 0, 0, '', 0, 0, '2019-06-19 22:41:09', '2019-06-19 22:43:07'),
(1208, 1, 1, 0, '', 1, 0, 0, 1, 0, 243036, '', 0, 0, '', 0, 0, '2019-06-19 22:43:16', '2019-06-19 22:45:09'),
(1209, 1, 1, 0, '', 1, 0, 0, 1, 0, 243041, '', 0, 0, '', 0, 0, '2019-06-19 22:48:10', '2019-06-19 22:49:12'),
(1210, 1, 1, 0, '', 1, 0, 0, 1, 0, 243046, '', 0, 0, '', 0, 0, '2019-06-19 22:49:16', '2019-06-19 22:51:12'),
(1211, 1, 1, 0, '', 1, 0, 0, 1, 0, 243049, '', 0, 0, '', 0, 0, '2019-06-19 22:53:39', '2019-06-19 22:55:34'),
(1212, 1, 1, 0, '', 1, 0, 0, 1, 0, 243053, '', 0, 0, '', 0, 0, '2019-06-19 22:55:41', '2019-06-19 22:57:37'),
(1213, 1, 1, 0, '', 1, 0, 0, 1, 0, 243057, '', 0, 0, '', 0, 0, '2019-06-19 22:57:42', '2019-06-19 22:59:39'),
(1214, 1, 1, 0, '', 1, 0, 0, 1, 0, 243062, '', 0, 0, '', 0, 0, '2019-06-19 22:59:52', '2019-06-19 23:00:21'),
(1215, 1, 1, 0, '', 1, 0, 0, 1, 0, 243209, '', 0, 0, '', 0, 0, '2019-06-20 04:12:50', '2019-06-20 04:13:40'),
(1216, 1, 1, 0, '', 1, 0, 0, 1, 0, 243267, '', 0, 0, '', 0, 0, '2019-06-20 05:13:09', '2019-06-20 05:14:11'),
(1217, 1, 1, 0, '', 1, 0, 0, 1, 0, 243410, '', 0, 0, '', 0, 0, '2019-06-20 09:50:55', '2019-06-20 09:51:01'),
(1218, 1, 1, 0, '', 1, 0, 0, 1, 0, 243413, '', 0, 0, '', 0, 0, '2019-06-20 09:52:43', '2019-06-20 09:53:27'),
(1219, 1, 1, 0, '', 1, 0, 0, 1, 0, 243606, '', 0, 0, '', 0, 0, '2019-06-20 15:33:34', '2019-06-20 15:33:43'),
(1220, 1, 1, 0, '', 1, 0, 0, 1, 0, 243607, '', 0, 0, '', 0, 0, '2019-06-20 15:35:28', '2019-06-20 15:35:35'),
(1221, 1, 1, 0, '', 1, 0, 0, 1, 0, 243784, '', 0, 0, '', 0, 0, '2019-06-20 20:59:44', '2019-06-20 20:59:54'),
(1222, 1, 1, 0, '', 1, 0, 0, 1, 0, 243824, '', 0, 0, '', 0, 0, '2019-06-20 22:27:51', '2019-06-20 22:27:51'),
(1223, 1, 1, 0, '', 2, 0, 0, 1, 1333, 244476, 'a7da7364e7b3183c7a1ea0ea7696d6fe', 0, 0, '', 0, 0, '2019-06-21 19:21:23', '2019-06-21 19:22:31'),
(1224, 1, 1, 0, '', 1, 0, 0, 1, 1369, 246197, '1030e43d0388bc2019704d5bfcbb6e2a', 0, 0, '', 0, 0, '2019-06-24 15:56:57', '2019-06-24 16:49:47'),
(1225, 1, 1, 93, 'a:1:{i:278;s:3:\"93,\";}', 1, 278, 278, 1, 1371, 246251, '7b97fa24d19c1be0f78d97ddb4ee8bd5', 0, 0, '', 0, 0, '2019-06-24 18:12:15', '2019-06-24 18:23:25'),
(1226, 1, 1, 0, '', 1, 0, 0, 1, 0, 246716, '', 0, 0, '', 0, 0, '2019-06-25 00:59:50', '2019-06-25 01:00:04'),
(1227, 1, 1, 0, '', 1, 0, 0, 1, 0, 246720, '', 0, 0, '', 0, 0, '2019-06-25 01:00:14', '2019-06-25 01:00:31'),
(1228, 1, 1, 0, '', 1, 0, 0, 1, 0, 247451, '', 0, 0, '', 0, 0, '2019-06-25 05:52:54', '2019-06-25 05:54:22'),
(1229, 1, 1, 0, '', 2, 0, 0, 1, 0, 247456, '', 0, 0, '', 0, 0, '2019-06-25 05:54:29', '2019-06-25 05:56:24'),
(1232, 1, 1, 0, '', 1, 0, 0, 1, 0, 247466, '', 0, 0, '', 0, 0, '2019-06-25 06:00:31', '2019-06-25 06:02:15'),
(1233, 1, 1, 0, '', 2, 0, 0, 1, 0, 248133, '', 0, 0, '', 0, 0, '2019-06-25 11:39:47', '2019-06-25 11:40:57'),
(1234, 1, 1, 0, '', 2, 0, 0, 1, 0, 248138, '', 0, 0, '', 0, 0, '2019-06-25 11:41:11', '2019-06-25 11:42:10'),
(1235, 1, 1, 0, '', 2, 0, 0, 1, 0, 248187, '', 0, 0, '', 0, 0, '2019-06-25 11:57:40', '2019-06-25 11:59:33'),
(1236, 1, 1, 0, '', 2, 0, 0, 1, 0, 248190, '', 0, 0, '', 0, 0, '2019-06-25 11:59:50', '2019-06-25 12:01:39'),
(1237, 1, 1, 0, '', 1, 0, 0, 1, 0, 248200, '', 0, 0, '', 0, 0, '2019-06-25 12:02:05', '2019-06-25 12:03:40'),
(1238, 1, 1, 0, '', 2, 0, 0, 1, 0, 248206, '', 0, 0, '', 0, 0, '2019-06-25 12:04:07', '2019-06-25 12:05:40'),
(1239, 1, 1, 0, '', 1, 0, 0, 1, 0, 248214, '', 0, 0, '', 0, 0, '2019-06-25 12:06:00', '2019-06-25 12:07:48'),
(1240, 1, 1, 0, '', 1, 0, 0, 1, 0, 248219, '', 0, 0, '', 0, 0, '2019-06-25 12:08:01', '2019-06-25 12:09:49'),
(1241, 1, 1, 0, '', 1, 0, 0, 1, 0, 248222, '', 0, 0, '', 0, 0, '2019-06-25 12:10:03', '2019-06-25 12:11:57'),
(1242, 1, 1, 0, '', 1, 0, 0, 1, 0, 248226, '', 0, 0, '', 0, 0, '2019-06-25 12:12:10', '2019-06-25 12:12:57'),
(1243, 1, 1, 0, '', 1, 0, 0, 1, 0, 248338, '', 0, 0, '', 0, 0, '2019-06-25 13:11:14', '2019-06-25 13:12:02'),
(1244, 1, 1, 0, '', 2, 0, 0, 1, 0, 248722, '', 0, 0, '', 0, 0, '2019-06-25 17:17:29', '2019-06-25 17:18:01'),
(1245, 1, 1, 0, '', 2, 0, 0, 1, 0, 248725, '', 0, 0, '', 0, 0, '2019-06-25 17:25:34', '2019-06-25 17:25:49'),
(1246, 1, 1, 0, '', 2, 0, 0, 1, 0, 248728, '', 0, 0, '', 0, 0, '2019-06-25 17:29:46', '2019-06-25 17:29:55'),
(1247, 1, 1, 0, '', 1, 0, 0, 1, 0, 248729, '', 0, 0, '', 0, 0, '2019-06-25 17:30:00', '2019-06-25 17:31:55'),
(1248, 1, 1, 0, '', 2, 0, 0, 1, 0, 249302, '', 0, 0, '', 0, 0, '2019-06-25 22:28:51', '2019-06-25 22:29:51'),
(1249, 1, 1, 0, '', 1, 0, 0, 1, 0, 249340, '', 0, 0, '', 0, 0, '2019-06-25 22:48:41', '2019-06-25 22:48:47'),
(1250, 1, 1, 0, '', 1, 0, 0, 1, 0, 249721, '', 0, 0, '', 0, 0, '2019-06-26 02:22:27', '2019-06-26 02:23:11'),
(1251, 1, 1, 0, '', 1, 0, 0, 1, 0, 250060, '', 0, 0, '', 0, 0, '2019-06-26 06:04:50', '2019-06-26 06:04:55'),
(1252, 1, 1, 0, '', 1, 0, 0, 1, 0, 250400, '', 0, 0, '', 0, 0, '2019-06-26 10:15:51', '2019-06-26 10:15:54'),
(1253, 1, 1, 0, '', 2, 0, 0, 1, 0, 250433, '', 0, 0, '', 0, 0, '2019-06-26 10:30:16', '2019-06-26 10:30:40'),
(1254, 1, 1, 0, '', 1, 0, 0, 1, 0, 250505, '', 0, 0, '', 0, 0, '2019-06-26 10:53:50', '2019-06-26 10:54:31'),
(1255, 1, 1, 0, '', 1, 0, 0, 1, 0, 252219, '', 0, 0, '', 0, 0, '2019-06-27 19:20:50', '2019-06-27 19:20:50'),
(1256, 1, 1, 93, 'a:1:{i:279;s:3:\"93,\";}', 1, 279, 279, 1, 1400, 252268, '4a1bc241481b6e1ad2aabda6276fd138', 0, 0, '', 1, 0, '2019-06-27 21:26:34', '2019-06-27 21:31:57'),
(1257, 1, 1, 93, 'a:1:{i:281;s:3:\"93,\";}', 1, 281, 280, 1, 1401, 234319, 'e461ffc8221d8edffb3bd3d9f0e4d712', 0, 0, '', 0, 0, '2019-06-28 07:42:45', '2019-06-28 07:46:40'),
(1259, 1, 1, 0, '', 1, 0, 0, 1, 0, 254779, '', 0, 0, '', 1, 0, '2019-07-01 22:19:21', '2019-07-01 22:19:21'),
(1260, 1, 1, 0, '', 2, 0, 0, 1, 0, 253459, '', 0, 0, '', 0, 0, '2019-07-02 02:09:37', '2019-07-02 02:09:37'),
(1261, 1, 1, 0, '', 1, 0, 0, 1, 0, 254574, '', 0, 0, '', 1, 0, '2019-07-02 14:44:05', '2019-07-02 14:44:37'),
(1262, 1, 1, 93, 'a:1:{i:282;s:3:\"93,\";}', 1, 282, 282, 1, 1451, 255721, 'b8bb615aacc98c3406113c3fc58b2776', 0, 0, '', 0, 0, '2019-07-03 11:53:42', '2019-07-04 07:37:58'),
(1263, 1, 1, 0, '', 2, 0, 0, 1, 0, 255867, '', 0, 0, '', 0, 0, '2019-07-03 17:25:55', '2019-07-03 17:25:55'),
(1265, 1, 1, 0, '', 1, 0, 0, 1, 0, 256365, '', 0, 0, '', 1, 0, '2019-07-04 12:38:05', '2019-07-04 12:44:22'),
(1266, 1, 1, 0, '', 2, 0, 0, 1, 0, 257900, '', 0, 0, '', 0, 0, '2019-07-06 18:50:42', '2019-07-06 18:51:27'),
(1267, 1, 1, 0, '', 1, 0, 0, 1, 0, 257928, '', 0, 0, '', 0, 0, '2019-07-06 19:14:42', '2019-07-06 19:15:01'),
(1268, 1, 1, 0, '', 1, 0, 0, 1, 0, 257930, '', 0, 0, '', 0, 0, '2019-07-06 19:15:06', '2019-07-06 19:15:17'),
(1269, 1, 1, 0, '', 1, 0, 0, 1, 0, 258056, '', 0, 0, '', 1, 0, '2019-07-06 23:52:43', '2019-07-06 23:52:43'),
(1270, 1, 1, 0, '', 1, 0, 0, 1, 0, 258436, '', 0, 0, '', 0, 0, '2019-07-07 12:21:23', '2019-07-07 12:21:24'),
(1271, 1, 1, 93, 'a:1:{i:283;s:3:\"93,\";}', 1, 283, 283, 1, 1459, 253581, '398f39e7affcdfec0e4c3a29b95764af', 0, 0, '', 1, 0, '2019-07-07 13:22:23', '2019-07-07 13:24:59'),
(1272, 1, 1, 93, 'a:1:{i:284;s:3:\"93,\";}', 1, 284, 284, 1, 1460, 242219, 'a98c9f297c8aafc4fd2c1e47c0341ca6', 0, 0, '', 0, 0, '2019-07-07 18:16:48', '2019-07-07 18:42:13'),
(1273, 1, 1, 0, '', 1, 0, 0, 1, 0, 258669, '', 0, 0, '', 1, 0, '2019-07-07 20:12:10', '2019-07-07 20:12:10'),
(1274, 1, 1, 93, 'a:1:{i:287;s:3:\"93,\";}', 1, 287, 287, 1, 1529, 259832, 'd3db108da4b22d0abe92bc502221355e', 0, 0, '', 0, 0, '2019-07-09 11:13:01', '2019-07-14 18:33:58'),
(1275, 1, 1, 0, '', 2, 0, 0, 1, 0, 252843, '', 0, 0, '', 0, 0, '2019-07-09 14:25:53', '2019-07-09 14:55:17'),
(1276, 1, 1, 93, 'a:1:{i:285;s:3:\"93,\";}', 2, 285, 285, 1, 1477, 259932, '4faa3ac055eac9424be00e32efb73a91', 0, 0, '', 0, 0, '2019-07-09 14:53:27', '2019-07-09 15:00:04'),
(1277, 1, 1, 103, 'a:1:{i:286;s:4:\"103,\";}', 2, 286, 286, 1, 1485, 260364, 'dfe2fd4496f27a6c9f640620a59fff90', 0, 0, '', 1, 0, '2019-07-10 02:33:58', '2019-07-10 17:22:34'),
(1278, 1, 1, 0, '', 1, 0, 0, 1, 0, 261486, '', 0, 0, '', 1, 0, '2019-07-11 01:36:10', '2019-07-11 01:36:11'),
(1279, 1, 1, 0, '', 1, 0, 0, 1, 0, 262428, '', 0, 0, '', 0, 0, '2019-07-12 06:43:03', '2019-07-12 06:43:51'),
(1280, 1, 1, 0, '', 1, 0, 0, 1, 0, 262430, '', 0, 0, '', 0, 0, '2019-07-12 06:44:21', '2019-07-12 06:44:30'),
(1281, 1, 1, 0, '', 2, 0, 0, 1, 0, 262593, '', 0, 0, '', 0, 0, '2019-07-12 10:58:03', '2019-07-12 10:59:59'),
(1282, 1, 1, 0, '', 1, 0, 0, 1, 0, 262601, '', 0, 0, '', 0, 0, '2019-07-12 11:07:08', '2019-07-12 11:08:01'),
(1283, 1, 1, 0, '', 1, 0, 0, 1, 0, 262603, '', 0, 0, '', 0, 0, '2019-07-12 11:08:10', '2019-07-12 11:10:05'),
(1284, 1, 1, 0, '', 1, 0, 0, 1, 0, 262607, '', 0, 0, '', 0, 0, '2019-07-12 11:10:11', '2019-07-12 11:12:08'),
(1285, 1, 1, 0, '', 1, 0, 0, 1, 0, 262608, '', 0, 0, '', 0, 0, '2019-07-12 11:12:12', '2019-07-12 11:14:11'),
(1286, 1, 1, 0, '', 1, 0, 0, 1, 0, 262611, '', 0, 0, '', 0, 0, '2019-07-12 11:14:16', '2019-07-12 11:14:19'),
(1287, 1, 1, 0, '', 2, 0, 0, 1, 0, 262766, '', 0, 0, '', 0, 0, '2019-07-12 16:11:12', '2019-07-12 16:11:19'),
(1288, 1, 1, 0, '', 2, 0, 0, 1, 0, 262769, '', 0, 0, '', 0, 0, '2019-07-12 16:11:21', '2019-07-12 16:13:19'),
(1289, 1, 1, 0, '', 2, 0, 0, 1, 0, 262771, '', 0, 0, '', 0, 0, '2019-07-12 16:13:22', '2019-07-12 16:15:20'),
(1290, 1, 1, 0, '', 1, 0, 0, 1, 0, 262773, '', 0, 0, '', 0, 0, '2019-07-12 16:15:22', '2019-07-12 16:16:17'),
(1291, 1, 1, 0, '', 1, 0, 0, 1, 0, 262802, '', 0, 0, '', 0, 0, '2019-07-12 16:44:15', '2019-07-12 16:44:22'),
(1292, 1, 1, 0, '', 1, 0, 0, 1, 0, 262805, '', 0, 0, '', 0, 0, '2019-07-12 16:44:30', '2019-07-12 16:44:55'),
(1293, 1, 1, 0, '', 2, 0, 0, 1, 0, 262944, '', 0, 0, '', 0, 0, '2019-07-12 21:51:52', '2019-07-12 21:53:50'),
(1294, 1, 1, 0, '', 2, 0, 0, 1, 0, 262951, '', 0, 0, '', 0, 0, '2019-07-12 21:59:06', '2019-07-12 21:59:54'),
(1295, 1, 1, 0, '', 1, 0, 0, 1, 0, 262952, '', 0, 0, '', 0, 0, '2019-07-12 21:59:58', '2019-07-12 22:00:17'),
(1296, 1, 1, 0, '', 1, 0, 0, 1, 0, 262958, '', 0, 0, '', 0, 0, '2019-07-12 22:04:02', '2019-07-12 22:04:02'),
(1297, 1, 1, 0, '', 1, 0, 0, 1, 0, 263123, '', 0, 0, '', 0, 0, '2019-07-13 04:08:54', '2019-07-13 04:09:58'),
(1298, 1, 1, 0, '', 1, 0, 0, 1, 0, 265502, '', 0, 0, '', 1, 0, '2019-07-15 21:00:35', '2019-07-15 21:00:35');

-- --------------------------------------------------------

--
-- Structure de la table `gcahdy_cartabandonmentpro_cartrule`
--

