INSERT INTO `gcahdy_statssearch` (`id_statssearch`, `id_shop`, `id_shop_group`, `keywords`, `results`, `date_add`) VALUES
(5613, 1, 1, '8100101', 0, '2019-05-03 18:44:33'),
(5614, 1, 1, '8100101', 0, '2019-05-03 18:44:33'),
(5615, 1, 1, 'huitre', 2, '2019-05-04 20:16:43'),
(5616, 1, 1, 'huitre', 2, '2019-05-04 20:16:43'),
(5617, 1, 1, 'huitre', 2, '2019-05-04 20:16:43'),
(5618, 1, 1, 'couteau', 10, '2019-05-06 16:56:43'),
(5619, 1, 1, 'cout', 10, '2019-05-06 16:56:43'),
(5620, 1, 1, 'couteau', 10, '2019-05-06 16:56:43'),
(5621, 1, 1, 'coutea', 10, '2019-05-06 16:56:43'),
(5622, 1, 1, 'cout', 10, '2019-05-06 16:56:43'),
(5623, 1, 1, 'coutea', 10, '2019-05-06 16:56:43'),
(5624, 1, 1, 'couteau ', 10, '2019-05-06 16:56:43'),
(5625, 1, 1, 'couteau ', 10, '2019-05-06 16:56:43'),
(5626, 1, 1, 'couteau a', 10, '2019-05-06 16:56:43'),
(5627, 1, 1, 'couteau a', 10, '2019-05-06 16:56:43'),
(5628, 1, 1, 'couteau a ', 10, '2019-05-06 16:56:44'),
(5629, 1, 1, 'couteau a ', 10, '2019-05-06 16:56:44'),
(5630, 1, 1, 'couteau a pa', 10, '2019-05-06 16:56:45'),
(5631, 1, 1, 'couteau a pa', 10, '2019-05-06 16:56:45'),
(5632, 1, 1, 'couteau a pain', 10, '2019-05-06 16:56:46'),
(5633, 1, 1, 'couteau a pain', 10, '2019-05-06 16:56:46'),
(5634, 1, 1, 'couteau a pain', 313, '2019-05-06 16:56:48'),
(5635, 1, 1, 'couteau a pain', 313, '2019-05-06 16:57:13'),
(5636, 1, 1, 'cor', 10, '2019-05-06 18:49:30'),
(5637, 1, 1, 'cor', 10, '2019-05-06 18:49:30'),
(5638, 1, 1, 'cork', 10, '2019-05-06 18:49:30'),
(5639, 1, 1, 'cork', 10, '2019-05-06 18:49:30'),
(5640, 1, 1, 'corks', 10, '2019-05-06 18:49:30'),
(5641, 1, 1, 'corks', 10, '2019-05-06 18:49:30'),
(5642, 1, 1, 'corksc', 10, '2019-05-06 18:49:31'),
(5643, 1, 1, 'corksc', 10, '2019-05-06 18:49:31'),
(5644, 1, 1, 'corkscrew', 10, '2019-05-06 18:49:34'),
(5645, 1, 1, 'corkscrew', 10, '2019-05-06 18:49:34'),
(5646, 1, 1, 'Corkscrew', 47, '2019-05-06 18:49:36'),
(5647, 1, 1, 'Corkscrew', 47, '2019-05-06 18:49:54'),
(5648, 1, 1, 'Corkscrew', 47, '2019-05-06 18:50:01'),
(5649, 1, 1, 'Corkscrew', 47, '2019-05-06 18:50:17'),
(5650, 1, 1, 'pha', 10, '2019-05-06 20:08:54'),
(5651, 1, 1, 'pha', 10, '2019-05-06 20:08:54'),
(5652, 1, 1, 'phac', 10, '2019-05-06 20:08:54'),
(5653, 1, 1, 'phac', 10, '2019-05-06 20:08:54'),
(5654, 1, 1, 'phaco', 10, '2019-05-06 20:08:54'),
(5655, 1, 1, 'phaco', 10, '2019-05-06 20:08:54'),
(5656, 1, 1, 'phacochere', 10, '2019-05-06 20:08:59'),
(5657, 1, 1, 'phacochere', 10, '2019-05-06 20:08:59'),
(5658, 1, 1, 'phacochere', 31, '2019-05-06 20:09:00'),
(5659, 1, 1, 'phacochere', 31, '2019-05-06 20:09:21'),
(5660, 1, 1, 'phacochere', 31, '2019-05-06 20:09:45'),
(5661, 1, 1, 'ser', 10, '2019-05-07 16:16:21'),
(5662, 1, 1, 'serv', 10, '2019-05-07 16:16:21'),
(5663, 1, 1, 'ser', 10, '2019-05-07 16:16:21'),
(5664, 1, 1, 'serv', 10, '2019-05-07 16:16:21'),
(5665, 1, 1, 'serving', 1, '2019-05-07 16:16:28'),
(5666, 1, 1, 'serving', 1, '2019-05-07 16:16:28'),
(5667, 1, 1, 'Serving', 1, '2019-05-07 16:16:29'),
(5668, 1, 1, 'fou', 10, '2019-05-07 18:14:37'),
(5669, 1, 1, 'fou', 10, '2019-05-07 18:14:37'),
(5670, 1, 1, 'four', 10, '2019-05-07 18:14:37'),
(5671, 1, 1, 'four', 10, '2019-05-07 18:14:37'),
(5672, 1, 1, 'fourche', 10, '2019-05-07 18:14:38'),
(5673, 1, 1, 'fourche', 10, '2019-05-07 18:14:38'),
(5674, 1, 1, 'fourchettes', 10, '2019-05-07 18:14:39'),
(5675, 1, 1, 'fourchettes', 10, '2019-05-07 18:14:39'),
(5676, 1, 1, 'Fourchettes', 44, '2019-05-07 18:14:41'),
(5677, 1, 1, 'Fourchettes', 44, '2019-05-07 18:28:01'),
(5678, 1, 1, 'cou', 10, '2019-05-09 18:32:36'),
(5679, 1, 1, 'coutea', 10, '2019-05-09 18:32:36'),
(5680, 1, 1, 'cou', 10, '2019-05-09 18:32:36'),
(5681, 1, 1, 'coutea', 10, '2019-05-09 18:32:36'),
(5682, 1, 1, 'couteau', 10, '2019-05-09 18:32:36'),
(5683, 1, 1, 'couteau', 10, '2019-05-09 18:32:36'),
(5684, 1, 1, 'couteau ', 10, '2019-05-09 18:32:37'),
(5685, 1, 1, 'couteau ', 10, '2019-05-09 18:32:37'),
(5686, 1, 1, 'couteau l', 10, '2019-05-09 18:32:41'),
(5687, 1, 1, 'couteau l', 10, '2019-05-09 18:32:41'),
(5688, 1, 1, 'couteau la', 10, '2019-05-09 18:32:41'),
(5689, 1, 1, 'couteau la', 10, '2019-05-09 18:32:42'),
(5690, 1, 1, 'couteau laguioll', 10, '2019-05-09 18:32:43'),
(5691, 1, 1, 'couteau laguioll', 10, '2019-05-09 18:32:43'),
(5692, 1, 1, 'couteau laguiole ', 10, '2019-05-09 18:32:44'),
(5693, 1, 1, 'couteau laguiole ', 10, '2019-05-09 18:32:44'),
(5694, 1, 1, 'Couteau laguiole ', 313, '2019-05-09 18:33:44'),
(5695, 1, 1, 'Couteau laguiole ', 313, '2019-05-09 18:33:44'),
(5696, 1, 1, 'ava', 10, '2019-05-09 18:34:38'),
(5697, 1, 1, 'ava', 10, '2019-05-09 18:34:38'),
(5698, 1, 1, 'Couteau laguiole ', 313, '2019-05-09 18:35:41'),
(5699, 1, 1, 'Couteau laguiole ', 313, '2019-05-09 18:35:58'),
(5700, 1, 1, 'Couteau laguiole ', 313, '2019-05-09 18:35:59'),
(5701, 1, 1, 'Couteau laguiole ', 313, '2019-05-09 18:36:19'),
(5702, 1, 1, 'Couteau laguiole ', 313, '2019-05-09 18:36:55'),
(5703, 1, 1, 'Couteau laguiole ', 313, '2019-05-09 18:37:07'),
(5704, 1, 1, 'Couteau laguiole ', 313, '2019-05-09 18:37:23'),
(5705, 1, 1, 'pistachier', 10, '2019-05-10 15:10:42'),
(5706, 1, 1, 'pistachier', 10, '2019-05-10 15:10:42'),
(5707, 1, 1, 'pistachier', 55, '2019-05-10 15:10:43'),
(5708, 1, 1, 'pistachier', 55, '2019-05-10 15:11:04'),
(5709, 1, 1, 'pistachier', 55, '2019-05-10 15:11:14'),
(5710, 1, 1, 'pistachier', 55, '2019-05-10 15:11:21'),
(5711, 1, 1, 'pistachier', 55, '2019-05-10 15:11:27'),
(5712, 1, 1, 'pistachier', 55, '2019-05-10 15:11:32'),
(5713, 1, 1, 'pizza', 0, '2019-05-15 19:32:53'),
(5714, 1, 1, 'pizza', 0, '2019-05-15 19:32:53'),
(5715, 1, 1, 'Pizza', 0, '2019-05-15 19:32:53'),
(5716, 1, 1, 'chene', 60, '2019-05-15 20:02:50'),
(5717, 1, 1, 'coffrets', 11, '2019-05-15 20:18:14'),
(5718, 1, 1, 'steak', 10, '2019-05-16 10:16:05'),
(5719, 1, 1, 'stea', 10, '2019-05-16 10:16:05'),
(5720, 1, 1, 'stea', 10, '2019-05-16 10:16:05'),
(5721, 1, 1, 'steak', 10, '2019-05-16 10:16:05'),
(5722, 1, 1, 'steak ', 10, '2019-05-16 10:16:06'),
(5723, 1, 1, 'steak ', 10, '2019-05-16 10:16:06'),
(5724, 1, 1, 'steak kn', 10, '2019-05-16 10:16:07'),
(5725, 1, 1, 'steak kn', 10, '2019-05-16 10:16:07'),
(5726, 1, 1, 'steak kni', 10, '2019-05-16 10:16:08'),
(5727, 1, 1, 'steak kni', 10, '2019-05-16 10:16:08'),
(5728, 1, 1, 'steak knife', 10, '2019-05-16 10:16:08'),
(5729, 1, 1, 'steak knife', 10, '2019-05-16 10:16:08'),
(5730, 1, 1, 'steak knife', 294, '2019-05-16 10:16:09'),
(5731, 1, 1, 'steak knife', 294, '2019-05-16 10:16:36'),
(5732, 1, 1, 'steak knife', 294, '2019-05-16 10:16:52'),
(5733, 1, 1, 'limonadier', 0, '2019-05-16 11:06:36'),
(5734, 1, 1, 'limonadier', 0, '2019-05-16 11:06:36'),
(5735, 1, 1, 'limonadier', 0, '2019-05-16 11:06:36'),
(5736, 1, 1, 'bouteille', 0, '2019-05-16 11:06:45'),
(5737, 1, 1, 'bouteille', 0, '2019-05-16 11:06:45'),
(5738, 1, 1, 'bouteille', 0, '2019-05-16 11:06:45'),
(5739, 1, 1, 'goyon chazeau', 10, '2019-05-16 17:48:31'),
(5740, 1, 1, 'goyon chazeau', 10, '2019-05-16 17:48:31'),
(5741, 1, 1, 'Goyon Chazeau', 179, '2019-05-16 17:48:31'),
(5742, 1, 1, 'soomilier', 0, '2019-05-17 07:03:41'),
(5743, 1, 1, 'soomilier', 0, '2019-05-17 07:03:41'),
(5744, 1, 1, 'soomilie', 0, '2019-05-17 07:03:42'),
(5745, 1, 1, 'soomilie', 0, '2019-05-17 07:03:42'),
(5746, 1, 1, 'sommilie', 0, '2019-05-17 07:03:46'),
(5747, 1, 1, 'sommilie', 0, '2019-05-17 07:03:46'),
(5748, 1, 1, 'Sommelier ', 0, '2019-05-17 07:03:50'),
(5749, 1, 1, 'sommelie', 0, '2019-05-17 07:03:59'),
(5750, 1, 1, 'sommelie', 0, '2019-05-17 07:03:59'),
(5751, 1, 1, 'Sommelie', 0, '2019-05-17 07:04:00'),
(5752, 1, 1, 'fromage', 0, '2019-05-17 15:24:47'),
(5753, 1, 1, 'fromage', 0, '2019-05-17 15:24:47'),
(5754, 1, 1, 'fromage', 0, '2019-05-17 15:24:47'),
(5755, 1, 1, 'Sommelie', 0, '2019-05-18 10:14:16'),
(5756, 1, 1, 'bui', 10, '2019-05-18 15:19:52'),
(5757, 1, 1, 'bui', 10, '2019-05-18 15:19:52'),
(5758, 1, 1, 'buis', 10, '2019-05-18 15:19:52'),
(5759, 1, 1, 'buis', 10, '2019-05-18 15:19:52'),
(5760, 1, 1, 'hetre e', 10, '2019-05-18 15:21:02'),
(5761, 1, 1, 'hetre e', 10, '2019-05-18 15:21:02'),
(5762, 1, 1, 'hetre echa', 10, '2019-05-18 15:21:04'),
(5763, 1, 1, 'hetre echa', 10, '2019-05-18 15:21:04'),
(5764, 1, 1, 'hetre echau', 10, '2019-05-18 15:21:04'),
(5765, 1, 1, 'hetre echau', 10, '2019-05-18 15:21:04'),
(5766, 1, 1, 'echau', 1, '2019-05-18 15:22:13'),
(5767, 1, 1, 'echau', 1, '2019-05-18 15:22:13'),
(5768, 1, 1, 'echauff', 1, '2019-05-18 15:22:14'),
(5769, 1, 1, 'echauff', 1, '2019-05-18 15:22:14'),
(5770, 1, 1, 'hetre', 10, '2019-05-18 15:22:22'),
(5771, 1, 1, 'hetre', 10, '2019-05-18 15:22:22'),
(5772, 1, 1, 'Hetre', 37, '2019-05-18 15:22:23'),
(5773, 1, 1, 'paperstone', 10, '2019-05-18 18:28:04'),
(5774, 1, 1, 'paperstone', 10, '2019-05-18 18:28:04'),
(5775, 1, 1, 'Paperstone', 14, '2019-05-18 18:28:05'),
(5776, 1, 1, 'block', 5, '2019-05-19 01:02:55'),
(5777, 1, 1, 'block', 5, '2019-05-19 01:02:55'),
(5778, 1, 1, 'Block', 5, '2019-05-19 01:02:56'),
(5779, 1, 1, 'le thiers', 10, '2019-05-21 07:13:57'),
(5780, 1, 1, 'le thiers', 10, '2019-05-21 07:13:57'),
(5781, 1, 1, 'Le thiers ', 134, '2019-05-21 07:13:58'),
(5782, 1, 1, 'Le thiers ', 134, '2019-05-21 10:18:24'),
(5783, 1, 1, '122', 2, '2019-05-21 17:21:11'),
(5784, 1, 1, '122', 2, '2019-05-21 17:21:11'),
(5785, 1, 1, '122701', 0, '2019-05-21 17:21:14'),
(5786, 1, 1, '122701', 0, '2019-05-21 17:21:14'),
(5787, 1, 1, '122701', 0, '2019-05-21 17:21:15'),
(5788, 1, 1, '1227001', 1, '2019-05-21 17:21:21'),
(5789, 1, 1, '1227001', 1, '2019-05-21 17:21:21'),
(5790, 1, 1, '1227001', 1, '2019-05-21 17:21:22'),
(5791, 1, 1, '1227001', 1, '2019-05-21 17:33:57'),
(5792, 1, 1, 'vigne', 0, '2019-05-23 19:11:00'),
(5793, 1, 1, 'vigne', 0, '2019-05-23 19:11:00'),
(5794, 1, 1, 'vigne', 0, '2019-05-23 19:11:02'),
(5795, 1, 1, 'vignero', 0, '2019-05-23 19:11:09'),
(5796, 1, 1, 'vignero', 0, '2019-05-23 19:11:09'),
(5797, 1, 1, 'vigneron', 0, '2019-05-23 19:11:09'),
(5798, 1, 1, 'vigneron', 0, '2019-05-23 19:11:14'),
(5799, 1, 1, 'sarm', 0, '2019-05-23 19:11:19'),
(5800, 1, 1, 'sarm', 0, '2019-05-23 19:11:19'),
(5801, 1, 1, 'sarment', 0, '2019-05-23 19:11:21'),
(5802, 1, 1, 'sarment', 0, '2019-05-23 19:11:21'),
(5803, 1, 1, 'sarment', 0, '2019-05-23 19:11:26'),
(5804, 1, 1, 'feuille', 0, '2019-05-23 19:11:33'),
(5805, 1, 1, 'feuille', 0, '2019-05-23 19:11:33'),
(5806, 1, 1, 'feuille', 0, '2019-05-23 19:11:34'),
(5807, 1, 1, 'feuille', 0, '2019-05-23 19:11:38'),
(5808, 1, 1, 'chasse', 1, '2019-05-23 19:11:43'),
(5809, 1, 1, 'chasse', 1, '2019-05-23 19:11:43'),
(5810, 1, 1, 'chasse', 1, '2019-05-23 19:11:43'),
(5811, 1, 1, 'nature', 4, '2019-05-23 19:11:53'),
(5812, 1, 1, 'nature', 4, '2019-05-23 19:11:53'),
(5813, 1, 1, 'nature', 4, '2019-05-23 19:11:54'),
(5814, 1, 1, 'acier', 0, '2019-05-23 21:46:22'),
(5815, 1, 1, 'acier', 0, '2019-05-23 21:46:22'),
(5816, 1, 1, 'acier trempe', 0, '2019-05-23 21:46:24'),
(5817, 1, 1, 'Acier trempe', 0, '2019-05-23 21:46:25'),
(5818, 1, 1, 'fourchette', 10, '2019-05-24 21:51:18'),
(5819, 1, 1, 'fourchette', 10, '2019-05-24 21:51:18'),
(5820, 1, 1, 'fourchette', 58, '2019-05-24 21:51:18'),
(5821, 1, 1, 'fourchette', 58, '2019-05-24 21:51:33'),
(5822, 1, 1, 'fourchette', 58, '2019-05-24 21:51:43'),
(5823, 1, 1, 'fourchette', 58, '2019-05-24 21:51:54'),
(5824, 1, 1, 'fourchette', 58, '2019-05-24 21:52:01'),
(5825, 1, 1, 'buis de bout', 10, '2019-05-25 08:42:48'),
(5826, 1, 1, 'buis de bout', 10, '2019-05-25 08:42:48'),
(5827, 1, 1, 'Buis de bout', 90, '2019-05-25 08:42:48'),
(5828, 1, 1, 'sty', 10, '2019-05-25 10:25:01'),
(5829, 1, 1, 'sty', 10, '2019-05-25 10:25:01'),
(5830, 1, 1, 'Stylver', 97, '2019-05-25 10:25:19'),
(5831, 1, 1, 'stylver ', 10, '2019-05-25 10:25:46'),
(5832, 1, 1, 'stylver ', 10, '2019-05-25 10:25:46'),
(5833, 1, 1, 'coff', 10, '2019-05-25 16:40:13'),
(5834, 1, 1, 'coff', 10, '2019-05-25 16:40:13'),
(5835, 1, 1, 'coffre', 10, '2019-05-25 16:40:14'),
(5836, 1, 1, 'coffre', 10, '2019-05-25 16:40:14'),
(5837, 1, 1, 'coffret', 10, '2019-05-25 16:40:15'),
(5838, 1, 1, 'coffret', 10, '2019-05-25 16:40:15'),
(5839, 1, 1, 'coffret ', 10, '2019-05-25 16:40:16'),
(5840, 1, 1, 'coffret ', 10, '2019-05-25 16:40:16'),
(5841, 1, 1, 'coffret tr', 10, '2019-05-25 16:40:18'),
(5842, 1, 1, 'coffret tr', 10, '2019-05-25 16:40:18'),
(5843, 1, 1, 'coffret tri', 10, '2019-05-25 16:40:19'),
(5844, 1, 1, 'coffret tri', 10, '2019-05-25 16:40:19'),
(5845, 1, 1, 'coffret tride', 10, '2019-05-25 16:40:19'),
(5846, 1, 1, 'coffret tride', 10, '2019-05-25 16:40:19'),
(5847, 1, 1, 'tri', 1, '2019-05-25 16:50:47'),
(5848, 1, 1, 'tri', 1, '2019-05-25 16:50:47'),
(5849, 1, 1, 'tride', 1, '2019-05-25 16:50:50'),
(5850, 1, 1, 'tride', 1, '2019-05-25 16:50:50'),
(5851, 1, 1, 'triden', 1, '2019-05-25 16:50:51'),
(5852, 1, 1, 'triden', 1, '2019-05-25 16:50:51'),
(5853, 1, 1, 'tridens', 1, '2019-05-25 16:50:51'),
(5854, 1, 1, 'tridens', 1, '2019-05-25 16:50:51'),
(5855, 1, 1, 'Tridens', 1, '2019-05-25 16:50:52'),
(5856, 1, 1, 'mal', 0, '2019-05-29 15:39:31'),
(5857, 1, 1, 'mal', 0, '2019-05-29 15:39:31'),
(5858, 1, 1, 'malett', 0, '2019-05-29 15:39:32'),
(5859, 1, 1, 'malett', 0, '2019-05-29 15:39:32'),
(5860, 1, 1, 'malette', 0, '2019-05-29 15:39:33'),
(5861, 1, 1, 'malette', 0, '2019-05-29 15:39:33'),
(5862, 1, 1, 'Malette', 0, '2019-05-29 15:39:34'),
(5863, 1, 1, 'loremipsum0.8304135734629875', 0, '2019-05-30 11:50:29'),
(5864, 1, 1, 'loremipsum0.8304135734629875', 0, '2019-05-30 11:50:29'),
(5865, 1, 1, 'loremipsum0.8304135734629875', 0, '2019-05-30 11:50:29'),
(5866, 1, 1, 'fourchette', 10, '2019-05-30 12:04:37'),
(5867, 1, 1, 'fourchette', 10, '2019-05-30 12:04:37'),
(5868, 1, 1, 'fourchettes', 10, '2019-05-30 12:04:39'),
(5869, 1, 1, 'fourchettes', 10, '2019-05-30 12:04:39'),
(5870, 1, 1, 'fourchettes', 48, '2019-05-30 12:04:40'),
(5871, 1, 1, 'fourchettes', 48, '2019-05-30 12:05:08'),
(5872, 1, 1, 'fourchettes', 48, '2019-05-30 12:05:27'),
(5873, 1, 1, 'fourchettes', 48, '2019-05-30 12:05:48'),
(5874, 1, 1, 'cuill', 10, '2019-05-30 12:06:08'),
(5875, 1, 1, 'cuill', 10, '2019-05-30 12:06:08'),
(5876, 1, 1, 'cuilliere', 0, '2019-05-30 12:06:09'),
(5877, 1, 1, 'cuilliere', 0, '2019-05-30 12:06:09'),
(5878, 1, 1, 'cuilliere', 0, '2019-05-30 12:06:11'),
(5879, 1, 1, 'cui', 10, '2019-05-30 12:09:19'),
(5880, 1, 1, 'cui', 10, '2019-05-30 12:09:19'),
(5881, 1, 1, 'cuil', 10, '2019-05-30 12:09:24'),
(5882, 1, 1, 'cuil', 10, '2019-05-30 12:09:24'),
(5883, 1, 1, 'cuill', 10, '2019-05-30 12:09:26'),
(5884, 1, 1, 'cuill', 10, '2019-05-30 12:09:26'),
(5885, 1, 1, 'cuilli', 0, '2019-05-30 12:09:31'),
(5886, 1, 1, 'cuilli', 0, '2019-05-30 12:09:31'),
(5887, 1, 1, 'cuilliere', 0, '2019-05-30 12:09:32'),
(5888, 1, 1, 'cuilliere', 0, '2019-05-30 12:09:32'),
(5889, 1, 1, 'cuilliere', 0, '2019-05-30 12:09:35'),
(5890, 1, 1, 'cui', 10, '2019-05-30 12:09:41'),
(5891, 1, 1, 'cui', 10, '2019-05-30 12:09:41'),
(5892, 1, 1, 'cuill', 10, '2019-05-30 12:09:48'),
(5893, 1, 1, 'cuill', 10, '2019-05-30 12:09:48'),
(5894, 1, 1, 'cuillere', 10, '2019-05-30 12:09:50'),
(5895, 1, 1, 'cuillere', 10, '2019-05-30 12:09:50'),
(5896, 1, 1, 'cuillere', 38, '2019-05-30 12:09:54'),
(5897, 1, 1, 'cuillere', 38, '2019-05-30 12:10:13'),
(5898, 1, 1, 'cuillere', 38, '2019-05-30 12:10:31'),
(5899, 1, 1, 'cuillere', 38, '2019-05-30 12:11:02'),
(5900, 1, 1, 'le ', 0, '2019-05-30 16:26:57'),
(5901, 1, 1, 'le ', 0, '2019-05-30 16:26:57'),
(5902, 1, 1, 'le pti ', 0, '2019-05-30 16:26:59'),
(5903, 1, 1, 'le pti ', 0, '2019-05-30 16:26:59'),
(5904, 1, 1, 'le pti tr', 0, '2019-05-30 16:27:00'),
(5905, 1, 1, 'le pti tr', 0, '2019-05-30 16:27:00'),
(5906, 1, 1, 'le pti tra', 10, '2019-05-30 16:27:01'),
(5907, 1, 1, 'le pti tra', 10, '2019-05-30 16:27:01'),
(5908, 1, 1, 'le pti tradi', 10, '2019-05-30 16:27:02'),
(5909, 1, 1, 'le pti tradi', 10, '2019-05-30 16:27:02'),
(5910, 1, 1, 'north face', 0, '2019-05-31 02:39:12'),
(5911, 1, 1, 'north face', 0, '2019-05-31 02:39:12'),
(5912, 1, 1, 'north face', 0, '2019-05-31 02:39:12'),
(5913, 1, 1, 'FUCIDIN', 0, '2019-05-31 02:40:20'),
(5914, 1, 1, 'fucidin', 0, '2019-05-31 02:40:21'),
(5915, 1, 1, 'fucidin', 0, '2019-05-31 02:40:21'),
(5916, 1, 1, 'dickies', 0, '2019-05-31 04:38:46'),
(5917, 1, 1, 'dickies', 0, '2019-05-31 04:38:46'),
(5918, 1, 1, 'dickies', 0, '2019-05-31 04:38:46'),
(5919, 1, 1, 'timberland', 0, '2019-05-31 04:39:45'),
(5920, 1, 1, 'timberland', 0, '2019-05-31 04:39:45'),
(5921, 1, 1, 'timberland', 0, '2019-05-31 04:39:45'),
(5922, 1, 1, 'Fendi', 0, '2019-05-31 04:43:18'),
(5923, 1, 1, 'fendi', 0, '2019-05-31 04:43:19'),
(5924, 1, 1, 'fendi', 0, '2019-05-31 04:43:19'),
(5925, 1, 1, 'northface', 0, '2019-05-31 04:44:20'),
(5926, 1, 1, 'northface', 0, '2019-05-31 04:44:20'),
(5927, 1, 1, 'northface', 0, '2019-05-31 04:44:20'),
(5928, 1, 1, 'daelim', 0, '2019-05-31 13:15:18'),
(5929, 1, 1, 'daelim', 0, '2019-05-31 13:15:18'),
(5930, 1, 1, 'Daelim', 0, '2019-05-31 13:15:18'),
(5931, 1, 1, 'vans', 0, '2019-05-31 13:16:16'),
(5932, 1, 1, 'vans', 0, '2019-05-31 13:16:16'),
(5933, 1, 1, 'vans', 0, '2019-05-31 13:16:16'),
(5934, 1, 1, '930', 0, '2019-06-01 12:38:10'),
(5935, 1, 1, '930', 0, '2019-06-01 12:38:10'),
(5936, 1, 1, '930102', 0, '2019-06-01 12:38:11'),
(5937, 1, 1, '930102', 0, '2019-06-01 12:38:15'),
(5938, 1, 1, '930102', 0, '2019-06-01 12:38:15'),
(5939, 1, 1, '9301', 0, '2019-06-01 12:39:08'),
(5940, 1, 1, '9301', 0, '2019-06-01 12:39:08'),
(5941, 1, 1, '930', 0, '2019-06-01 12:39:09'),
(5942, 1, 1, '930', 0, '2019-06-01 12:39:09'),
(5943, 1, 1, '930301', 0, '2019-06-01 12:39:10'),
(5944, 1, 1, '930301', 0, '2019-06-01 12:39:10'),
(5945, 1, 1, '930301', 0, '2019-06-01 12:39:11'),
(5946, 1, 1, 'wac', 0, '2019-06-02 21:16:38'),
(5947, 1, 1, 'wac', 0, '2019-06-02 21:16:38'),
(5948, 1, 1, 'wach', 0, '2019-06-02 21:16:38'),
(5949, 1, 1, 'wach', 0, '2019-06-02 21:16:38'),
(5950, 1, 1, 'wachol', 0, '2019-06-02 21:16:40'),
(5951, 1, 1, 'wachol', 0, '2019-06-02 21:16:40'),
(5952, 1, 1, 'wacholdet', 0, '2019-06-02 21:16:41'),
(5953, 1, 1, 'wacholdet', 0, '2019-06-02 21:16:41'),
(5954, 1, 1, 'wacholde', 0, '2019-06-02 21:16:42'),
(5955, 1, 1, 'wacholde', 0, '2019-06-02 21:16:42'),
(5956, 1, 1, 'Wacholder', 0, '2019-06-02 21:16:44'),
(5957, 1, 1, '930102', 0, '2019-06-03 07:52:42'),
(5958, 1, 1, 'os ', 0, '2019-06-04 14:07:44'),
(5959, 1, 1, 'os ', 0, '2019-06-04 14:07:44'),
(5960, 1, 1, 'os de ', 0, '2019-06-04 14:07:45'),
(5961, 1, 1, 'os de ', 0, '2019-06-04 14:07:45'),
(5962, 1, 1, 'os de gi', 0, '2019-06-04 14:07:46'),
(5963, 1, 1, 'os de gi', 0, '2019-06-04 14:07:46'),
(5964, 1, 1, 'os de gira', 4, '2019-06-04 14:07:47'),
(5965, 1, 1, 'os de gira', 4, '2019-06-04 14:07:47'),
(5966, 1, 1, 'os de giraffe', 0, '2019-06-04 14:07:48'),
(5967, 1, 1, 'os de giraffe', 0, '2019-06-04 14:07:48'),
(5968, 1, 1, 'os de giraffe', 0, '2019-06-04 14:07:50'),
(5969, 1, 1, 'warthog', 31, '2019-06-04 19:38:24'),
(5970, 1, 1, 'warthog', 10, '2019-06-04 19:38:24'),
(5971, 1, 1, 'warthog', 10, '2019-06-04 19:38:24'),
(5972, 1, 1, 'warthog', 31, '2019-06-04 19:38:36'),
(5973, 1, 1, 'warthog', 31, '2019-06-04 19:38:51'),
(5974, 1, 1, 'warthog', 31, '2019-06-04 19:40:01'),
(5975, 1, 1, 'chasse', 0, '2019-06-04 19:42:59'),
(5976, 1, 1, 'chasse', 0, '2019-06-04 19:42:59'),
(5977, 1, 1, 'chasse', 0, '2019-06-04 19:43:00'),
(5978, 1, 1, 'chasse', 0, '2019-06-04 19:43:03'),
(5979, 1, 1, 'chasse', 0, '2019-06-04 19:43:03'),
(5980, 1, 1, 'chasse', 0, '2019-06-04 19:43:03'),
(5981, 1, 1, 'chasse', 0, '2019-06-04 19:43:03'),
(5982, 1, 1, 'chasse', 0, '2019-06-04 19:43:03'),
(5983, 1, 1, 'chasse', 0, '2019-06-04 19:43:03'),
(5984, 1, 1, 'inc', 10, '2019-06-04 19:43:07'),
(5985, 1, 1, 'inc', 10, '2019-06-04 19:43:07'),
(5986, 1, 1, 'inclusion', 2, '2019-06-04 19:43:09'),
(5987, 1, 1, 'inclusion', 2, '2019-06-04 19:43:09'),
(5988, 1, 1, 'inclusion', 2, '2019-06-04 19:43:09'),
(5989, 1, 1, '1807', 2, '2019-06-05 04:50:17'),
(5990, 1, 1, '1807', 2, '2019-06-05 04:50:17'),
(5991, 1, 1, '180700', 2, '2019-06-05 04:50:26'),
(5992, 1, 1, '180700', 2, '2019-06-05 04:50:26'),
(5993, 1, 1, '1807002', 2, '2019-06-05 04:50:27'),
(5994, 1, 1, '1807002', 2, '2019-06-05 04:50:27'),
(5995, 1, 1, '1807002t ', 1, '2019-06-05 04:50:29'),
(5996, 1, 1, '1807002t ', 1, '2019-06-05 04:50:29'),
(5997, 1, 1, '1807002t', 1, '2019-06-05 04:50:32'),
(5998, 1, 1, '1807002t', 1, '2019-06-05 04:50:32'),
(5999, 1, 1, '1807002tb', 1, '2019-06-05 04:50:32'),
(6000, 1, 1, '1807002tb', 1, '2019-06-05 04:50:32'),
(6001, 1, 1, 'stylver gm tire-bouchon, sandvik, mitre - pointe de corne', 10, '2019-06-05 05:09:06'),
(6002, 1, 1, 'stylver gm tire-bouchon, sandvik, mitre - pointe de corne', 10, '2019-06-05 05:09:06'),
(6003, 1, 1, 'stylver gm tire-bouchon, sandvik, mitre - pointe de corne', 10, '2019-06-05 05:09:06'),
(6004, 1, 1, 'stylver gm tire-bouchon, sandvik, mitre - pointe de corne', 10, '2019-06-05 05:09:06'),
(6005, 1, 1, 'stylver gm tire-bouchon, sandvik, mitre - pointe de corne', 10, '2019-06-05 05:09:06'),
(6006, 1, 1, 'stylver gm tire-bouchon, sandvik, mitre - pointe de corne', 10, '2019-06-05 05:09:06'),
(6007, 1, 1, '1817', 2, '2019-06-05 05:09:13'),
(6008, 1, 1, '1817', 2, '2019-06-05 05:09:13'),
(6009, 1, 1, '181700', 2, '2019-06-05 05:09:14'),
(6010, 1, 1, '181700', 2, '2019-06-05 05:09:14'),
(6011, 1, 1, '181700tb', 0, '2019-06-05 05:09:15'),
(6012, 1, 1, '181700tb', 0, '2019-06-05 05:09:15'),
(6013, 1, 1, '181700tb', 0, '2019-06-05 05:09:17'),
(6014, 1, 1, '1817002tb', 1, '2019-06-05 05:09:23'),
(6015, 1, 1, '1817002tb', 1, '2019-06-05 05:09:23'),
(6016, 1, 1, '1817002tb', 1, '2019-06-05 05:09:23'),
(6017, 1, 1, 'kitchen knife ', 10, '2019-06-06 08:43:07'),
(6018, 1, 1, 'kitchen knife ', 10, '2019-06-06 08:43:07'),
(6019, 1, 1, 'kitchen knife ', 295, '2019-06-06 08:43:08'),
(6020, 1, 1, 'coutea', 10, '2019-06-06 09:43:12'),
(6021, 1, 1, 'coutea', 10, '2019-06-06 09:43:12'),
(6022, 1, 1, 'couteaux', 10, '2019-06-06 09:43:13'),
(6023, 1, 1, 'couteaux', 10, '2019-06-06 09:43:13'),
(6024, 1, 1, 'couteaux ', 10, '2019-06-06 09:43:17'),
(6025, 1, 1, 'couteaux ', 10, '2019-06-06 09:43:17'),
(6026, 1, 1, 'contra u de poche ', 10, '2019-06-06 09:43:25'),
(6027, 1, 1, 'contra u de poche ', 10, '2019-06-06 09:43:25'),
(6028, 1, 1, 'contra u de poche sty', 10, '2019-06-06 09:43:28'),
(6029, 1, 1, 'contra u de poche sty', 10, '2019-06-06 09:43:28'),
(6030, 1, 1, 'contra u de poche styl', 10, '2019-06-06 09:43:28'),
(6031, 1, 1, 'contra u de poche styl', 10, '2019-06-06 09:43:28'),
(6032, 1, 1, 'contra u de poche stylver', 10, '2019-06-06 09:43:29'),
(6033, 1, 1, 'contra u de poche stylver', 10, '2019-06-06 09:43:29'),
(6034, 1, 1, 'co de poche stylver ', 10, '2019-06-06 09:43:40'),
(6035, 1, 1, 'co de poche stylver ', 10, '2019-06-06 09:43:40'),
(6036, 1, 1, 'coutea de poche stylver ', 10, '2019-06-06 09:43:41'),
(6037, 1, 1, 'coutea de poche stylver ', 10, '2019-06-06 09:43:41'),
(6038, 1, 1, 'couteaux de poche stylver ', 10, '2019-06-06 09:43:42'),
(6039, 1, 1, 'couteaux de poche stylver ', 10, '2019-06-06 09:43:42'),
(6040, 1, 1, 'Couteaux de poche stylver ', 323, '2019-06-06 09:43:48'),
(6041, 1, 1, 'couteaux de poche stylver 1 ', 10, '2019-06-06 09:44:19'),
(6042, 1, 1, 'couteaux de poche stylver 1 ', 10, '2019-06-06 09:44:19'),
(6043, 1, 1, 'couteaux de poche stylver 1 mitre ', 10, '2019-06-06 09:44:27'),
(6044, 1, 1, 'couteaux de poche stylver 1 mitre ', 10, '2019-06-06 09:44:27'),
(6045, 1, 1, 'couteaux de poche stylver 1 mitre guillocheb', 10, '2019-06-06 09:44:30'),
(6046, 1, 1, 'couteaux de poche stylver 1 mitre guillocheb', 10, '2019-06-06 09:44:30'),
(6047, 1, 1, 'couteaux de poche stylver 1 mitre guilloche ', 10, '2019-06-06 09:44:31'),
(6048, 1, 1, 'couteaux de poche stylver 1 mitre guilloche ', 10, '2019-06-06 09:44:31'),
(6049, 1, 1, 'couteaux de poche stylver 1 mitre guilloche m', 10, '2019-06-06 09:44:35'),
(6050, 1, 1, 'couteaux de poche stylver 1 mitre guilloche m', 10, '2019-06-06 09:44:35'),
(6051, 1, 1, 'couteaux de poche stylver 1 mitre guilloche main', 10, '2019-06-06 09:44:36'),
(6052, 1, 1, 'couteaux de poche stylver 1 mitre guilloche main', 10, '2019-06-06 09:44:36'),
(6053, 1, 1, 'Couteaux de poche stylver 1 mitre guilloche main', 323, '2019-06-06 09:44:37'),
(6054, 1, 1, 'styl', 156, '2019-06-06 19:36:04'),
(6055, 1, 1, 'sty', 10, '2019-06-06 19:36:04'),
(6056, 1, 1, 'sty', 10, '2019-06-06 19:36:04'),
(6057, 1, 1, 'stylver', 96, '2019-06-06 19:36:54'),
(6058, 1, 1, 'stylver', 10, '2019-06-06 19:37:01'),
(6059, 1, 1, 'stylver', 10, '2019-06-06 19:37:01'),
(6060, 1, 1, 'styl\'ver', 224, '2019-06-06 19:37:02'),
(6061, 1, 1, 'styl\'ver', 10, '2019-06-06 19:37:28'),
(6062, 1, 1, 'styl\'ver', 10, '2019-06-06 19:37:28'),
(6063, 1, 1, 'styl\'ver', 10, '2019-06-06 19:37:28'),
(6064, 1, 1, 'styl\'ver', 10, '2019-06-06 19:37:28'),
(6065, 1, 1, 'STYL\'VER', 224, '2019-06-06 19:37:30'),
(6066, 1, 1, 'mitre ', 0, '2019-06-06 19:39:12'),
(6067, 1, 1, 'mitre ', 0, '2019-06-06 19:39:12'),
(6068, 1, 1, 'mitre ', 0, '2019-06-06 19:39:13'),
(6069, 1, 1, 'mamm', 10, '2019-06-06 19:39:21'),
(6070, 1, 1, 'mamm', 10, '2019-06-06 19:39:21'),
(6071, 1, 1, 'mammoth', 12, '2019-06-06 19:39:21'),
(6072, 1, 1, 'mammoth', 10, '2019-06-06 19:42:00'),
(6073, 1, 1, 'mammoth', 10, '2019-06-06 19:42:00'),
(6074, 1, 1, 'mammoth', 10, '2019-06-06 19:42:00'),
(6075, 1, 1, 'mammoth', 10, '2019-06-06 19:42:00'),
(6076, 1, 1, 'walnut ', 10, '2019-06-06 19:42:05'),
(6077, 1, 1, 'walnut ', 10, '2019-06-06 19:42:05'),
(6078, 1, 1, 'walnut dams', 10, '2019-06-06 19:42:07'),
(6079, 1, 1, 'walnut damsc', 10, '2019-06-06 19:42:09'),
(6080, 1, 1, 'walnut damsc', 10, '2019-06-06 19:42:09'),
(6081, 1, 1, 'walnut damscus', 12, '2019-06-06 19:42:10'),
(6082, 1, 1, 'walnut damascus', 10, '2019-06-06 19:42:18'),
(6083, 1, 1, 'walnut damascus', 10, '2019-06-06 19:42:18'),
(6084, 1, 1, 'walnut damascus', 37, '2019-06-06 19:42:19'),
(6085, 1, 1, 'deer ', 10, '2019-06-06 19:45:36'),
(6086, 1, 1, 'deer ', 10, '2019-06-06 19:45:36'),
(6087, 1, 1, 'deer horn ', 10, '2019-06-06 19:45:38'),
(6088, 1, 1, 'deer horn ', 10, '2019-06-06 19:45:38'),
(6089, 1, 1, 'deer horn st', 10, '2019-06-06 19:45:40'),
(6090, 1, 1, 'deer horn st', 10, '2019-06-06 19:45:40'),
(6091, 1, 1, 'deer horn sty', 10, '2019-06-06 19:45:41'),
(6092, 1, 1, 'deer horn sty', 10, '2019-06-06 19:45:41'),
(6093, 1, 1, 'deer horn styl', 10, '2019-06-06 19:45:42'),
(6094, 1, 1, 'deer horn styl', 10, '2019-06-06 19:45:42'),
(6095, 1, 1, 'deer horn styl\'b', 10, '2019-06-06 19:45:42'),
(6096, 1, 1, 'deer horn styl\'b', 10, '2019-06-06 19:45:42'),
(6097, 1, 1, 'deer horn styl\'ver', 246, '2019-06-06 19:45:43'),
(6098, 1, 1, 'deer horn styl\'ver', 10, '2019-06-06 19:46:09'),
(6099, 1, 1, 'deer horn styl\'ver', 10, '2019-06-06 19:46:09'),
(6100, 1, 1, 'deer horn styl\'ver', 10, '2019-06-06 19:46:09'),
(6101, 1, 1, '1967', 2, '2019-06-06 19:46:12'),
(6102, 1, 1, '1967002', 2, '2019-06-06 19:46:15'),
(6103, 1, 1, '1967002', 2, '2019-06-06 19:51:25'),
(6104, 1, 1, '1967002', 2, '2019-06-06 19:51:25'),
(6105, 1, 1, '1967002', 2, '2019-06-06 19:51:25'),
(6106, 1, 1, 'coftriden', 0, '2019-06-06 19:51:25'),
(6107, 1, 1, 'COFTRIDEN', 0, '2019-06-06 19:51:26'),
(6108, 1, 1, 'COFstyl', 0, '2019-06-06 19:51:36'),
(6109, 1, 1, 'cus', 10, '2019-06-06 19:51:46'),
(6110, 1, 1, 'cus', 10, '2019-06-06 19:51:46'),
(6111, 1, 1, 'cust', 10, '2019-06-06 19:51:47'),
(6112, 1, 1, 'cust', 10, '2019-06-06 19:51:47'),
(6113, 1, 1, 'custs', 10, '2019-06-06 19:51:48'),
(6114, 1, 1, 'custs', 10, '2019-06-06 19:51:48'),
(6115, 1, 1, 'custsda', 7, '2019-06-06 19:51:48'),
(6116, 1, 1, 'custsda', 7, '2019-06-06 19:51:48'),
(6117, 1, 1, 'custsdanoy', 1, '2019-06-06 19:51:49'),
(6118, 1, 1, 'custsdanoy', 1, '2019-06-06 19:52:09'),
(6119, 1, 1, 'custsdanoy', 1, '2019-06-06 19:52:09'),
(6120, 1, 1, 'triden', 1, '2019-06-06 19:52:11'),
(6121, 1, 1, 'fucidin', 0, '2019-06-07 05:29:33'),
(6122, 1, 1, 'fucidin', 0, '2019-06-07 05:30:16'),
(6123, 1, 1, 'north face', 0, '2019-06-07 06:08:04'),
(6124, 1, 1, 'timberland', 0, '2019-06-07 06:17:55'),
(6125, 1, 1, 'fendi', 0, '2019-06-07 06:19:40'),
(6126, 1, 1, 'fendi', 0, '2019-06-07 06:21:36'),
(6127, 1, 1, 'north face', 0, '2019-06-07 06:49:51'),
(6128, 1, 1, 'northface', 0, '2019-06-07 06:54:53'),
(6129, 1, 1, 'northface', 0, '2019-06-07 06:55:54'),
(6130, 1, 1, 'us s', 0, '2019-06-07 06:57:28'),
(6131, 1, 1, 'us s', 0, '2019-06-07 06:57:28'),
(6132, 1, 1, 'us shi', 0, '2019-06-07 06:57:29'),
(6133, 1, 1, 'us shi', 0, '2019-06-07 06:57:29'),
(6134, 1, 1, 'us shipping', 0, '2019-06-07 06:57:30'),
(6135, 1, 1, 'us shipping', 0, '2019-06-07 06:57:30'),
(6136, 1, 1, 'Us shipping', 0, '2019-06-07 06:57:31'),
(6137, 1, 1, 'us shipping', 0, '2019-06-07 06:57:35'),
(6138, 1, 1, 'us shipping', 0, '2019-06-07 06:57:35'),
(6139, 1, 1, 'shipping', 0, '2019-06-07 06:57:37'),
(6140, 1, 1, 'shipping', 0, '2019-06-07 06:57:37'),
(6141, 1, 1, 'shipping', 0, '2019-06-07 06:57:37'),
(6142, 1, 1, 'dickies', 0, '2019-06-07 07:21:58'),
(6143, 1, 1, 'dickies', 0, '2019-06-07 07:21:59'),
(6144, 1, 1, 'daelim', 0, '2019-06-07 10:50:09'),
(6145, 1, 1, 'daelim', 0, '2019-06-07 11:20:36'),
(6146, 1, 1, 'vans', 0, '2019-06-07 11:28:54'),
(6147, 1, 1, 'vans', 0, '2019-06-07 11:29:52'),
(6148, 1, 1, 'suici', 0, '2019-06-07 15:40:14'),
(6149, 1, 1, 'suiiv', 0, '2019-06-07 15:40:14'),
(6150, 1, 1, 'suiiv', 0, '2019-06-07 15:40:14'),
(6151, 1, 1, 'suici', 0, '2019-06-07 15:40:14'),
(6152, 1, 1, 'suivi', 0, '2019-06-07 15:40:14'),
(6153, 1, 1, 'suivi', 0, '2019-06-07 15:40:15'),
(6154, 1, 1, 'suivi invit', 0, '2019-06-07 15:40:17'),
(6155, 1, 1, 'suivi invit', 0, '2019-06-07 15:40:17'),
(6156, 1, 1, 'suivi invitt', 0, '2019-06-07 15:40:24'),
(6157, 1, 1, 'suivi invitt', 0, '2019-06-07 15:40:24'),
(6158, 1, 1, 'suivi invitte', 0, '2019-06-07 15:40:26'),
(6159, 1, 1, 'suivi invitte', 0, '2019-06-07 15:40:26'),
(6160, 1, 1, 'suivi invit', 0, '2019-06-07 15:40:28'),
(6161, 1, 1, 'suivi invit', 0, '2019-06-07 15:40:28'),
(6162, 1, 1, 'suivi invi', 0, '2019-06-07 15:40:32'),
(6163, 1, 1, 'suivi invi', 0, '2019-06-07 15:40:32'),
(6164, 1, 1, 'suivi invi3t', 0, '2019-06-07 15:40:33'),
(6165, 1, 1, 'suivi invi3t', 0, '2019-06-07 15:40:33'),
(6166, 1, 1, 'suivi invi3te', 0, '2019-06-07 15:40:35'),
(6167, 1, 1, 'suivi invi3te', 0, '2019-06-07 15:40:35'),
(6168, 1, 1, 'suivi invi', 0, '2019-06-07 15:40:36'),
(6169, 1, 1, 'suivi invi', 0, '2019-06-07 15:40:36'),
(6170, 1, 1, 'suivi invit', 0, '2019-06-07 15:40:37'),
(6171, 1, 1, 'suivi invit', 0, '2019-06-07 15:40:37'),
(6172, 1, 1, 'suivi invite', 0, '2019-06-07 15:40:38'),
(6173, 1, 1, 'suivi invite', 0, '2019-06-07 15:40:38'),
(6174, 1, 1, 'Suivi invite', 0, '2019-06-07 15:40:39'),
(6175, 1, 1, 'sty', 10, '2019-06-08 10:57:55'),
(6176, 1, 1, 'sty', 10, '2019-06-08 10:57:55'),
(6177, 1, 1, 'styl', 10, '2019-06-08 10:57:55'),
(6178, 1, 1, 'styl', 10, '2019-06-08 10:57:55'),
(6179, 1, 1, 'Stylver', 96, '2019-06-08 10:57:57'),
(6180, 1, 1, 'fol', 10, '2019-06-09 00:56:25'),
(6181, 1, 1, 'fold', 10, '2019-06-09 00:56:25'),
(6182, 1, 1, 'fold', 10, '2019-06-09 00:56:25'),
(6183, 1, 1, 'fol', 10, '2019-06-09 00:56:25'),
(6184, 1, 1, 'folding ', 10, '2019-06-09 00:56:27'),
(6185, 1, 1, 'folding ', 10, '2019-06-09 00:56:27'),
(6186, 1, 1, 'folding po', 10, '2019-06-09 00:56:30'),
(6187, 1, 1, 'folding po', 10, '2019-06-09 00:56:30'),
(6188, 1, 1, 'folding pock', 10, '2019-06-09 00:56:31'),
(6189, 1, 1, 'folding pock', 10, '2019-06-09 00:56:31'),
(6190, 1, 1, 'folding pocke', 10, '2019-06-09 00:56:31'),
(6191, 1, 1, 'folding pocke', 10, '2019-06-09 00:56:31'),
(6192, 1, 1, 'folding pockey', 10, '2019-06-09 00:56:32'),
(6193, 1, 1, 'folding pockey', 10, '2019-06-09 00:56:32'),
(6194, 1, 1, 'folding pocket kno', 10, '2019-06-09 00:56:38'),
(6195, 1, 1, 'folding pocket kno', 10, '2019-06-09 00:56:38'),
(6196, 1, 1, 'folding pocket kn', 10, '2019-06-09 00:56:40'),
(6197, 1, 1, 'folding pocket kn', 10, '2019-06-09 00:56:40'),
(6198, 1, 1, 'Folding pocket knife ', 295, '2019-06-09 00:56:42'),
(6199, 1, 1, 'fol', 10, '2019-06-09 01:03:15'),
(6200, 1, 1, 'fol', 10, '2019-06-09 01:03:15'),
(6201, 1, 1, 'fold', 10, '2019-06-09 01:03:15'),
(6202, 1, 1, 'fold', 10, '2019-06-09 01:03:15'),
(6203, 1, 1, 'foldy', 0, '2019-06-09 01:03:16'),
(6204, 1, 1, 'foldy', 0, '2019-06-09 01:03:16'),
(6205, 1, 1, 'foldypo', 0, '2019-06-09 01:03:18'),
(6206, 1, 1, 'foldypo', 0, '2019-06-09 01:03:18'),
(6207, 1, 1, 'foldy', 0, '2019-06-09 01:03:20'),
(6208, 1, 1, 'foldy', 0, '2019-06-09 01:03:20'),
(6209, 1, 1, 'folding po', 10, '2019-06-09 01:03:25'),
(6210, 1, 1, 'folding po', 10, '2019-06-09 01:03:25'),
(6211, 1, 1, 'folding poc', 10, '2019-06-09 01:03:25'),
(6212, 1, 1, 'folding poc', 10, '2019-06-09 01:03:25'),
(6213, 1, 1, 'folding pocket kno', 10, '2019-06-09 01:03:29'),
(6214, 1, 1, 'folding pocket kno', 10, '2019-06-09 01:03:29'),
(6215, 1, 1, 'folding pocket kn', 10, '2019-06-09 01:03:31'),
(6216, 1, 1, 'folding pocket kn', 10, '2019-06-09 01:03:31'),
(6217, 1, 1, 'Folding pocket knife ', 295, '2019-06-09 01:03:33'),
(6218, 1, 1, 'pirou', 10, '2019-06-09 11:00:27'),
(6219, 1, 1, 'pir', 10, '2019-06-09 11:00:27'),
(6220, 1, 1, 'pir', 10, '2019-06-09 11:00:27'),
(6221, 1, 1, 'pirou', 10, '2019-06-09 11:00:27'),
(6222, 1, 1, 'Pirou', 80, '2019-06-09 11:00:28'),
(6223, 1, 1, 'letter ', 0, '2019-06-09 11:54:31'),
(6224, 1, 1, 'letter ', 0, '2019-06-09 11:54:31'),
(6225, 1, 1, 'Letter opener ', 0, '2019-06-09 11:54:34'),
(6226, 1, 1, 'aqu', 0, '2019-06-09 18:19:58'),
(6227, 1, 1, 'aqu', 0, '2019-06-09 18:19:58'),
(6228, 1, 1, 'aqua', 0, '2019-06-09 18:19:58'),
(6229, 1, 1, 'aqua', 0, '2019-06-09 18:19:58'),
(6230, 1, 1, 'aqua hed', 0, '2019-06-09 18:20:00'),
(6231, 1, 1, 'aqua hed', 0, '2019-06-09 18:20:00'),
(6232, 1, 1, 'aqua hedti', 0, '2019-06-09 18:20:01'),
(6233, 1, 1, 'aqua hedti', 0, '2019-06-09 18:20:01'),
(6234, 1, 1, 'aqua hedt', 0, '2019-06-09 18:20:03'),
(6235, 1, 1, 'aqua hedt', 0, '2019-06-09 18:20:03'),
(6236, 1, 1, 'aqua hed', 0, '2019-06-09 18:20:03'),
(6237, 1, 1, 'aqua he', 0, '2019-06-09 18:20:04'),
(6238, 1, 1, 'aqua he', 0, '2019-06-09 18:20:04'),
(6239, 1, 1, 'aqua hes', 1, '2019-06-09 18:20:05'),
(6240, 1, 1, 'aqua hes', 1, '2019-06-09 18:20:05'),
(6241, 1, 1, 'aqua hest', 1, '2019-06-09 18:20:05'),
(6242, 1, 1, 'aqua hest', 1, '2019-06-09 18:20:05'),
(6243, 1, 1, 'aqua hesti', 1, '2019-06-09 18:20:07'),
(6244, 1, 1, 'aqua hesti', 1, '2019-06-09 18:20:07'),
(6245, 1, 1, 'aqua hestia', 1, '2019-06-09 18:20:07'),
(6246, 1, 1, 'aqua hestia', 1, '2019-06-09 18:20:07'),
(6247, 1, 1, 'Aqua hestia', 1, '2019-06-09 18:20:08'),
(6248, 1, 1, 'hetre echaude de bout', 10, '2019-06-10 18:01:27'),
(6249, 1, 1, 'hetre echaude de bout', 10, '2019-06-10 18:01:27'),
(6250, 1, 1, 'HETRE ECHAUDE DE BOUT', 40, '2019-06-10 18:01:28'),
(6251, 1, 1, 'HETRE ECHAUDE DE BOUT', 40, '2019-06-10 18:01:50'),
(6252, 1, 1, 'HETRE ECHAUDE DE BOUT', 40, '2019-06-10 18:02:00'),
(6253, 1, 1, 'cheese', 0, '2019-06-11 19:52:49'),
(6254, 1, 1, 'cheese', 0, '2019-06-11 19:52:49'),
(6255, 1, 1, 'cheese', 0, '2019-06-11 19:52:49'),
(6256, 1, 1, 'fromage', 0, '2019-06-11 19:52:54'),
(6257, 1, 1, 'fromage', 0, '2019-06-11 19:52:54'),
(6258, 1, 1, 'fromage', 0, '2019-06-11 19:52:54'),
(6259, 1, 1, 'tri', 1, '2019-06-11 21:45:36'),
(6260, 1, 1, 'tri', 1, '2019-06-11 21:45:36'),
(6261, 1, 1, 'tride', 1, '2019-06-11 21:45:37'),
(6262, 1, 1, 'tride', 1, '2019-06-11 21:45:37'),
(6263, 1, 1, 'tridens', 1, '2019-06-11 21:45:37'),
(6264, 1, 1, 'tridens', 1, '2019-06-11 21:45:37'),
(6265, 1, 1, 'Tridens', 1, '2019-06-11 21:45:38'),
(6266, 1, 1, 'froma', 0, '2019-06-13 09:24:11'),
(6267, 1, 1, 'froma', 0, '2019-06-13 09:24:11'),
(6268, 1, 1, 'fromage', 0, '2019-06-13 09:24:12'),
(6269, 1, 1, 'man', 10, '2019-06-13 18:47:01'),
(6270, 1, 1, 'man', 10, '2019-06-13 18:47:01'),
(6271, 1, 1, 'manc', 10, '2019-06-13 18:47:01'),
(6272, 1, 1, 'manc', 10, '2019-06-13 18:47:01'),
(6273, 1, 1, 'manch', 10, '2019-06-13 18:47:01'),
(6274, 1, 1, 'manch', 10, '2019-06-13 18:47:01'),
(6275, 1, 1, 'manche e', 10, '2019-06-13 18:47:02'),
(6276, 1, 1, 'manche e', 10, '2019-06-13 18:47:02'),
(6277, 1, 1, 'manche en ', 10, '2019-06-13 18:47:03'),
(6278, 1, 1, 'manche en ', 10, '2019-06-13 18:47:03'),
(6279, 1, 1, 'manche en ino', 10, '2019-06-13 18:47:04'),
(6280, 1, 1, 'manche en ino', 10, '2019-06-13 18:47:04'),
(6281, 1, 1, 'manche en inox ', 10, '2019-06-13 18:47:05'),
(6282, 1, 1, 'manche en inox ', 10, '2019-06-13 18:47:05'),
(6283, 1, 1, 'manche en inox sa', 10, '2019-06-13 18:47:22'),
(6284, 1, 1, 'manche en inox sa', 10, '2019-06-13 18:47:22'),
(6285, 1, 1, 'manche en inox sab', 10, '2019-06-13 18:47:22'),
(6286, 1, 1, 'manche en inox sab', 10, '2019-06-13 18:47:22'),
(6287, 1, 1, 'manche en inox sabl', 10, '2019-06-13 18:47:23'),
(6288, 1, 1, 'manche en inox sabl', 10, '2019-06-13 18:47:23'),
(6289, 1, 1, 'manche en inox sable', 10, '2019-06-13 18:47:23'),
(6290, 1, 1, 'manche en inox sable', 10, '2019-06-13 18:47:23'),
(6291, 1, 1, 'manche en inox sable', 318, '2019-06-13 18:47:31'),
(6292, 1, 1, 'manche en inox sable', 318, '2019-06-13 18:49:33'),
(6293, 1, 1, 'manche en inox sable', 318, '2019-06-13 18:50:17'),
(6294, 1, 1, 'manche en inox sable', 318, '2019-06-13 18:50:41'),
(6295, 1, 1, 'manche en inox sable', 318, '2019-06-13 18:50:57'),
(6296, 1, 1, 'manche en inox sable', 318, '2019-06-13 18:51:19'),
(6297, 1, 1, 'manche en inox sable', 318, '2019-06-13 18:51:29'),
(6298, 1, 1, 'manche en inox sable', 318, '2019-06-13 18:51:58'),
(6299, 1, 1, 'manche en inox sable', 318, '2019-06-13 18:52:32'),
(6300, 1, 1, 'manche en inox sable', 318, '2019-06-13 18:53:07'),
(6301, 1, 1, 'manche en inox sable', 318, '2019-06-13 18:54:11'),
(6302, 1, 1, 'manche en inox sable', 318, '2019-06-13 18:54:31'),
(6303, 1, 1, 'manche en inox sable', 318, '2019-06-13 18:54:44'),
(6304, 1, 1, 'manche en inox sable', 318, '2019-06-13 18:54:56'),
(6305, 1, 1, 'somme', 0, '2019-06-13 21:07:32'),
(6306, 1, 1, 'somme', 0, '2019-06-13 21:07:32'),
(6307, 1, 1, 'sommelier', 0, '2019-06-13 21:07:32'),
(6308, 1, 1, 'sommelier', 0, '2019-06-13 21:07:32'),
(6309, 1, 1, 'sommelier', 0, '2019-06-13 21:07:34'),
(6310, 1, 1, 'manche en inox sable', 318, '2019-06-14 18:42:41'),
(6311, 1, 1, 'manche en inox sable', 318, '2019-06-14 18:43:00'),
(6312, 1, 1, 'manche en inox sable', 318, '2019-06-14 18:43:24'),
(6313, 1, 1, 'manche en inox sable', 318, '2019-06-14 18:43:46'),
(6314, 1, 1, 'manche en inox sable', 318, '2019-06-14 18:44:02'),
(6315, 1, 1, 'manche en inox sable', 318, '2019-06-14 18:44:12'),
(6316, 1, 1, 'manche en inox sable', 318, '2019-06-14 18:44:34'),
(6317, 1, 1, 'sty', 10, '2019-06-15 06:48:00'),
(6318, 1, 1, 'sty', 10, '2019-06-15 06:48:00'),
(6319, 1, 1, 'styler ', 0, '2019-06-15 06:48:00'),
(6320, 1, 1, 'styler ', 0, '2019-06-15 06:48:00'),
(6321, 1, 1, 'styler h', 0, '2019-06-15 06:48:02'),
(6322, 1, 1, 'styler h', 0, '2019-06-15 06:48:02'),
(6323, 1, 1, 'styler ho', 0, '2019-06-15 06:48:02'),
(6324, 1, 1, 'styler ho', 0, '2019-06-15 06:48:02'),
(6325, 1, 1, 'styler ', 0, '2019-06-15 06:48:04'),
(6326, 1, 1, 'styler ', 0, '2019-06-15 06:48:04'),
(6327, 1, 1, 'styler wood handle ', 10, '2019-06-15 06:48:08'),
(6328, 1, 1, 'styler wood handle ', 10, '2019-06-15 06:48:08'),
(6329, 1, 1, 'styler wood handle steakknifes ', 10, '2019-06-15 06:48:11'),
(6330, 1, 1, 'styler wood handle steakknifes ', 10, '2019-06-15 06:48:11'),
(6331, 1, 1, 'styler wood handle steakknifes ', 300, '2019-06-15 06:48:13'),
(6332, 1, 1, 'youtube.com', 109, '2019-06-15 09:46:50'),
(6333, 1, 1, 'youtube.com', 109, '2019-06-15 09:46:51'),
(6334, 1, 1, 'manche en inox sable', 318, '2019-06-15 12:46:06'),
(6335, 1, 1, 'manche en inox sable', 318, '2019-06-15 13:09:39'),
(6336, 1, 1, 'manche en inox sable', 318, '2019-06-15 13:10:09'),
(6337, 1, 1, 'manche en inox sable', 318, '2019-06-15 13:10:37'),
(6338, 1, 1, 'manche en inox sable', 318, '2019-06-15 13:10:59'),
(6339, 1, 1, 'loremipsum0.6143699222080531', 0, '2019-06-17 09:55:34'),
(6340, 1, 1, 'loremipsum0.6143699222080531', 0, '2019-06-17 09:55:34'),
(6341, 1, 1, 'loremipsum0.6143699222080531', 0, '2019-06-17 09:55:34'),
(6342, 1, 1, 'north face', 0, '2019-06-17 09:59:28'),
(6343, 1, 1, 'north face', 0, '2019-06-17 09:59:28'),
(6344, 1, 1, 'north face', 0, '2019-06-17 09:59:28'),
(6345, 1, 1, 'FUCIDIN', 0, '2019-06-17 10:00:28'),
(6346, 1, 1, 'fucidin', 0, '2019-06-17 10:00:28'),
(6347, 1, 1, 'fucidin', 0, '2019-06-17 10:00:28'),
(6348, 1, 1, 'dickies', 0, '2019-06-17 11:36:11'),
(6349, 1, 1, 'dickies', 0, '2019-06-17 11:36:11'),
(6350, 1, 1, 'dickies', 0, '2019-06-17 11:36:11'),
(6351, 1, 1, 'timberland', 0, '2019-06-17 11:37:15'),
(6352, 1, 1, 'timberland', 0, '2019-06-17 11:37:15'),
(6353, 1, 1, 'timberland', 0, '2019-06-17 11:37:15'),
(6354, 1, 1, 'Daelim', 0, '2019-06-17 11:48:10'),
(6355, 1, 1, 'daelim', 0, '2019-06-17 11:48:10'),
(6356, 1, 1, 'daelim', 0, '2019-06-17 11:48:10'),
(6357, 1, 1, 'vans', 0, '2019-06-17 11:49:14'),
(6358, 1, 1, 'vans', 0, '2019-06-17 11:49:14'),
(6359, 1, 1, 'vans', 0, '2019-06-17 11:49:15'),
(6360, 1, 1, 'Fendi', 0, '2019-06-17 13:36:01'),
(6361, 1, 1, 'fendi', 0, '2019-06-17 13:36:01'),
(6362, 1, 1, 'fendi', 0, '2019-06-17 13:36:01'),
(6363, 1, 1, 'northface', 0, '2019-06-17 13:37:00'),
(6364, 1, 1, 'northface', 0, '2019-06-17 13:37:00'),
(6365, 1, 1, 'northface', 0, '2019-06-17 13:37:01'),
(6366, 1, 1, 'steak', 10, '2019-06-18 12:53:26'),
(6367, 1, 1, 'steak', 10, '2019-06-18 12:53:26'),
(6368, 1, 1, 'steak', 41, '2019-06-18 12:53:29'),
(6369, 1, 1, 'steak', 41, '2019-06-18 12:53:30'),
(6370, 1, 1, 'steak', 41, '2019-06-18 12:53:53'),
(6371, 1, 1, 'steak', 41, '2019-06-18 12:54:17'),
(6372, 1, 1, 'steak', 41, '2019-06-18 12:54:41'),
(6373, 1, 1, 'pain', 6, '2019-06-18 22:24:15'),
(6374, 1, 1, 'pain', 6, '2019-06-18 22:24:15'),
(6375, 1, 1, 'pain', 6, '2019-06-18 22:24:16'),
(6376, 1, 1, 'pain', 6, '2019-06-18 22:24:20'),
(6377, 1, 1, 'laguiole ', 10, '2019-06-19 19:43:41'),
(6378, 1, 1, 'laguiole ', 10, '2019-06-19 19:43:41'),
(6379, 1, 1, 'laguiole ebe', 10, '2019-06-19 19:43:42'),
(6380, 1, 1, 'laguiole ebe', 10, '2019-06-19 19:43:42'),
(6381, 1, 1, 'laguiole ebene', 10, '2019-06-19 19:43:43'),
(6382, 1, 1, 'laguiole ebene', 10, '2019-06-19 19:43:43'),
(6383, 1, 1, 'laguiole ebene ', 10, '2019-06-19 19:43:43'),
(6384, 1, 1, 'laguiole ebene ', 10, '2019-06-19 19:43:43'),
(6385, 1, 1, 'Laguiole ebene ', 130, '2019-06-19 19:43:49'),
(6386, 1, 1, 'Laguiole ebene ', 130, '2019-06-19 19:44:23'),
(6387, 1, 1, 'Laguiole ebene ', 130, '2019-06-19 19:44:48'),
(6388, 1, 1, 'Laguiole ebene ', 130, '2019-06-19 19:45:25'),
(6389, 1, 1, 'Laguiole ebene ', 130, '2019-06-19 19:45:41'),
(6390, 1, 1, 'avanta', 10, '2019-06-22 20:16:00'),
(6391, 1, 1, 'avanta', 10, '2019-06-22 20:16:00'),
(6392, 1, 1, 'avantage', 10, '2019-06-22 20:16:01'),
(6393, 1, 1, 'avantage', 10, '2019-06-22 20:16:01'),
(6394, 1, 1, 'avantage', 35, '2019-06-22 20:16:01'),
(6395, 1, 1, 'avantage', 35, '2019-06-22 20:16:22'),
(6396, 1, 1, 'avantage', 35, '2019-06-22 20:16:44'),
(6397, 1, 1, 'laguio', 10, '2019-06-22 22:13:01'),
(6398, 1, 1, 'laguiole', 10, '2019-06-22 22:13:01'),
(6399, 1, 1, 'laguio', 10, '2019-06-22 22:13:01'),
(6400, 1, 1, 'laguiole', 10, '2019-06-22 22:13:01'),
(6401, 1, 1, 'laguiole', 55, '2019-06-22 22:13:01'),
(6402, 1, 1, 'laguiole', 55, '2019-06-22 22:13:18'),
(6403, 1, 1, 'le p\'tit', 2, '2019-06-23 01:41:38'),
(6404, 1, 1, 'le p\'tit', 2, '2019-06-23 01:41:38'),
(6405, 1, 1, 'le p\'tit tradi', 10, '2019-06-23 01:41:39'),
(6406, 1, 1, 'le p\'tit tradi', 10, '2019-06-23 01:41:39'),
(6407, 1, 1, 'le p\'tit tradi', 58, '2019-06-23 01:41:40'),
(6408, 1, 1, '5832', 0, '2019-06-23 10:06:52'),
(6409, 1, 1, '5832', 0, '2019-06-23 10:06:52'),
(6410, 1, 1, '5832', 0, '2019-06-23 10:06:52'),
(6411, 1, 1, 'amourette', 10, '2019-06-23 10:07:11'),
(6412, 1, 1, 'amourette', 10, '2019-06-23 10:07:11'),
(6413, 1, 1, 'amourette', 84, '2019-06-23 10:07:11'),
(6414, 1, 1, ' peggy patouillard', 0, '2019-06-24 10:43:27'),
(6415, 1, 1, ' peggy patouillard', 0, '2019-06-24 10:43:27'),
(6416, 1, 1, ' Peggy PATOUILLARD', 0, '2019-06-24 10:43:28'),
(6417, 1, 1, 'tu ', 0, '2019-06-24 15:45:30'),
(6418, 1, 1, 'tu ', 0, '2019-06-24 15:45:30'),
(6419, 1, 1, 'tu elok', 0, '2019-06-24 15:45:32'),
(6420, 1, 1, 'tu elok', 0, '2019-06-24 15:45:32'),
(6421, 1, 1, 'tu elok', 0, '2019-06-24 15:45:37'),
(6422, 1, 1, 'tu elok', 0, '2019-06-24 15:45:37'),
(6423, 1, 1, 'tu elokgo', 0, '2019-06-24 15:45:38'),
(6424, 1, 1, 'tu elokg', 0, '2019-06-24 15:45:38'),
(6425, 1, 1, 'tu elokg', 0, '2019-06-24 15:45:38'),
(6426, 1, 1, 'tu elokgo', 0, '2019-06-24 15:45:38'),
(6427, 1, 1, 'tu elokgogr', 0, '2019-06-24 15:45:41'),
(6428, 1, 1, 'tu elokgog', 0, '2019-06-24 15:45:41'),
(6429, 1, 1, 'tu elokgogr', 0, '2019-06-24 15:45:41'),
(6430, 1, 1, 'tu elokgog', 0, '2019-06-24 15:45:41'),
(6431, 1, 1, 'tu elokgogroh', 0, '2019-06-24 15:45:42'),
(6432, 1, 1, 'tu elokgogroh', 0, '2019-06-24 15:45:42'),
(6433, 1, 1, 'froma', 0, '2019-06-24 16:09:39'),
(6434, 1, 1, 'froma', 0, '2019-06-24 16:09:39'),
(6435, 1, 1, 'fromage', 0, '2019-06-24 16:09:42'),
(6436, 1, 1, 'inlusion ', 0, '2019-06-26 09:02:52'),
(6437, 1, 1, 'inlusion ', 0, '2019-06-26 09:02:52'),
(6438, 1, 1, 'inclusion ', 2, '2019-06-26 09:02:56'),
(6439, 1, 1, 'inclusion ', 2, '2019-06-26 09:02:56'),
(6440, 1, 1, 'inclusion faisan', 2, '2019-06-26 09:02:57'),
(6441, 1, 1, 'inclusion faisan', 2, '2019-06-26 09:02:57'),
(6442, 1, 1, 'inclusion faisan', 2, '2019-06-26 09:02:57'),
(6443, 1, 1, 'inclusion', 2, '2019-06-26 11:24:48'),
(6444, 1, 1, 'inclusion', 2, '2019-06-26 11:24:48'),
(6445, 1, 1, 'inclusion', 2, '2019-06-26 11:24:48'),
(6446, 1, 1, '12c', 10, '2019-06-26 15:23:27'),
(6447, 1, 1, '12c', 10, '2019-06-26 15:23:27'),
(6448, 1, 1, '12c2', 10, '2019-06-26 15:23:29'),
(6449, 1, 1, '12c2', 10, '2019-06-26 15:23:29'),
(6450, 1, 1, '12c27', 10, '2019-06-26 15:23:30'),
(6451, 1, 1, '12c27', 10, '2019-06-26 15:23:30'),
(6452, 1, 1, '12C27', 122, '2019-06-26 15:23:32'),
(6453, 1, 1, '12C27', 122, '2019-06-26 15:24:00'),
(6454, 1, 1, '12C27', 122, '2019-06-26 15:24:19'),
(6455, 1, 1, '12C27', 122, '2019-06-26 15:24:40'),
(6456, 1, 1, '12C27', 122, '2019-06-26 15:24:54'),
(6457, 1, 1, '12C27', 122, '2019-06-26 15:25:48'),
(6458, 1, 1, '12C27', 122, '2019-06-26 15:26:03'),
(6459, 1, 1, '12C27', 122, '2019-06-26 15:26:16'),
(6460, 1, 1, '12C27', 122, '2019-06-26 15:26:32'),
(6461, 1, 1, '12C27', 122, '2019-06-26 15:27:50'),
(6462, 1, 1, '12C27', 122, '2019-06-26 15:28:01'),
(6463, 1, 1, '12C27', 122, '2019-06-26 16:20:43'),
(6464, 1, 1, '12C27', 122, '2019-06-26 16:21:03'),
(6465, 1, 1, '12C27', 122, '2019-06-26 16:21:17'),
(6466, 1, 1, '12C27', 122, '2019-06-26 16:21:47'),
(6467, 1, 1, 'inclusion', 2, '2019-06-26 16:52:41'),
(6468, 1, 1, 'inclusion', 2, '2019-06-26 16:52:41'),
(6469, 1, 1, 'couteau ', 10, '2019-06-26 16:52:43'),
(6470, 1, 1, 'couteau ', 10, '2019-06-26 16:52:43'),
(6471, 1, 1, 'couteau', 10, '2019-06-26 16:52:44'),
(6472, 1, 1, 'couteau', 10, '2019-06-26 16:52:44'),
(6473, 1, 1, 'couteau', 322, '2019-06-26 16:52:44'),
(6474, 1, 1, 'couteau jambon', 10, '2019-06-26 16:52:52'),
(6475, 1, 1, 'couteau jambon', 10, '2019-06-26 16:52:52'),
(6476, 1, 1, 'couteau jambon', 322, '2019-06-26 16:52:52'),
(6477, 1, 1, 'genevrier', 29, '2019-06-28 15:29:42'),
(6478, 1, 1, '12c27', 122, '2019-06-28 15:48:17'),
(6479, 1, 1, '12c', 10, '2019-06-28 15:48:17'),
(6480, 1, 1, '12c27', 10, '2019-06-28 15:48:17'),
(6481, 1, 1, '12c', 10, '2019-06-28 15:48:17'),
(6482, 1, 1, '12c27', 10, '2019-06-28 15:48:17'),
(6483, 1, 1, '255', 0, '2019-06-28 15:50:09'),
(6484, 1, 1, '255', 0, '2019-06-28 15:50:09'),
(6485, 1, 1, '255125', 0, '2019-06-28 15:50:10'),
(6486, 1, 1, '255125', 0, '2019-06-28 15:50:10'),
(6487, 1, 1, '255125', 0, '2019-06-28 15:50:10'),
(6488, 1, 1, 'coute', 10, '2019-06-29 23:58:20'),
(6489, 1, 1, 'coute', 10, '2019-06-29 23:58:20'),
(6490, 1, 1, 'couteau', 10, '2019-06-29 23:58:21'),
(6491, 1, 1, 'couteau', 10, '2019-06-29 23:58:21'),
(6492, 1, 1, 'couteau ', 10, '2019-06-29 23:58:22'),
(6493, 1, 1, 'couteau ', 10, '2019-06-29 23:58:22'),
(6494, 1, 1, 'couteau pour', 10, '2019-06-29 23:58:23'),
(6495, 1, 1, 'couteau pour', 10, '2019-06-29 23:58:23'),
(6496, 1, 1, 'couteau pour ga', 10, '2019-06-29 23:58:25'),
(6497, 1, 1, 'couteau pour ga', 10, '2019-06-29 23:58:25'),
(6498, 1, 1, 'couteau pour gau', 10, '2019-06-29 23:58:25'),
(6499, 1, 1, 'couteau pour gau', 10, '2019-06-29 23:58:25'),
(6500, 1, 1, 'couteau pour gaucher', 10, '2019-06-29 23:58:27'),
(6501, 1, 1, 'couteau pour gaucher', 10, '2019-06-29 23:58:27'),
(6502, 1, 1, 'Couteau pour gaucher', 322, '2019-06-29 23:58:28'),
(6503, 1, 1, 'Couteau pour gaucher', 322, '2019-06-29 23:58:32'),
(6504, 1, 1, 'Couteau pour gaucher', 322, '2019-06-29 23:58:34'),
(6505, 1, 1, 'Couteau pour gaucher', 322, '2019-06-29 23:58:44'),
(6506, 1, 1, 'couteau gaucher', 10, '2019-06-29 23:59:37'),
(6507, 1, 1, 'couteau gaucher', 10, '2019-06-29 23:59:37'),
(6508, 1, 1, 'couteau  gaucher', 10, '2019-06-29 23:59:38'),
(6509, 1, 1, 'couteau  gaucher', 10, '2019-06-29 23:59:38'),
(6510, 1, 1, 'couteau de gaucher', 10, '2019-06-29 23:59:39'),
(6511, 1, 1, 'couteau de gaucher', 10, '2019-06-29 23:59:39'),
(6512, 1, 1, 'couteau de c gaucher', 10, '2019-06-29 23:59:39'),
(6513, 1, 1, 'couteau de c gaucher', 10, '2019-06-29 23:59:39'),
(6514, 1, 1, 'couteau de cui gaucher', 10, '2019-06-29 23:59:40'),
(6515, 1, 1, 'couteau de cui gaucher', 10, '2019-06-29 23:59:40'),
(6516, 1, 1, 'couteau de cuisine gaucher', 10, '2019-06-29 23:59:41'),
(6517, 1, 1, 'couteau de cuisine gaucher', 10, '2019-06-29 23:59:41'),
(6518, 1, 1, 'couteau de cuisine  gaucher', 10, '2019-06-29 23:59:47'),
(6519, 1, 1, 'couteau de cuisine  gaucher', 10, '2019-06-29 23:59:47'),
(6520, 1, 1, 'couteau de cuisine po gaucher', 10, '2019-06-29 23:59:51'),
(6521, 1, 1, 'couteau de cuisine po gaucher', 10, '2019-06-29 23:59:51'),
(6522, 1, 1, 'couteau de cuisine pou gaucher', 10, '2019-06-29 23:59:52'),
(6523, 1, 1, 'couteau de cuisine pou gaucher', 10, '2019-06-29 23:59:52'),
(6524, 1, 1, 'couteau de cuisine pour gaucher', 10, '2019-06-29 23:59:52'),
(6525, 1, 1, 'couteau de cuisine pour gaucher', 10, '2019-06-29 23:59:52'),
(6526, 1, 1, 'Couteau de cuisine pour gaucher', 322, '2019-06-29 23:59:55'),
(6527, 1, 1, 'Couteau de cuisine pour gaucher', 322, '2019-06-29 23:59:55'),
(6528, 1, 1, 'Couteau de cuisine pour gaucher', 322, '2019-06-29 23:59:57'),
(6529, 1, 1, 'Couteau de cuisine pour gaucher', 322, '2019-06-30 00:00:01'),
(6530, 1, 1, 'Couteau de cuisine pour gaucher', 322, '2019-06-30 00:02:18'),
(6531, 1, 1, 'Couteau de cuisine pour gaucher', 322, '2019-06-30 00:02:48'),
(6532, 1, 1, 'gau', 0, '2019-06-30 00:19:14'),
(6533, 1, 1, 'gau', 0, '2019-06-30 00:19:14'),
(6534, 1, 1, 'gaucher', 0, '2019-06-30 00:19:15'),
(6535, 1, 1, 'gaucher', 0, '2019-06-30 00:19:15'),
(6536, 1, 1, 'gaucher ', 0, '2019-06-30 00:19:16'),
(6537, 1, 1, 'gaucher ', 0, '2019-06-30 00:19:16'),
(6538, 1, 1, 'gaucher dr', 0, '2019-06-30 00:19:17'),
(6539, 1, 1, 'gaucher dr', 0, '2019-06-30 00:19:17'),
(6540, 1, 1, 'gaucher droi', 1, '2019-06-30 00:19:18'),
(6541, 1, 1, 'gaucher droi', 1, '2019-06-30 00:19:18'),
(6542, 1, 1, 'gaucher droit', 1, '2019-06-30 00:19:19'),
(6543, 1, 1, 'gaucher droit', 1, '2019-06-30 00:19:19'),
(6544, 1, 1, 'gaucher droiti', 0, '2019-06-30 00:19:20'),
(6545, 1, 1, 'gaucher droiti', 0, '2019-06-30 00:19:20'),
(6546, 1, 1, 'gaucher droitier', 0, '2019-06-30 00:19:21'),
(6547, 1, 1, 'gaucher droitier', 0, '2019-06-30 00:19:21'),
(6548, 1, 1, 'Gaucher droitier', 0, '2019-06-30 00:19:23'),
(6549, 1, 1, 'vgaucher droitier', 0, '2019-06-30 00:19:30'),
(6550, 1, 1, 'vgaucher droitier', 0, '2019-06-30 00:19:30'),
(6551, 1, 1, 'vougaucher droitier', 0, '2019-06-30 00:19:31'),
(6552, 1, 1, 'vougaucher droitier', 0, '2019-06-30 00:19:31');
INSERT INTO `gcahdy_statssearch` (`id_statssearch`, `id_shop`, `id_shop_group`, `keywords`, `results`, `date_add`) VALUES
(6553, 1, 1, 'voutagaucher droitier', 0, '2019-06-30 00:19:32'),
(6554, 1, 1, 'voutagaucher droitier', 0, '2019-06-30 00:19:32'),
(6555, 1, 1, 'voutaugaucher droitier', 0, '2019-06-30 00:19:33'),
(6556, 1, 1, 'voutaugaucher droitier', 0, '2019-06-30 00:19:33'),
(6557, 1, 1, 'couteauxgaucher droitier', 0, '2019-06-30 00:19:34'),
(6558, 1, 1, 'couteauxgaucher droitier', 0, '2019-06-30 00:19:34'),
(6559, 1, 1, 'couteaux gaucher droitier', 10, '2019-06-30 00:19:36'),
(6560, 1, 1, 'couteaux gaucher droitier', 10, '2019-06-30 00:19:36'),
(6561, 1, 1, 'Couteaux Gaucher droitier', 311, '2019-06-30 00:19:36'),
(6562, 1, 1, 'Couteaux Gaucher droitier', 311, '2019-06-30 00:19:38'),
(6563, 1, 1, 'Couteaux Gaucher droitier', 311, '2019-06-30 00:19:52'),
(6564, 1, 1, 'cout', 10, '2019-06-30 00:24:12'),
(6565, 1, 1, 'cout', 10, '2019-06-30 00:24:12'),
(6566, 1, 1, 'couteau', 10, '2019-06-30 00:24:13'),
(6567, 1, 1, 'couteau', 10, '2019-06-30 00:24:13'),
(6568, 1, 1, 'couteau ', 10, '2019-06-30 00:24:14'),
(6569, 1, 1, 'couteau ', 10, '2019-06-30 00:24:14'),
(6570, 1, 1, 'couteau de', 10, '2019-06-30 00:24:14'),
(6571, 1, 1, 'couteau de', 10, '2019-06-30 00:24:14'),
(6572, 1, 1, 'couteau de ', 10, '2019-06-30 00:24:15'),
(6573, 1, 1, 'couteau de c', 10, '2019-06-30 00:24:16'),
(6574, 1, 1, 'couteau de c', 10, '2019-06-30 00:24:16'),
(6575, 1, 1, 'couteau de cui', 10, '2019-06-30 00:24:17'),
(6576, 1, 1, 'couteau de cui', 10, '2019-06-30 00:24:17'),
(6577, 1, 1, 'couteau de cuis', 10, '2019-06-30 00:24:18'),
(6578, 1, 1, 'couteau de cuis', 10, '2019-06-30 00:24:18'),
(6579, 1, 1, 'couteau de cuisine', 10, '2019-06-30 00:24:18'),
(6580, 1, 1, 'couteau de cuisine', 10, '2019-06-30 00:24:18'),
(6581, 1, 1, 'couteau de cuisine ', 10, '2019-06-30 00:24:18'),
(6582, 1, 1, 'couteau de cuisine ', 10, '2019-06-30 00:24:18'),
(6583, 1, 1, 'couteau de cuisine g', 10, '2019-06-30 00:24:20'),
(6584, 1, 1, 'couteau de cuisine g', 10, '2019-06-30 00:24:20'),
(6585, 1, 1, 'couteau de cuisine ga', 10, '2019-06-30 00:24:20'),
(6586, 1, 1, 'couteau de cuisine ga', 10, '2019-06-30 00:24:20'),
(6587, 1, 1, 'couteau de cuisine gau', 10, '2019-06-30 00:24:21'),
(6588, 1, 1, 'couteau de cuisine gau', 10, '2019-06-30 00:24:21'),
(6589, 1, 1, 'couteau de cuisine gauc', 10, '2019-06-30 00:24:23'),
(6590, 1, 1, 'couteau de cuisine gauc', 10, '2019-06-30 00:24:23'),
(6591, 1, 1, 'couteau de cuisine gaucher', 10, '2019-06-30 00:24:24'),
(6592, 1, 1, 'couteau de cuisine gaucher', 10, '2019-06-30 00:24:24'),
(6593, 1, 1, 'Couteau de cuisine gaucher', 322, '2019-06-30 00:24:25'),
(6594, 1, 1, 'Couteau de cuisine gaucher', 322, '2019-06-30 00:24:26'),
(6595, 1, 1, 'Couteau de cuisine gaucher', 322, '2019-06-30 00:24:29'),
(6596, 1, 1, 'neox', 0, '2019-06-30 15:06:29'),
(6597, 1, 1, 'neox', 0, '2019-06-30 15:06:29'),
(6598, 1, 1, 'neox', 0, '2019-06-30 15:06:29'),
(6599, 1, 1, 'buffl', 10, '2019-07-01 18:00:25'),
(6600, 1, 1, 'buffl', 10, '2019-07-01 18:00:25'),
(6601, 1, 1, 'buff', 10, '2019-07-01 18:00:26'),
(6602, 1, 1, 'buff', 10, '2019-07-01 18:00:26'),
(6603, 1, 1, 'bufflr', 0, '2019-07-01 18:00:26'),
(6604, 1, 1, 'bufflr', 0, '2019-07-01 18:00:26'),
(6605, 1, 1, 'buffle', 10, '2019-07-01 18:00:27'),
(6606, 1, 1, 'buffle', 10, '2019-07-01 18:00:27'),
(6607, 1, 1, 'buffle', 29, '2019-07-01 18:00:29'),
(6608, 1, 1, 'buffle', 29, '2019-07-01 18:00:57'),
(6609, 1, 1, 'buffle', 29, '2019-07-01 18:01:04'),
(6610, 1, 1, '650104', 0, '2019-07-02 02:03:06'),
(6611, 1, 1, '650104', 0, '2019-07-02 02:03:06'),
(6612, 1, 1, '650104', 0, '2019-07-02 02:03:07'),
(6613, 1, 1, 'steak', 40, '2019-07-04 01:02:47'),
(6614, 1, 1, 'lexique', 0, '2019-07-04 16:03:16'),
(6615, 1, 1, 'lexique', 0, '2019-07-04 16:03:16'),
(6616, 1, 1, 'lexique', 0, '2019-07-04 16:03:16'),
(6617, 1, 1, 'lexique', 0, '2019-07-04 16:03:18'),
(6618, 1, 1, 'lexiqu', 0, '2019-07-04 16:03:36'),
(6619, 1, 1, 'lexiqu', 0, '2019-07-04 16:03:36'),
(6620, 1, 1, 'ber', 8, '2019-07-05 02:51:18'),
(6621, 1, 1, 'ber', 8, '2019-07-05 02:51:18'),
(6622, 1, 1, 'berc', 0, '2019-07-05 02:51:19'),
(6623, 1, 1, 'berc', 0, '2019-07-05 02:51:19'),
(6624, 1, 1, 'berceu', 0, '2019-07-05 02:51:21'),
(6625, 1, 1, 'berceu', 0, '2019-07-05 02:51:21'),
(6626, 1, 1, 'berceuse', 0, '2019-07-05 02:51:22'),
(6627, 1, 1, 'berceuse', 0, '2019-07-05 02:51:22'),
(6628, 1, 1, 'berceuse', 0, '2019-07-05 02:51:23'),
(6629, 1, 1, 'berceus', 0, '2019-07-05 02:51:30'),
(6630, 1, 1, 'berceus', 0, '2019-07-05 02:51:31'),
(6631, 1, 1, 'coupe', 10, '2019-07-05 02:51:36'),
(6632, 1, 1, 'coupe', 10, '2019-07-05 02:51:36'),
(6633, 1, 1, 'coupepate', 0, '2019-07-05 02:51:42'),
(6634, 1, 1, 'emi', 10, '2019-07-05 02:54:26'),
(6635, 1, 1, 'emi', 10, '2019-07-05 02:54:26'),
(6636, 1, 1, 'emin', 10, '2019-07-05 02:54:27'),
(6637, 1, 1, 'emin', 10, '2019-07-05 02:54:27'),
(6638, 1, 1, 'man', 10, '2019-07-05 02:56:18'),
(6639, 1, 1, 'man', 10, '2019-07-05 02:56:18'),
(6640, 1, 1, 'manc', 10, '2019-07-05 02:56:20'),
(6641, 1, 1, 'manc', 10, '2019-07-05 02:56:20'),
(6642, 1, 1, 'manch', 10, '2019-07-05 02:56:21'),
(6643, 1, 1, 'manch', 10, '2019-07-05 02:56:21'),
(6644, 1, 1, 'manche', 10, '2019-07-05 02:56:22'),
(6645, 1, 1, 'manche', 10, '2019-07-05 02:56:22'),
(6646, 1, 1, 'manche ', 10, '2019-07-05 02:57:46'),
(6647, 1, 1, 'manche ', 10, '2019-07-05 02:57:46'),
(6648, 1, 1, 'ber', 8, '2019-07-05 03:06:06'),
(6649, 1, 1, 'ber', 8, '2019-07-05 03:06:06'),
(6650, 1, 1, 'berc', 0, '2019-07-05 03:06:07'),
(6651, 1, 1, 'berc', 0, '2019-07-05 03:06:07'),
(6652, 1, 1, 'berce', 0, '2019-07-05 03:06:08'),
(6653, 1, 1, 'berce', 0, '2019-07-05 03:06:08'),
(6654, 1, 1, 'berceuse', 0, '2019-07-05 03:06:09'),
(6655, 1, 1, 'berceuse', 0, '2019-07-05 03:06:09'),
(6656, 1, 1, 'berceuse', 0, '2019-07-05 03:06:11'),
(6657, 1, 1, 'berceuse', 0, '2019-07-05 03:06:22'),
(6658, 1, 1, 'berceuse', 0, '2019-07-05 03:06:22'),
(6659, 1, 1, 'cout', 10, '2019-07-05 07:52:58'),
(6660, 1, 1, 'cout', 10, '2019-07-05 07:52:58'),
(6661, 1, 1, 'coutea', 10, '2019-07-05 07:52:59'),
(6662, 1, 1, 'coutea', 10, '2019-07-05 07:52:59'),
(6663, 1, 1, 'couteau', 10, '2019-07-05 07:53:00'),
(6664, 1, 1, 'couteau', 10, '2019-07-05 07:53:00'),
(6665, 1, 1, 'couteau ', 10, '2019-07-05 07:53:03'),
(6666, 1, 1, 'couteau ', 10, '2019-07-05 07:53:03'),
(6667, 1, 1, 'couteau a', 10, '2019-07-05 07:53:05'),
(6668, 1, 1, 'couteau a', 10, '2019-07-05 07:53:05'),
(6669, 1, 1, 'couteau ail', 10, '2019-07-05 07:53:07'),
(6670, 1, 1, 'couteau ail', 10, '2019-07-05 07:53:07'),
(6671, 1, 1, 'couteau ail ', 10, '2019-07-05 07:53:12'),
(6672, 1, 1, 'couteau ail ', 10, '2019-07-05 07:53:12'),
(6673, 1, 1, 'couteau ail de', 10, '2019-07-05 07:53:12'),
(6674, 1, 1, 'couteau ail de', 10, '2019-07-05 07:53:12'),
(6675, 1, 1, 'couteau ail de ', 10, '2019-07-05 07:53:13'),
(6676, 1, 1, 'couteau ail de ', 10, '2019-07-05 07:53:13'),
(6677, 1, 1, 'couteau ail de p', 10, '2019-07-05 07:53:14'),
(6678, 1, 1, 'couteau ail de p', 10, '2019-07-05 07:53:14'),
(6679, 1, 1, 'couteau ail de pi', 10, '2019-07-05 07:53:14'),
(6680, 1, 1, 'couteau ail de pi', 10, '2019-07-05 07:53:14'),
(6681, 1, 1, 'couteau ail de pige', 10, '2019-07-05 07:53:15'),
(6682, 1, 1, 'couteau ail de pige', 10, '2019-07-05 07:53:15'),
(6683, 1, 1, 'couteau ail de pigeo', 10, '2019-07-05 07:53:16'),
(6684, 1, 1, 'couteau ail de pigeo', 10, '2019-07-05 07:53:16'),
(6685, 1, 1, 'couteau ail de pigeon', 10, '2019-07-05 07:53:16'),
(6686, 1, 1, 'couteau ail de pigeon', 10, '2019-07-05 07:53:16'),
(6687, 1, 1, 'COUTEAU AIL DE PIGEON', 322, '2019-07-05 07:53:17'),
(6688, 1, 1, 'COUTEAU AIL DE PIGEON', 322, '2019-07-05 07:53:33'),
(6689, 1, 1, 'COUTEAU AIL DE PIGEON', 322, '2019-07-05 07:54:50'),
(6690, 1, 1, 'COUTEAU AIL DE PIGEON', 322, '2019-07-05 07:54:53'),
(6691, 1, 1, 'four', 10, '2019-07-07 20:26:13'),
(6692, 1, 1, 'four', 10, '2019-07-07 20:26:13'),
(6693, 1, 1, 'fourche', 10, '2019-07-07 20:26:13'),
(6694, 1, 1, 'fourche', 10, '2019-07-07 20:26:13'),
(6695, 1, 1, 'fourchette', 10, '2019-07-07 20:26:14'),
(6696, 1, 1, 'fourchette', 10, '2019-07-07 20:26:14'),
(6697, 1, 1, 'tir', 10, '2019-07-07 22:34:46'),
(6698, 1, 1, 'tir', 10, '2019-07-07 22:34:46'),
(6699, 1, 1, 'tire', 10, '2019-07-07 22:34:46'),
(6700, 1, 1, 'tire', 10, '2019-07-07 22:34:46'),
(6701, 1, 1, 'tire-', 10, '2019-07-07 22:34:49'),
(6702, 1, 1, 'tire-', 10, '2019-07-07 22:34:49'),
(6703, 1, 1, 'tire-b', 10, '2019-07-07 22:34:50'),
(6704, 1, 1, 'tire-bou', 10, '2019-07-07 22:34:51'),
(6705, 1, 1, 'tire-bou', 10, '2019-07-07 22:34:51'),
(6706, 1, 1, 'tire-bouchon', 10, '2019-07-07 22:34:52'),
(6707, 1, 1, 'tire-bouchon', 10, '2019-07-07 22:34:52'),
(6708, 1, 1, 'tire-bouchon', 49, '2019-07-07 22:35:02'),
(6709, 1, 1, 'tire-bouchon', 49, '2019-07-07 22:35:28'),
(6710, 1, 1, 'tire-bouchon', 49, '2019-07-07 22:36:00'),
(6711, 1, 1, 'tire-bouchon', 49, '2019-07-07 22:36:24'),
(6712, 1, 1, 'tire-bouchon', 49, '2019-07-07 22:36:39'),
(6713, 1, 1, 'plum', 1, '2019-07-08 09:14:20'),
(6714, 1, 1, 'plum', 1, '2019-07-08 09:14:20'),
(6715, 1, 1, 'plu', 10, '2019-07-08 09:14:34'),
(6716, 1, 1, 'plu', 10, '2019-07-08 09:14:34'),
(6717, 1, 1, 'plum6', 0, '2019-07-08 09:14:37'),
(6718, 1, 1, 'plum6', 0, '2019-07-08 09:14:37'),
(6719, 1, 1, 'PLUM6PL', 0, '2019-07-08 09:14:40'),
(6720, 1, 1, 'kla', 7, '2019-07-08 09:14:57'),
(6721, 1, 1, 'kla', 7, '2019-07-08 09:14:57'),
(6722, 1, 1, 'klass', 7, '2019-07-08 09:14:59'),
(6723, 1, 1, 'klass', 7, '2019-07-08 09:14:59'),
(6724, 1, 1, 'klass ', 7, '2019-07-08 09:15:00'),
(6725, 1, 1, 'klass ', 7, '2019-07-08 09:15:00'),
(6726, 1, 1, 'klass g', 7, '2019-07-08 09:15:03'),
(6727, 1, 1, 'klass g', 7, '2019-07-08 09:15:03'),
(6728, 1, 1, 'KLASS G', 7, '2019-07-08 09:15:05'),
(6729, 1, 1, 'entretien', 10, '2019-07-08 15:25:39'),
(6730, 1, 1, 'entretien', 10, '2019-07-08 15:25:39'),
(6731, 1, 1, 'entretien', 20, '2019-07-08 15:25:39'),
(6732, 1, 1, '8300101', 1, '2019-07-09 08:20:33'),
(6733, 1, 1, '8300101', 1, '2019-07-09 08:20:33'),
(6734, 1, 1, '8300101', 1, '2019-07-09 08:20:33'),
(6735, 1, 1, 'lame', 10, '2019-07-09 09:43:13'),
(6736, 1, 1, 'lam', 10, '2019-07-09 09:43:13'),
(6737, 1, 1, 'lame', 10, '2019-07-09 09:43:13'),
(6738, 1, 1, 'lam', 10, '2019-07-09 09:43:13'),
(6739, 1, 1, 'lame c', 10, '2019-07-09 09:43:14'),
(6740, 1, 1, 'lame c', 10, '2019-07-09 09:43:14'),
(6741, 1, 1, 'lame coute', 10, '2019-07-09 09:43:15'),
(6742, 1, 1, 'lame coute', 10, '2019-07-09 09:43:15'),
(6743, 1, 1, 'lame coutea', 10, '2019-07-09 09:43:16'),
(6744, 1, 1, 'lame coutea', 10, '2019-07-09 09:43:16'),
(6745, 1, 1, 'lame couteau', 10, '2019-07-09 09:43:16'),
(6746, 1, 1, 'lame couteau', 10, '2019-07-09 09:43:16'),
(6747, 1, 1, 'Lame couteau', 322, '2019-07-09 09:43:19'),
(6748, 1, 1, 'Lame couteau', 322, '2019-07-09 09:43:42'),
(6749, 1, 1, 'Sontoku', 0, '2019-07-12 09:35:43'),
(6750, 1, 1, 'sontoku', 0, '2019-07-12 09:35:43'),
(6751, 1, 1, 'sontoku', 0, '2019-07-12 09:35:43'),
(6752, 1, 1, 'sontoku', 0, '2019-07-12 09:37:01'),
(6753, 1, 1, 'sontoku', 0, '2019-07-12 09:37:01'),
(6754, 1, 1, 'stoku', 0, '2019-07-12 09:37:02'),
(6755, 1, 1, 'stoku', 0, '2019-07-12 09:37:02'),
(6756, 1, 1, 'santoku', 9, '2019-07-12 09:37:03'),
(6757, 1, 1, 'santoku', 9, '2019-07-12 09:37:03');

-- --------------------------------------------------------

--
-- Structure de la table `gcahdy_stock`
--

CREATE TABLE `gcahdy_stock` (
  `id_stock` int(11) UNSIGNED NOT NULL,
  `id_warehouse` int(11) UNSIGNED NOT NULL,
  `id_product` int(11) UNSIGNED NOT NULL,
  `id_product_attribute` int(11) UNSIGNED NOT NULL,
  `reference` varchar(32) NOT NULL,
  `ean13` varchar(13) DEFAULT NULL,
  `upc` varchar(12) DEFAULT NULL,
  `physical_quantity` int(11) UNSIGNED NOT NULL,
  `usable_quantity` int(11) UNSIGNED NOT NULL,
  `price_te` decimal(20,6) DEFAULT '0.000000'
) ENGINE=InnoDB DEFAULT CHARSET=utf8;

-- --------------------------------------------------------

--
-- Structure de la table `gcahdy_stock_available`
--

CREATE TABLE `gcahdy_stock_available` (
  `id_stock_available` int(11) UNSIGNED NOT NULL,
  `id_product` int(11) UNSIGNED NOT NULL,
  `id_product_attribute` int(11) UNSIGNED NOT NULL,
  `id_shop` int(11) UNSIGNED NOT NULL,
  `id_shop_group` int(11) UNSIGNED NOT NULL,
  `quantity` int(10) NOT NULL DEFAULT '0',
  `depends_on_stock` tinyint(1) UNSIGNED NOT NULL DEFAULT '0',
  `out_of_stock` tinyint(1) UNSIGNED NOT NULL DEFAULT '0'
) ENGINE=InnoDB DEFAULT CHARSET=utf8;

--
-- Déchargement des données de la table `gcahdy_stock_available`
--

INSERT INTO `gcahdy_stock_available` (`id_stock_available`, `id_product`, `id_product_attribute`, `id_shop`, `id_shop_group`, `quantity`, `depends_on_stock`, `out_of_stock`) VALUES
(55, 3, 0, 1, 0, 5, 0, 2),
(56, 4, 0, 1, 0, 9, 0, 2),
(57, 5, 0, 1, 0, 3, 0, 2),
(58, 6, 0, 1, 0, 3, 0, 2),
(59, 7, 0, 1, 0, 7, 0, 2),
(72, 3, 13, 1, 0, 3, 0, 2),
(73, 4, 14, 1, 0, 3, 0, 2),
(74, 2, 0, 1, 0, 0, 0, 0),
(75, 5, 15, 1, 0, 1, 0, 2),
(76, 6, 16, 1, 0, 3, 0, 2),
(77, 7, 17, 1, 0, 3, 0, 2),
(152, 12, 0, 1, 0, 2, 0, 2),
(154, 10, 0, 1, 0, 0, 0, 0),
(155, 11, 0, 1, 0, 0, 0, 0),
(158, 15, 0, 1, 0, 5, 0, 2),
(159, 15, 89, 1, 0, 3, 0, 2),
(164, 16, 0, 1, 0, 3, 0, 2),
(226, 22, 0, 1, 0, 0, 0, 0),
(227, 23, 0, 1, 0, 10, 0, 2),
(228, 23, 149, 1, 0, 1, 0, 2),
(230, 24, 0, 1, 0, 11, 0, 2),
(231, 24, 151, 1, 0, 3, 0, 2),
(232, 25, 0, 1, 0, 9, 0, 2),
(233, 25, 152, 1, 0, 2, 0, 2),
(234, 26, 0, 1, 0, 2, 0, 2),
(235, 26, 153, 1, 0, 2, 0, 2),
(236, 27, 0, 1, 0, 9, 0, 2),
(237, 27, 154, 1, 0, 3, 0, 2),
(241, 28, 0, 1, 0, 3, 0, 2),
(243, 28, 159, 1, 0, 3, 0, 2),
(245, 23, 161, 1, 0, 3, 0, 2),
(246, 29, 0, 1, 0, 6, 0, 2),
(247, 29, 162, 1, 0, 3, 0, 2),
(248, 30, 0, 1, 0, 1, 0, 2),
(249, 30, 163, 1, 0, 1, 0, 2),
(250, 31, 0, 1, 0, 7, 0, 2),
(251, 31, 164, 1, 0, 3, 0, 2),
(254, 32, 0, 1, 0, 0, 0, 0),
(263, 34, 0, 1, 0, 5, 0, 2),
(264, 34, 173, 1, 0, 3, 0, 2),
(271, 33, 0, 1, 0, 0, 0, 0),
(272, 35, 0, 1, 0, 9, 0, 2),
(276, 35, 183, 1, 0, 3, 0, 2),
(277, 35, 184, 1, 0, 3, 0, 2),
(280, 36, 0, 1, 0, 7, 0, 2),
(282, 36, 188, 1, 0, 3, 0, 2),
(283, 36, 189, 1, 0, 1, 0, 2),
(288, 37, 0, 1, 0, 10, 0, 1),
(289, 37, 194, 1, 0, 2, 0, 1),
(290, 38, 0, 1, 0, 14, 0, 2),
(291, 38, 195, 1, 0, 3, 0, 2),
(292, 39, 0, 1, 0, 9, 0, 2),
(293, 39, 196, 1, 0, 3, 0, 2),
(294, 40, 0, 1, 0, 2, 0, 2),
(295, 40, 197, 1, 0, 1, 0, 2),
(296, 41, 0, 1, 0, 2, 0, 2),
(297, 41, 198, 1, 0, 2, 0, 2),
(298, 42, 0, 1, 0, 2, 0, 2),
(299, 42, 199, 1, 0, 2, 0, 2),
(300, 43, 0, 1, 0, 1, 0, 2),
(301, 43, 200, 1, 0, 1, 0, 2),
(302, 44, 0, 1, 0, 2, 0, 2),
(304, 35, 202, 1, 0, 2, 0, 2),
(305, 35, 203, 1, 0, 1, 0, 2),
(306, 36, 204, 1, 0, 3, 0, 2),
(308, 45, 0, 1, 0, 6, 0, 2),
(310, 45, 207, 1, 0, 3, 0, 2),
(311, 45, 208, 1, 0, 1, 0, 2),
(312, 46, 0, 1, 0, 8, 0, 2),
(314, 46, 210, 1, 0, 2, 0, 2),
(315, 46, 211, 1, 0, 2, 0, 2),
(316, 46, 212, 1, 0, 2, 0, 2),
(317, 47, 0, 1, 0, 9, 0, 2),
(319, 47, 214, 1, 0, 1, 0, 2),
(320, 47, 215, 1, 0, 2, 0, 2),
(321, 47, 216, 1, 0, 2, 0, 2),
(322, 47, 217, 1, 0, 2, 0, 2),
(323, 48, 0, 1, 0, 1, 0, 2),
(324, 48, 218, 1, 0, 1, 0, 2),
(325, 49, 0, 1, 0, 7, 0, 2),
(326, 49, 219, 1, 0, 3, 0, 2),
(327, 49, 220, 1, 0, 1, 0, 2),
(328, 49, 221, 1, 0, 3, 0, 2),
(329, 50, 0, 1, 0, 8, 0, 2),
(330, 50, 222, 1, 0, 3, 0, 2),
(331, 50, 223, 1, 0, 1, 0, 2),
(332, 51, 0, 1, 0, 2, 0, 2),
(333, 51, 224, 1, 0, 2, 0, 2),
(334, 52, 0, 1, 0, 1, 0, 2),
(335, 52, 225, 1, 0, 1, 0, 2),
(336, 53, 0, 1, 0, 1, 0, 2),
(337, 53, 226, 1, 0, 1, 0, 2),
(338, 54, 0, 1, 0, 8, 0, 2),
(339, 54, 227, 1, 0, 3, 0, 2),
(340, 54, 228, 1, 0, 3, 0, 2),
(341, 54, 229, 1, 0, 1, 0, 2),
(342, 54, 230, 1, 0, 1, 0, 2),
(343, 55, 0, 1, 0, 1, 0, 2),
(347, 55, 234, 1, 0, 1, 0, 2),
(348, 56, 0, 1, 0, 8, 0, 2),
(349, 56, 235, 1, 0, 3, 0, 2),
(350, 56, 236, 1, 0, 3, 0, 2),
(351, 56, 237, 1, 0, 1, 0, 2),
(352, 57, 0, 1, 0, 9, 0, 2),
(353, 57, 238, 1, 0, 3, 0, 2),
(354, 57, 239, 1, 0, 3, 0, 2),
(355, 57, 240, 1, 0, 1, 0, 2),
(356, 58, 0, 1, 0, 11, 0, 2),
(359, 58, 243, 1, 0, 3, 0, 2),
(360, 58, 244, 1, 0, 3, 0, 2),
(361, 59, 0, 1, 0, 1, 0, 2),
(362, 59, 245, 1, 0, 1, 0, 2),
(363, 8, 0, 1, 0, 0, 0, 0),
(364, 14, 0, 1, 0, 0, 0, 0),
(366, 60, 0, 1, 0, 1, 0, 2),
(367, 60, 247, 1, 0, 1, 0, 2),
(370, 61, 0, 1, 0, 0, 0, 0),
(371, 62, 0, 1, 0, 1, 0, 2),
(372, 62, 249, 1, 0, 1, 0, 2),
(373, 9, 0, 1, 0, 0, 0, 0),
(374, 63, 0, 1, 0, 5, 0, 2),
(375, 63, 250, 1, 0, 3, 0, 2),
(376, 64, 0, 1, 0, 8, 0, 2),
(379, 64, 253, 1, 0, 3, 0, 2),
(380, 64, 254, 1, 0, 2, 0, 2),
(381, 38, 255, 1, 0, 3, 0, 2),
(382, 38, 256, 1, 0, 3, 0, 2),
(383, 38, 257, 1, 0, 1, 0, 2),
(384, 38, 258, 1, 0, 1, 0, 2),
(385, 25, 259, 1, 0, 1, 0, 2),
(386, 65, 0, 1, 0, 1, 0, 2),
(387, 65, 260, 1, 0, 1, 0, 2),
(389, 25, 262, 1, 0, 1, 0, 2),
(390, 25, 263, 1, 0, 2, 0, 2),
(391, 66, 0, 1, 0, 3, 0, 2),
(393, 66, 265, 1, 0, 3, 0, 2),
(394, 67, 0, 1, 0, 1, 0, 2),
(396, 67, 267, 1, 0, 1, 0, 2),
(397, 68, 0, 1, 0, 1, 0, 2),
(399, 68, 269, 1, 0, 1, 0, 2),
(400, 69, 0, 1, 0, 1, 0, 2),
(401, 69, 270, 1, 0, 1, 0, 2),
(402, 70, 0, 1, 0, 1, 0, 2),
(403, 70, 271, 1, 0, 1, 0, 2),
(404, 4, 272, 1, 0, 3, 0, 2),
(405, 4, 273, 1, 0, 3, 0, 2),
(408, 71, 0, 1, 0, 0, 0, 0),
(409, 31, 275, 1, 0, 3, 0, 2),
(410, 31, 276, 1, 0, 1, 0, 2),
(411, 72, 0, 1, 0, 2, 0, 2),
(412, 72, 277, 1, 0, 1, 0, 2),
(413, 72, 278, 1, 0, 1, 0, 2),
(415, 73, 0, 1, 0, 3, 0, 2),
(418, 73, 282, 1, 0, 3, 0, 2),
(419, 74, 0, 1, 0, 5, 0, 2),
(420, 74, 283, 1, 0, 3, 0, 2),
(421, 29, 284, 1, 0, 3, 0, 2),
(422, 74, 285, 1, 0, 2, 0, 2),
(423, 27, 286, 1, 0, 3, 0, 2),
(424, 27, 287, 1, 0, 3, 0, 2),
(425, 75, 0, 1, 0, 3, 0, 2),
(428, 75, 290, 1, 0, 1, 0, 2),
(429, 5, 291, 1, 0, 2, 0, 2),
(430, 7, 292, 1, 0, 1, 0, 2),
(431, 7, 293, 1, 0, 3, 0, 2),
(432, 39, 294, 1, 0, 3, 0, 2),
(433, 39, 295, 1, 0, 3, 0, 2),
(434, 76, 0, 1, 0, 3, 0, 2),
(435, 76, 296, 1, 0, 2, 0, 2),
(438, 77, 0, 1, 0, 0, 0, 0),
(439, 78, 0, 1, 0, 4, 0, 2),
(440, 78, 298, 1, 0, 3, 0, 2),
(441, 79, 0, 1, 0, 3, 0, 2),
(442, 79, 299, 1, 0, 2, 0, 2),
(443, 80, 0, 1, 0, 4, 0, 2),
(444, 80, 300, 1, 0, 3, 0, 2),
(445, 81, 0, 1, 0, 3, 0, 2),
(446, 81, 301, 1, 0, 2, 0, 2),
(447, 82, 0, 1, 0, 3, 0, 2),
(448, 82, 302, 1, 0, 2, 0, 2),
(449, 83, 0, 1, 0, 4, 0, 2),
(450, 83, 303, 1, 0, 3, 0, 2),
(451, 84, 0, 1, 0, 5, 0, 2),
(452, 84, 304, 1, 0, 3, 0, 2),
(453, 85, 0, 1, 0, 2, 0, 2),
(454, 85, 305, 1, 0, 1, 0, 2),
(455, 86, 0, 1, 0, 3, 0, 2),
(456, 86, 306, 1, 0, 2, 0, 2),
(457, 87, 0, 1, 0, 5, 0, 2),
(458, 87, 307, 1, 0, 3, 0, 2),
(459, 88, 0, 1, 0, 5, 0, 2),
(460, 88, 308, 1, 0, 3, 0, 2),
(461, 89, 0, 1, 0, 2, 0, 2),
(462, 89, 309, 1, 0, 1, 0, 2),
(463, 90, 0, 1, 0, 3, 0, 2),
(464, 90, 310, 1, 0, 2, 0, 2),
(465, 91, 0, 1, 0, 4, 0, 2),
(466, 91, 311, 1, 0, 3, 0, 2),
(467, 92, 0, 1, 0, 2, 0, 2),
(468, 92, 312, 1, 0, 1, 0, 2),
(469, 93, 0, 1, 0, 4, 0, 2),
(470, 93, 313, 1, 0, 3, 0, 2),
(471, 94, 0, 1, 0, 5, 0, 2),
(472, 94, 314, 1, 0, 3, 0, 2),
(473, 95, 0, 1, 0, 2, 0, 2),
(474, 95, 315, 1, 0, 2, 0, 2),
(475, 96, 0, 1, 0, 2, 0, 2),
(476, 96, 316, 1, 0, 2, 0, 2),
(477, 97, 0, 1, 0, 2, 0, 2),
(478, 97, 317, 1, 0, 2, 0, 2),
(479, 98, 0, 1, 0, 1, 0, 2),
(480, 98, 318, 1, 0, 1, 0, 2),
(481, 99, 0, 1, 0, 3, 0, 2),
(482, 99, 319, 1, 0, 3, 0, 2),
(483, 100, 0, 1, 0, 1, 0, 2),
(484, 100, 320, 1, 0, 1, 0, 2),
(485, 101, 0, 1, 0, 3, 0, 2),
(486, 101, 321, 1, 0, 3, 0, 2),
(487, 102, 0, 1, 0, 2, 0, 2),
(488, 102, 322, 1, 0, 2, 0, 2),
(489, 103, 0, 1, 0, 3, 0, 2),
(490, 103, 323, 1, 0, 3, 0, 2),
(491, 104, 0, 1, 0, 3, 0, 2),
(492, 104, 324, 1, 0, 3, 0, 2),
(493, 105, 0, 1, 0, 3, 0, 2),
(494, 105, 325, 1, 0, 3, 0, 2),
(495, 106, 0, 1, 0, 3, 0, 2),
(496, 106, 326, 1, 0, 3, 0, 2),
(497, 107, 0, 1, 0, 2, 0, 2),
(498, 107, 327, 1, 0, 2, 0, 2),
(499, 108, 0, 1, 0, 2, 0, 2),
(500, 108, 328, 1, 0, 2, 0, 2),
(501, 109, 0, 1, 0, 1, 0, 2),
(502, 109, 329, 1, 0, 1, 0, 2),
(503, 110, 0, 1, 0, 1, 0, 2),
(504, 110, 330, 1, 0, 1, 0, 2),
(505, 111, 0, 1, 0, 1, 0, 2),
(506, 111, 331, 1, 0, 1, 0, 2),
(507, 112, 0, 1, 0, 1, 0, 2),
(508, 112, 332, 1, 0, 1, 0, 2),
(509, 113, 0, 1, 0, 1, 0, 2),
(510, 113, 333, 1, 0, 1, 0, 2),
(511, 114, 0, 1, 0, 1, 0, 2),
(512, 114, 334, 1, 0, 1, 0, 2),
(513, 115, 0, 1, 0, 1, 0, 2),
(514, 115, 335, 1, 0, 1, 0, 2),
(515, 116, 0, 1, 0, 1, 0, 2),
(516, 116, 336, 1, 0, 1, 0, 2),
(517, 117, 0, 1, 0, 1, 0, 2),
(518, 117, 337, 1, 0, 1, 0, 2),
(519, 118, 0, 1, 0, 1, 0, 2),
(520, 118, 338, 1, 0, 1, 0, 2),
(521, 119, 0, 1, 0, 1, 0, 2),
(522, 119, 339, 1, 0, 1, 0, 2),
(523, 120, 0, 1, 0, 1, 0, 2),
(524, 120, 340, 1, 0, 1, 0, 2),
(525, 121, 0, 1, 0, 3, 0, 2),
(526, 121, 341, 1, 0, 3, 0, 2),
(527, 122, 0, 1, 0, 1, 0, 2),
(528, 122, 342, 1, 0, 1, 0, 2),
(529, 123, 0, 1, 0, 3, 0, 2),
(530, 123, 343, 1, 0, 3, 0, 2),
(531, 124, 0, 1, 0, 2, 0, 2),
(532, 124, 344, 1, 0, 2, 0, 2),
(533, 125, 0, 1, 0, 2, 0, 2),
(534, 125, 345, 1, 0, 2, 0, 2),
(535, 126, 0, 1, 0, 2, 0, 2),
(536, 126, 346, 1, 0, 2, 0, 2),
(537, 127, 0, 1, 0, 2, 0, 2),
(538, 127, 347, 1, 0, 2, 0, 2),
(539, 128, 0, 1, 0, 3, 0, 2),
(540, 128, 348, 1, 0, 3, 0, 2),
(541, 129, 0, 1, 0, 2, 0, 2),
(542, 129, 349, 1, 0, 2, 0, 2),
(543, 130, 0, 1, 0, 3, 0, 2),
(544, 130, 350, 1, 0, 3, 0, 2),
(545, 131, 0, 1, 0, 1, 0, 2),
(546, 131, 351, 1, 0, 1, 0, 2),
(547, 132, 0, 1, 0, 3, 0, 2),
(548, 132, 352, 1, 0, 3, 0, 2),
(549, 133, 0, 1, 0, 3, 0, 2),
(550, 133, 353, 1, 0, 3, 0, 2),
(551, 134, 0, 1, 0, 1, 0, 2),
(552, 134, 354, 1, 0, 1, 0, 2),
(553, 135, 0, 1, 0, 3, 0, 2),
(554, 135, 355, 1, 0, 3, 0, 2),
(555, 136, 0, 1, 0, 19, 0, 2),
(557, 137, 0, 1, 0, 2, 0, 2),
(558, 137, 357, 1, 0, 2, 0, 2),
(559, 138, 0, 1, 0, 1, 0, 2),
(560, 139, 0, 1, 0, 1, 0, 2),
(562, 141, 0, 1, 0, 3, 0, 2),
(563, 142, 0, 1, 0, 3, 0, 2),
(564, 142, 358, 1, 0, 3, 0, 2),
(566, 143, 0, 1, 0, 6, 0, 2),
(567, 143, 360, 1, 0, 3, 0, 2),
(576, 143, 369, 1, 0, 3, 0, 2),
(577, 16, 370, 1, 0, 3, 0, 2),
(587, 144, 0, 1, 0, 3, 0, 2),
(588, 144, 380, 1, 0, 3, 0, 2),
(599, 145, 0, 1, 0, 3, 0, 2),
(600, 145, 391, 1, 0, 3, 0, 2),
(615, 146, 0, 1, 0, 3, 0, 2),
(619, 146, 409, 1, 0, 3, 0, 2),
(627, 147, 0, 1, 0, 1, 0, 2),
(628, 147, 417, 1, 0, 1, 0, 2),
(645, 149, 0, 1, 0, 3, 0, 2),
(650, 149, 437, 1, 0, 3, 0, 2),
(651, 150, 0, 1, 0, 3, 0, 2),
(652, 150, 438, 1, 0, 3, 0, 2),
(664, 153, 0, 1, 0, 3, 0, 2),
(672, 153, 455, 1, 0, 3, 0, 2),
(673, 154, 0, 1, 0, 3, 0, 2),
(685, 154, 465, 1, 0, 3, 0, 2),
(693, 157, 0, 1, 0, 3, 0, 2),
(704, 157, 483, 1, 0, 3, 0, 2),
(723, 160, 0, 1, 0, 3, 0, 2),
(725, 160, 501, 1, 0, 3, 0, 2),
(734, 161, 0, 1, 0, 3, 0, 2),
(735, 161, 510, 1, 0, 3, 0, 2),
(750, 20, 0, 1, 0, 0, 0, 0),
(753, 19, 0, 1, 0, 0, 0, 0),
(754, 162, 0, 1, 0, 0, 0, 0),
(755, 164, 0, 1, 0, 0, 0, 0),
(756, 166, 0, 1, 0, 1, 0, 2),
(760, 166, 526, 1, 0, 1, 0, 2),
(764, 163, 0, 1, 0, 0, 0, 0),
(773, 165, 0, 1, 0, 0, 0, 0),
(774, 168, 0, 1, 0, 2, 0, 2),
(779, 168, 541, 1, 0, 2, 0, 2),
(782, 169, 0, 1, 0, 0, 0, 2),
(783, 169, 544, 1, 0, 0, 0, 2),
(792, 18, 0, 1, 0, 0, 0, 0),
(793, 34, 553, 1, 0, 2, 0, 2),
(794, 170, 0, 1, 0, 0, 0, 2),
(796, 170, 555, 1, 0, 0, 0, 2),
(802, 171, 0, 1, 0, 1, 0, 2),
(805, 171, 563, 1, 0, 1, 0, 2),
(812, 172, 0, 1, 0, 0, 0, 0),
(813, 173, 0, 1, 0, 1, 0, 2),
(820, 173, 575, 1, 0, 1, 0, 2),
(821, 174, 0, 1, 0, 1, 0, 2),
(826, 174, 580, 1, 0, 1, 0, 2),
(829, 175, 0, 1, 0, 0, 0, 2),
(830, 175, 583, 1, 0, 0, 0, 2),
(848, 176, 0, 1, 0, 0, 0, 0),
(849, 177, 0, 1, 0, 0, 0, 0),
(850, 178, 0, 1, 0, 1, 0, 2),
(853, 178, 601, 1, 0, 1, 0, 2),
(858, 179, 0, 1, 0, 1, 0, 2),
(862, 179, 609, 1, 0, 1, 0, 2),
(866, 180, 0, 1, 0, 0, 0, 2),
(872, 180, 618, 1, 0, 0, 0, 2),
(874, 181, 0, 1, 0, 1, 0, 2),
(879, 181, 624, 1, 0, 1, 0, 2),
(882, 182, 0, 1, 0, 1, 0, 2),
(889, 182, 633, 1, 0, 1, 0, 2),
(890, 183, 0, 1, 0, 1, 0, 2),
(893, 183, 636, 1, 0, 1, 0, 2),
(898, 184, 0, 1, 0, 0, 0, 2),
(902, 184, 644, 1, 0, 0, 0, 2),
(906, 185, 0, 1, 0, 0, 0, 2),
(911, 185, 652, 1, 0, 0, 0, 2),
(919, 186, 0, 1, 0, 0, 0, 2),
(920, 40, 655, 1, 0, 1, 0, 2),
(921, 76, 656, 1, 0, 1, 0, 2),
(922, 78, 657, 1, 0, 1, 0, 2),
(923, 79, 658, 1, 0, 1, 0, 2),
(924, 80, 659, 1, 0, 1, 0, 2),
(925, 81, 660, 1, 0, 1, 0, 2),
(926, 82, 661, 1, 0, 1, 0, 2),
(927, 83, 662, 1, 0, 1, 0, 2),
(928, 84, 663, 1, 0, 2, 0, 2),
(929, 85, 664, 1, 0, 1, 0, 2),
(930, 86, 665, 1, 0, 1, 0, 2),
(931, 87, 666, 1, 0, 2, 0, 2),
(932, 88, 667, 1, 0, 2, 0, 2),
(933, 89, 668, 1, 0, 1, 0, 2),
(934, 90, 669, 1, 0, 1, 0, 2),
(935, 91, 670, 1, 0, 1, 0, 2),
(936, 92, 671, 1, 0, 1, 0, 2),
(937, 93, 672, 1, 0, 1, 0, 2),
(938, 94, 673, 1, 0, 2, 0, 2),
(939, 187, 0, 1, 0, 1, 0, 2),
(940, 188, 0, 1, 0, 2, 0, 2),
(941, 23, 674, 1, 0, 3, 0, 2),
(942, 23, 675, 1, 0, 3, 0, 2),
(943, 47, 676, 1, 0, 2, 0, 2),
(944, 50, 677, 1, 0, 2, 0, 2),
(945, 50, 678, 1, 0, 2, 0, 2),
(946, 37, 679, 1, 0, 3, 0, 1),
(947, 37, 680, 1, 0, 2, 0, 1),
(948, 37, 681, 1, 0, 3, 0, 1),
(950, 24, 683, 1, 0, 3, 0, 2),
(951, 189, 0, 1, 0, 5, 0, 2),
(952, 189, 684, 1, 0, 1, 0, 2),
(953, 189, 685, 1, 0, 2, 0, 2),
(954, 189, 686, 1, 0, 1, 0, 2),
(958, 190, 0, 1, 0, 0, 0, 0),
(959, 191, 0, 1, 0, 7, 0, 2),
(960, 191, 689, 1, 0, 3, 0, 2),
(961, 191, 690, 1, 0, 2, 0, 2),
(962, 24, 691, 1, 0, 3, 0, 2),
(963, 24, 692, 1, 0, 2, 0, 2),
(964, 192, 0, 1, 0, 10, 0, 2),
(965, 192, 693, 1, 0, 2, 0, 2),
(966, 192, 694, 1, 0, 2, 0, 2),
(967, 192, 695, 1, 0, 2, 0, 2),
(968, 192, 696, 1, 0, 2, 0, 2),
(969, 192, 697, 1, 0, 2, 0, 2),
(984, 194, 0, 1, 0, 2, 0, 2),
(987, 194, 713, 1, 0, 2, 0, 2),
(988, 195, 0, 1, 0, 3, 0, 2),
(989, 195, 714, 1, 0, 3, 0, 2),
(990, 196, 0, 1, 0, 1, 0, 2),
(991, 196, 715, 1, 0, 1, 0, 2),
(992, 197, 0, 1, 0, 3, 0, 2),
(993, 197, 716, 1, 0, 1, 0, 2),
(994, 197, 717, 1, 0, 1, 0, 2),
(995, 197, 718, 1, 0, 1, 0, 2),
(996, 198, 0, 1, 0, 1, 0, 2),
(1001, 199, 0, 1, 0, 0, 0, 0),
(1002, 200, 0, 1, 0, 6, 0, 2),
(1003, 200, 722, 1, 0, 3, 0, 2),
(1006, 200, 725, 1, 0, 3, 0, 2),
(1007, 201, 0, 1, 0, 48, 0, 2),
(1008, 201, 726, 1, 0, 48, 0, 2),
(1009, 202, 0, 1, 0, 2, 0, 2),
(1010, 202, 727, 1, 0, 1, 0, 2),
(1011, 202, 728, 1, 0, 1, 0, 2),
(1013, 203, 0, 1, 0, 18, 0, 2),
(1014, 203, 730, 1, 0, 3, 0, 2),
(1016, 25, 732, 1, 0, 3, 0, 2),
(1017, 204, 0, 1, 0, 5, 0, 2),
(1018, 204, 733, 1, 0, 2, 0, 2),
(1031, 205, 0, 1, 0, 0, 0, 0),
(1032, 206, 0, 1, 0, 3, 0, 2),
(1034, 206, 746, 1, 0, 3, 0, 2),
(1043, 207, 0, 1, 0, 6, 0, 2),
(1046, 207, 757, 1, 0, 3, 0, 2),
(1051, 207, 762, 1, 0, 3, 0, 2),
(1054, 208, 0, 1, 0, 6, 0, 2),
(1058, 208, 768, 1, 0, 3, 0, 2),
(1062, 208, 772, 1, 0, 3, 0, 2),
(1065, 209, 0, 1, 0, 3, 0, 2),
(1075, 209, 784, 1, 0, 3, 0, 2),
(1076, 210, 0, 1, 0, 6, 0, 2),
(1081, 210, 789, 1, 0, 3, 0, 2),
(1085, 210, 793, 1, 0, 3, 0, 2),
(1087, 211, 0, 1, 0, 3, 0, 2),
(1093, 211, 800, 1, 0, 3, 0, 2),
(1098, 212, 0, 1, 0, 3, 0, 2),
(1105, 212, 811, 1, 0, 3, 0, 2),
(1109, 213, 0, 1, 0, 6, 0, 2),
(1117, 213, 822, 1, 0, 3, 0, 2),
(1118, 213, 823, 1, 0, 3, 0, 2),
(1134, 215, 0, 1, 0, 0, 0, 0),
(1138, 216, 0, 1, 0, 0, 0, 0),
(1139, 214, 0, 1, 0, 0, 0, 0),
(1140, 15, 839, 1, 0, 2, 0, 2),
(1141, 204, 840, 1, 0, 3, 0, 2),
(1142, 217, 0, 1, 0, 3, 0, 2),
(1145, 217, 843, 1, 0, 3, 0, 2),
(1148, 218, 0, 1, 0, 2, 0, 2),
(1150, 218, 847, 1, 0, 2, 0, 2),
(1154, 219, 0, 1, 0, 3, 0, 2),
(1155, 219, 851, 1, 0, 3, 0, 2),
(1160, 220, 0, 1, 0, 3, 0, 2),
(1164, 220, 859, 1, 0, 3, 0, 2),
(1166, 221, 0, 1, 0, 3, 0, 2),
(1177, 221, 871, 1, 0, 3, 0, 2),
(1178, 222, 0, 1, 0, 2, 0, 2),
(1180, 222, 873, 1, 0, 2, 0, 2),
(1190, 223, 0, 1, 0, 3, 0, 2),
(1195, 223, 887, 1, 0, 3, 0, 2),
(1202, 224, 0, 1, 0, 3, 0, 2),
(1211, 224, 902, 1, 0, 3, 0, 2),
(1214, 225, 0, 1, 0, 3, 0, 2),
(1217, 225, 907, 1, 0, 3, 0, 2),
(1226, 226, 0, 1, 0, 3, 0, 2),
(1230, 226, 919, 1, 0, 3, 0, 2),
(1238, 227, 0, 1, 0, 3, 0, 2),
(1244, 227, 932, 1, 0, 3, 0, 2),
(1250, 228, 0, 1, 0, 3, 0, 2),
(1257, 228, 944, 1, 0, 3, 0, 2),
(1262, 229, 0, 1, 0, 3, 0, 2),
(1270, 229, 956, 1, 0, 3, 0, 2),
(1274, 230, 0, 1, 0, 2, 0, 2),
(1284, 230, 969, 1, 0, 2, 0, 2),
(1429, 231, 0, 1, 0, 0, 0, 0),
(1430, 241, 0, 1, 0, 0, 0, 0),
(1431, 240, 0, 1, 0, 0, 0, 0),
(1432, 239, 0, 1, 0, 0, 0, 0),
(1433, 238, 0, 1, 0, 0, 0, 0),
(1434, 237, 0, 1, 0, 0, 0, 0),
(1435, 236, 0, 1, 0, 0, 0, 0),
(1436, 235, 0, 1, 0, 0, 0, 0),
(1437, 234, 0, 1, 0, 0, 0, 0),
(1438, 233, 0, 1, 0, 0, 0, 0),
(1439, 232, 0, 1, 0, 0, 0, 0),
(1440, 242, 0, 1, 0, 3, 0, 2),
(1452, 242, 1114, 1, 0, 3, 0, 2),
(1455, 244, 0, 1, 0, 3, 0, 2),
(1456, 244, 1116, 1, 0, 3, 0, 2),
(1457, 243, 0, 1, 0, 0, 0, 0),
(1458, 245, 0, 1, 0, 3, 0, 2),
(1459, 245, 1117, 1, 0, 3, 0, 2),
(1460, 246, 0, 1, 0, 1, 0, 2),
(1461, 246, 1118, 1, 0, 1, 0, 2),
(1462, 247, 0, 1, 0, 3, 0, 2),
(1463, 247, 1119, 1, 0, 3, 0, 2),
(1464, 248, 0, 1, 0, 2, 0, 2),
(1465, 248, 1120, 1, 0, 2, 0, 2),
(1466, 249, 0, 1, 0, 3, 0, 2),
(1467, 249, 1121, 1, 0, 3, 0, 2),
(1468, 250, 0, 1, 0, 3, 0, 2),
(1469, 250, 1122, 1, 0, 3, 0, 2),
(1470, 251, 0, 1, 0, 2, 0, 2),
(1471, 251, 1123, 1, 0, 2, 0, 2),
(1472, 252, 0, 1, 0, 2, 0, 2),
(1473, 252, 1124, 1, 0, 2, 0, 2),
(1474, 253, 0, 1, 0, 2, 0, 2),
(1475, 253, 1125, 1, 0, 2, 0, 2),
(1476, 254, 0, 1, 0, 2, 0, 2),
(1477, 254, 1126, 1, 0, 2, 0, 2),
(1478, 148, 0, 1, 0, 0, 0, 0),
(1479, 255, 0, 1, 0, 2, 0, 2),
(1480, 255, 1127, 1, 0, 2, 0, 2),
(1481, 256, 0, 1, 0, 1, 0, 2),
(1482, 256, 1128, 1, 0, 1, 0, 2),
(1483, 257, 0, 1, 0, 3, 0, 2),
(1484, 257, 1129, 1, 0, 3, 0, 2),
(1485, 258, 0, 1, 0, 3, 0, 2),
(1486, 258, 1130, 1, 0, 3, 0, 2),
(1493, 260, 0, 1, 0, 1, 0, 2),
(1494, 260, 1136, 1, 0, 1, 0, 2),
(1499, 261, 0, 1, 0, 2, 0, 2),
(1501, 261, 1142, 1, 0, 2, 0, 2),
(1505, 262, 0, 1, 0, 1, 0, 2),
(1508, 262, 1148, 1, 0, 1, 0, 2),
(1511, 263, 0, 1, 0, 2, 0, 2),
(1515, 263, 1154, 1, 0, 2, 0, 2),
(1517, 259, 0, 1, 0, 0, 0, 0),
(1518, 193, 0, 1, 0, 0, 0, 0),
(1519, 264, 0, 1, 0, 2, 0, 2),
(1527, 264, 1163, 1, 0, 2, 0, 2),
(1623, 272, 0, 1, 0, 0, 0, 2),
(1629, 272, 1257, 1, 0, 0, 0, 2),
(1636, 265, 0, 1, 0, 0, 0, 0),
(1637, 266, 0, 1, 0, 0, 0, 0),
(1638, 268, 0, 1, 0, 0, 0, 0),
(1639, 267, 0, 1, 0, 0, 0, 0),
(1640, 269, 0, 1, 0, 0, 0, 0),
(1641, 270, 0, 1, 0, 0, 0, 0),
(1655, 271, 0, 1, 0, 0, 0, 0),
(1656, 273, 0, 1, 0, 0, 0, 0),
(1670, 275, 0, 1, 0, 2, 0, 2),
(1675, 275, 1292, 1, 0, 2, 0, 2),
(1683, 276, 0, 1, 0, 2, 0, 2),
(1687, 276, 1303, 1, 0, 2, 0, 2),
(1709, 274, 0, 1, 0, 0, 0, 0),
(1710, 277, 0, 1, 0, 0, 0, 0),
(1711, 278, 0, 1, 0, 2, 0, 2),
(1714, 278, 1326, 1, 0, 2, 0, 2),
(1724, 279, 0, 1, 0, 2, 0, 2),
(1725, 279, 1336, 1, 0, 2, 0, 2),
(1737, 280, 0, 1, 0, 2, 0, 2),
(1739, 280, 1349, 1, 0, 2, 0, 2),
(1750, 281, 0, 1, 0, 3, 0, 2),
(1757, 281, 1366, 1, 0, 3, 0, 2),
(1763, 282, 0, 1, 0, 2, 0, 2),
(1772, 282, 1380, 1, 0, 2, 0, 2),
(1777, 281, 1369, 1, 0, 0, 0, 2),
(1791, 284, 0, 1, 0, 2, 0, 2),
(1803, 284, 1408, 1, 0, 2, 0, 2),
(1804, 283, 0, 1, 0, 0, 0, 2),
(1805, 285, 0, 1, 0, 2, 0, 2),
(1815, 285, 1418, 1, 0, 2, 0, 2),
(1818, 286, 0, 1, 0, 2, 0, 2),
(1829, 286, 1431, 1, 0, 2, 0, 2),
(1831, 17, 0, 1, 0, 0, 0, 0),
(1841, 288, 0, 1, 0, 2, 0, 2),
(1848, 288, 1447, 1, 0, 2, 0, 2),
(1850, 289, 0, 1, 0, 2, 0, 2),
(1856, 289, 1454, 1, 0, 2, 0, 2),
(1860, 289, 1456, 1, 0, 0, 0, 2),
(1861, 287, 0, 1, 0, 0, 0, 0),
(1862, 290, 0, 1, 0, 2, 0, 2),
(1863, 290, 1458, 1, 0, 2, 0, 2),
(1864, 291, 0, 1, 0, 2, 0, 2),
(1865, 291, 1459, 1, 0, 2, 0, 2),
(1866, 292, 0, 1, 0, 2, 0, 2),
(1867, 292, 1460, 1, 0, 2, 0, 2),
(1870, 294, 0, 1, 0, 2, 0, 2),
(1871, 294, 1462, 1, 0, 2, 0, 2),
(1872, 293, 0, 1, 0, 0, 0, 0),
(1873, 295, 0, 1, 0, 3, 0, 2),
(1874, 295, 1463, 1, 0, 3, 0, 2),
(1877, 297, 0, 1, 0, 2, 0, 2),
(1878, 297, 1465, 1, 0, 2, 0, 2),
(1879, 296, 0, 1, 0, 0, 0, 0),
(1880, 151, 0, 1, 0, 0, 0, 0),
(1887, 298, 0, 1, 0, 0, 0, 0),
(1900, 301, 0, 1, 0, 3, 0, 2),
(1901, 301, 1481, 1, 0, 3, 0, 2),
(1906, 302, 0, 1, 0, 3, 0, 2),
(1909, 302, 1488, 1, 0, 3, 0, 2),
(1912, 303, 0, 1, 0, 2, 0, 2),
(1917, 303, 1495, 1, 0, 2, 0, 2),
(1918, 299, 0, 1, 0, 0, 0, 0),
(1919, 300, 0, 1, 0, 0, 0, 0),
(1920, 304, 0, 1, 0, 3, 0, 2),
(1924, 304, 1499, 1, 0, 3, 0, 2),
(1926, 305, 0, 1, 0, 3, 0, 2),
(1927, 305, 1501, 1, 0, 3, 0, 2),
(1928, 306, 0, 1, 0, 3, 0, 2),
(1929, 306, 1502, 1, 0, 3, 0, 2),
(1930, 307, 0, 1, 0, 3, 0, 2),
(1931, 307, 1503, 1, 0, 3, 0, 2),
(1932, 308, 0, 1, 0, 3, 0, 2),
(1933, 308, 1504, 1, 0, 3, 0, 2),
(1936, 309, 0, 1, 0, 0, 0, 0),
(1937, 310, 0, 1, 0, 3, 0, 2),
(1948, 310, 1516, 1, 0, 3, 0, 2),
(1961, 311, 0, 1, 0, 0, 0, 0),
(1962, 312, 0, 1, 0, 2, 0, 2),
(1967, 312, 1532, 1, 0, 2, 0, 2),
(1974, 313, 0, 1, 0, 2, 0, 2),
(1978, 313, 1542, 1, 0, 2, 0, 2),
(1986, 314, 0, 1, 0, 2, 0, 2),
(1989, 314, 1552, 1, 0, 2, 0, 2),
(1998, 315, 0, 1, 0, 3, 0, 2),
(1999, 315, 1561, 1, 0, 3, 0, 2),
(2010, 316, 0, 1, 0, 3, 0, 2),
(2012, 316, 1573, 1, 0, 3, 0, 2),
(2034, 318, 0, 1, 0, 3, 0, 2),
(2040, 318, 1599, 1, 0, 3, 0, 2),
(2046, 319, 0, 1, 0, 3, 0, 2),
(2054, 319, 1612, 1, 0, 3, 0, 2),
(2058, 317, 0, 1, 0, 0, 0, 0),
(2059, 320, 0, 1, 0, 3, 0, 2),
(2068, 320, 1624, 1, 0, 3, 0, 2),
(2071, 321, 0, 1, 0, 3, 0, 2),
(2081, 321, 1636, 1, 0, 3, 0, 2),
(2083, 322, 0, 1, 0, 3, 0, 2),
(2094, 322, 1648, 1, 0, 3, 0, 2),
(2096, 321, 1634, 1, 0, 0, 0, 2),
(2097, 156, 0, 1, 0, 0, 0, 0),
(2098, 155, 0, 1, 0, 0, 0, 0),
(2099, 323, 0, 1, 0, 3, 0, 2),
(2100, 323, 1650, 1, 0, 3, 0, 2),
(2101, 324, 0, 1, 0, 3, 0, 2),
(2102, 324, 1651, 1, 0, 3, 0, 2),
(2103, 325, 0, 1, 0, 3, 0, 2),
(2104, 325, 1652, 1, 0, 3, 0, 2),
(2105, 326, 0, 1, 0, 3, 0, 2),
(2106, 326, 1653, 1, 0, 3, 0, 2),
(2107, 327, 0, 1, 0, 3, 0, 2),
(2108, 327, 1654, 1, 0, 3, 0, 2),
(2109, 328, 0, 1, 0, 3, 0, 2),
(2115, 328, 1660, 1, 0, 3, 0, 2),
(2121, 329, 0, 1, 0, 3, 0, 2),
(2125, 329, 1669, 1, 0, 3, 0, 2),
(2133, 330, 0, 1, 0, 3, 0, 2),
(2136, 330, 1679, 1, 0, 3, 0, 2),
(2145, 331, 0, 1, 0, 3, 0, 2),
(2147, 331, 1689, 1, 0, 3, 0, 2),
(2157, 332, 0, 1, 0, 3, 0, 2),
(2168, 332, 1709, 1, 0, 3, 0, 2),
(2169, 333, 0, 1, 0, 3, 0, 2),
(2170, 333, 1710, 1, 0, 3, 0, 2),
(2181, 0, 1721, 1, 0, 0, 0, 0),
(2182, 331, 1695, 1, 0, 0, 0, 2),
(2195, 0, 1733, 1, 0, 0, 0, 0),
(2196, 332, 1707, 1, 0, 0, 0, 2),
(2197, 335, 0, 1, 0, 3, 0, 2),
(2202, 335, 1738, 1, 0, 3, 0, 2),
(2209, 334, 0, 1, 0, 0, 0, 0),
(2210, 336, 0, 1, 0, 3, 0, 2),
(2217, 336, 1751, 1, 0, 3, 0, 2),
(2222, 337, 0, 1, 0, 3, 0, 2),
(2230, 337, 1763, 1, 0, 3, 0, 2),
(2246, 339, 0, 1, 0, 3, 0, 2),
(2255, 339, 1786, 1, 0, 3, 0, 2),
(2258, 338, 0, 1, 0, 0, 0, 0),
(2259, 340, 0, 1, 0, 3, 0, 2),
(2270, 340, 1799, 1, 0, 3, 0, 2),
(2271, 0, 1800, 1, 0, 0, 0, 0),
(2272, 340, 1795, 1, 0, 0, 0, 2),
(2273, 341, 0, 1, 0, 3, 0, 2),
(2274, 341, 1801, 1, 0, 3, 0, 2),
(2275, 158, 0, 1, 0, 0, 0, 0),
(2276, 159, 0, 1, 0, 0, 0, 0),
(2277, 342, 0, 1, 0, 3, 0, 2),
(2278, 342, 1802, 1, 0, 3, 0, 2),
(2279, 343, 0, 1, 0, 3, 0, 2),
(2280, 343, 1803, 1, 0, 3, 0, 2),
(2281, 344, 0, 1, 0, 3, 0, 2),
(2282, 344, 1804, 1, 0, 3, 0, 2),
(2283, 345, 0, 1, 0, 3, 0, 2),
(2284, 345, 1805, 1, 0, 3, 0, 2),
(2285, 75, 1806, 1, 0, 1, 0, 2),
(2286, 75, 1807, 1, 0, 1, 0, 2),
(2291, 347, 0, 1, 0, 0, 0, 2),
(2293, 347, 1812, 1, 0, 0, 0, 2),
(2295, 346, 0, 1, 0, 0, 0, 0),
(2296, 348, 0, 1, 0, 0, 0, 2),
(2299, 348, 1816, 1, 0, 0, 0, 2),
(2300, 349, 0, 1, 0, 1, 0, 2),
(2302, 349, 1818, 1, 0, 1, 0, 2),
(2304, 350, 0, 1, 0, 1, 0, 2),
(2305, 350, 1820, 1, 0, 1, 0, 2),
(2308, 351, 0, 1, 0, 0, 0, 2),
(2310, 351, 1824, 1, 0, 0, 0, 2),
(2312, 352, 0, 1, 0, 0, 0, 2),
(2315, 352, 1828, 1, 0, 0, 0, 2),
(2320, 167, 0, 1, 0, 0, 0, 0),
(2323, 355, 0, 1, 0, 0, 0, 2),
(2324, 355, 1833, 1, 0, 0, 0, 2),
(2325, 356, 0, 1, 0, 1, 0, 2),
(2326, 356, 1834, 1, 0, 1, 0, 2),
(2327, 354, 0, 1, 0, 0, 0, 0),
(2328, 357, 0, 1, 0, 0, 0, 2),
(2329, 357, 1835, 1, 0, 0, 0, 2),
(2330, 358, 0, 1, 0, 0, 0, 2),
(2331, 358, 1836, 1, 0, 0, 0, 2),
(2332, 359, 0, 1, 0, 0, 0, 2),
(2333, 359, 1837, 1, 0, 0, 0, 2),
(2334, 360, 0, 1, 0, 0, 0, 2),
(2335, 360, 1838, 1, 0, 0, 0, 2),
(2336, 361, 0, 1, 0, 0, 0, 2),
(2337, 361, 1839, 1, 0, 0, 0, 2),
(2338, 353, 0, 1, 0, 0, 0, 0),
(2339, 362, 0, 1, 0, -2, 0, 2),
(2342, 362, 1842, 1, 0, -2, 0, 2),
(2343, 363, 0, 1, 0, 32, 0, 2),
(2346, 364, 0, 1, 0, -3, 0, 2),
(2347, 364, 1845, 1, 0, -3, 0, 2),
(2348, 191, 1846, 1, 0, 2, 0, 2),
(2349, 58, 1847, 1, 0, 3, 0, 2),
(2350, 45, 1848, 1, 0, 2, 0, 2),
(2351, 365, 0, 1, 0, 14, 0, 2),
(2353, 365, 1850, 1, 0, 2, 0, 2),
(2354, 365, 1851, 1, 0, 3, 0, 2),
(2355, 365, 1852, 1, 0, 3, 0, 2),
(2356, 365, 1853, 1, 0, 3, 0, 2),
(2357, 366, 0, 1, 0, 2, 0, 2),
(2361, 366, 1857, 1, 0, 2, 0, 2),
(2362, 56, 1858, 1, 0, 1, 0, 2),
(2363, 367, 0, 1, 0, 9, 0, 2),
(2364, 367, 1859, 1, 0, 2, 0, 2),
(2365, 367, 1860, 1, 0, 1, 0, 2),
(2366, 367, 1861, 1, 0, 2, 0, 2),
(2367, 367, 1862, 1, 0, 2, 0, 2),
(2368, 367, 1863, 1, 0, 2, 0, 2),
(2369, 46, 1864, 1, 0, 2, 0, 2),
(2370, 189, 1865, 1, 0, 1, 0, 2),
(2371, 368, 0, 1, 0, 6, 0, 2),
(2373, 368, 1867, 1, 0, 2, 0, 2),
(2374, 368, 1868, 1, 0, 2, 0, 2),
(2375, 368, 1869, 1, 0, 2, 0, 2),
(2376, 58, 1870, 1, 0, 2, 0, 2),
(2377, 57, 1871, 1, 0, 2, 0, 2),
(2378, 369, 0, 1, 0, 10, 0, 2),
(2379, 369, 1872, 1, 0, 2, 0, 2),
(2380, 369, 1873, 1, 0, 2, 0, 2),
(2381, 369, 1874, 1, 0, 2, 0, 2),
(2382, 369, 1875, 1, 0, 2, 0, 2),
(2383, 369, 1876, 1, 0, 2, 0, 2),
(2384, 203, 1877, 1, 0, 3, 0, 2),
(2385, 203, 1878, 1, 0, 3, 0, 2),
(2386, 203, 1879, 1, 0, 3, 0, 2),
(2387, 3, 1880, 1, 0, 2, 0, 2),
(2388, 370, 0, 1, 0, 2, 0, 2),
(2389, 370, 1881, 1, 0, 2, 0, 2),
(2390, 371, 0, 1, 0, 0, 0, 2),
(2391, 372, 0, 1, 0, 7, 0, 2),
(2392, 373, 0, 1, 0, 0, 0, 2),
(2396, 373, 1882, 1, 0, 0, 0, 2),
(2397, 374, 0, 1, 0, 2, 0, 2),
(2400, 374, 1888, 1, 0, 2, 0, 2),
(2401, 375, 0, 1, 0, 1, 0, 2),
(2402, 375, 1889, 1, 0, 1, 0, 2),
(2403, 376, 0, 1, 0, 1, 0, 2),
(2404, 376, 1890, 1, 0, 1, 0, 2),
(2405, 377, 0, 1, 0, 1, 0, 2),
(2406, 377, 1891, 1, 0, 1, 0, 2),
(2407, 378, 0, 1, 0, 2, 0, 2),
(2408, 378, 1892, 1, 0, 2, 0, 2),
(2409, 379, 0, 1, 0, 1, 0, 2),
(2410, 379, 1893, 1, 0, 1, 0, 2),
(2411, 380, 0, 1, 0, 2, 0, 2),
(2412, 380, 1894, 1, 0, 2, 0, 2),
(2413, 381, 0, 1, 0, 2, 0, 2),
(2414, 381, 1895, 1, 0, 2, 0, 2),
(2415, 382, 0, 1, 0, 1, 0, 2),
(2416, 382, 1896, 1, 0, 1, 0, 2),
(2417, 383, 0, 1, 0, 3, 0, 2),
(2418, 383, 1897, 1, 0, 3, 0, 2),
(2422, 385, 0, 1, 0, 2, 0, 2),
(2423, 385, 1901, 1, 0, 2, 0, 2),
(2431, 384, 0, 1, 0, 0, 0, 0),
(2432, 386, 0, 1, 0, 2, 0, 2),
(2433, 386, 1908, 1, 0, 2, 0, 2),
(2434, 387, 0, 1, 0, 2, 0, 2),
(2435, 387, 1909, 1, 0, 2, 0, 2),
(2436, 388, 0, 1, 0, 1, 0, 2),
(2437, 388, 1910, 1, 0, 1, 0, 2),
(2440, 389, 0, 1, 0, 0, 0, 0),
(2441, 390, 0, 1, 0, 2, 0, 2),
(2442, 390, 1912, 1, 0, 2, 0, 2),
(2443, 391, 0, 1, 0, 0, 0, 2),
(2444, 391, 1913, 1, 0, 0, 0, 2),
(2447, 392, 0, 1, 0, 0, 0, 2),
(2449, 393, 0, 1, 0, 3, 0, 2),
(2452, 393, 1919, 1, 0, 3, 0, 2),
(2453, 394, 0, 1, 0, 3, 0, 2),
(2454, 394, 1920, 1, 0, 3, 0, 2),
(2455, 395, 0, 1, 0, 2, 0, 2),
(2456, 395, 1921, 1, 0, 2, 0, 2),
(2457, 396, 0, 1, 0, 3, 0, 2),
(2458, 396, 1922, 1, 0, 3, 0, 2),
(2459, 397, 0, 1, 0, 2, 0, 2),
(2460, 397, 1923, 1, 0, 2, 0, 2),
(2461, 398, 0, 1, 0, 2, 0, 2),
(2462, 398, 1924, 1, 0, 2, 0, 2),
(2463, 399, 0, 1, 0, 2, 0, 2),
(2464, 399, 1925, 1, 0, 2, 0, 2),
(2465, 363, 1926, 1, 0, 12, 0, 2),
(2466, 363, 1927, 1, 0, 8, 0, 2),
(2467, 363, 1928, 1, 0, 12, 0, 2),
(2468, 372, 1929, 1, 0, 2, 0, 2),
(2469, 372, 1930, 1, 0, 3, 0, 2),
(2470, 372, 1931, 1, 0, 2, 0, 2),
(2471, 365, 1932, 1, 0, 3, 0, 2),
(2472, 38, 1933, 1, 0, 3, 0, 2),
(2473, 400, 0, 1, 0, 2, 0, 2),
(2479, 400, 1939, 1, 0, 2, 0, 2),
(2480, 401, 0, 1, 0, 3, 0, 2),
(2481, 401, 1940, 1, 0, 3, 0, 2),
(2482, 64, 1941, 1, 0, 3, 0, 2),
(2483, 402, 0, 1, 0, 0, 0, 2),
(2487, 402, 1945, 1, 0, 0, 0, 2),
(2490, 403, 0, 1, 0, 0, 0, 0),
(2491, 404, 0, 1, 0, 5, 0, 2),
(2493, 405, 0, 1, 0, 1, 0, 2),
(2494, 405, 1948, 1, 0, 1, 0, 2),
(2497, 406, 0, 1, 0, 0, 0, 0),
(2498, 407, 0, 1, 0, 3, 0, 2),
(2499, 407, 1950, 1, 0, 3, 0, 2),
(2500, 408, 0, 1, 0, 4, 0, 2),
(2501, 408, 1951, 1, 0, 4, 0, 2),
(2503, 410, 0, 1, 0, 100, 0, 2),
(2505, 410, 1953, 1, 0, 100, 0, 2),
(2506, 411, 0, 1, 0, 17, 0, 2),
(2507, 411, 1954, 1, 0, 6, 0, 2),
(2508, 411, 1955, 1, 0, 6, 0, 2),
(2509, 411, 1956, 1, 0, 5, 0, 2),
(2510, 412, 0, 1, 0, 0, 0, 2),
(2511, 412, 1957, 1, 0, 0, 0, 2),
(2512, 413, 0, 1, 0, 2, 0, 2),
(2513, 413, 1958, 1, 0, 2, 0, 2),
(2514, 414, 0, 1, 0, 1, 0, 2),
(2515, 414, 1959, 1, 0, 1, 0, 2),
(2516, 415, 0, 1, 0, 2, 0, 2),
(2517, 415, 1960, 1, 0, 2, 0, 2),
(2518, 416, 0, 1, 0, 2, 0, 2),
(2519, 416, 1961, 1, 0, 2, 0, 2),
(2520, 417, 0, 1, 0, 5, 0, 2),
(2522, 417, 1963, 1, 0, 5, 0, 2),
(2523, 63, 1964, 1, 0, 2, 0, 2),
(2524, 418, 0, 1, 0, 3, 0, 2),
(2525, 418, 1965, 1, 0, 3, 0, 2),
(2529, 419, 0, 1, 0, 0, 0, 0),
(2530, 420, 0, 1, 0, 3, 0, 2),
(2531, 420, 1968, 1, 0, 3, 0, 2),
(2532, 421, 0, 1, 0, 3, 0, 2),
(2533, 421, 1969, 1, 0, 3, 0, 2),
(2534, 422, 0, 1, 0, 3, 0, 2),
(2535, 422, 1970, 1, 0, 3, 0, 2),
(2536, 423, 0, 1, 0, 3, 0, 2),
(2537, 423, 1971, 1, 0, 3, 0, 2),
(2538, 424, 0, 1, 0, 2, 0, 2),
(2539, 424, 1972, 1, 0, 2, 0, 2),
(2540, 203, 1973, 1, 0, 3, 0, 2),
(2541, 203, 1974, 1, 0, 3, 0, 2);

-- --------------------------------------------------------

--
-- Structure de la table `gcahdy_stock_mvt`
--

CREATE TABLE `gcahdy_stock_mvt` (
  `id_stock_mvt` bigint(20) UNSIGNED NOT NULL,
  `id_stock` int(11) UNSIGNED NOT NULL,
  `id_order` int(11) UNSIGNED DEFAULT NULL,
  `id_supply_order` int(11) UNSIGNED DEFAULT NULL,
  `id_stock_mvt_reason` int(11) UNSIGNED NOT NULL,
  `id_employee` int(11) UNSIGNED NOT NULL,
  `employee_lastname` varchar(32) DEFAULT '',
  `employee_firstname` varchar(32) DEFAULT '',
  `physical_quantity` int(11) UNSIGNED NOT NULL,
  `date_add` datetime NOT NULL,
  `sign` tinyint(1) NOT NULL DEFAULT '1',
  `price_te` decimal(20,6) DEFAULT '0.000000',
  `last_wa` decimal(20,6) DEFAULT '0.000000',
  `current_wa` decimal(20,6) DEFAULT '0.000000',
  `referer` bigint(20) UNSIGNED DEFAULT NULL
) ENGINE=InnoDB DEFAULT CHARSET=utf8;

-- --------------------------------------------------------

--
-- Structure de la table `gcahdy_stock_mvt_reason`
--

CREATE TABLE `gcahdy_stock_mvt_reason` (
  `id_stock_mvt_reason` int(11) UNSIGNED NOT NULL,
  `sign` tinyint(1) NOT NULL DEFAULT '1',
  `date_add` datetime NOT NULL,
  `date_upd` datetime NOT NULL,
  `deleted` tinyint(1) UNSIGNED NOT NULL DEFAULT '0'
) ENGINE=InnoDB DEFAULT CHARSET=utf8;

--
-- Déchargement des données de la table `gcahdy_stock_mvt_reason`
--

INSERT INTO `gcahdy_stock_mvt_reason` (`id_stock_mvt_reason`, `sign`, `date_add`, `date_upd`, `deleted`) VALUES
(1, 1, '2018-01-30 15:55:20', '2018-01-30 15:55:20', 0),
(2, -1, '2018-01-30 15:55:20', '2018-01-30 15:55:20', 0),
(3, -1, '2018-01-30 15:55:20', '2018-01-30 15:55:20', 0),
(4, -1, '2018-01-30 15:55:20', '2018-01-30 15:55:20', 0),
(5, 1, '2018-01-30 15:55:20', '2018-01-30 15:55:20', 0),
(6, -1, '2018-01-30 15:55:20', '2018-01-30 15:55:20', 0),
(7, 1, '2018-01-30 15:55:20', '2018-01-30 15:55:20', 0),
(8, 1, '2018-01-30 15:55:20', '2018-01-30 15:55:20', 0);

-- --------------------------------------------------------

--
-- Structure de la table `gcahdy_stock_mvt_reason_lang`
--

CREATE TABLE `gcahdy_stock_mvt_reason_lang` (
  `id_stock_mvt_reason` int(11) UNSIGNED NOT NULL,
  `id_lang` int(11) UNSIGNED NOT NULL,
  `name` varchar(255) NOT NULL
) ENGINE=InnoDB DEFAULT CHARSET=utf8;

--
-- Déchargement des données de la table `gcahdy_stock_mvt_reason_lang`
--

INSERT INTO `gcahdy_stock_mvt_reason_lang` (`id_stock_mvt_reason`, `id_lang`, `name`) VALUES
(1, 1, 'Augmentation'),
(1, 2, 'Augmentation'),
(2, 1, 'Baisse'),
(2, 2, 'Baisse'),
(3, 1, 'Commande client'),
(3, 2, 'Commande client'),
(4, 1, 'Régularisation suite à inventaire'),
(4, 2, 'Régularisation suite à inventaire'),
(5, 1, 'Régularisation suite à inventaire'),
(5, 2, 'Régularisation suite à inventaire'),
(6, 1, 'Transfert vers un autre entrepôt'),
(6, 2, 'Transfert vers un autre entrepôt'),
(7, 1, 'Transfert depuis un autre entrepôt'),
(7, 2, 'Transfert depuis un autre entrepôt'),
(8, 1, 'Commande fournisseur'),
(8, 2, 'Commande fournisseur');

-- --------------------------------------------------------

--
-- Structure de la table `gcahdy_store`
--

CREATE TABLE `gcahdy_store` (
  `id_store` int(10) UNSIGNED NOT NULL,
  `id_country` int(10) UNSIGNED NOT NULL,
  `id_state` int(10) UNSIGNED DEFAULT NULL,
  `name` varchar(128) NOT NULL,
  `address1` varchar(128) NOT NULL,
  `address2` varchar(128) DEFAULT NULL,
  `city` varchar(64) NOT NULL,
  `postcode` varchar(12) NOT NULL,
  `latitude` decimal(13,8) DEFAULT NULL,
  `longitude` decimal(13,8) DEFAULT NULL,
  `hours` varchar(254) DEFAULT NULL,
  `phone` varchar(16) DEFAULT NULL,
  `fax` varchar(16) DEFAULT NULL,
  `email` varchar(128) DEFAULT NULL,
  `note` text,
  `active` tinyint(1) UNSIGNED NOT NULL DEFAULT '0',
  `date_add` datetime NOT NULL,
  `date_upd` datetime NOT NULL
) ENGINE=InnoDB DEFAULT CHARSET=utf8;

--
-- Déchargement des données de la table `gcahdy_store`
--

INSERT INTO `gcahdy_store` (`id_store`, `id_country`, `id_state`, `name`, `address1`, `address2`, `city`, `postcode`, `latitude`, `longitude`, `hours`, `phone`, `fax`, `email`, `note`, `active`, `date_add`, `date_upd`) VALUES
(6, 8, 0, 'Kitchen Bazaar BOULOGNE', '4 rue de la saussière', '', 'Boulogne Billancourt', '92100', '48.83919170', '2.23969160', 'a:7:{i:0;s:0:\"\";i:1;s:0:\"\";i:2;s:0:\"\";i:3;s:0:\"\";i:4;s:0:\"\";i:5;s:0:\"\";i:6;s:0:\"\";}', '01 46 04 74 65', '', 'boulogne@cetoc.fr', '', 1, '2018-05-02 00:00:01', '2018-09-20 15:24:12'),
(7, 8, 0, 'Kitchen Bazaar MONTPARNASSE', '11 avenue du Maine', '', 'Paris', '75015', '48.84415160', '2.32044890', 'a:7:{i:0;s:0:\"\";i:1;s:0:\"\";i:2;s:0:\"\";i:3;s:0:\"\";i:4;s:0:\"\";i:5;s:0:\"\";i:6;s:0:\"\";}', '01 42 22 91 17', '', 'maine@kitchenbazaar.com', '', 1, '2018-05-02 00:00:01', '2018-09-20 15:25:58'),
(8, 6, 0, 'COOKING - THE KITCHEN COMPANY', 'ATLANTA GATE , S.L.', 'CARRER DE PROVENZA 246', 'BARCELONA', '08008', '41.39204620', '2.15816600', NULL, '0034934875551', '', '', NULL, 1, '2018-05-02 00:00:01', '2018-09-20 15:24:01'),
(9, 6, 0, 'COOKING - THE KITCHEN COMPANY', 'Carrer del Mestre Nicolau 13 bis', '', 'Barcelona', '08021', '41.39333160', '2.14218600', NULL, '0034932 096 410', '', '', NULL, 1, '2018-05-02 00:00:01', '2018-09-20 15:24:01'),
(10, 6, 0, 'COOKING - THE KITCHEN COMPANY', 'CALLE DE SERRANO 203', '', 'MADRID', '28016 ', '40.43786600', '-3.68627520', NULL, '0034914572247', '', '', NULL, 1, '2018-05-02 00:00:01', '2018-09-20 15:24:01'),
(11, 6, 0, 'COOKING - THE KITCHEN COMPANY', 'Calle de la Corredera Baja de San Pablo 4', '', 'MADRID', '28004 ', '40.42170070', '-3.70466750', NULL, '0034 910 649 491', '', '', NULL, 1, '2018-05-02 00:00:01', '2018-09-20 15:24:01'),
(12, 8, 0, 'Kitchen Bazaar NICE', '20 rue de la Liberté ', '', 'Nice', '06000', '43.69765660', '7.26618100', NULL, '04 93 82 01 02', '', 'nice@kitchenbazaar.com', NULL, 1, '2018-05-02 00:00:01', '2018-09-20 15:24:01'),
(14, 8, 0, 'Kitchen Bazaar STRASBOURG', '16 rue du 22 novembre  ', '', 'Strabourg', '67000', '48.58273950', '7.74192610', NULL, '03 88 36 02 03', '', 'strasbourgkb@gmail.com', NULL, 1, '2018-05-02 00:00:01', '2018-09-20 15:24:01'),
(15, 8, 0, 'LA BOUTIQUE K SABATIER ', '7, rue Saint Genès', '', 'CLERMONT-FERRAND', '63000', '45.77683920', '3.08569890', NULL, '04 73 23 76 03', '', 'laboutique-63@orange.fr', NULL, 1, '2018-05-02 00:00:01', '2018-09-20 15:24:01'),
(16, 8, 0, 'LA BOVIDA ', '9, rue Saint Laud', '', ' ANGERS', '49100', '47.47259820', '-0.55207380', NULL, '02 41 48 36 85', '', 'r.angers@labovida.com', NULL, 1, '2018-05-02 00:00:01', '2018-09-20 15:24:01'),
(17, 8, 0, 'LA BOVIDA ', '9, rue Sade', '', 'ANTIBES', '6600', '43.58101090', '7.12672500', NULL, '04.92.93.91.63', '', 'r.antibes@labovida.com', NULL, 1, '2018-05-02 00:00:01', '2018-09-20 15:24:01'),
(18, 8, 0, 'LA BOVIDA ', '38, rue Coursarlon', '', 'BOURGES', '18000', '47.08502430', '2.39735950', NULL, '02.48.69.74.15', '', 'r.bourges@labovida.com', NULL, 1, '2018-05-02 00:00:01', '2018-09-20 15:24:01'),
(19, 8, 0, 'LA BOVIDA ', '84-86 rue Esquermoise', '', 'LILLE', '59800', '50.63852320', '3.06026680', NULL, '03.20.74.49.05', '03.20.74.49.07', 'r.lille@labovida.com', NULL, 1, '2018-05-02 00:00:01', '2018-09-20 15:24:01'),
(20, 8, 0, 'LA BOVIDA ', '8, rue Ferrandière', '', 'LYON', '69002', '45.76197180', '4.83372870', NULL, '04.78.03.97.12', '', 'r.lyon2@labovida.com', NULL, 1, '2018-05-02 00:00:01', '2018-09-20 15:24:01'),
(21, 8, 0, 'LA BOVIDA ', '10, rue Haxo', '', 'MARSEILLE', '13001', '43.29413460', '5.37704630', NULL, '04 91 33 83 77', '', 'r.marseille2@labovida.com', NULL, 1, '2018-05-02 00:00:01', '2018-09-20 15:24:01'),
(22, 8, 0, 'LA BOVIDA ', '70, rue des Merciers', '', 'LA ROCHELLE', '17000', '46.16147890', '-1.14970570', NULL, '05.46.41.06.58', '', 'r.larochelle@labovida.com', NULL, 1, '2018-05-02 00:00:01', '2018-09-20 15:24:01'),
(23, 8, 0, 'LA BOVIDA ', '13 rue des Fleurs', '', 'MULHOUSE', '68100', '47.74578050', '7.33636480', NULL, '03.89.44.79.06', '', 'r.mulhouse@labovida.com', NULL, 1, '2018-05-02 00:00:01', '2018-09-20 15:24:01'),
(24, 8, 0, 'LA BOVIDA ', '36, rue Montmartre', '', 'PARIS', '75001', '48.86456550', '2.34547150', NULL, '01.42.36.09.99', '01.42.33.05.72', 'r.halles@labovida.com', NULL, 1, '2018-05-02 00:00:01', '2018-09-20 15:24:01'),
(25, 8, 0, 'LA BOVIDA ', '59, rue de la Pomme', '', 'TOULOUSE', '31000', '43.60335790', '1.44494220', NULL, '05.34.25.95.72', '', 'r.toulouse@labovida.com', NULL, 1, '2018-05-02 00:00:01', '2018-09-20 15:24:01'),
(26, 8, 0, 'TOC ANNECY', '11 Rue Vaugelas', '', 'Annecy', '74000', '45.90138800', '6.12645630', NULL, '04.50.45.99.84', '', 'annecy@tkb-sa.fr', NULL, 1, '2018-05-02 00:00:01', '2018-09-20 15:24:01'),
(27, 8, 0, 'TOC ARCUEIL (SARL Cuisinophile)', 'CC La Vache Noire Place de la Vache Noire', '', 'Arcueil', '94110', '48.81006520', '2.32684580', NULL, '01.47.35.66.71', '', 'tocarcueil@cuisinophile.fr', NULL, 1, '2018-05-02 00:00:01', '2018-09-20 15:24:01'),
(28, 8, 0, 'TOC BORDEAUX', '24 Rue des 3 Conils', '', 'Bordeaux', '33000', '44.83872270', '-0.57586700', NULL, '05.56.81.97.84', '', 'bordeaux@tkb-sa.fr', NULL, 1, '2018-05-02 00:00:01', '2018-09-20 15:24:01'),
(29, 8, 0, 'TOC NANTES', '5 Place du Pilori', '', 'Nantes', '44000', '47.21631070', '-1.55321510', NULL, '02.51.83.22.25', '', 'nantes@tkb-sa.fr', NULL, 1, '2018-05-02 00:00:01', '2018-09-20 15:24:01'),
(30, 8, 0, 'TOC NICE', '3/5 Place Saint François', '', 'Nice', '06300', '43.69886110', '7.27770300', NULL, '04.93.85.84.10', '', 'nice@tkb-sa.fr', NULL, 1, '2018-05-02 00:00:01', '2018-09-20 15:24:01'),
(31, 8, 0, 'TOC TOULOUSE', '21 Place Victor Hugo', '', 'Toulouse', '31000', '43.60658030', '1.44619900', NULL, '09.75.43.75.29', '', 'toulouse@tkb-sa.fr', NULL, 1, '2018-05-02 00:00:01', '2018-09-20 15:24:01'),
(32, 8, 0, 'DEYMIER CADEAUX', '33, RUE DE L\'EVECHE', '', 'CARPENTRAS', '84200', '44.05514880', '5.04709290', NULL, '04 90 63 11 75', '', 'contact@deymiercadeaux;fr', NULL, 1, '2018-05-02 00:00:01', '2018-09-20 15:24:01'),
(33, 8, 0, 'LA BOUTIQUE DU CHEF', 'LE SUN EDEN', 'AVENUE DE  CAMPON', 'LE CANNET', '06110', '43.57848240', '7.01138710', NULL, '04 93 69 10 12', '04 92 18 03 43', 'boutiqueduchef@wanadoo.com', NULL, 1, '2018-05-02 00:00:01', '2018-09-20 15:24:01'),
(34, 1, 0, 'STAHL- HART', 'SCHLOSSSTRASSE 49', '', 'BERLIN', '12165', '52.45846440', '13.32214170', NULL, '+49 30 68 32 91 ', '', 'stahl-art@berlin.de', NULL, 1, '2018-05-02 00:00:01', '2018-09-20 15:24:01'),
(35, 8, 0, 'NELSON, LA CUISINE & VOUS', '138, AVE. DE LA REPUBLIQUE', '', 'CLERMONT-FERRAND', '63100', '45.79015920', '3.11199800', NULL, '04 73 25 46 82', '', 'contact@cheznelson.fr', NULL, 1, '2018-05-02 00:00:01', '2018-09-20 15:24:01'),
(36, 8, 0, 'ARMURERIE MOULET', '8, PLACE DU MERCADIAL', '', 'GRAULHET', '81300', '43.76220280', '1.98781480', NULL, '05 63 34 56 03', '', 'bernardmoulet2@wanadoo.fr', NULL, 1, '2018-05-02 00:00:01', '2018-09-20 15:24:01'),
(37, 8, 0, 'REGNIER CHRISTIAN', '15, RUE DE LA RAZE', '', 'CHAUDES AIGUES', '15110', '44.85308820', '3.00242630', NULL, '04 71 23 54 63', '', 'dechauny.paura@orange.fr', NULL, 1, '2018-05-02 00:00:01', '2018-09-20 15:24:01'),
(38, 8, 0, 'GABJO SARL', '28, RUE JACOB', '', 'PARIS', '75006', '48.85550520', '2.33473920', NULL, '09 84 53 58 43', '', 'contactgabjo@gmail.com', NULL, 1, '2018-05-02 00:00:01', '2018-09-20 15:24:01'),
(39, 8, 0, 'DU CÔTE DE CHEZ FANNY', '31, AVENUE DU GENERAL DE GAULLE', '', 'THIERS', '63300', '45.84276030', '3.51367730', NULL, '04 73 94 74 09', '', 'f.baud673@laposte.net', NULL, 1, '2018-05-02 00:00:01', '2018-09-20 15:24:01'),
(40, 8, 0, 'ARMURERIE FOUQUET', '1038, AVENUE DES MARCHES', '', 'CARPENTRAS', '84200', '44.03667730', '5.03918250', NULL, '04 90 63 26 09', '', 'sarl.fouquet@wanadoo.fr', NULL, 1, '2018-05-02 00:00:01', '2018-09-20 15:24:01'),
(41, 8, 0, 'ARMURERIE HENRY GILLES', '28, RUE DU GAL. DE GAULLE', '', 'LOUVIERS', '27400', '49.21075670', '1.16798900', NULL, '02 32 40 01 84', '', 'armurerie.henry@wanadoo.fr', NULL, 1, '2018-05-02 00:00:01', '2018-09-20 15:24:01'),
(42, 8, 0, 'CHASSE ET TIR 52', '35 AVENUE DE LA REPUBLIQUE', '', 'SAINT DIZIER', '52100', '48.63727220', '4.94400240', NULL, '03 25 56 58 23', '', 'chassetir@orange.fr', NULL, 1, '2018-05-02 00:00:01', '2018-09-20 15:24:01'),
(45, 1, 0, 'INGEBORG BIRK NACHF.', 'SAARWELLINGER STRASSE  39', '', 'LEBACH- HOXBERG', '66822', '49.38693010', '6.86746960', NULL, '068 81 51 69 2', '068 81 59 37 46', 'wilhelm.birk@t-online.de', NULL, 1, '2018-05-02 00:00:01', '2018-09-20 15:24:01'),
(46, 1, 0, 'BERND HOECKER', 'HAUPTSTRASSE  132', '', 'BIELEFELD', '33647', '51.99177130', '8.50954170', NULL, '+49 521 441 766', '', 'info@hoecker-bielefeld.de', NULL, 1, '2018-05-02 00:00:01', '2018-09-20 15:24:01'),
(47, 8, 0, 'EURL NORMANDIE PÊCHE', 'ROUTE DE DOMFRONT', 'ZAC DU CHAMP DE COURSE', 'FLERS', '61100', '48.72269120', '-0.58362740', NULL, '02 33 66 29 45', '02 33 64 36 85', 'normandiepecheflers@orange.fr', NULL, 1, '2018-05-02 00:00:01', '2018-09-20 15:24:01'),
(48, 1, 0, 'DIE KLINGE', 'KREUZSTRASSE 44', '', 'DORTMUND', '44139', '51.50266050', '7.44989130', NULL, '+49 231 100 997', '', 'info@dieklinge.de', NULL, 1, '2018-05-02 00:00:01', '2018-09-20 15:24:01'),
(49, 19, 0, 'FINE THINGS CONCEPT STORE', 'APOLLOSTRASSE 8', '', 'ZÜRICH', '8032', '47.36490750', '8.55602480', NULL, '0041 434886600', '', 'walter@breig.ch', NULL, 1, '2018-05-02 00:00:01', '2018-09-20 15:24:01'),
(50, 8, 0, 'ALBINI JEAN MARIE', '11, RUE CLEMENCEAU', '', 'CALVI', '20260', '42.56666960', '8.75830420', NULL, '04 95 35 27 44', '04 95 65 07 27', 'albini.artisan@gmail.com', NULL, 1, '2018-05-02 00:00:01', '2018-09-20 15:24:01'),
(51, 8, 0, 'COUTELLERIE LABORDE', '17, TOUR DE VILLE', '', 'ENTRAYGUES SUR TRUYERE', '12140', '44.64481320', '2.56540480', NULL, '05 65 44 59 48', '', '', NULL, 1, '2018-05-02 00:00:01', '2018-09-20 15:24:01'),
(53, 8, 0, 'ARMURERIE FAGET', '21, RUE STE. GENEVIEVE', '', 'VERNON', '27200', '49.09253630', '1.48511460', NULL, '02 32 51 24 99', '02 32 51 39 50', '', NULL, 1, '2018-05-02 00:00:01', '2018-09-20 15:24:01'),
(54, 8, 0, 'L\'ART DU COUTEAU', 'RUE DROITE', '', 'LA COUVERTOIRADE', '12230', '43.91178430', '3.31421460', NULL, '05 65 62 11 22', '', 'robert.imp@wanadoo.fr', NULL, 1, '2018-05-02 00:00:01', '2018-09-20 15:24:01'),
(56, 8, 0, 'PASCAL LEFEVRE BOUTIQUE', '40,  RUE NATIONALE', '', 'AMBOISE', '37200', '47.41195320', '0.98279670', NULL, '02 47 50 00 00', '', 'lefevre-pmj@orange.fr', NULL, 1, '2018-05-02 00:00:01', '2018-09-20 15:24:01'),
(57, 8, 0, 'MAYENNE DETENTE - ARMURERIE LECOQ', '4, RUE JULES FERRY', '', 'MAYENNE', '53100', '48.30238400', '-0.62084370', NULL, '02 43 32 17 02', '', 'lecoq.serge@wanadoo.fr', NULL, 1, '2018-05-02 00:00:01', '2018-09-20 15:24:01'),
(58, 8, 0, 'ETABLISSEMENTS J. CASTANT', '5 BIS,RUE MICHEL MONTAIGNE', '', 'BORDEAUX', '33000', '44.84369500', '-0.57686900', NULL, '05 56 52 06 36', '05 56 52 57 13', '', NULL, 1, '2018-05-02 00:00:01', '2018-09-20 15:24:01'),
(59, 21, 0, 'THE BEST THINGS CORP', '299 HERNDON PARKWAY', 'SUITE 210', 'HERNDON, VA', '20170', '38.96762960', '-77.37079780', NULL, '001 703-796-5544', '', 'lee@thebestthings.com', NULL, 1, '2018-05-02 00:00:01', '2018-09-20 15:24:01'),
(60, 1, 0, 'LE BAZAR DE CUISINE', 'BALANSTRASSE. 8', '', 'MÜNCHEN', '81669', '48.10772120', '11.60409900', NULL, '0049 894 476 95 ', '0049 894 476 9 5', 'leveque-foto@gmx.de', NULL, 1, '2018-05-02 00:00:01', '2018-09-20 15:24:01'),
(61, 8, 0, 'ARMURERIE LAUDIER', '33B, GDE. RUE MAURICE VIOLETTE', '', 'DREUX', '28100', '48.73635620', '1.36578960', NULL, '02 37 46 05 96', '02 37 42 65 28', 'armurerie.laudier@wanadoo.fr', NULL, 1, '2018-05-02 00:00:01', '2018-09-20 15:24:01'),
(62, 1, 0, 'TOPF PFANNE', 'KURFUERSTENDAMM 97/ 98', '', 'BERLIN', '10709', '52.49859100', '13.29797960', NULL, '+49 30 327 55 80', '', 'info@topf-pfanne.de', NULL, 1, '2018-05-02 00:00:01', '2018-09-20 15:24:01'),
(63, 8, 0, 'STE. HUSSON', '38, PLACE DU GRAND MARCHE', '', 'TOURS', '37000', '47.39310720', '0.68084560', NULL, '02 47 38 64 90', '02 47 38 33 95', 'info@husson-kitchenware.com', NULL, 1, '2018-05-02 00:00:01', '2018-09-20 15:24:01'),
(64, 8, 0, 'ARMURERIE ROUCHET', 'RUE DE LA REPUBLIQUE', '', 'SAULT', '84390', '44.09206400', '5.40886700', NULL, '04 90 64 00 81', '04 90 64 14 05', 'christianrouchet@orange.fr', NULL, 1, '2018-05-02 00:00:01', '2018-09-20 15:24:01'),
(66, 8, 0, 'THALIE ET AGLAE COUTELLERIE', '13, PLACE DE LA REPUBLIQUE', '', 'PONTGIBAUD', '63230', '45.83225370', '2.85163370', NULL, '04 73 60 08 12', '', 'thalie-aglae@orange.fr', NULL, 1, '2018-05-02 00:00:01', '2018-09-20 15:24:01'),
(68, 8, 0, 'NEPTUNIA', '72, RUE DU REVERENT PERE LAFRA', '', 'TROYES', '10000', '48.30161980', '4.08377630', NULL, '09 87 03 12 47', '', 'thierry.henriot@neptunia.fr', NULL, 1, '2018-05-02 00:00:01', '2018-09-20 15:24:01'),
(69, 8, 0, 'MAISON BERTHELOT', '184, RUE DU FAUBOURG ST HONORE', '', 'PARIS', '75008', '48.87445280', '2.30693130', NULL, '01 45 63 34 07', '01 45 63 07 99', 'berthelot.beaux.arts@cegetel.net', NULL, 1, '2018-05-02 00:00:01', '2018-09-20 15:24:01'),
(70, 8, 0, 'COUTELLERIE DU MARCHE', '54, RUE EMILE GRAND', '', 'ALBI', '81000', '43.92892240', '2.14447430', NULL, '05 63 76 75 16', '', 'autirprecis@orange.fr', NULL, 1, '2018-05-02 00:00:01', '2018-09-20 15:24:01'),
(71, 8, 0, 'CHARCUTERIE MILLAS', 'MOULIN MAGE', '', 'MURAT SUR VEBRE', '81320', '43.71167250', '2.80769580', NULL, '05 63 37 14 72', '', 'contact@charcuterie-millas.fr', NULL, 1, '2018-05-02 00:00:01', '2018-09-20 15:24:01'),
(72, 8, 0, 'AMBIANCE ET STYLES', '24, RUE DES ROUAIRIES', '', 'DINAN', '22100', '48.45415110', '-2.05111280', NULL, '02 96 39 34 47', '', 'ambianceetstyles.dinan@wanadoo.fr', NULL, 1, '2018-05-02 00:00:01', '2018-09-20 15:24:01'),
(74, 8, 0, 'ARMURERIE BARRAUD', '45, RUE PHARAON', '', 'TOULOUSE', '31000', '43.59697310', '1.44417470', NULL, '05 61 52 32 52', '', 'armurerie.barraud@aliceadsl.fr', NULL, 1, '2018-05-02 00:00:01', '2018-09-20 15:24:01'),
(75, 35, 0, 'KITCHEN BAZAAR - ISLAND SHANTEE LTD', '4TH Floor, HENNESSY TOWER', 'POPE HENNESSY STREET', 'PORT- LOUIS', '', '-20.16568290', '57.50662060', NULL, '002302084747', '', 'nisharajabali@gmail.com', NULL, 1, '2018-05-02 00:00:01', '2018-09-20 15:24:01'),
(76, 8, 0, 'LE GRIFFON', '3 , RUE DU BON GUILLAUME', '', 'MONTARGIS', '45200', '47.99608480', '2.73223080', NULL, '02 38 89 22 37', '02 38 89 22 37', 'legriffon45@orange.fr', NULL, 1, '2018-05-02 00:00:01', '2018-09-20 15:24:01'),
(77, 8, 0, 'SARL FLICK FRERES', '132, BLD. DE COURTAIS', '', 'MONTLUCON', '03100', '46.34097060', '2.60789310', NULL, '04 70 05 13 24', '04 70 03 94 13', 'flick.freres@orange.fr', NULL, 1, '2018-05-02 00:00:01', '2018-09-20 15:24:01'),
(80, 8, 0, 'S.A.R.L. MOURET', '4 & 6, PLACE GAMBETTA', '', 'BERGERAC', '24100', '44.85346040', '0.48249890', NULL, '05 53 57 65 23', '05 53 23 96 71', '', NULL, 1, '2018-05-02 00:00:01', '2018-09-20 15:24:01'),
(81, 1, 0, 'HOLLFELD WERKZEUGE', 'KRAHNSTRASSE 8', '', 'OSNABRUÜCK', '49074', '52.27629090', '8.04258330', NULL, '+49 541 222 48', '', 'info@hollfeld.com', NULL, 1, '2018-05-02 00:00:01', '2018-09-20 15:24:01'),
(82, 8, 0, 'BOIS ET OSIER - COUTELLERIE ALEXANDRE DUBOIS', '5, RUE LAMARTINE', '', 'CLUNY', '71250', '46.43293340', '4.65934550', NULL, '03 85 59 33 16', '', 'alexandre.dubois0993@orange.fr', NULL, 1, '2018-05-02 00:00:01', '2018-09-20 15:24:01'),
(83, 1, 0, 'ERNST MACK FELLBACH GmbH & Co.KG', 'BAHNHOFSTRASSE,168', '', 'FELLBACH', '70736', '48.81465700', '9.27418580', NULL, '+49 (0)711 95794', '', 'e.deuschle@mack-fellbach.de', NULL, 1, '2018-05-02 00:00:01', '2018-09-20 15:24:01'),
(84, 1, 0, 'DAUBENBUECHEL  GmbH', 'SCHLOSSSTRASSE 68', '', 'Bergisch Gladbach', '51429', '50.96474910', '7.16154400', NULL, '00 492 204 524 9', '', 'info@daubenbuechel.de', NULL, 1, '2018-05-02 00:00:01', '2018-09-20 15:24:01'),
(85, 8, 0, 'LA MOUSQUETERIE', '89, RUE DE LA STATION', '', 'FRANCONVILLE-LA-GARENNE', '95130', '48.99462370', '2.23714130', NULL, '01 39 59 46 39', '01 39 59 55 17', 'lamousqueterie@wanadoo.fr', NULL, 1, '2018-05-02 00:00:01', '2018-09-20 15:24:01'),
(86, 1, 0, 'MESSER MUELLER', 'EISENBAHNSTRASSE 23', '', 'LEIPZIG', '04315', '51.34531630', '12.41005250', NULL, '0049 3416888297', '', 'rolf-m@freenet.de', NULL, 1, '2018-05-02 00:00:01', '2018-09-20 15:24:01'),
(87, 8, 0, 'ARMURERIE MANGIN', '6, RUE COLBERT', '', 'TROYES', '10000', '48.29477350', '4.06931760', NULL, '03 25 73 26 67', '', 'colette.mangin@wanadoo.fr', NULL, 1, '2018-05-02 00:00:01', '2018-09-20 15:24:01'),
(88, 1, 0, 'BAXMANN', 'BERLINER STRASSE 5 + 7', '', 'GUETERSLOH', '33330', '51.90494240', '8.37702830', NULL, '0049 524 129 168', '', 'rbaxmann88@aol.com', NULL, 1, '2018-05-02 00:00:01', '2018-09-20 15:24:01'),
(89, 8, 0, 'LAGUIOLE RENAUD', '128, RUE DE PROVENCE', '', 'PARIS 08', '75008', '48.87432120', '2.32593060', NULL, '01 43 87 40 65', '', 'ets.laguiole.renaud@gmail.com', NULL, 1, '2018-05-02 00:00:01', '2018-09-20 15:24:01'),
(90, 1, 0, 'KUBESCH', 'RANGSTRASSE, 71', '', 'FULDA', '36043', '50.54437470', '9.67813920', NULL, '+49661402599', '', 'info@messerschmiede-kubesch.de', NULL, 1, '2018-05-02 00:00:01', '2018-09-20 15:24:01'),
(91, 8, 0, 'CHEF EN CUISINE - ZONE DECO', 'ZAC DU MAZAUD', 'RUE GEORGES ALBA', 'BRIVE', '19100', '45.14578680', '1.47233100', NULL, '09 64 36 42 87', '', 'gfeix@chefencuisine.com', NULL, 1, '2018-05-02 00:00:01', '2018-09-20 15:24:01'),
(93, 8, 0, 'SARL COUTELLERIE PER', '13, RUE EMILE BURGAULT', '', 'VANNES', '56000', '47.65821120', '-2.75868430', NULL, '02 97 42 64 87', '02 97 54 01 19', '', NULL, 1, '2018-05-02 00:00:01', '2018-09-20 15:24:01'),
(95, 8, 0, 'LE BATEAU PHARE', '31, RUE DE SULLY', '', 'ST MARTIN DE RE', '17410', '46.20359520', '-1.36845040', NULL, '05 46 09 29 19', '', 'lebateauphare@free.fr', NULL, 1, '2018-05-02 00:00:01', '2018-09-20 15:24:01'),
(96, 8, 0, 'BOC \' ART. DECORATION', '3, RUE DE LA CHAUX', '', 'DINAN', '22100', '48.45334650', '-2.04394480', NULL, '09 63 68 47 47', '02 97 31 46 56', 'bocart@orange.fr', NULL, 1, '2018-05-02 00:00:01', '2018-09-20 15:24:01'),
(97, 8, 0, 'SA DUCRU', '14, RUE MARECHAL FOCH', '', 'TARBES', '65000', '43.23209770', '0.07620970', NULL, '05 62 44 06 10', '05 62 44 06 11', 'ducru@wanadoo.fr', NULL, 1, '2018-05-02 00:00:01', '2018-09-20 15:24:01'),
(98, 3, 0, 'COUTELLERIE  A.JAMART - AU GRAND RASOIR', '7, RUE DE L\'HOPITAL', '', 'BRUXELLES', '1000', '50.84433330', '4.35289530', NULL, '0032 02 512 49 6', '', 'coutellerie-jamart@skynet.be', NULL, 1, '2018-05-02 00:00:01', '2018-09-20 15:24:01'),
(99, 8, 0, 'SARL COUTELLERIE MIJOE', '5, AVENUE DE L\'HOTEL DE VILLE', '', 'CAGNES SUR MER', '06800  ', '43.66263800', '7.14887670', NULL, '04 22 16 24 26', '', 'michelplanat@gmail.com', NULL, 1, '2018-05-02 00:00:01', '2018-09-20 15:24:01'),
(100, 8, 0, 'SARL BRILLARD', '35, RUE DU CHÂTEAU', '', 'AMBERT', '63600', '45.54978510', '3.74220080', NULL, '04 73 82 94 56', '04 73 82 94 56', 'jpchamoret@orange.fr', NULL, 1, '2018-05-02 00:00:01', '2018-09-20 15:24:01'),
(101, 8, 0, 'ARMURERIE  MARTIN', '28 / 30,  RUE DE PARIS', '', 'THIONVILLE', '57100', '49.35706890', '6.16616350', NULL, '03 82 53 50 90', '', 'armurerie.martin@gmail.com', NULL, 1, '2018-05-02 00:00:01', '2018-09-20 15:24:01'),
(102, 8, 0, 'TRADITION DU LAGUIOLE', '3, AVENUE DE PEYRE', '', 'AUMONT AUBRAC', '48130', '44.72186420', '3.28306970', NULL, '06 79 88 98 60', '', 'traditiondulaguiole@hotmail.fr', NULL, 1, '2018-05-02 00:00:01', '2018-09-20 15:24:01'),
(103, 1, 0, 'Joh.Heinr.DOTZERT', 'TOENGESGASSE 21', '', 'FRANKFURT', '60311', '50.11343620', '8.68386870', NULL, '+49 69 283 224', '', 'messer@dotzert.de', NULL, 1, '2018-05-02 00:00:01', '2018-09-20 15:24:01'),
(105, 1, 0, 'H.W. RUESCH', 'MAXIMILLIANSPLATZ 12', '', 'MÜNCHEN', '80333', '48.14245100', '11.57385820', NULL, '0049 892904745', '', 'h.w.ruesch@web.de', NULL, 1, '2018-05-02 00:00:01', '2018-09-20 15:24:01'),
(106, 8, 0, 'COUTELLERIE KINDAL ', '23 BIS, RUE DE CONSTANTINOPLE', '', 'PARIS 08', '75008', '48.88013360', '2.31971570', NULL, '01 42 61 70 78', '01 42 61 75 34', 'kindal@wanadoo.fr', NULL, 1, '2018-05-02 00:00:01', '2018-09-20 15:24:01'),
(107, 8, 0, 'SERVOUSE SARL', '34, BLD MANLIERE', '', 'ISSOIRE', '63500', '45.54371480', '3.24689500', NULL, '04 73 89 22 53', '04 73 89 15 48', 'servouse.sarl@orange.fr', NULL, 1, '2018-05-02 00:00:01', '2018-09-20 15:24:01'),
(108, 1, 0, 'MOUSE - HOUSE', 'GRUENEBURGWEG  84', '', 'FRANKFURT AM MAIN', '60323', '50.12262480', '8.66690150', NULL, '+49 69 17 31 18', '', 'mail@mouse-house.de', NULL, 1, '2018-05-02 00:00:01', '2018-09-20 15:24:01'),
(109, 8, 0, 'M.G. COUT Ô', '9, RUE DE BUDAPEST', '', 'NANTES', '44000', '47.21663150', '-1.56007090', NULL, '02 51 82 27 67', '', '', NULL, 1, '2018-05-02 00:00:01', '2018-09-20 15:24:01'),
(110, 8, 0, 'PLAISIR D\'OFFRIR', 'QUARTIER SAINT MICHEL', '', 'MOUSTIERS STE MARIE', '04360', '43.84094200', '6.21977400', NULL, '04 92 74 67 59', '04 92 74 67 59', 'helenebotte@sfr.fr', NULL, 1, '2018-05-02 00:00:01', '2018-09-20 15:24:01'),
(111, 21, 0, 'LA DENTELLIERE', '20,  EAST PARKWAY', 'SCARSDALE', 'NEW YORK', '10583', '40.98919080', '-73.80784290', NULL, '+1 914 723 2902', '+1 914 723 4534', 'michelle@ladentelliere.com', NULL, 1, '2018-05-02 00:00:01', '2018-09-20 15:24:01'),
(112, 8, 0, 'COUTELLERIE DU MASSIF', '23 PLACE DU DOCTEUR ALFRED PIPET', '', 'BESSE ET SAINT-ANASTAISE', '63610', '45.51215490', '2.93297650', NULL, '07 64 07 78 65', '', 'victor@coutellerie-du-massif.com', NULL, 1, '2018-05-02 00:00:01', '2018-09-20 15:24:01'),
(113, 8, 0, 'COUTELLERIE DE LODI', '5, RUE DE LODI', '', 'MARSEILLE', '13006', '43.29142860', '5.38537210', NULL, '04 91 94 11 92', '', '', NULL, 1, '2018-05-02 00:00:01', '2018-09-20 15:24:01'),
(114, 8, 0, '7 A TABLE', '5, RUE PAUL VALERY', '', 'SETE', '34200', '43.40162380', '3.69640120', NULL, '04 67 46 96 13', '09 67 29 96 13', 'lacoutellerie7@orange.fr', NULL, 1, '2018-05-02 00:00:01', '2018-09-20 15:24:01'),
(116, 8, 0, 'COUTELLERIE PESTY', '287, RUE DE BOURGOGNE', '', 'ORLEANS', '45000', '47.89979060', '1.90610510', NULL, '02 38 62 24 74', '', '', NULL, 1, '2018-05-02 00:00:01', '2018-09-20 15:24:01'),
(117, 1, 0, 'HOLZ LEUTE KG', 'VIKTUALIENMARKT 2', '', 'MUENCHEN', '80331', '48.13546590', '11.57636430', NULL, '+49 89 268 248', '', 'info@holz-leute.de', NULL, 1, '2018-05-02 00:00:01', '2018-09-20 15:24:01'),
(118, 8, 0, 'ESPACE PORCELAINE', '45, AVENUE BREMONTIER', '', 'VENDAYS-MONTALIVET', '33930', '45.37800920', '-1.15264220', NULL, '05 56 73 78 84', '', 'esp.porcelaine@wanadoo.fr', NULL, 1, '2018-05-02 00:00:01', '2018-09-20 15:24:01'),
(119, 8, 0, 'COUTELLERIE POLY', '22, GRANDE RUE VAISE', '', 'LYON 09', '69009', '45.77429190', '4.80712520', NULL, '04 78 42 28 70', '', '', NULL, 1, '2018-05-02 00:00:01', '2018-09-20 15:24:01'),
(120, 8, 0, 'LETULLE CADEAUX', '41, RUE DE MALHERBE', '', 'BEAUVAIS', '60000', '49.42828460', '2.08209550', NULL, '03 44 45 06 58', '03 44 45 69 06', '', NULL, 1, '2018-05-02 00:00:01', '2018-09-20 15:24:01'),
(121, 2, 0, 'Der MESSERKOENIG', 'SECHSHAUSER STRASSE 10', '', 'WIEN', '1150', '48.18704250', '16.32939540', NULL, '+43 1 893 41 72', '', 'knifeking@messerkoenig.at', NULL, 1, '2018-05-02 00:00:01', '2018-09-20 15:24:01'),
(122, 1, 0, 'G. EBERHARDT', 'FAULBRUNNENSTRASSE 6', '', 'WIESBADEN', '65183', '50.08072790', '8.23724190', NULL, '0049 611 30 11 8', '', 'g.eberhardt@gmx.de', NULL, 1, '2018-05-02 00:00:01', '2018-09-20 15:24:01'),
(123, 8, 0, 'LE BON MARCHE', '24, rue de Sèvres', '', 'PARIS cedex 07', '75007', '48.85102580', '2.32450920', NULL, '01 44 39 80 00', '', 'relationsclientele@lebonmarche.fr', NULL, 1, '2018-05-02 00:00:01', '2018-09-20 15:24:01'),
(124, 8, 0, 'COUTELLERIE FABRE J-MICHEL', '26, PLACE SAINT- MAURICE', '', 'CAHORS', '46000', '44.44653970', '1.44222750', NULL, '05 65 35 63 82', '05 65 35 43 38', 'coutelleriefabre@orange.fr', NULL, 1, '2018-05-02 00:00:01', '2018-09-20 15:24:01'),
(125, 8, 0, 'COUTELLERIE DE THIERS', '16, RUE JEAN MOULIN', '', 'LE MONT DORE', '63240', '45.57277070', '2.81093220', NULL, '04 73 65 04 25', '', 'regaldemargot@wanadoo.fr', NULL, 1, '2018-05-02 00:00:01', '2018-09-20 15:24:01'),
(126, 1, 0, 'MARCHE DU SUD', 'ACKERGASSE  28', '', 'OBERURSEL /TAUNUS', '61440', '50.20292150', '8.57870620', NULL, '+49 6171 207 69 ', '', 'info@marchedusud.de', NULL, 1, '2018-05-02 00:00:01', '2018-09-20 15:24:01'),
(127, 1, 0, 'DIE FLEISCHBOUTIQUE', 'LUEGALLEE 9', '', 'DÜSSELDORF', '40545', '51.23146940', '6.75471900', NULL, '+49 211 557 830', '', 'sebastian@die-fleischboutique.de', NULL, 1, '2018-05-02 00:00:01', '2018-09-20 15:24:01'),
(128, 8, 0, 'COUTELLERIE DE LANGRES - PATURAL-PERNOT', '18, PLACE BOSSUET', '', 'DIJON', '21000', '47.32058830', '5.03655850', NULL, '03 80 49 80 27 ', '03 80 30 32 97 ', 'michel-etienne.pernot@orange.fr', NULL, 1, '2018-05-02 00:00:01', '2018-09-20 15:24:01'),
(129, 8, 0, 'LA TABLE DE VALERIE', 'RUE NICOLAS PERALDI', '', 'AJACCIO', '20000', '41.93630140', '8.73937330', NULL, '04 95 22 27 09', '', 'imperial.froid@wanadoo.fr', NULL, 1, '2018-05-02 00:00:01', '2018-09-20 15:24:01'),
(130, 21, 0, 'PICAYUNE CELLARS', '1458  LINCOLN AVENUE #9', '', 'CALISTOGA, CA', '94515', '38.57978310', '-122.57814620', NULL, '+1 707 548 9987', '', 'claire@picayunecellars.com', NULL, 1, '2018-05-02 00:00:01', '2018-09-20 15:24:01'),
(131, 8, 0, 'COMPTOIRS DES DEUX FRERES SAS', '99, RUE DES CÔTES', '', 'MAISONS- LAFITTE', '78600', '48.93964590', '2.13949200', NULL, '01 39 52 14 60', '', 'bonjour@comptoirsdesdeuxfreres.fr', NULL, 1, '2018-05-02 00:00:01', '2018-09-20 15:24:01'),
(132, 8, 0, 'PLANETE RASOIR', '58, RUE DE CLICHY', '', 'PARIS', '75009', '48.88137100', '2.32856620', NULL, '01 42 85 16 08', '', 'planete.rasoir@wanadoo.fr', NULL, 1, '2018-05-02 00:00:01', '2018-09-20 15:24:01'),
(133, 10, 0, 'N.LORENZI SNC', 'VIA BOTTAI 28', '', 'BOLZANO', '39100', '46.50009440', '11.35672590', NULL, '+39 0471 974706', '', 'n.lorenzi@tiscali.it', NULL, 1, '2018-05-02 00:00:01', '2018-09-20 15:24:01'),
(134, 8, 0, 'COUTELLERIE PRINCE', '260, RUE STE. CATHERINE', '', 'BORDEAUX', '33000', '44.83257740', '-0.57286800', NULL, '05 56 91 66 37', '05 56 31 39 13', '', NULL, 1, '2018-05-02 00:00:01', '2018-09-20 15:24:01'),
(135, 8, 0, 'S.A.R.L. G.P. MENAGER', '3 ET 6, RUE DES GRANGES', '', 'THONON LES BAINS', '74200', '46.37139590', '6.48171530', NULL, '04 50 71 07 79', '04 50 70 14 78', 'jeangrando@wanadoo.fr', NULL, 1, '2018-05-02 00:00:01', '2018-09-20 15:24:01'),
(136, 8, 0, 'ARMURERIE STEFLO SARL.', '69, ALLEE DES CAILLOTIERES', 'Z.A.C. D\' EPINAY', 'GLEIZE', '69400', '46.00537090', '4.70956490', NULL, '04 37 55 14 10', '04 37 55 42 45', 'auvraystephane@orange .fr', NULL, 1, '2018-05-02 00:00:01', '2018-09-20 15:24:01'),
(137, 8, 0, 'COUTELLERIE COUPAT', '21, RUE DES LACS', '', 'ST FLOUR', '15100', '45.03301630', '3.09146450', NULL, '04 71 60 04 16', '04 71 60 04 16', '', NULL, 1, '2018-05-02 00:00:01', '2018-09-20 15:24:01'),
(138, 8, 0, 'SAS COUTELLERIE DELTOUR', '26, GRAND RUE RAYMOND VII', '', 'CORDES SUR CIEL', '81170', '44.06329610', '1.95203180', NULL, '05 63 56 10 83', '', 'sascoutelleriedeltour@gmail.com', NULL, 1, '2018-05-02 00:00:01', '2018-09-20 15:24:01'),
(139, 1, 0, 'ATELIER DE CUISINE', 'HAUPTSTRABE 46,', '', 'BAD HONNEF', '53604', '50.64512000', '7.22614000', NULL, '022 24 96 04 86', '022 24 96 04 88', 'info@atelier-de-cuisine.de', NULL, 1, '2018-05-02 00:00:01', '2018-09-20 15:24:01'),
(140, 8, 0, 'COUTELLERIE BERNARD', '77, RUE PIERRE JULIEN', '', 'MONTELIMAR', '26200', '44.55856030', '4.75081440', NULL, '04 75 01 50 57', '', '', NULL, 1, '2018-05-02 00:00:01', '2018-09-20 15:24:01'),
(141, 8, 0, 'ANCIENS ETS BELGODERE', '9, PLACE DE L\'HOTEL DE VILLE', '', 'BASTIA', '20200', '42.70217980', '9.45094590', NULL, '04 95 31 62 23', '', '', NULL, 1, '2018-05-02 00:00:01', '2018-09-20 15:24:01'),
(142, 8, 0, 'LE COUTELIER DE ST. MALO', '5 , RUE SAINTE BARBE', '', 'ST MALO', '35400', '48.65010750', '-2.02405730', NULL, '02 99 40 47 52', '', 'lecoutelierdestmalo@orange.fr', NULL, 1, '2018-05-02 00:00:01', '2018-09-20 15:24:01'),
(143, 8, 0, 'DREUMONT I.D. CADEAUX', '19, RUE DES FONTAINES', '', 'LORIENT', '56100', '47.74854450', '-3.36005130', NULL, '02 97 64 11 36', '02 97 64 47 09', '', NULL, 1, '2018-05-02 00:00:01', '2018-09-20 15:24:01'),
(144, 2, 0, 'SCALA - MURGASSE', 'MURGASSE 1', '', 'GRAZ', '8010', '47.07123250', '15.43723430', NULL, '01 934 60 27', '', 'office@klingen-boutique.at', NULL, 1, '2018-05-02 00:00:01', '2018-09-20 15:24:01'),
(145, 8, 0, 'ETS SIMON - SARL A.D.C.S.', '20, BLD DE LA REPUBLIQUE', '', 'SALBRIS', '41300', '47.42625430', '2.05245650', NULL, '02 54 97 00 23', '02 54 97 27 78', 'sarl.adcs.simon@wanadoo.fr', NULL, 1, '2018-05-02 00:00:01', '2018-09-20 15:24:01'),
(146, 8, 0, 'COUTELLERIE DUPERRE', '40, QUAI DUPERRE', '', 'LA ROCHELLE', '17000', '46.15829030', '-1.15302160', NULL, '05 46 50 63 03', '', 'coutellerieduperre@gmail.com', NULL, 1, '2018-05-02 00:00:01', '2018-09-20 15:24:01'),
(147, 8, 0, 'ETS. SAVIGNAC SARL', '15, RUE DES MARCHANDS', '', 'FOIX', '09000', '42.96607070', '1.60655180', NULL, '05 61 02 90 70', '', 'sarl-savignac@wanadoo.fr', NULL, 1, '2018-05-02 00:00:01', '2018-09-20 15:24:01'),
(148, 21, 0, 'FRENCH - JULIE NEWMAN', '1836 ARTEIQUE ROAD', '', 'TOPANGA CA', '90290', '34.11856010', '-118.58948640', NULL, '+19174280040', '', 'julie@french.us', NULL, 1, '2018-05-02 00:00:01', '2018-09-20 15:24:01'),
(149, 8, 0, 'CLIN D\'OEIL', '53, GRANDE RUE', '', 'VAISON LA ROMAINE', '84110', '44.24053450', '5.07417050', NULL, '04 90 36 11 94', '04 90 36 18 86', 'clindoeil.vaison@sfr.fr', NULL, 1, '2018-05-02 00:00:01', '2018-09-20 15:24:01'),
(151, 1, 0, 'GEBR. CHESI', 'BINDERGASSE 14', '', 'NÜRNBERG', '90403', '49.45547330', '11.07974000', NULL, '0049 911 221006', '', 'info@chesi.de', NULL, 1, '2018-05-02 00:00:01', '2018-09-20 15:24:01'),
(152, 19, 0, 'TEEGARTEN', 'MELCHTALERSTRASSE, 37', '', 'KERNS', '6064', '46.89728060', '8.27996310', NULL, '041 662 04 00', '041 662 04 01', 'info@teegarten.ch', NULL, 1, '2018-05-02 00:00:01', '2018-09-20 15:24:01'),
(153, 8, 0, 'LE LAGUIOLE DU MARAIS', '6, RUE DU PAS DE LA MULE', '', 'PARIS', '75003', '48.85613640', '2.36717930', NULL, '01 48 87 46 88', '', 'laguioledumarais@orange.fr', NULL, 1, '2018-05-02 00:00:01', '2018-09-20 15:24:01'),
(154, 8, 0, 'STE. JACQUEMES', '9, RUE MEJANES', '', 'AIX EN PROVENCE', '13100', '43.52861170', '5.44878210', NULL, '04 42 23 48 64', '04 42 96 96 95', '', NULL, 1, '2018-05-02 00:00:01', '2018-09-20 15:24:01'),
(155, 8, 0, 'COUTELLERIE NOTRE DAME', '11, AVENUE NOTRE DAME', '', 'NICE', '06000', '43.70435410', '7.26935300', NULL, '04 93 62 15 40', '', '', NULL, 1, '2018-05-02 00:00:01', '2018-09-20 15:24:01'),
(156, 8, 0, 'L T C  DIFFUSION SARL - L\'ARPAGANDE', 'CHEMIN LES ESPUYS', '', 'VENASQUE', '84210', '43.99125640', '5.14500460', NULL, '04 90 30 80 47', '', 'unautreinterieur@orange.fr', NULL, 1, '2018-05-02 00:00:01', '2018-09-20 15:24:01'),
(157, 8, 0, 'COUTELLERIE NICOLAS', '24, RUE LIEUTENANT COLONEL FARRO', '', 'BRIVE LA GAILLARDE', '19100', '45.15726540', '1.53304560', NULL, '05 55 24 08 04', '', '', NULL, 1, '2018-05-02 00:00:01', '2018-09-20 15:24:01'),
(158, 8, 0, 'LA FERME NARBONNAISE -   BM SARL.', '21 & 23,  RUE DROITE', '', 'NARBONNE', '11100', '43.18449310', '3.00451560', NULL, '04 68 49 57 01', '04 68 49 48 32', 'lafermenarbonnaise@orange.fr', NULL, 1, '2018-05-02 00:00:01', '2018-09-20 15:24:01'),
(159, 2, 0, 'VINOPOLIS - MA MAISON', 'VINOPOLIS HANDELS UND VERLAGS GmbH', 'PALAIS COLLALTO - Am Hof 13', 'WIEN', '1010', '48.21102680', '16.36811990', NULL, '00 431 212 10 81', '00 43 212 16 49', 'e.steinleitner@ma-maison.at', NULL, 1, '2018-05-02 00:00:01', '2018-09-20 15:24:01'),
(160, 1, 0, 'BEEFER GRILLGERÄTE GmbH', 'LINZER STRASSE 97-99', '', 'BAD HONNEF', '53604', '50.63499340', '7.22680770', NULL, '0049 2224 98 06 ', '', 'susanne@beefer.de', NULL, 1, '2018-05-02 00:00:01', '2018-09-20 15:24:01'),
(161, 8, 0, 'MAISON BERTHIER', '33, AVENUE VICTOR HUGO', '', 'VALENCE', '26000', '44.92891380', '4.89059760', NULL, '04 75 44 28 50', '04 75 44 28 50', 'contact@couteaux-berthier.com', NULL, 1, '2018-05-02 00:00:01', '2018-09-20 15:24:01'),
(162, 3, 0, 'LA CRECELLE SPRL', '41, RUE Adolphe SAX', '', 'DINANT', 'B- 5500', '50.26198960', '4.91070470', NULL, '0032 082 222 080', '0032 082 744 896', 'info@lacrecelledinant.be', NULL, 1, '2018-05-02 00:00:01', '2018-09-20 15:24:01'),
(163, 2, 0, 'LORENZI SEIT 1835', 'SIEBENSTERNGASSE, 41', '', 'WIEN', '1070', '48.20225490', '16.35328670', NULL, '0043 1 526 21 87', '0043 1 526 95 00', 'office@lorenzi.co.at', NULL, 1, '2018-05-02 00:00:01', '2018-09-20 15:24:01'),
(164, 1, 0, 'SONNENALP SHOPPING GmbH', 'SONNENALP 1', '', 'OFTERSCHWANG / ALLGÄU', '87527', '47.49000980', '10.25585080', NULL, '+49 8321272', '+49 8321232', 'wohngenuss@sonnenalp.de', NULL, 1, '2018-05-02 00:00:01', '2018-09-20 15:24:01'),
(165, 8, 0, 'COUTELLERIE DOMINGO', '15, RUE SAINT CASTOR', '', 'NIMES', '30000', '43.83872810', '4.36062080', NULL, '04 66 67 01 28', '', '', NULL, 1, '2018-05-02 00:00:01', '2018-09-20 15:24:01'),
(166, 8, 0, 'S A R L  GOUVERNAIRE', '1, RUE DE LA DRAPERIE', '', 'AUXERRE', '89000', '47.79520820', '3.56938070', NULL, '03 86 51 00 32', '', 'gouvernaire89@yahoo.fr', NULL, 1, '2018-05-02 00:00:01', '2018-09-20 15:24:01'),
(167, 8, 0, 'SIAM CADEAUX', '40, RUE DU SIAM', '', 'BREST', '29200', '48.38674090', '-4.49114140', NULL, '02 98 43 42 20', '', 'siam.news@wanadoo.fr', NULL, 1, '2018-05-02 00:00:01', '2018-09-20 15:24:01'),
(168, 8, 0, 'SARL. LARONZE MENAGER', '4, PLACE CARNOT', '', 'BEAUNE', '21200', '47.02266940', '4.83770730', NULL, '03 80 22 12 16', '', '', NULL, 1, '2018-05-02 00:00:01', '2018-09-20 15:24:01'),
(169, 19, 0, 'MESSER KLOTZLI', 'RATHAUSGASSE 84', '', 'BERN', 'CH 3011', '46.94866280', '7.44795870', NULL, '0041 31 311 00 8', '0041 31 312 39 1', 'bernag@klotzli.com', NULL, 1, '2018-05-02 00:00:01', '2018-09-20 15:24:01'),
(170, 21, 0, 'LOAVES & FISHES COOKSHOP', '2266 MONTAUK HIGHWAY', 'BRIDGEHAMPTON', 'NEW YORK', '11932', '40.93475190', '-72.30904580', NULL, '631 537 6066', '', 'info@landfcookshop.com', NULL, 1, '2018-05-02 00:00:01', '2018-09-20 15:24:01'),
(172, 8, 0, 'QUINCAILLERIE CENTRALE', '21, RUE MONCLAR', '', 'AIX EN PROVENCE', '13100', '43.52874300', '5.44921500', NULL, '04 42 23 33 18', '04 42 23 98 14', '', NULL, 1, '2018-05-02 00:00:01', '2018-09-20 15:24:01'),
(173, 8, 0, 'COUTELLERIE DES POELIERS', '7, RUE DES POELIERS', '', 'ANGERS', '49000', '47.47300860', '-0.55054290', NULL, '02 41 87 50 38', '02 41 88 38 63', 'j.landrau@coutelleriedespoeliers.fr', NULL, 1, '2018-05-02 00:00:01', '2018-09-20 15:24:01'),
(174, 12, 0, 'BOUTIQUE  MOLITOR', 'RUE DU MARCHE AUX HERBES', '', 'LUXEMBOURG', '1728', '49.61087530', '6.13250490', NULL, '0035 226 202 728', '0035 226 202 725', 'molitorboutique@gmail.com', NULL, 1, '2018-05-02 00:00:01', '2018-09-20 15:24:01'),
(175, 8, 0, 'LISON', '2, RUE FRANCOIS D\'ESTAING', '', 'ESTAING', '12190', '44.55356640', '2.67228990', NULL, '05 65 48 08 09', '', 'franck.lison@sfr.fr', NULL, 1, '2018-05-02 00:00:01', '2018-09-20 15:24:01'),
(176, 8, 0, 'L\' ATELIER DU COUTEAU DIFFUSION SARL', '2,  RUE BONAPARTE', '', 'AJACCIO', '20000', '41.91844820', '8.73832250', NULL, '04 95 52 05 92', '', 'latelier-du-couteau-diffusion@orange.fr', NULL, 1, '2018-05-02 00:00:01', '2018-09-20 15:24:01'),
(177, 19, 0, 'Laguiole-messer.ch by taste&more', 'STEIGSTRASSE 11', '', 'LENGNAU', '5426', '47.52918230', '8.32429160', 'a:7:{i:0;s:0:\"\";i:1;s:0:\"\";i:2;s:0:\"\";i:3;s:0:\"\";i:4;s:0:\"\";i:5;s:0:\"\";i:6;s:0:\"\";}', '+41 56 426 48 02', '', 'info@tableandmore.ch', 'www.laguiole-messer.ch', 1, '2018-05-02 00:00:01', '2019-01-03 17:54:42'),
(178, 8, 0, 'L \' AME DE THIERS', '13, PLACE D\' ARMES', '', 'BELVES', '24170', '44.77597740', '1.00789890', NULL, '05 53 28 80 14', '', 'mlaure2@wanadoo.fr', NULL, 1, '2018-05-02 00:00:01', '2018-09-20 15:24:01'),
(179, 8, 0, 'COMPTOIR NATURE', '38, RUE JEANNE D\'ARC', '', 'COMPIEGNE', '60200', '49.41743800', '2.82293910', NULL, '03 44 40 99 89', '', '', NULL, 1, '2018-05-02 00:00:01', '2018-09-20 15:24:01'),
(180, 1, 0, 'MESSERSPEZIALIST.DE', 'DORFSTR. 6 A', '', 'WEHLAU', '06369', '51.68724000', '12.14990000', NULL, '+49 34978 30200', '', 'shop@messerspezialist.de', NULL, 1, '2018-05-02 00:00:01', '2018-09-20 15:24:01'),
(181, 8, 0, 'AU PLAISIR D\'OFFRIR', '11, PLACE DE LA LIBERTE', '', 'SARLAT LA CANEDA', '24200', '44.88957640', '1.21676700', NULL, '05 53 28 58 97', '', 'cathy.delibie@wanadoo.fr', NULL, 1, '2018-05-02 00:00:01', '2018-09-20 15:24:01'),
(182, 8, 0, 'VAISSELIER SAINT-MARTIN', '9, RUE ST. MARTIN', '', 'DREUX', '28100', '48.73459220', '1.36673620', NULL, '02 37 50 00 13', '', 'vsmdreux@orange.fr', NULL, 1, '2018-05-02 00:00:01', '2018-09-20 15:24:01'),
(183, 8, 0, 'COUTELLERIE COUTTIER CHARLES', 'LA CROIX SAINT BONNET', '', 'PUY GUILLAUME', '63290', '45.92825310', '3.49826210', NULL, '73 94 77 09', '73 94 19 25', '', NULL, 1, '2018-05-02 00:00:01', '2018-09-20 15:24:01'),
(184, 8, 0, 'ARMURERIE RENAUX', '4, RUE DES RECOLETTES', '', 'MARSEILLE 01', '13001', '43.29613990', '5.37859880', NULL, '04 91 54 02 29', '04 91 54 15 01', 'contact@empereur.fr', NULL, 1, '2018-05-02 00:00:01', '2018-09-20 15:24:01'),
(185, 8, 0, 'LE COMPTOIR FRANCAIS', '60, RUE PANNESSAC', '', 'LE PUY EN VELAY', '43000', '45.04422780', '3.88110380', NULL, '04 71 00 11 72', '', 'lecomptoirfrancais@sfr.fr', NULL, 1, '2018-05-02 00:00:01', '2018-09-20 15:24:01'),
(186, 8, 0, 'COUTELLERIE BESSET BERNARD', '20, RUE MARECHAL FOCH', '', 'ROANNE', '42300', '46.03561580', '4.07403270', NULL, '04 77 67 23 42', '04 77 70 62 85 ', '', NULL, 1, '2018-05-02 00:00:01', '2018-09-20 15:24:01'),
(187, 1, 0, 'Fa. BÖRGERMANN', 'BERGER Str.15', '', 'DÜSSELDORF', 'D-40213', '51.22454490', '6.77219680', NULL, '0049 211 131 255', '', 'info@boergermann.de', NULL, 1, '2018-05-02 00:00:01', '2018-09-20 15:24:01'),
(188, 8, 0, 'COUTELLERIE PATRIAU', '69, RUE DES HALLES', '', 'TOURS', '37000', '47.39354360', '0.68398590', NULL, '02 47 20 97 70', '', '', NULL, 1, '2018-05-02 00:00:01', '2018-09-20 15:24:01'),
(189, 19, 0, 'LES SAVEURS DE GRAND-MERE', 'RUE ROGER DE GUIMPS, 31', '', 'YVERDON LES BAINS', '1400', '46.77569430', '6.63598550', NULL, '0041 24 426 02 9', '', 'nathalie@les-saveurs.ch', NULL, 1, '2018-05-02 00:00:01', '2018-09-20 15:24:01'),
(190, 8, 0, 'COUTELLERIE GOGUELY', '19, RUE D\'ALSACE', '', 'BEAUNE', '21200', '47.02245310', '4.83968060', NULL, '03 80 22 10 12', '', '', NULL, 1, '2018-05-02 00:00:01', '2018-09-20 15:24:01'),
(191, 1, 0, 'MASSARI OHG', 'SANDGASSE 37', '', 'ASCHAFFENBURG', '63739', '49.97447360', '9.14954060', NULL, '0049 6021 22443', '', 'info@massari.de', NULL, 1, '2018-05-02 00:00:01', '2018-09-20 15:24:01'),
(192, 8, 0, 'MORCRETTE EQUIPEMENT', 'POLE COMMERCIAL  AIX PIOLINE', '480 - 500, RUE GUILLAUME DU VAIR', 'AIX EN PROVENCE', '13546', '43.50767070', '5.40242330', NULL, '04 42 64 08 04', '04 42 20 70 26', '', NULL, 1, '2018-05-02 00:00:01', '2018-09-20 15:24:01'),
(193, 8, 0, 'LA CAVE', 'LAC CHAMBON', '', 'CHAMBON SUR LAC', '63790', '45.57452520', '2.91937260', NULL, '04 73 78 65 19', '', 'jacky.meallet@orange.fr', NULL, 1, '2018-05-02 00:00:01', '2018-09-20 15:24:01'),
(194, 19, 0, 'ORSO LES ARTS DE LA TABLE SNC', 'CP 3513', '8-10, RUE DU PRINCE', 'GENEVE', '1204', '46.20274340', '6.15105370', NULL, '+41 22 310 77 54', '+41 22 781 46 09', 'orso.artdelatable@yahoo.fr', NULL, 1, '2018-05-02 00:00:01', '2018-09-20 15:24:01'),
(195, 8, 0, 'MONNERET SARL.', '35, RUE DU 11 NOVEMBRE', '', 'CLERMONT FERRAND', '63000', '45.77822350', '3.08233590', NULL, '04 73 37 38 74', '04 73 30 95 52', '', NULL, 1, '2018-05-02 00:00:01', '2018-09-20 15:24:01'),
(196, 8, 0, 'AU COUTEAU D\'YSSINGEAUX', '6, AVENUE DE LA MARNE', '', 'YSSINGEAUX', '43200', '45.14349160', '4.12562860', 'a:7:{i:0;s:0:\"\";i:1;s:0:\"\";i:2;s:0:\"\";i:3;s:0:\"\";i:4;s:0:\"\";i:5;s:0:\"\";i:6;s:0:\"\";}', '04 71 65 17 19', '', 'cortial.jacques2@wanadoo.fr', '', 1, '2018-05-02 00:00:01', '2018-12-07 13:57:47'),
(197, 1, 0, 'CARL STIESS Seit 1835', 'AM WAISENHAUSPLATZ 10', '', 'PFORZHEIM', '75172', '48.89030400', '8.70104670', NULL, '0049 723 13 37 0', '', 'kati-stiess@hotmail.com', NULL, 1, '2018-05-02 00:00:01', '2018-09-20 15:24:01'),
(198, 8, 0, 'LA FERME', '26 , RUE CHARTRAN /', '55, RUE DE VERDUN', 'CARCASSONNE', '11000', '43.21258160', '2.35135750', NULL, '04 68 25 02 15', '04 68 47 94 50', 'la.ferme11@orange.fr', NULL, 1, '2018-05-02 00:00:01', '2018-09-20 15:24:01'),
(199, 8, 0, 'COUTELLERIE SAPHORES', '41, RUE JUDAIQUE', '', 'BORDEAUX', '33000', '44.84163800', '-0.58306100', NULL, '05 56 48 41 00', '05 56 48 41 01', 'coutellerie.saphores@wanadoo.fr', NULL, 1, '2018-05-02 00:00:01', '2018-09-20 15:24:01'),
(200, 19, 0, 'MESSER KLOTZLI', 'HOHENGASSE 3', '', 'BURGDORF', 'CH 3400', '47.05674200', '7.62686000', NULL, '0041 344222378', '0041 344227693', 'shop@klotzli.com', NULL, 1, '2018-05-02 00:00:01', '2018-09-20 15:24:01'),
(201, 8, 0, 'HOME ET JARDIN', '36, BLD. MARINONI', '', 'BEAULIEU SUR MER', '06310', '43.70697410', '7.33016910', NULL, '04 93 01 01 58', '04 93 01 21 12', 'homeetjardin@orange .fr', NULL, 1, '2018-05-02 00:00:01', '2018-09-20 15:24:01'),
(202, 8, 0, 'COUTELLERIE PRADEL', '26,RUE DE LA LOGE', '', 'MONTPELLIER', '34000', '43.60901180', '3.87877070', NULL, '04 67 60 56 90', '04 67 60 56 90', '', NULL, 1, '2018-05-02 00:00:01', '2018-09-20 15:24:01'),
(203, 8, 0, 'SARL LE MARCHE PROVENCAL', 'GRANDE RUE', 'LES BAUX DE PROVENCE', 'MAUSSANE LES ALPILLES', '13520', '43.74432050', '4.79527550', NULL, '04 90 54 40 31', '04 90 54 37 52', '', NULL, 1, '2018-05-02 00:00:01', '2018-09-20 15:24:01'),
(204, 1, 0, 'FLEISCH BOUTIQUE MANNHEIM', 'C/O PALM\'S PACIFIC LOUNGE', 'Plankenhofpassage P6, 25', 'MANNHEIM', '68161', '49.48648430', '8.47136710', NULL, '0049 621 71 89 8', '', 'helmut.heid@web.de', NULL, 1, '2018-05-02 00:00:01', '2018-09-20 15:24:01'),
(205, 8, 0, 'COTE D\'CO - S.C.A.S', 'Centre commercial L\'USINE MODE & MAISON', 'ROUTE ANDRE CITROËN', 'VELIZY VILLACOUBLAY', '78140', '48.77427360', '2.22614530', NULL, '01 34 65 32 77', '', 'boutique@cotedco.com', NULL, 1, '2018-05-02 00:00:01', '2018-09-20 15:24:01'),
(206, 8, 0, 'LA BOUTIQUE', '8, RUE DU BOURG', '', 'THIERS', '63300', '45.85482100', '3.54778090', NULL, '04 73 80 91 07  ', '04 73 80 91 07', '', NULL, 1, '2018-05-02 00:00:01', '2018-09-20 15:24:01'),
(207, 8, 0, 'COUTELLERIE CHAMPENOISE', '32, RUE COLBERT', '', 'REIMS', '51100', '49.25737830', '4.03250220', NULL, '03 51 00 10 73', '', 'coutellerie.champenoise@gmail.com', NULL, 1, '2018-05-02 00:00:01', '2018-09-20 15:24:01'),
(208, 8, 0, 'COUTELLERIE HELLO', '37, RUE ST. PIERRE', '', 'CAEN', '14000', '49.18356860', '-0.36252600', NULL, '02 31 86 06 91', '02 31 86 06 91', 'coutelleriehello@wanadoo.fr', NULL, 1, '2018-05-02 00:00:01', '2018-09-20 15:24:01'),
(209, 8, 0, 'EDITH - M. SARL', '18, RUE DE LA REPUBLIQUE', '', 'SARLAT LA CANEDA', '24200', '44.88968510', '1.21574050', NULL, '05 53 31 60 89', '0553 31 60 89', 'michel.dehoux@orange.fr', NULL, 1, '2018-05-02 00:00:01', '2018-09-20 15:24:01'),
(210, 10, 0, 'FORNARI 1905 SRL', 'VIA FRATTINA 133', '', 'ROMA', '00187', '41.90418140', '12.48114140', NULL, '00 39 06 67 80 1', '00 39 06 67 97 4', 'fornari@fornari1905.com', NULL, 1, '2018-05-02 00:00:01', '2018-09-20 15:24:01'),
(211, 8, 0, 'COUTELLERIE DE L\'ALZOU', 'RUE DE LA COURONNERIE', '', 'ROCAMADOUR', '46500', '44.79898500', '1.61785700', NULL, '05 65 33 67 69', '', 'guy.lascoux@orange.fr', NULL, 1, '2018-05-02 00:00:01', '2018-09-20 15:24:01'),
(212, 8, 0, 'SARL COUTELLERIE FAVIE', '5, RUE LIMOGEANNE', '', 'PERIGUEUX', '24000', '45.18456110', '0.72176560', NULL, '05 53 53 48 83', '', 'coutellerie.favie@orange.fr', NULL, 1, '2018-05-02 00:00:01', '2018-09-20 15:24:01'),
(213, 8, 0, 'SARL  C A P   63 COUTELLERIE ARTISANALE', '18, RUE FRANCOIS MITTERAND', '', 'THIERS CEDEX', '63302', '45.85647570', '3.54871720', NULL, '04 73 80 07 15', '', 'contact@hommedesbois.fr', NULL, 1, '2018-05-02 00:00:01', '2018-09-20 15:24:01'),
(214, 8, 0, 'SAINT PIERRE AFFUTAGE', 'MARCHE SAINT PIERRE', '', 'CLERMONT FERRAND', '63000', '45.77950420', '3.08307440', NULL, '04 73 31 24 75', '04 73 31 24 75', '', NULL, 1, '2018-05-02 00:00:01', '2018-09-20 15:24:01'),
(215, 8, 0, 'COUTELLERIE DES CAPITOULS', '2, RUE J.F. KENNEDY', '', 'TOULOUSE', '31000', '43.60563050', '1.44430570', NULL, '05 61 12 17 12', '05 61 13 76 94', 'florence.pironin@wanadoo.fr', NULL, 1, '2018-05-02 00:00:01', '2018-09-20 15:24:01'),
(216, 8, 0, 'LACOUTURE 1804', '21, RUE CHILDEBERT', '', 'LYON', '69002', '45.76034980', '4.83646430', NULL, '04 26 72 21 29', '', 'info@lacouture1804.fr', NULL, 1, '2018-05-02 00:00:01', '2018-09-20 15:24:01'),
(217, 8, 0, 'COUTELLERIE THIERNOISE', '11, RUE DE L\'HOTEL DES POSTES', '', 'VICHY', '03200', '46.12535830', '3.42340240', NULL, '04 70 59 93 99', '', '', NULL, 1, '2018-05-02 00:00:01', '2018-09-20 15:24:01'),
(218, 8, 0, 'COUTELLERIE DE QUIMPER', '23 , RUE DU SALLE', '', 'QUIMPER', '29000', '47.99661080', '-4.10377160', NULL, '02 98 95 64 31', '02 98 95 02 32', 'contact@coutellerie-quimper.com', NULL, 1, '2018-05-02 00:00:01', '2018-09-20 15:24:01'),
(219, 8, 0, 'COUTELLERIE BROSSARD', '65-67, PASSAGE DE L\'ARGUE', '', 'LYON', '69002', '45.76109130', '4.83511300', NULL, '04 78 42 06 05', '04 78 42 06 05', 'brossard.lyon@yahoo.fr', NULL, 1, '2018-05-02 00:00:01', '2018-09-20 15:24:01'),
(220, 8, 0, 'COUTELLERIE FRANCOIS 1er.', '5, RUE DU BOURG', '', 'THIERS', '63300', '45.85484410', '3.54763760', NULL, '04 73 80 13 06', '04 73 51 01 66', '', NULL, 1, '2018-05-02 00:00:01', '2018-09-20 15:24:01'),
(221, 8, 0, 'LA FONTAINE DE CAUSAN', 'CHEMIN DE LA FONTAINE', '', 'FONTAINE DE VAUCLUSE', '84800', '43.92155260', '5.13060100', NULL, '04 90 20 32 51', '04 90 38 17 66', 'fontainedecausan@aliceadsl.fr', NULL, 1, '2018-05-02 00:00:01', '2018-09-20 15:24:01'),
(222, 8, 0, 'LA COUTELLERIE DU BARRY', 'LA POUJADE', '', 'LAGUIOLE', '12210', '44.68433110', '2.85569080', NULL, '05 65 48 43 19', '05 65 51 50 72', 'monteiro.antoine@neuf.fr', NULL, 1, '2018-05-02 00:00:01', '2018-09-20 15:24:01'),
(223, 8, 0, 'SARL LES TERRASSES D\'ARAGON', '21, RUE SIMON VARSI', 'LIEU DIT PADULO', 'BONIFACIO', '20169', '41.38674910', '9.15712680', NULL, '04 95 73 54 91', '04 95 73 54 92', 'contact@lesterrassesdaragon.com', NULL, 1, '2018-05-02 00:00:01', '2018-09-20 15:24:01'),
(224, 17, 0, 'JAPANESE KNIFE COMPANY', '36, BAKER STREET', '', 'LONDON', 'W1U3EU', '51.51806410', '-0.15542830', NULL, '020 8968 6238', '', 'general@jkcl.co.uk;jpatel@jkcl.co.uk', NULL, 1, '2018-05-02 00:00:01', '2018-09-20 15:24:01'),
(225, 8, 0, 'SARL OBJETS', '11, PLACE AUX HERBES', '', 'SAINT TROPEZ', '83990', '43.27231520', '6.63938580', NULL, '04 94 79 96 37', '04 94 79 96 37 ', 'objets.st.tropez@orange.fr', NULL, 1, '2018-05-02 00:00:01', '2018-09-20 15:24:01'),
(226, 8, 0, 'COUTELLERIE DU VIEIL ANTIBES', '19, PLACE NATIONALE /', '19, RUE SADE', 'ANTIBES', '06600', '43.58097160', '7.12614430', NULL, '04 93 34 81 22', '04 93 34 81 22', '', NULL, 1, '2018-05-02 00:00:01', '2018-09-20 15:24:01'),
(227, 8, 0, 'A FLEUR DE LAME COUTELLERIE', '37, RUE CARNOT', '', 'BORMES LES MIMOSAS', '83230', '43.15102450', '6.34152030', NULL, '04 94 71 02 59', '', 'afleurdelame83@gmail.com', NULL, 1, '2018-05-02 00:00:01', '2018-09-20 15:24:01'),
(228, 8, 0, 'VIGUIER SARL', '132, RUE DES MARCHANDS', '', 'APT', '84400', '43.87590660', '5.39672340', NULL, '04 90 74 23 99', '04 90 74 44 26', 'jean-pierre viguier@orange.fr', NULL, 1, '2018-05-02 00:00:01', '2018-09-20 15:24:01'),
(229, 8, 0, 'LA COUTELLERIE DE LYON', '5, PLACE BELLECOUR', '', 'LYON', '69002', '45.75870330', '4.83178050', NULL, '04 78 38 05 88', '', 'lacoutelleriedelyon@orange.fr', NULL, 1, '2018-05-02 00:00:01', '2018-09-20 15:24:01'),
(230, 8, 0, 'COUTELLERIE COMBRONDE - SARL . DOURIS - CHASTEL', '4, PLACE DE L\'HOTEL DE VILLE', '', 'THIERS', '63300', '45.85572120', '3.54911730', NULL, '04 73 80 17 60', '04 73 51 80 90', '', NULL, 1, '2018-05-02 00:00:01', '2018-09-20 15:24:01'),
(231, 21, 0, 'VAUDEVILLE', '230E Mains street', '', 'FREDERICKSBURG ( TEXAS )', '78624', '30.27355990', '-98.86957630', NULL, '001 830 992 3234', '', 'richard@vaudeville-living.com', NULL, 1, '2018-05-02 00:00:01', '2018-09-20 15:24:01'),
(232, 8, 0, 'COUTELLERIE ROBERT DAVID', '90-92, AVENUE DES ETATS-UNIS', '', 'THIERS', '63300', '45.85707100', '3.53873740', NULL, '04 73 80 07 77', '04 73 51 36 90', 'robert-david@wanadoo.fr;stephane@robert-david.com', NULL, 1, '2018-05-02 00:00:01', '2018-09-20 15:24:01'),
(233, 8, 0, 'SARL LE VIGNERON', '6, RUE D\'ALSACE', '', 'BEAUNE', '21200', '47.02249600', '4.83902900', NULL, '03 80 22 68 21', '', 'denise.lauquin@gmail.com', NULL, 1, '2018-05-02 00:00:01', '2018-09-20 15:24:01'),
(234, 8, 0, 'ARMURERIE GIRAUD', '1, RUE D\'ANTIBES', '', 'CANNES', '06400', '43.55239900', '7.01624680', NULL, '04 93 39 05 80', '', 'bgcannes@orange.fr', NULL, 1, '2018-05-02 00:00:01', '2018-09-20 15:24:01'),
(235, 8, 0, 'LE COUTEAU SAVOYARD', '32, RUE SOMMEILLER', '', 'ANNECY', '74000', '45.90219270', '6.12569860', NULL, '04 50 69 60 92', '', 'couteausavoyard@orange.fr', NULL, 1, '2018-05-02 00:00:01', '2018-09-20 15:24:01'),
(236, 8, 0, 'FRANCIS BATT', '180 avenue Victor-Hugo', '', 'Paris', '75116', '48.86600640', '2.27618730', NULL, '01 47 27 13 28', '', 'ab@francisbatt.com', NULL, 1, '2018-05-02 00:00:01', '2018-09-20 15:24:01'),
(237, 21, 0, 'COTE SUD', '1145, PROSPECT STREET', '', 'LA JOLLA , CA', '92037', '32.84856850', '-117.27275700', NULL, '858 551 5125', '', 'fredericnottoli@yahoo.com', NULL, 1, '2018-05-02 00:00:01', '2018-09-20 15:24:01'),
(239, 8, 0, 'SARL COUTELLERIE CHAMBRIARD', '2 PLACE DE L\'HOTEL DE VILLE', '', 'THIERS', '63300', '45.85724850', '3.54954600', NULL, '04 73 80 06 90', '04 73 80 32 90', 'coutellerie-chambriard@wanadoo.fr', NULL, 1, '2018-05-02 00:00:01', '2018-09-20 15:24:01'),
(240, 8, 0, 'HONORE DURAND - SARL LA COUTELLERIE DE LAGUIOLE', 'ESPACE LES CAYRES', '', 'LAGUIOLE', '12210', '44.68345220', '2.85119840', NULL, '05 65 51 50 14', '05 65 51 51 38', '', NULL, 1, '2018-05-02 00:00:01', '2018-09-20 15:24:01');
INSERT INTO `gcahdy_store` (`id_store`, `id_country`, `id_state`, `name`, `address1`, `address2`, `city`, `postcode`, `latitude`, `longitude`, `hours`, `phone`, `fax`, `email`, `note`, `active`, `date_add`, `date_upd`) VALUES
(242, 177, 0, 'Château de Vaisselle - Шато де Вэссель', '«Vegas Крокус Сити» - 4 этаж', 'Oblast de Moscou', 'Moscow', '143407', '55.81944400', '37.38740590', 'a:7:{i:0;s:0:\"\";i:1;s:0:\"\";i:2;s:0:\"\";i:3;s:0:\"\";i:4;s:0:\"\";i:5;s:0:\"\";i:6;s:0:\"\";}', '007499653-51-51', '', '', '', 1, '2018-03-16 17:40:02', '2018-03-16 17:40:02'),
(243, 177, 0, 'Château de Vaisselle - Шато де Вэссель', 'Rublevskoe shosse', '62 EuroPark shopping center, 2nd floor', 'Moscow', '121609', '55.76601780', '37.38022000', 'a:7:{i:0;s:0:\"\";i:1;s:0:\"\";i:2;s:0:\"\";i:3;s:0:\"\";i:4;s:0:\"\";i:5;s:0:\"\";i:6;s:0:\"\";}', '007499346-72-03', '', '', '', 1, '2018-03-16 17:41:20', '2018-03-16 17:41:20'),
(244, 177, 0, 'Château de Vaisselle - Шато де Вэссель', 'Crocus City Mall - 2 этаж', 'Oblast de Moscou', 'Moscow', '143407', '55.81950000', '37.38757400', 'a:7:{i:0;s:0:\"\";i:1;s:0:\"\";i:2;s:0:\"\";i:3;s:0:\"\";i:4;s:0:\"\";i:5;s:0:\"\";i:6;s:0:\"\";}', '007499653-81-11', '', '', '', 1, '2018-03-16 17:44:21', '2018-03-16 17:44:21'),
(245, 177, 0, 'Château de Vaisselle - Шато де Вэссель', 'Teatral\'nyy Proyezd, 5/1', 'Central Childrens Store sur Lubyanka', 'Moscow', '109012', '55.76008900', '37.62516900', 'a:7:{i:0;s:0:\"\";i:1;s:0:\"\";i:2;s:0:\"\";i:3;s:0:\"\";i:4;s:0:\"\";i:5;s:0:\"\";i:6;s:0:\"\";}', '007499653-81-81', '', '', '', 1, '2018-03-16 17:45:33', '2018-03-16 17:45:33'),
(246, 177, 0, 'Château de Vaisselle - Шато де Вэссель', 'Bol\'shaya Pushkarskaya Ulitsa, 1/8', '', 'Sankt-Peterburg', '197198', '59.95464900', '30.29690700', 'a:7:{i:0;s:0:\"\";i:1;s:0:\"\";i:2;s:0:\"\";i:3;s:0:\"\";i:4;s:0:\"\";i:5;s:0:\"\";i:6;s:0:\"\";}', '007812429-71-49', '', '', '', 1, '2018-03-16 17:46:31', '2018-03-16 17:46:31'),
(247, 20, 0, 'POUL HARDER COLLECTION', 'Moerdrupvej 13 A', '', 'Espergaerde', '3060', '55.99311180', '12.55883220', 'a:7:{i:0;s:0:\"\";i:1;s:0:\"\";i:2;s:0:\"\";i:3;s:0:\"\";i:4;s:0:\"\";i:5;s:0:\"\";i:6;s:0:\"\";}', '0045 30 68 38 03', '', 'info@poulharder.dk', 'Homepage: www.poulharder.dk', 1, '2018-03-22 12:08:59', '2018-03-22 12:08:59'),
(248, 21, 32, 'ABC Carpet & Home', '888 Broadway', '', 'New York', '10003', '40.73829210', '-73.98986120', 'a:7:{i:0;s:0:\"\";i:1;s:0:\"\";i:2;s:0:\"\";i:3;s:0:\"\";i:4;s:0:\"\";i:5;s:0:\"\";i:6;s:0:\"\";}', '212.473.3000', '', '', '', 1, '2018-06-21 17:50:06', '2018-06-21 17:50:06'),
(249, 21, 32, 'ABC Carpet & Home', '3906 2nd Avenue', '', 'New York', '11232', '40.65502980', '-74.01096510', 'a:7:{i:0;s:0:\"\";i:1;s:0:\"\";i:2;s:0:\"\";i:3;s:0:\"\";i:4;s:0:\"\";i:5;s:0:\"\";i:6;s:0:\"\";}', '347.415.8874', '', '', '', 1, '2018-06-21 17:53:19', '2018-06-21 17:54:55'),
(250, 21, 9, 'ABC Carpet & Home', '777 South Congress Avenue', '', 'Delray Beach', '33445', '26.45090590', '-80.09137950', 'a:7:{i:0;s:0:\"\";i:1;s:0:\"\";i:2;s:0:\"\";i:3;s:0:\"\";i:4;s:0:\"\";i:5;s:0:\"\";i:6;s:0:\"\";}', '561.279.7777', '', '', '', 1, '2018-06-21 17:54:28', '2018-06-21 17:55:42'),
(251, 21, 5, 'IWA Wine Accessories', '1445 N. McDowell Blvd', '', 'Petaluma', '94954', '38.27895950', '-122.67231850', 'a:7:{i:0;s:0:\"\";i:1;s:0:\"\";i:2;s:0:\"\";i:3;s:0:\"\";i:4;s:0:\"\";i:5;s:0:\"\";i:6;s:0:\"\";}', '800.527.4072', '', '', '', 1, '2018-06-21 18:07:43', '2018-06-21 18:07:43'),
(252, 21, 3, 'WARTHOG KNIVES & JEWELRY', '22248 NORTH CALLE ROYALE', '', 'SCOTTSDALE', '85255', '33.69083510', '-111.89891820', 'a:7:{i:0;s:0:\"\";i:1;s:0:\"\";i:2;s:0:\"\";i:3;s:0:\"\";i:4;s:0:\"\";i:5;s:0:\"\";i:6;s:0:\"\";}', '602.677.6126', '', '', '', 1, '2018-06-22 16:22:07', '2018-06-22 16:22:07'),
(253, 6, 0, 'COOKING - THE KITCHEN COMPANY', 'General Riera, 3.', '', 'Palma de Mallorca', '07003', '39.57890060', '2.64833640', 'a:7:{i:0;s:0:\"\";i:1;s:0:\"\";i:2;s:0:\"\";i:3;s:0:\"\";i:4;s:0:\"\";i:5;s:0:\"\";i:6;s:0:\"\";}', '+34 871 033 047', '', 'palma@cookingtkc.com', '', 1, '2018-06-29 14:06:41', '2018-06-29 14:06:41'),
(254, 8, 0, 'LE COUTEAU BRETON', '11 rue Broussais', '', 'SAINT-MALO', '35400', '48.64865100', '-2.02607460', 'a:7:{i:0;s:0:\"\";i:1;s:0:\"\";i:2;s:0:\"\";i:3;s:0:\"\";i:4;s:0:\"\";i:5;s:0:\"\";i:6;s:0:\"\";}', '0299582810', '', '', '', 1, '2018-07-05 09:29:20', '2018-07-05 09:29:20'),
(255, 8, 0, 'BREIZH KONTEL', '3, rue du Prieuré', '', 'LOCRONAN', '29180', '48.09791670', '-4.21001990', 'a:7:{i:0;s:0:\"\";i:1;s:0:\"\";i:2;s:0:\"\";i:3;s:0:\"\";i:4;s:0:\"\";i:5;s:0:\"\";i:6;s:0:\"\";}', '02 98 51 82 73', '', '', '', 1, '2018-07-05 09:32:51', '2018-07-05 09:32:51'),
(256, 8, 0, 'LE COUTEAU OCCITAN', '5 place Auguste-Pierre Pont', '', 'CARCASSONNE', '11000', '43.20557040', '2.36295920', 'a:7:{i:0;s:0:\"\";i:1;s:0:\"\";i:2;s:0:\"\";i:3;s:0:\"\";i:4;s:0:\"\";i:5;s:0:\"\";i:6;s:0:\"\";}', '', '', '', '', 1, '2018-07-05 09:36:06', '2018-07-05 09:36:06'),
(257, 8, 0, 'BAUX COUTEAUX', 'rue de l\'Orme', '', 'LES BAUX-DE-PROVENCE', '13520', '43.74347000', '4.79530840', 'a:7:{i:0;s:0:\"\";i:1;s:0:\"\";i:2;s:0:\"\";i:3;s:0:\"\";i:4;s:0:\"\";i:5;s:0:\"\";i:6;s:0:\"\";}', '04 90 99 55 12', '', '', '', 1, '2018-07-05 09:40:28', '2018-07-05 09:40:28'),
(258, 8, 0, 'LE COUTELIER DE ST PAUL', '5 place de la Mairie', '', 'SAINT-PAUL-DE-VENCE', '06570', '43.69672750', '7.12215330', 'a:7:{i:0;s:0:\"\";i:1;s:0:\"\";i:2;s:0:\"\";i:3;s:0:\"\";i:4;s:0:\"\";i:5;s:0:\"\";i:6;s:0:\"\";}', '04 93 58 21 69', '', '', '', 1, '2018-07-05 09:43:57', '2018-07-05 09:43:57'),
(259, 8, 0, 'ACIER TREMPE', '14, rue Bedarrides', '', 'AIX EN PROVENCE', '13100', '43.52779840', '5.44736680', 'a:7:{i:0;s:0:\"\";i:1;s:0:\"\";i:2;s:0:\"\";i:3;s:0:\"\";i:4;s:0:\"\";i:5;s:0:\"\";i:6;s:0:\"\";}', '04 42 24 94 70', '', '', '', 1, '2018-07-05 15:27:46', '2018-07-05 15:27:46'),
(260, 8, 0, 'Coutellerie Franck PITELET', '2, RUE CONCHETTE', '', 'THIERS', '63300', '45.85520990', '3.54750660', 'a:7:{i:0;s:0:\"\";i:1;s:0:\"\";i:2;s:0:\"\";i:3;s:0:\"\";i:4;s:0:\"\";i:5;s:0:\"\";i:6;s:0:\"\";}', '04 73 80 45 38', '', 'franck@franckcoutelier.com', '', 1, '2018-07-12 15:36:01', '2018-07-12 15:36:01'),
(261, 1, 0, 'KÖSTERS', 'Am Prinzipalmarkt 45/46', '', 'MÜNSTER', '48143', '51.96290080', '7.62809730', 'a:7:{i:0;s:0:\"\";i:1;s:0:\"\";i:2;s:0:\"\";i:3;s:0:\"\";i:4;s:0:\"\";i:5;s:0:\"\";i:6;s:0:\"\";}', '+49(0)25144895', '', '', '', 1, '2018-07-19 16:58:44', '2018-07-19 16:58:44'),
(262, 1, 0, 'EDEL-BEEF', 'Johannisstr. 8', '', 'MAINZ', '55116', '49.99815100', '8.27217600', 'a:7:{i:0;s:0:\"\";i:1;s:0:\"\";i:2;s:0:\"\";i:3;s:0:\"\";i:4;s:0:\"\";i:5;s:0:\"\";i:6;s:0:\"\";}', '', '', '', '', 1, '2018-07-19 17:02:15', '2018-07-19 17:02:15'),
(263, 1, 0, 'MESSER SCHUMACHER', 'Löhrstr. 86', '', 'KOBLENZ', '56068', '50.35535720', '7.59035800', 'a:7:{i:0;s:0:\"\";i:1;s:0:\"\";i:2;s:0:\"\";i:3;s:0:\"\";i:4;s:0:\"\";i:5;s:0:\"\";i:6;s:0:\"\";}', '+49(0)26134837', '', '', '', 1, '2018-07-19 17:05:17', '2018-07-19 17:07:35'),
(264, 1, 0, 'VIN & VIE', 'DR.-Otto-Siedlung 50', '', 'BENDORF', '56170', '50.41317850', '7.58174220', 'a:7:{i:0;s:0:\"\";i:1;s:0:\"\";i:2;s:0:\"\";i:3;s:0:\"\";i:4;s:0:\"\";i:5;s:0:\"\";i:6;s:0:\"\";}', '+49(0)262298977', '', '', '', 1, '2018-07-19 17:07:16', '2018-07-19 17:07:16'),
(265, 1, 0, 'LA FOURCHETTE TRICOLORE', 'Hanauer Landstr.48', '', 'FRANKFURT AM MAIN', '60314', '50.11270750', '8.70117340', 'a:7:{i:0;s:0:\"\";i:1;s:0:\"\";i:2;s:0:\"\";i:3;s:0:\"\";i:4;s:0:\"\";i:5;s:0:\"\";i:6;s:0:\"\";}', '+49(0)6920287339', '', '', '', 1, '2018-07-19 17:10:10', '2018-07-19 17:10:10'),
(266, 1, 0, 'STEINNOEKEL', 'Kaiserstr. 108', '', 'FRIEDBERG', '61169', '50.33553260', '8.75351490', 'a:7:{i:0;s:0:\"\";i:1;s:0:\"\";i:2;s:0:\"\";i:3;s:0:\"\";i:4;s:0:\"\";i:5;s:0:\"\";i:6;s:0:\"\";}', '+49(0)60312031', '', '', '', 1, '2018-07-19 17:11:38', '2018-07-19 17:11:38'),
(267, 1, 0, 'WILHELM DINKEL GmbH & Co.KG', 'Collegiumsgasse 10', '', 'TÜBINGEN', '72070', '48.52072720', '9.05517970', 'a:7:{i:0;s:0:\"\";i:1;s:0:\"\";i:2;s:0:\"\";i:3;s:0:\"\";i:4;s:0:\"\";i:5;s:0:\"\";i:6;s:0:\"\";}', '+49(0)707122172', '', '', '', 1, '2018-07-19 17:17:02', '2018-07-19 17:17:02'),
(268, 1, 0, 'MANUFACTUM Warenhaus', 'Hardenbergstrasse 4-5', '', 'BERLIN', '10623', '52.51085800', '13.32283190', 'a:7:{i:0;s:0:\"\";i:1;s:0:\"\";i:2;s:0:\"\";i:3;s:0:\"\";i:4;s:0:\"\";i:5;s:0:\"\";i:6;s:0:\"\";}', '+49(0)3024033844', '', '', '', 1, '2018-07-19 17:19:45', '2018-07-19 17:19:45'),
(269, 1, 0, 'MANUFACTUM Warenhaus', 'Domshof 8-12', '', 'BREMEN', '28195', '53.07602360', '8.80996510', 'a:7:{i:0;s:0:\"\";i:1;s:0:\"\";i:2;s:0:\"\";i:3;s:0:\"\";i:4;s:0:\"\";i:5;s:0:\"\";i:6;s:0:\"\";}', '042189776540', '', '', '', 1, '2018-07-19 17:21:21', '2018-07-19 17:21:21'),
(270, 1, 0, 'MANUFACTUM Warenhaus', 'Steinstrasse 4', '', 'DÜSSELDORF', '40212', '51.22319590', '6.78032040', 'a:7:{i:0;s:0:\"\";i:1;s:0:\"\";i:2;s:0:\"\";i:3;s:0:\"\";i:4;s:0:\"\";i:5;s:0:\"\";i:6;s:0:\"\";}', '+49(0)2116020888', '', '', '', 1, '2018-07-19 17:22:35', '2018-07-19 17:22:35'),
(271, 1, 0, 'MANUFACTUM Warenhaus', 'Bockenheimer Anlage 49-50', '', 'FRANKFURT AM MAIN', '60322', '50.11602050', '8.67054890', 'a:7:{i:0;s:0:\"\";i:1;s:0:\"\";i:2;s:0:\"\";i:3;s:0:\"\";i:4;s:0:\"\";i:5;s:0:\"\";i:6;s:0:\"\";}', '069976931399', '', '', '', 1, '2018-07-19 17:23:56', '2018-07-19 17:23:56'),
(272, 1, 0, 'MANUFACTUM Warenhaus', 'Fischertwiete 2', '', 'HAMBURG', '20095', '53.54851200', '10.00145300', 'a:7:{i:0;s:0:\"\";i:1;s:0:\"\";i:2;s:0:\"\";i:3;s:0:\"\";i:4;s:0:\"\";i:5;s:0:\"\";i:6;s:0:\"\";}', '04030087743', '', '', '', 1, '2018-07-19 17:25:55', '2018-07-19 17:25:55'),
(273, 1, 0, 'MANUFACTUM Warenhaus', 'Brückenstrasse 23', '', 'KÖLN', '50667', '50.93812420', '6.95422960', 'a:7:{i:0;s:0:\"\";i:1;s:0:\"\";i:2;s:0:\"\";i:3;s:0:\"\";i:4;s:0:\"\";i:5;s:0:\"\";i:6;s:0:\"\";}', '022129942323', '', '', '', 1, '2018-07-19 17:27:08', '2018-07-19 17:27:08'),
(274, 1, 0, 'MANUFACTUM Warenhaus', 'Dienerstrasse 12', '', 'MÜNCHEN', '80331', '48.13859400', '11.57731000', 'a:7:{i:0;s:0:\"\";i:1;s:0:\"\";i:2;s:0:\"\";i:3;s:0:\"\";i:4;s:0:\"\";i:5;s:0:\"\";i:6;s:0:\"\";}', '08923545900', '', '', '', 1, '2018-07-19 17:28:07', '2018-07-19 17:28:07'),
(275, 1, 0, 'MANUFACTUM Warenhaus', 'Lautenschlagerstrasse 16', '', 'STUTTGART', '70173', '48.78219160', '9.17886370', 'a:7:{i:0;s:0:\"\";i:1;s:0:\"\";i:2;s:0:\"\";i:3;s:0:\"\";i:4;s:0:\"\";i:5;s:0:\"\";i:6;s:0:\"\";}', '07112202791', '', '', '', 1, '2018-07-19 17:29:19', '2018-07-19 17:29:19'),
(276, 1, 0, 'MANUFACTUM Warenhaus', 'Hiberniastrasse 4', '', 'WALTROP', '45731', '51.61861800', '7.41960230', 'a:7:{i:0;s:0:\"\";i:1;s:0:\"\";i:2;s:0:\"\";i:3;s:0:\"\";i:4;s:0:\"\";i:5;s:0:\"\";i:6;s:0:\"\";}', '02309939142', '', '', '', 1, '2018-07-19 17:30:30', '2018-09-20 15:20:10'),
(277, 8, 0, 'AMBIANCE & STYLES', 'Forum Sud', 'Avenue de La Rochelle', 'BESSINES', '79000', '46.30368530', '-0.48729040', 'a:7:{i:0;s:0:\"\";i:1;s:0:\"\";i:2;s:0:\"\";i:3;s:0:\"\";i:4;s:0:\"\";i:5;s:0:\"\";i:6;s:0:\"\";}', '05 49 25 59 12', '', '', '', 1, '2018-10-04 13:47:48', '2018-10-04 13:47:48'),
(278, 8, 0, 'ART & MENAGER', '6, rue du Minage', '', 'La Rochelle', '17000', '46.16269600', '-1.14981170', 'a:7:{i:0;s:0:\"\";i:1;s:0:\"\";i:2;s:0:\"\";i:3;s:0:\"\";i:4;s:0:\"\";i:5;s:0:\"\";i:6;s:0:\"\";}', '05 46 41 11 41', '', '', '', 1, '2018-10-04 13:49:10', '2018-10-04 13:49:10'),
(279, 8, 0, 'LA PÊCHE SOLEIL', '59, rue de la Liberté (rue piétonne)', '', 'EMBRUN', '05200', '44.56361550', '6.49404090', 'a:7:{i:0;s:0:\"\";i:1;s:0:\"\";i:2;s:0:\"\";i:3;s:0:\"\";i:4;s:0:\"\";i:5;s:0:\"\";i:6;s:0:\"\";}', '0492436604', '', 'pechesoleil@orange.fr', '', 1, '2019-01-23 09:12:26', '2019-01-23 09:12:26'),
(280, 8, 0, 'CUISINEZPRO', '4 Avenue de la Voie Domitienne', 'Centre commercial Auchan', 'BEZIERS', '34500', '43.34640000', '3.24229000', 'a:7:{i:0;s:0:\"\";i:1;s:0:\"\";i:2;s:0:\"\";i:3;s:0:\"\";i:4;s:0:\"\";i:5;s:0:\"\";i:6;s:0:\"\";}', '04 6 7210 210', '', '', '', 1, '2019-02-15 16:31:42', '2019-02-15 16:31:42'),
(281, 8, 0, 'SAS SCD - Serrures Clés Dépannage', '15 cours Sœur Amélie', '', 'SARTENE', '20100', '41.61880000', '8.97314000', 'a:7:{i:0;s:0:\"\";i:1;s:0:\"\";i:2;s:0:\"\";i:3;s:0:\"\";i:4;s:0:\"\";i:5;s:0:\"\";i:6;s:0:\"\";}', '', '', '', '', 1, '2019-02-25 17:52:43', '2019-02-25 17:54:22'),
(282, 8, 0, 'SARL FORMES', '22, rue César Campinchi', '', 'BASTIA', '20200', '42.70030000', '9.44938000', 'a:7:{i:0;s:0:\"\";i:1;s:0:\"\";i:2;s:0:\"\";i:3;s:0:\"\";i:4;s:0:\"\";i:5;s:0:\"\";i:6;s:0:\"\";}', '', '', '', '', 1, '2019-02-25 17:53:45', '2019-02-25 17:54:58');

-- --------------------------------------------------------

--
-- Structure de la table `gcahdy_store_shop`
--

CREATE TABLE `gcahdy_store_shop` (
  `id_store` int(11) UNSIGNED NOT NULL,
  `id_shop` int(11) UNSIGNED NOT NULL
) ENGINE=InnoDB DEFAULT CHARSET=utf8;

--
-- Déchargement des données de la table `gcahdy_store_shop`
--

INSERT INTO `gcahdy_store_shop` (`id_store`, `id_shop`) VALUES
(6, 1),
(7, 1),
(8, 1),
(9, 1),
(10, 1),
(11, 1),
(12, 1),
(14, 1),
(15, 1),
(16, 1),
(17, 1),
(18, 1),
(19, 1),
(20, 1),
(21, 1),
(22, 1),
(23, 1),
(24, 1),
(25, 1),
(26, 1),
(27, 1),
(28, 1),
(29, 1),
(30, 1),
(31, 1),
(32, 1),
(33, 1),
(34, 1),
(35, 1),
(36, 1),
(37, 1),
(38, 1),
(39, 1),
(40, 1),
(41, 1),
(42, 1),
(45, 1),
(46, 1),
(47, 1),
(48, 1),
(49, 1),
(50, 1),
(51, 1),
(53, 1),
(54, 1),
(56, 1),
(57, 1),
(58, 1),
(59, 1),
(60, 1),
(61, 1),
(62, 1),
(63, 1),
(64, 1),
(66, 1),
(68, 1),
(69, 1),
(70, 1),
(71, 1),
(72, 1),
(74, 1),
(75, 1),
(76, 1),
(77, 1),
(80, 1),
(81, 1),
(82, 1),
(83, 1),
(84, 1),
(85, 1),
(86, 1),
(87, 1),
(88, 1),
(89, 1),
(90, 1),
(91, 1),
(93, 1),
(95, 1),
(96, 1),
(97, 1),
(98, 1),
(99, 1),
(100, 1),
(101, 1),
(102, 1),
(103, 1),
(105, 1),
(106, 1),
(107, 1),
(108, 1),
(109, 1),
(110, 1),
(111, 1),
(112, 1),
(113, 1),
(114, 1),
(116, 1),
(117, 1),
(118, 1),
(119, 1),
(120, 1),
(121, 1),
(122, 1),
(123, 1),
(124, 1),
(125, 1),
(126, 1),
(127, 1),
(128, 1),
(129, 1),
(130, 1),
(131, 1),
(132, 1),
(133, 1),
(134, 1),
(135, 1),
(136, 1),
(137, 1),
(138, 1),
(139, 1),
(140, 1),
(141, 1),
(142, 1),
(143, 1),
(144, 1),
(145, 1),
(146, 1),
(147, 1),
(148, 1),
(149, 1),
(151, 1),
(152, 1),
(153, 1),
(154, 1),
(155, 1),
(156, 1),
(157, 1),
(158, 1),
(159, 1),
(160, 1),
(161, 1),
(162, 1),
(163, 1),
(164, 1),
(165, 1),
(166, 1),
(167, 1),
(168, 1),
(169, 1),
(170, 1),
(172, 1),
(173, 1),
(174, 1),
(175, 1),
(176, 1),
(177, 1),
(178, 1),
(179, 1),
(180, 1),
(181, 1),
(182, 1),
(183, 1),
(184, 1),
(185, 1),
(186, 1),
(187, 1),
(188, 1),
(189, 1),
(190, 1),
(191, 1),
(192, 1),
(193, 1),
(194, 1),
(195, 1),
(196, 1),
(197, 1),
(198, 1),
(199, 1),
(200, 1),
(201, 1),
(202, 1),
(203, 1),
(204, 1),
(205, 1),
(206, 1),
(207, 1),
(208, 1),
(209, 1),
(210, 1),
(211, 1),
(212, 1),
(213, 1),
(214, 1),
(215, 1),
(216, 1),
(217, 1),
(218, 1),
(219, 1),
(220, 1),
(221, 1),
(222, 1),
(223, 1),
(224, 1),
(225, 1),
(226, 1),
(227, 1),
(228, 1),
(229, 1),
(230, 1),
(231, 1),
(232, 1),
(233, 1),
(234, 1),
(235, 1),
(236, 1),
(237, 1),
(239, 1),
(240, 1),
(242, 1),
(243, 1),
(244, 1),
(245, 1),
(246, 1),
(247, 1),
(248, 1),
(249, 1),
(250, 1),
(251, 1),
(252, 1),
(253, 1),
(254, 1),
(255, 1),
(256, 1),
(257, 1),
(258, 1),
(259, 1),
(260, 1),
(261, 1),
(262, 1),
(263, 1),
(264, 1),
(265, 1),
(266, 1),
(267, 1),
(268, 1),
(269, 1),
(270, 1),
(271, 1),
(272, 1),
(273, 1),
(274, 1),
(275, 1),
(276, 1),
(277, 1),
(278, 1),
(279, 1),
(280, 1),
(281, 1),
(282, 1);

-- --------------------------------------------------------

--
-- Structure de la table `gcahdy_supplier`
--

CREATE TABLE `gcahdy_supplier` (
  `id_supplier` int(10) UNSIGNED NOT NULL,
  `name` varchar(64) NOT NULL,
  `date_add` datetime NOT NULL,
  `date_upd` datetime NOT NULL,
  `active` tinyint(1) NOT NULL DEFAULT '0'
) ENGINE=InnoDB DEFAULT CHARSET=utf8;

-- --------------------------------------------------------

--
-- Structure de la table `gcahdy_supplier_lang`
--

CREATE TABLE `gcahdy_supplier_lang` (
  `id_supplier` int(10) UNSIGNED NOT NULL,
  `id_lang` int(10) UNSIGNED NOT NULL,
  `description` text,
  `meta_title` varchar(128) DEFAULT NULL,
  `meta_keywords` varchar(255) DEFAULT NULL,
  `meta_description` varchar(255) DEFAULT NULL
) ENGINE=InnoDB DEFAULT CHARSET=utf8;

-- --------------------------------------------------------

--
-- Structure de la table `gcahdy_supplier_shop`
--

CREATE TABLE `gcahdy_supplier_shop` (
  `id_supplier` int(11) UNSIGNED NOT NULL,
  `id_shop` int(11) UNSIGNED NOT NULL
) ENGINE=InnoDB DEFAULT CHARSET=utf8;

-- --------------------------------------------------------

--
-- Structure de la table `gcahdy_supply_order`
--

CREATE TABLE `gcahdy_supply_order` (
  `id_supply_order` int(11) UNSIGNED NOT NULL,
  `id_supplier` int(11) UNSIGNED NOT NULL,
  `supplier_name` varchar(64) NOT NULL,
  `id_lang` int(11) UNSIGNED NOT NULL,
  `id_warehouse` int(11) UNSIGNED NOT NULL,
  `id_supply_order_state` int(11) UNSIGNED NOT NULL,
  `id_currency` int(11) UNSIGNED NOT NULL,
  `id_ref_currency` int(11) UNSIGNED NOT NULL,
  `reference` varchar(64) NOT NULL,
  `date_add` datetime NOT NULL,
  `date_upd` datetime NOT NULL,
  `date_delivery_expected` datetime DEFAULT NULL,
  `total_te` decimal(20,6) DEFAULT '0.000000',
  `total_with_discount_te` decimal(20,6) DEFAULT '0.000000',
  `total_tax` decimal(20,6) DEFAULT '0.000000',
  `total_ti` decimal(20,6) DEFAULT '0.000000',
  `discount_rate` decimal(20,6) DEFAULT '0.000000',
  `discount_value_te` decimal(20,6) DEFAULT '0.000000',
  `is_template` tinyint(1) DEFAULT '0'
) ENGINE=InnoDB DEFAULT CHARSET=utf8;

-- --------------------------------------------------------

--
-- Structure de la table `gcahdy_supply_order_detail`
--

CREATE TABLE `gcahdy_supply_order_detail` (
  `id_supply_order_detail` int(11) UNSIGNED NOT NULL,
  `id_supply_order` int(11) UNSIGNED NOT NULL,
  `id_currency` int(11) UNSIGNED NOT NULL,
  `id_product` int(11) UNSIGNED NOT NULL,
  `id_product_attribute` int(11) UNSIGNED NOT NULL,
  `reference` varchar(32) NOT NULL,
  `supplier_reference` varchar(32) NOT NULL,
  `name` varchar(128) NOT NULL,
  `ean13` varchar(13) DEFAULT NULL,
  `upc` varchar(12) DEFAULT NULL,
  `exchange_rate` decimal(20,6) DEFAULT '0.000000',
  `unit_price_te` decimal(20,6) DEFAULT '0.000000',
  `quantity_expected` int(11) UNSIGNED NOT NULL,
  `quantity_received` int(11) UNSIGNED NOT NULL,
  `price_te` decimal(20,6) DEFAULT '0.000000',
  `discount_rate` decimal(20,6) DEFAULT '0.000000',
  `discount_value_te` decimal(20,6) DEFAULT '0.000000',
  `price_with_discount_te` decimal(20,6) DEFAULT '0.000000',
  `tax_rate` decimal(20,6) DEFAULT '0.000000',
  `tax_value` decimal(20,6) DEFAULT '0.000000',
  `price_ti` decimal(20,6) DEFAULT '0.000000',
  `tax_value_with_order_discount` decimal(20,6) DEFAULT '0.000000',
  `price_with_order_discount_te` decimal(20,6) DEFAULT '0.000000'
) ENGINE=InnoDB DEFAULT CHARSET=utf8;

-- --------------------------------------------------------

--
-- Structure de la table `gcahdy_supply_order_history`
--

CREATE TABLE `gcahdy_supply_order_history` (
  `id_supply_order_history` int(11) UNSIGNED NOT NULL,
  `id_supply_order` int(11) UNSIGNED NOT NULL,
  `id_employee` int(11) UNSIGNED NOT NULL,
  `employee_lastname` varchar(32) DEFAULT '',
  `employee_firstname` varchar(32) DEFAULT '',
  `id_state` int(11) UNSIGNED NOT NULL,
  `date_add` datetime NOT NULL
) ENGINE=InnoDB DEFAULT CHARSET=utf8;

-- --------------------------------------------------------

--
-- Structure de la table `gcahdy_supply_order_receipt_history`
--

CREATE TABLE `gcahdy_supply_order_receipt_history` (
  `id_supply_order_receipt_history` int(11) UNSIGNED NOT NULL,
  `id_supply_order_detail` int(11) UNSIGNED NOT NULL,
  `id_employee` int(11) UNSIGNED NOT NULL,
  `employee_lastname` varchar(32) DEFAULT '',
  `employee_firstname` varchar(32) DEFAULT '',
  `id_supply_order_state` int(11) UNSIGNED NOT NULL,
  `quantity` int(11) UNSIGNED NOT NULL,
  `date_add` datetime NOT NULL
) ENGINE=InnoDB DEFAULT CHARSET=utf8;

-- --------------------------------------------------------

--
-- Structure de la table `gcahdy_supply_order_state`
--

CREATE TABLE `gcahdy_supply_order_state` (
  `id_supply_order_state` int(11) UNSIGNED NOT NULL,
  `delivery_note` tinyint(1) NOT NULL DEFAULT '0',
  `editable` tinyint(1) NOT NULL DEFAULT '0',
  `receipt_state` tinyint(1) NOT NULL DEFAULT '0',
  `pending_receipt` tinyint(1) NOT NULL DEFAULT '0',
  `enclosed` tinyint(1) NOT NULL DEFAULT '0',
  `color` varchar(32) DEFAULT NULL
) ENGINE=InnoDB DEFAULT CHARSET=utf8;

--
-- Déchargement des données de la table `gcahdy_supply_order_state`
--

INSERT INTO `gcahdy_supply_order_state` (`id_supply_order_state`, `delivery_note`, `editable`, `receipt_state`, `pending_receipt`, `enclosed`, `color`) VALUES
(1, 0, 1, 0, 0, 0, '#faab00'),
(2, 1, 0, 0, 0, 0, '#273cff'),
(3, 0, 0, 0, 1, 0, '#ff37f5'),
(4, 0, 0, 1, 1, 0, '#ff3e33'),
(5, 0, 0, 1, 0, 1, '#00d60c'),
(6, 0, 0, 0, 0, 1, '#666666');

-- --------------------------------------------------------

--
-- Structure de la table `gcahdy_supply_order_state_lang`
--

CREATE TABLE `gcahdy_supply_order_state_lang` (
  `id_supply_order_state` int(11) UNSIGNED NOT NULL,
  `id_lang` int(11) UNSIGNED NOT NULL,
  `name` varchar(128) DEFAULT NULL
) ENGINE=InnoDB DEFAULT CHARSET=utf8;

--
-- Déchargement des données de la table `gcahdy_supply_order_state_lang`
--

INSERT INTO `gcahdy_supply_order_state_lang` (`id_supply_order_state`, `id_lang`, `name`) VALUES
(1, 1, '1 - En cours de création'),
(1, 2, '1 - En cours de création'),
(2, 1, '2 - Commande validée'),
(2, 2, '2 - Commande validée'),
(3, 1, '3 - En attente de réception'),
(3, 2, '3 - En attente de réception'),
(4, 1, '4 - Commande reçue partiellement'),
(4, 2, '4 - Commande reçue partiellement'),
(5, 1, '5 - Commande reçue intégralement'),
(5, 2, '5 - Commande reçue intégralement'),
(6, 1, '6 - Commande annulée'),
(6, 2, '6 - Commande annulée');

-- --------------------------------------------------------

--
-- Structure de la table `gcahdy_tab`
--

CREATE TABLE `gcahdy_tab` (
  `id_tab` int(10) UNSIGNED NOT NULL,
  `id_parent` int(11) NOT NULL,
  `class_name` varchar(64) NOT NULL,
  `module` varchar(64) DEFAULT NULL,
  `position` int(10) UNSIGNED NOT NULL,
  `active` tinyint(1) NOT NULL DEFAULT '1',
  `hide_host_mode` tinyint(1) NOT NULL DEFAULT '0'
) ENGINE=InnoDB DEFAULT CHARSET=utf8;

--
-- Déchargement des données de la table `gcahdy_tab`
--

INSERT INTO `gcahdy_tab` (`id_tab`, `id_parent`, `class_name`, `module`, `position`, `active`, `hide_host_mode`) VALUES
(1, 0, 'AdminDashboard', '', 1, 1, 0),
(2, -1, 'AdminCms', '', 1, 1, 0),
(3, -1, 'AdminCmsCategories', '', 2, 1, 0),
(4, -1, 'AdminAttributeGenerator', '', 3, 1, 0),
(5, -1, 'AdminSearch', '', 4, 1, 0),
(6, -1, 'AdminLogin', '', 5, 1, 0),
(7, -1, 'AdminShop', '', 6, 1, 0),
(8, -1, 'AdminShopUrl', '', 7, 1, 0),
(9, 0, 'AdminCatalog', '', 2, 1, 0),
(10, 0, 'AdminParentOrders', '', 3, 1, 0),
(11, 0, 'AdminParentCustomer', '', 4, 1, 0),
(12, 0, 'AdminPriceRule', '', 5, 1, 0),
(13, 0, 'AdminParentModules', '', 6, 1, 0),
(14, 0, 'AdminParentShipping', '', 7, 1, 0),
(15, 0, 'AdminParentLocalization', '', 8, 1, 0),
(16, 0, 'AdminParentPreferences', '', 9, 1, 0),
(17, 0, 'AdminTools', '', 10, 1, 0),
(18, 0, 'AdminAdmin', '', 11, 1, 0),
(19, 0, 'AdminParentStats', '', 12, 1, 0),
(20, 0, 'AdminStock', '', 13, 1, 0),
(21, 9, 'AdminProducts', '', 1, 1, 0),
(22, 9, 'AdminCategories', '', 2, 1, 0),
(23, 9, 'AdminTracking', '', 3, 1, 0),
(24, 9, 'AdminAttributesGroups', '', 4, 1, 0),
(25, 9, 'AdminFeatures', '', 5, 1, 0),
(26, 9, 'AdminManufacturers', '', 6, 1, 0),
(27, 9, 'AdminSuppliers', '', 7, 1, 0),
(28, 9, 'AdminTags', '', 8, 1, 0),
(29, 9, 'AdminAttachments', '', 9, 1, 0),
(30, 10, 'AdminOrders', '', 1, 1, 0),
(31, 10, 'AdminInvoices', '', 2, 1, 0),
(32, 10, 'AdminReturn', '', 3, 1, 0),
(33, 10, 'AdminDeliverySlip', '', 4, 1, 0),
(34, 10, 'AdminSlip', '', 5, 1, 0),
(35, 10, 'AdminStatuses', '', 6, 1, 0),
(36, 10, 'AdminOrderMessage', '', 7, 1, 0),
(37, 11, 'AdminCustomers', '', 1, 1, 0),
(38, 11, 'AdminAddresses', '', 2, 1, 0),
(39, 11, 'AdminGroups', '', 3, 1, 0),
(40, 11, 'AdminCarts', '', 4, 1, 0),
(41, 11, 'AdminCustomerThreads', '', 5, 1, 0),
(42, 11, 'AdminContacts', '', 6, 1, 0),
(43, 11, 'AdminGenders', '', 7, 1, 0),
(44, 11, 'AdminOutstanding', '', 8, 0, 0),
(45, 12, 'AdminCartRules', '', 1, 1, 0),
(46, 12, 'AdminSpecificPriceRule', '', 2, 1, 0),
(47, 12, 'AdminMarketing', '', 3, 1, 0),
(48, 14, 'AdminCarriers', '', 1, 1, 0),
(49, 14, 'AdminShipping', '', 2, 1, 0),
(50, 14, 'AdminCarrierWizard', '', 3, 1, 0),
(51, 15, 'AdminLocalization', '', 1, 1, 0),
(52, 15, 'AdminLanguages', '', 2, 1, 0),
(53, 15, 'AdminZones', '', 3, 1, 0),
(54, 15, 'AdminCountries', '', 4, 1, 0),
(55, 15, 'AdminStates', '', 5, 1, 0),
(56, 15, 'AdminCurrencies', '', 6, 1, 0),
(57, 15, 'AdminTaxes', '', 7, 1, 0),
(58, 15, 'AdminTaxRulesGroup', '', 8, 1, 0),
(59, 15, 'AdminTranslations', '', 9, 1, 0),
(60, 13, 'AdminModules', '', 1, 1, 0),
(61, 13, 'AdminAddonsCatalog', '', 2, 1, 0),
(62, 13, 'AdminModulesPositions', '', 3, 1, 0),
(63, 13, 'AdminPayment', '', 4, 1, 0),
(64, 16, 'AdminPreferences', '', 1, 1, 0),
(65, 16, 'AdminOrderPreferences', '', 2, 1, 0),
(66, 16, 'AdminPPreferences', '', 3, 1, 0),
(67, 16, 'AdminCustomerPreferences', '', 4, 1, 0),
(68, 16, 'AdminThemes', '', 5, 1, 0),
(69, 16, 'AdminMeta', '', 6, 1, 0),
(70, 16, 'AdminCmsContent', '', 7, 1, 0),
(71, 16, 'AdminImages', '', 8, 1, 0),
(72, 16, 'AdminStores', '', 9, 1, 0),
(73, 16, 'AdminSearchConf', '', 10, 1, 0),
(74, 16, 'AdminMaintenance', '', 11, 1, 0),
(75, 16, 'AdminGeolocation', '', 12, 1, 0),
(76, 17, 'AdminInformation', '', 1, 1, 0),
(77, 17, 'AdminPerformance', '', 2, 1, 0),
(78, 17, 'AdminEmails', '', 3, 1, 0),
(79, 17, 'AdminShopGroup', '', 4, 0, 0),
(80, 17, 'AdminImport', '', 5, 1, 0),
(81, 17, 'AdminBackup', '', 6, 1, 0),
(82, 17, 'AdminRequestSql', '', 7, 1, 0),
(83, 17, 'AdminLogs', '', 8, 1, 0),
(84, 17, 'AdminWebservice', '', 9, 1, 0),
(85, 18, 'AdminAdminPreferences', '', 1, 1, 0),
(86, 18, 'AdminQuickAccesses', '', 2, 1, 0),
(87, 18, 'AdminEmployees', '', 3, 1, 0),
(88, 18, 'AdminProfiles', '', 4, 1, 0),
(89, 18, 'AdminAccess', '', 5, 1, 0),
(90, 18, 'AdminTabs', '', 6, 1, 0),
(91, 19, 'AdminStats', '', 1, 1, 0),
(92, 19, 'AdminSearchEngines', '', 2, 1, 0),
(93, 19, 'AdminReferrers', '', 3, 1, 0),
(94, 20, 'AdminWarehouses', '', 1, 1, 0),
(95, 20, 'AdminStockManagement', '', 2, 1, 0),
(96, 20, 'AdminStockMvt', '', 3, 1, 0),
(97, 20, 'AdminStockInstantState', '', 4, 1, 0),
(98, 20, 'AdminStockCover', '', 5, 1, 0),
(99, 20, 'AdminSupplyOrders', '', 6, 1, 0),
(100, 20, 'AdminStockConfiguration', '', 7, 1, 0),
(102, -1, 'AdminDashgoals', 'dashgoals', 8, 1, 0),
(103, -1, 'AdminThemeConfigurator', 'themeconfigurator', 9, 1, 0),
(104, 18, 'AdminGamification', 'gamification', 7, 1, 0),
(105, -1, 'AdminCronJobs', 'cronjobs', 10, 1, 0),
(106, 0, 'AdminApPageBuilder', 'appagebuilder', 14, 1, 0),
(107, 106, 'AdminApPageBuilderProfiles', 'appagebuilder', 1, 1, 0),
(108, 106, 'AdminApPageBuilderPositions', 'appagebuilder', 2, 1, 0),
(109, -1, 'AdminApPageBuilderHome', 'appagebuilder', 11, 1, 0),
(110, 106, 'AdminApPageBuilderProducts', 'appagebuilder', 3, 1, 0),
(111, 106, 'AdminApPageBuilderModule', 'appagebuilder', 4, 1, 0),
(112, -1, 'AdminApPageBuilderImages', 'appagebuilder', 12, 1, 0),
(113, -1, 'AdminApPageBuilderShortcodes', 'appagebuilder', 13, 1, 0),
(114, 0, 'AdminLeoblogManagement', 'leoblog', 15, 1, 0),
(115, 114, 'AdminLeoblogDashboard', 'leoblog', 1, 1, 0),
(116, 114, 'AdminLeoblogCategories', 'leoblog', 2, 1, 0),
(117, 114, 'AdminLeoblogBlogs', 'leoblog', 3, 1, 0),
(118, 114, 'AdminLeoblogComments', 'leoblog', 4, 1, 0),
(119, -1, 'AdminLeoSlideshow', 'leoslideshow', 14, 1, 0),
(120, 13, 'AdminLeotempcpModule', 'leotempcp', 5, 1, 0),
(121, 13, 'AdminLeotempcpPanel', 'leotempcp', 6, 1, 0),
(122, 13, 'AdminLeotempcpTheme', 'leotempcp', 7, 1, 0),
(123, 13, 'AdminLeotempcpWidgets', 'leotempcp', 8, 1, 0),
(124, -1, 'AdminLeotempcpImages', 'leotempcp', 15, 1, 0),
(126, 17, 'AdminSelfUpgrade', 'autoupgrade', 10, 1, 0),
(127, -1, 'AdminBlockCategories', 'blockcategories', 16, 1, 0),
(128, -1, 'AdminMailChimp', 'mailchimp', 17, 1, 0),
(129, -1, 'AdminCartAbandonment', 'cartabandonmentpro', 18, 1, 0);

-- --------------------------------------------------------

--
-- Structure de la table `gcahdy_tab_advice`
--

CREATE TABLE `gcahdy_tab_advice` (
  `id_tab` int(11) NOT NULL,
  `id_advice` int(11) NOT NULL
) ENGINE=InnoDB DEFAULT CHARSET=utf8;

--
-- Déchargement des données de la table `gcahdy_tab_advice`
--

INSERT INTO `gcahdy_tab_advice` (`id_tab`, `id_advice`) VALUES
(0, 16),
(0, 86),
(0, 156),
(0, 225),
(0, 294),
(0, 363),
(0, 434),
(0, 505),
(0, 576),
(0, 647),
(0, 718),
(0, 789),
(0, 860),
(0, 931),
(0, 1002),
(0, 1067),
(0, 1144),
(0, 1215),
(1, 4),
(1, 5),
(1, 12),
(1, 18),
(1, 19),
(1, 20),
(1, 21),
(1, 23),
(1, 25),
(1, 26),
(1, 28),
(1, 29),
(1, 30),
(1, 31),
(1, 32),
(1, 33),
(1, 34),
(1, 35),
(1, 36),
(1, 37),
(1, 38),
(1, 39),
(1, 40),
(1, 41),
(1, 42),
(1, 43),
(1, 44),
(1, 45),
(1, 46),
(1, 47),
(1, 48),
(1, 49),
(1, 50),
(1, 51),
(1, 52),
(1, 53),
(1, 54),
(1, 55),
(1, 56),
(1, 57),
(1, 58),
(1, 59),
(1, 60),
(1, 61),
(1, 62),
(1, 63),
(1, 64),
(1, 65),
(1, 66),
(1, 67),
(1, 68),
(1, 69),
(1, 70),
(1, 74),
(1, 75),
(1, 82),
(1, 88),
(1, 89),
(1, 90),
(1, 91),
(1, 93),
(1, 95),
(1, 96),
(1, 98),
(1, 99),
(1, 100),
(1, 101),
(1, 102),
(1, 103),
(1, 104),
(1, 105),
(1, 106),
(1, 107),
(1, 108),
(1, 109),
(1, 110),
(1, 111),
(1, 112),
(1, 113),
(1, 114),
(1, 115),
(1, 116),
(1, 117),
(1, 118),
(1, 119),
(1, 120),
(1, 121),
(1, 122),
(1, 123),
(1, 124),
(1, 125),
(1, 126),
(1, 127),
(1, 128),
(1, 129),
(1, 130),
(1, 131),
(1, 132),
(1, 133),
(1, 134),
(1, 135),
(1, 136),
(1, 137),
(1, 138),
(1, 139),
(1, 140),
(1, 144),
(1, 145),
(1, 152),
(1, 158),
(1, 159),
(1, 160),
(1, 161),
(1, 163),
(1, 165),
(1, 166),
(1, 168),
(1, 169),
(1, 170),
(1, 171),
(1, 172),
(1, 173),
(1, 174),
(1, 175),
(1, 176),
(1, 177),
(1, 178),
(1, 179),
(1, 180),
(1, 181),
(1, 182),
(1, 183),
(1, 184),
(1, 185),
(1, 186),
(1, 187),
(1, 188),
(1, 189),
(1, 190),
(1, 191),
(1, 192),
(1, 193),
(1, 194),
(1, 195),
(1, 196),
(1, 197),
(1, 198),
(1, 199),
(1, 200),
(1, 201),
(1, 202),
(1, 203),
(1, 204),
(1, 205),
(1, 206),
(1, 207),
(1, 208),
(1, 209),
(1, 213),
(1, 214),
(1, 221),
(1, 227),
(1, 228),
(1, 229),
(1, 230),
(1, 232),
(1, 234),
(1, 235),
(1, 237),
(1, 238),
(1, 239),
(1, 240),
(1, 241),
(1, 242),
(1, 243),
(1, 244),
(1, 245),
(1, 246),
(1, 247),
(1, 248),
(1, 249),
(1, 250),
(1, 251),
(1, 252),
(1, 253),
(1, 254),
(1, 255),
(1, 256),
(1, 257),
(1, 258),
(1, 259),
(1, 260),
(1, 261),
(1, 262),
(1, 263),
(1, 264),
(1, 265),
(1, 266),
(1, 267),
(1, 268),
(1, 269),
(1, 270),
(1, 271),
(1, 272),
(1, 273),
(1, 274),
(1, 275),
(1, 276),
(1, 277),
(1, 278),
(1, 282),
(1, 283),
(1, 290),
(1, 296),
(1, 297),
(1, 298),
(1, 299),
(1, 301),
(1, 303),
(1, 304),
(1, 306),
(1, 307),
(1, 308),
(1, 309),
(1, 310),
(1, 311),
(1, 312),
(1, 313),
(1, 314),
(1, 315),
(1, 316),
(1, 317),
(1, 318),
(1, 319),
(1, 320),
(1, 321),
(1, 322),
(1, 323),
(1, 324),
(1, 325),
(1, 326),
(1, 327),
(1, 328),
(1, 329),
(1, 330),
(1, 331),
(1, 332),
(1, 333),
(1, 334),
(1, 335),
(1, 336),
(1, 337),
(1, 338),
(1, 339),
(1, 340),
(1, 341),
(1, 342),
(1, 343),
(1, 344),
(1, 345),
(1, 346),
(1, 347),
(1, 351),
(1, 352),
(1, 359),
(1, 365),
(1, 366),
(1, 367),
(1, 368),
(1, 370),
(1, 372),
(1, 373),
(1, 375),
(1, 376),
(1, 377),
(1, 378),
(1, 379),
(1, 380),
(1, 381),
(1, 382),
(1, 383),
(1, 384),
(1, 385),
(1, 386),
(1, 387),
(1, 388),
(1, 389),
(1, 390),
(1, 391),
(1, 392),
(1, 393),
(1, 394),
(1, 395),
(1, 396),
(1, 397),
(1, 398),
(1, 399),
(1, 400),
(1, 401),
(1, 402),
(1, 403),
(1, 404),
(1, 405),
(1, 406),
(1, 407),
(1, 408),
(1, 409),
(1, 410),
(1, 411),
(1, 412),
(1, 413),
(1, 414),
(1, 415),
(1, 416),
(1, 417),
(1, 418),
(1, 422),
(1, 423),
(1, 430),
(1, 436),
(1, 437),
(1, 438),
(1, 439),
(1, 441),
(1, 443),
(1, 444),
(1, 446),
(1, 447),
(1, 448),
(1, 449),
(1, 450),
(1, 451),
(1, 452),
(1, 453),
(1, 454),
(1, 455),
(1, 456),
(1, 457),
(1, 458),
(1, 459),
(1, 460),
(1, 461),
(1, 462),
(1, 463),
(1, 464),
(1, 465),
(1, 466),
(1, 467),
(1, 468),
(1, 469),
(1, 470),
(1, 471),
(1, 472),
(1, 473),
(1, 474),
(1, 475),
(1, 476),
(1, 477),
(1, 478),
(1, 479),
(1, 480),
(1, 481),
(1, 482),
(1, 483),
(1, 484),
(1, 485),
(1, 486),
(1, 487),
(1, 488),
(1, 489),
(1, 493),
(1, 494),
(1, 501),
(1, 507),
(1, 508),
(1, 509),
(1, 510),
(1, 512),
(1, 514),
(1, 515),
(1, 517),
(1, 518),
(1, 519),
(1, 520),
(1, 521),
(1, 522),
(1, 523),
(1, 524),
(1, 525),
(1, 526),
(1, 527),
(1, 528),
(1, 529),
(1, 530),
(1, 531),
(1, 532),
(1, 533),
(1, 534),
(1, 535),
(1, 536),
(1, 537),
(1, 538),
(1, 539),
(1, 540),
(1, 541),
(1, 542),
(1, 543),
(1, 544),
(1, 545),
(1, 546),
(1, 547),
(1, 548),
(1, 549),
(1, 550),
(1, 551),
(1, 552),
(1, 553),
(1, 554),
(1, 555),
(1, 556),
(1, 557),
(1, 558),
(1, 559),
(1, 560),
(1, 564),
(1, 565),
(1, 572),
(1, 578),
(1, 579),
(1, 580),
(1, 581),
(1, 583),
(1, 585),
(1, 586),
(1, 588),
(1, 589),
(1, 590),
(1, 591),
(1, 592),
(1, 593),
(1, 594),
(1, 595),
(1, 596),
(1, 597),
(1, 598),
(1, 599),
(1, 600),
(1, 601),
(1, 602),
(1, 603),
(1, 604),
(1, 605),
(1, 606),
(1, 607),
(1, 608),
(1, 609),
(1, 610),
(1, 611),
(1, 612),
(1, 613),
(1, 614),
(1, 615),
(1, 616),
(1, 617),
(1, 618),
(1, 619),
(1, 620),
(1, 621),
(1, 622),
(1, 623),
(1, 624),
(1, 625),
(1, 626),
(1, 627),
(1, 628),
(1, 629),
(1, 630),
(1, 631),
(1, 635),
(1, 636),
(1, 643),
(1, 649),
(1, 650),
(1, 651),
(1, 652),
(1, 654),
(1, 656),
(1, 657),
(1, 659),
(1, 660),
(1, 661),
(1, 662),
(1, 663),
(1, 664),
(1, 665),
(1, 666),
(1, 667),
(1, 668),
(1, 669),
(1, 670),
(1, 671),
(1, 672),
(1, 673),
(1, 674),
(1, 675),
(1, 676),
(1, 677),
(1, 678),
(1, 679),
(1, 680),
(1, 681),
(1, 682),
(1, 683),
(1, 684),
(1, 685),
(1, 686),
(1, 687),
(1, 688),
(1, 689),
(1, 690),
(1, 691),
(1, 692),
(1, 693),
(1, 694),
(1, 695),
(1, 696),
(1, 697),
(1, 698),
(1, 699),
(1, 700),
(1, 701),
(1, 702),
(1, 706),
(1, 707),
(1, 714),
(1, 720),
(1, 721),
(1, 722),
(1, 723),
(1, 725),
(1, 727),
(1, 728),
(1, 730),
(1, 731),
(1, 732),
(1, 733),
(1, 734),
(1, 735),
(1, 736),
(1, 737),
(1, 738),
(1, 739),
(1, 740),
(1, 741),
(1, 742),
(1, 743),
(1, 744),
(1, 745),
(1, 746),
(1, 747),
(1, 748),
(1, 749),
(1, 750),
(1, 751),
(1, 752),
(1, 753),
(1, 754),
(1, 755),
(1, 756),
(1, 757),
(1, 758),
(1, 759),
(1, 760),
(1, 761),
(1, 762),
(1, 763),
(1, 764),
(1, 765),
(1, 766),
(1, 767),
(1, 768),
(1, 769),
(1, 770),
(1, 771),
(1, 772),
(1, 773),
(1, 777),
(1, 778),
(1, 785),
(1, 791),
(1, 792),
(1, 793),
(1, 794),
(1, 796),
(1, 798),
(1, 799),
(1, 801),
(1, 802),
(1, 803),
(1, 804),
(1, 805),
(1, 806),
(1, 807),
(1, 808),
(1, 809),
(1, 810),
(1, 811),
(1, 812),
(1, 813),
(1, 814),
(1, 815),
(1, 816),
(1, 817),
(1, 818),
(1, 819),
(1, 820),
(1, 821),
(1, 822),
(1, 823),
(1, 824),
(1, 825),
(1, 826),
(1, 827),
(1, 828),
(1, 829),
(1, 830),
(1, 831),
(1, 832),
(1, 833),
(1, 834),
(1, 835),
(1, 836),
(1, 837),
(1, 838),
(1, 839),
(1, 840),
(1, 841),
(1, 842),
(1, 843),
(1, 844),
(1, 848),
(1, 849),
(1, 856),
(1, 862),
(1, 863),
(1, 864),
(1, 865),
(1, 867),
(1, 869),
(1, 870),
(1, 872),
(1, 873),
(1, 874),
(1, 875),
(1, 876),
(1, 877),
(1, 878),
(1, 879),
(1, 880),
(1, 881),
(1, 882),
(1, 883),
(1, 884),
(1, 885),
(1, 886),
(1, 887),
(1, 888),
(1, 889),
(1, 890),
(1, 891),
(1, 892),
(1, 893),
(1, 894),
(1, 895),
(1, 896),
(1, 897),
(1, 898),
(1, 899),
(1, 900),
(1, 901),
(1, 902),
(1, 903),
(1, 904),
(1, 905),
(1, 906),
(1, 907),
(1, 908),
(1, 909),
(1, 910),
(1, 911),
(1, 912),
(1, 913),
(1, 914),
(1, 915),
(1, 919),
(1, 920),
(1, 927),
(1, 933),
(1, 934),
(1, 935),
(1, 936),
(1, 938),
(1, 940),
(1, 941),
(1, 943),
(1, 944),
(1, 945),
(1, 946),
(1, 947),
(1, 948),
(1, 949),
(1, 950),
(1, 951),
(1, 952),
(1, 953),
(1, 954),
(1, 955),
(1, 956),
(1, 957),
(1, 958),
(1, 959),
(1, 960),
(1, 961),
(1, 962),
(1, 963),
(1, 964),
(1, 965),
(1, 966),
(1, 967),
(1, 968),
(1, 969),
(1, 970),
(1, 971),
(1, 972),
(1, 973),
(1, 974),
(1, 975),
(1, 976),
(1, 977),
(1, 978),
(1, 979),
(1, 980),
(1, 981),
(1, 982),
(1, 983),
(1, 984),
(1, 985),
(1, 986),
(1, 990),
(1, 991),
(1, 998),
(1, 1004),
(1, 1005),
(1, 1006),
(1, 1007),
(1, 1009),
(1, 1011),
(1, 1012),
(1, 1014),
(1, 1015),
(1, 1016),
(1, 1017),
(1, 1018),
(1, 1019),
(1, 1020),
(1, 1021),
(1, 1022),
(1, 1023),
(1, 1024),
(1, 1025),
(1, 1026),
(1, 1027),
(1, 1028),
(1, 1029),
(1, 1030),
(1, 1031),
(1, 1032),
(1, 1033),
(1, 1034),
(1, 1035),
(1, 1036),
(1, 1037),
(1, 1038),
(1, 1039),
(1, 1040),
(1, 1041),
(1, 1042),
(1, 1043),
(1, 1044),
(1, 1045),
(1, 1046),
(1, 1047),
(1, 1048),
(1, 1049),
(1, 1050),
(1, 1051),
(1, 1052),
(1, 1053),
(1, 1054),
(1, 1055),
(1, 1056),
(1, 1057),
(1, 1059),
(1, 1060),
(1, 1064),
(1, 1068),
(1, 1069),
(1, 1070),
(1, 1071),
(1, 1073),
(1, 1075),
(1, 1077),
(1, 1078),
(1, 1079),
(1, 1080),
(1, 1081),
(1, 1082),
(1, 1083),
(1, 1084),
(1, 1085),
(1, 1086),
(1, 1087),
(1, 1088),
(1, 1089),
(1, 1090),
(1, 1091),
(1, 1092),
(1, 1093),
(1, 1094),
(1, 1095),
(1, 1096),
(1, 1097),
(1, 1098),
(1, 1099),
(1, 1100),
(1, 1101),
(1, 1102),
(1, 1103),
(1, 1104),
(1, 1105),
(1, 1106),
(1, 1107),
(1, 1108),
(1, 1109),
(1, 1110),
(1, 1111),
(1, 1112),
(1, 1113),
(1, 1114),
(1, 1115),
(1, 1116),
(1, 1117),
(1, 1118),
(1, 1119),
(1, 1127),
(1, 1128),
(1, 1132),
(1, 1133),
(1, 1140),
(1, 1146),
(1, 1147),
(1, 1148),
(1, 1149),
(1, 1151),
(1, 1153),
(1, 1154),
(1, 1156),
(1, 1157),
(1, 1158),
(1, 1159),
(1, 1160),
(1, 1161),
(1, 1162),
(1, 1163),
(1, 1164),
(1, 1165),
(1, 1166),
(1, 1167),
(1, 1168),
(1, 1169),
(1, 1170),
(1, 1171),
(1, 1172),
(1, 1173),
(1, 1174),
(1, 1175),
(1, 1176),
(1, 1177),
(1, 1178),
(1, 1179),
(1, 1180),
(1, 1181),
(1, 1182),
(1, 1183),
(1, 1184),
(1, 1185),
(1, 1186),
(1, 1187),
(1, 1188),
(1, 1189),
(1, 1190),
(1, 1191),
(1, 1192),
(1, 1193),
(1, 1194),
(1, 1195),
(1, 1196),
(1, 1197),
(1, 1198),
(1, 1199),
(1, 1203),
(1, 1204),
(1, 1211),
(1, 1217),
(1, 1218),
(1, 1219),
(1, 1220),
(1, 1222),
(1, 1224),
(1, 1225),
(1, 1227),
(1, 1228),
(1, 1229),
(1, 1230),
(1, 1231),
(1, 1232),
(1, 1233),
(1, 1234),
(1, 1235),
(1, 1236),
(1, 1237),
(1, 1238),
(1, 1239),
(1, 1240),
(1, 1241),
(1, 1242),
(1, 1243),
(1, 1244),
(1, 1245),
(1, 1246),
(1, 1247),
(1, 1248),
(1, 1249),
(1, 1250),
(1, 1251),
(1, 1252),
(1, 1253),
(1, 1254),
(1, 1255),
(1, 1256),
(1, 1257),
(1, 1258),
(1, 1259),
(1, 1260),
(1, 1261),
(1, 1262),
(1, 1263),
(1, 1264),
(1, 1265),
(1, 1266),
(1, 1267),
(1, 1268),
(1, 1269),
(1, 1270),
(1, 1274),
(1, 1275),
(1, 1282),
(1, 1288),
(1, 1289),
(1, 1290),
(1, 1291),
(1, 1293),
(1, 1295),
(1, 1296),
(1, 1298),
(1, 1299),
(1, 1300),
(1, 1301),
(1, 1302),
(1, 1303),
(1, 1304),
(1, 1305),
(1, 1306),
(1, 1307),
(1, 1308),
(1, 1309),
(1, 1310),
(1, 1311),
(1, 1312),
(1, 1313),
(1, 1314),
(1, 1315),
(1, 1316),
(1, 1317),
(1, 1318),
(1, 1319),
(1, 1320),
(1, 1321),
(1, 1322),
(1, 1323),
(1, 1324),
(1, 1325),
(1, 1326),
(1, 1327),
(1, 1328),
(1, 1329),
(1, 1330),
(1, 1331),
(1, 1332),
(1, 1333),
(1, 1334),
(1, 1335),
(1, 1336),
(1, 1337),
(1, 1338),
(1, 1339),
(1, 1340),
(1, 1341),
(1, 1345),
(1, 1346),
(1, 1353),
(1, 1359),
(1, 1360),
(1, 1361),
(1, 1362),
(1, 1364),
(1, 1366),
(1, 1367),
(1, 1369),
(1, 1370),
(1, 1371),
(1, 1372),
(1, 1373),
(1, 1374),
(1, 1375),
(1, 1376),
(1, 1377),
(1, 1378),
(1, 1379),
(1, 1380),
(1, 1381),
(1, 1382),
(1, 1383),
(1, 1384),
(1, 1385),
(1, 1386),
(1, 1387),
(1, 1388),
(1, 1389),
(1, 1390),
(1, 1391),
(1, 1392),
(1, 1393),
(1, 1394),
(1, 1395),
(1, 1396),
(1, 1397),
(1, 1398),
(1, 1399),
(1, 1400),
(1, 1401),
(1, 1402),
(1, 1403),
(1, 1404),
(1, 1405),
(1, 1406),
(1, 1407),
(1, 1408),
(1, 1409),
(1, 1410),
(1, 1411),
(1, 1412),
(1, 1416),
(1, 1417),
(1, 1424),
(1, 1430),
(1, 1431),
(1, 1432),
(1, 1433),
(1, 1435),
(1, 1437),
(1, 1438),
(1, 1440),
(1, 1441),
(1, 1442),
(1, 1443),
(1, 1444),
(1, 1445),
(1, 1446),
(1, 1447),
(1, 1448),
(1, 1449),
(1, 1450),
(1, 1451),
(1, 1452),
(1, 1453),
(1, 1454),
(1, 1455),
(1, 1456),
(1, 1457),
(1, 1458),
(1, 1459),
(1, 1460),
(1, 1461),
(1, 1462),
(1, 1463),
(1, 1464),
(1, 1465),
(1, 1466),
(1, 1467),
(1, 1468),
(1, 1469),
(1, 1470),
(1, 1471),
(1, 1472),
(1, 1473),
(1, 1474),
(1, 1475),
(1, 1476),
(1, 1477),
(1, 1478),
(1, 1479),
(1, 1480),
(1, 1481),
(1, 1482),
(1, 1483),
(1, 1487),
(1, 1488),
(1, 1495),
(1, 1501),
(1, 1502),
(1, 1503),
(1, 1504),
(1, 1506),
(1, 1508),
(1, 1509),
(1, 1511),
(1, 1512),
(1, 1513),
(1, 1514),
(1, 1515),
(1, 1516),
(1, 1517),
(1, 1518),
(1, 1519),
(1, 1520),
(1, 1521),
(1, 1522),
(1, 1523),
(1, 1524),
(1, 1525),
(1, 1526),
(1, 1527),
(1, 1528),
(1, 1529),
(1, 1530),
(1, 1531),
(1, 1532),
(1, 1533),
(1, 1534),
(1, 1535),
(1, 1536),
(1, 1537),
(1, 1538),
(1, 1539),
(1, 1540),
(1, 1541),
(1, 1542),
(1, 1543),
(1, 1544),
(1, 1545),
(1, 1546),
(1, 1547),
(1, 1548),
(1, 1549),
(1, 1550),
(1, 1551),
(1, 1552),
(1, 1553),
(1, 1554),
(1, 1558),
(1, 1559),
(1, 1566),
(1, 1572),
(1, 1573),
(1, 1574),
(1, 1575),
(1, 1577),
(1, 1579),
(1, 1580),
(1, 1582),
(1, 1583),
(1, 1584),
(1, 1585),
(1, 1586),
(1, 1587),
(1, 1588),
(1, 1589),
(1, 1590),
(1, 1591),
(1, 1592),
(1, 1593),
(1, 1594),
(1, 1595),
(1, 1596),
(1, 1597),
(1, 1598),
(1, 1599),
(1, 1600),
(1, 1601),
(1, 1602),
(1, 1603),
(1, 1604),
(1, 1605),
(1, 1606),
(1, 1607),
(1, 1608),
(1, 1609),
(1, 1610),
(1, 1611),
(1, 1612),
(1, 1613),
(1, 1614),
(1, 1615),
(1, 1616),
(1, 1617),
(1, 1618),
(1, 1619),
(1, 1620),
(1, 1621),
(1, 1622),
(1, 1623),
(1, 1624),
(1, 1625),
(1, 1629),
(1, 1630),
(1, 1637),
(1, 1643),
(1, 1644),
(1, 1645),
(1, 1646),
(1, 1648),
(1, 1650),
(1, 1651),
(1, 1653),
(1, 1654),
(1, 1655),
(1, 1656),
(1, 1657),
(1, 1658),
(1, 1659),
(1, 1660),
(1, 1661),
(1, 1662),
(1, 1663),
(1, 1664),
(1, 1665),
(1, 1666),
(1, 1667),
(1, 1668),
(1, 1669),
(1, 1670),
(1, 1671),
(1, 1672),
(1, 1673),
(1, 1674),
(1, 1675),
(1, 1676),
(1, 1677),
(1, 1678),
(1, 1679),
(1, 1680),
(1, 1681),
(1, 1682),
(1, 1683),
(1, 1684),
(1, 1685),
(1, 1686),
(1, 1687),
(1, 1688),
(1, 1689),
(1, 1690),
(1, 1691),
(1, 1692),
(1, 1693),
(1, 1694),
(1, 1695),
(1, 1696),
(1, 1700),
(1, 1701),
(1, 1708),
(1, 1714),
(1, 1715),
(1, 1716),
(1, 1717),
(1, 1719),
(1, 1721),
(1, 1722),
(1, 1724),
(1, 1725),
(1, 1726),
(1, 1727),
(1, 1728),
(1, 1729),
(1, 1730),
(1, 1731),
(1, 1732),
(1, 1733),
(1, 1734),
(1, 1735),
(1, 1736),
(1, 1737),
(1, 1738),
(1, 1739),
(1, 1740),
(1, 1741),
(1, 1742),
(1, 1743),
(1, 1744),
(1, 1745),
(1, 1746),
(1, 1747),
(1, 1748),
(1, 1749),
(1, 1750),
(1, 1751),
(1, 1752),
(1, 1753),
(1, 1754),
(1, 1755),
(1, 1756),
(1, 1757),
(1, 1758),
(1, 1759),
(1, 1760),
(1, 1761),
(1, 1762),
(1, 1763),
(1, 1764),
(1, 1765),
(1, 1766),
(1, 1767),
(1, 1777),
(1, 1785),
(1, 1787),
(1, 1788),
(1, 1789),
(1, 1790),
(1, 1791),
(1, 1792),
(1, 1793),
(1, 1794),
(1, 1795),
(1, 1796),
(1, 1797),
(1, 1798),
(1, 1799),
(1, 1800),
(1, 1801),
(1, 1802),
(1, 1803),
(1, 1804),
(1, 1805),
(1, 1806),
(1, 1807),
(1, 1808),
(1, 1809),
(1, 1810),
(1, 1811),
(1, 1812),
(1, 1813),
(1, 1814),
(1, 1815),
(1, 1816),
(1, 1817),
(1, 1818),
(1, 1819),
(1, 1820),
(1, 1821),
(1, 1822),
(1, 1823),
(1, 1824),
(1, 1825),
(1, 1826),
(1, 1827),
(1, 1828),
(1, 1829),
(1, 1830),
(1, 1831),
(1, 1832),
(1, 1833),
(1, 1834),
(1, 1835),
(1, 1836),
(1, 1846),
(1, 1854),
(1, 1856),
(1, 1857),
(1, 1858),
(1, 1859),
(1, 1860),
(1, 1861),
(1, 1862),
(1, 1863),
(1, 1864),
(1, 1865),
(1, 1866),
(1, 1867),
(1, 1868),
(1, 1869),
(1, 1870),
(1, 1871),
(1, 1872),
(1, 1873),
(1, 1874),
(1, 1875),
(1, 1876),
(1, 1877),
(1, 1878),
(1, 1879),
(1, 1880),
(1, 1881),
(1, 1882),
(1, 1883),
(1, 1884),
(1, 1885),
(1, 1886),
(1, 1887),
(1, 1888),
(1, 1889),
(1, 1890),
(1, 1891),
(1, 1892),
(1, 1893),
(1, 1894),
(1, 1895),
(1, 1896),
(1, 1897),
(1, 1898),
(1, 1899),
(1, 1900),
(1, 1901),
(1, 1902),
(1, 1903),
(1, 1904),
(1, 1905),
(1, 1915),
(1, 1923),
(1, 1925),
(1, 1926),
(1, 1927),
(1, 1928),
(1, 1929),
(1, 1930),
(1, 1931),
(1, 1932),
(1, 1933),
(1, 1934),
(1, 1935),
(1, 1936),
(1, 1937),
(1, 1938),
(1, 1939),
(1, 1940),
(1, 1941),
(1, 1942),
(1, 1943),
(1, 1944),
(1, 1945),
(1, 1946),
(1, 1947),
(1, 1948),
(1, 1949),
(1, 1950),
(1, 1951),
(1, 1952),
(1, 1953),
(1, 1954),
(1, 1955),
(1, 1956),
(1, 1957),
(1, 1958),
(1, 1959),
(1, 1960),
(1, 1961),
(1, 1962),
(1, 1963),
(1, 1964),
(1, 1965),
(1, 1966),
(1, 1967),
(1, 1968),
(1, 1969),
(1, 1970),
(1, 1971),
(1, 1972),
(1, 1973),
(1, 1974),
(1, 1984),
(1, 1992),
(1, 1994),
(1, 1995),
(1, 1996),
(1, 1997),
(1, 1998),
(1, 1999),
(1, 2000),
(1, 2001),
(1, 2002),
(1, 2003),
(1, 2004),
(1, 2005),
(1, 2006),
(1, 2007),
(1, 2008),
(1, 2009),
(1, 2010),
(1, 2011),
(1, 2012),
(1, 2013),
(1, 2014),
(1, 2015),
(1, 2016),
(1, 2017),
(1, 2018),
(1, 2019),
(1, 2020),
(1, 2021),
(1, 2022),
(1, 2023),
(1, 2024),
(1, 2025),
(1, 2026),
(1, 2027),
(1, 2028),
(1, 2029),
(1, 2030),
(1, 2031),
(1, 2032),
(1, 2033),
(1, 2034),
(1, 2035),
(1, 2036),
(1, 2037),
(1, 2038),
(1, 2039),
(1, 2040),
(1, 2041),
(1, 2042),
(1, 2043),
(1, 2044),
(1, 2054),
(1, 2062),
(1, 2064),
(1, 2065),
(1, 2066),
(1, 2067),
(1, 2068),
(1, 2069),
(1, 2070),
(1, 2071),
(1, 2072),
(1, 2073),
(1, 2074),
(1, 2075),
(1, 2076),
(1, 2077),
(1, 2078),
(1, 2079),
(1, 2080),
(1, 2081),
(1, 2082),
(1, 2083),
(1, 2084),
(1, 2085),
(1, 2086),
(1, 2087),
(1, 2088),
(1, 2089),
(1, 2090),
(1, 2091),
(1, 2092),
(1, 2093),
(1, 2094),
(1, 2095),
(1, 2096),
(1, 2097),
(1, 2098),
(1, 2099),
(1, 2100),
(1, 2101),
(1, 2102),
(1, 2103),
(1, 2104),
(1, 2105),
(1, 2106),
(1, 2107),
(1, 2108),
(1, 2109),
(1, 2110),
(1, 2111),
(1, 2112),
(1, 2113),
(1, 2114),
(1, 2124),
(1, 2132),
(1, 2134),
(1, 2135),
(1, 2136),
(1, 2137),
(1, 2138),
(1, 2139),
(1, 2140),
(1, 2141),
(1, 2142),
(1, 2143),
(1, 2144),
(1, 2145),
(1, 2146),
(1, 2147),
(1, 2148),
(1, 2149),
(1, 2150),
(1, 2151),
(1, 2152),
(1, 2153),
(1, 2154),
(1, 2155),
(1, 2156),
(1, 2157),
(1, 2158),
(1, 2159),
(1, 2160),
(1, 2161),
(1, 2162),
(1, 2163),
(1, 2164),
(1, 2165),
(1, 2166),
(1, 2167),
(1, 2168),
(1, 2169),
(1, 2170),
(1, 2171),
(1, 2172),
(1, 2173),
(1, 2174),
(1, 2175),
(1, 2176),
(1, 2177),
(1, 2178),
(1, 2179),
(1, 2180),
(1, 2181),
(1, 2182),
(1, 2183),
(1, 2184),
(1, 2194),
(1, 2202),
(1, 2204),
(1, 2205),
(1, 2206),
(1, 2207),
(1, 2208),
(1, 2209),
(1, 2210),
(1, 2211),
(1, 2212),
(1, 2213),
(1, 2214),
(1, 2215),
(1, 2216),
(1, 2217),
(1, 2218),
(1, 2219),
(1, 2220),
(1, 2221),
(1, 2222),
(1, 2223),
(1, 2224),
(1, 2225),
(1, 2226),
(1, 2227),
(1, 2228),
(1, 2229),
(1, 2230),
(1, 2231),
(1, 2232),
(1, 2233),
(1, 2234),
(1, 2235),
(1, 2236),
(1, 2237),
(1, 2238),
(1, 2239),
(1, 2240),
(1, 2241),
(1, 2242),
(1, 2243),
(1, 2244),
(1, 2245),
(1, 2246),
(1, 2247),
(1, 2248),
(1, 2249),
(1, 2250),
(1, 2251),
(1, 2252),
(1, 2253),
(1, 2263),
(1, 2271),
(1, 2273),
(1, 2274),
(1, 2275),
(1, 2276),
(1, 2277),
(1, 2278),
(1, 2279),
(1, 2280),
(1, 2281),
(1, 2282),
(1, 2283),
(1, 2284),
(1, 2285),
(1, 2286),
(1, 2287),
(1, 2288),
(1, 2289),
(1, 2290),
(1, 2291),
(1, 2292),
(1, 2293),
(1, 2294),
(1, 2295),
(1, 2296),
(1, 2297),
(1, 2298),
(1, 2299),
(1, 2300),
(1, 2301),
(1, 2302),
(1, 2303),
(1, 2304),
(1, 2305),
(1, 2306),
(1, 2307),
(1, 2308),
(1, 2309),
(1, 2310),
(1, 2311),
(1, 2312),
(1, 2313),
(1, 2314),
(1, 2315),
(1, 2316),
(1, 2317),
(1, 2318),
(1, 2319),
(1, 2320),
(1, 2321),
(1, 2322),
(1, 2332),
(1, 2340),
(1, 2342),
(1, 2343),
(1, 2344),
(1, 2345),
(1, 2346),
(1, 2347),
(1, 2348),
(1, 2349),
(1, 2350),
(1, 2351),
(1, 2352),
(1, 2353),
(1, 2354),
(1, 2355),
(1, 2356),
(1, 2357),
(1, 2358),
(1, 2359),
(1, 2360),
(1, 2361),
(1, 2362),
(1, 2363),
(1, 2364),
(1, 2365),
(1, 2366),
(1, 2367),
(1, 2368),
(1, 2369),
(1, 2370),
(1, 2371),
(1, 2372),
(1, 2373),
(1, 2374),
(1, 2375),
(1, 2376),
(1, 2377),
(1, 2378),
(1, 2379),
(1, 2380),
(1, 2381),
(1, 2382),
(1, 2383),
(1, 2384),
(1, 2385),
(1, 2386),
(1, 2387),
(1, 2388),
(1, 2389),
(1, 2390),
(1, 2391),
(1, 2401),
(1, 2409),
(1, 2411),
(1, 2412),
(1, 2413),
(1, 2414),
(1, 2415),
(1, 2416),
(1, 2417),
(1, 2418),
(1, 2419),
(1, 2420),
(1, 2421),
(1, 2422),
(1, 2423),
(1, 2424),
(1, 2425),
(1, 2426),
(1, 2427),
(1, 2428),
(1, 2429),
(1, 2430),
(1, 2431),
(1, 2432),
(1, 2433),
(1, 2434),
(1, 2435),
(1, 2436),
(1, 2437),
(1, 2438),
(1, 2439),
(1, 2440),
(1, 2441),
(1, 2442),
(1, 2443),
(1, 2444),
(1, 2445),
(1, 2446),
(1, 2447),
(1, 2448),
(1, 2449),
(1, 2450),
(1, 2451),
(1, 2452),
(1, 2453),
(1, 2454),
(1, 2455),
(1, 2456),
(1, 2457),
(1, 2458),
(1, 2459),
(1, 2460),
(1, 2470),
(1, 2478),
(1, 2480),
(1, 2481),
(1, 2482),
(1, 2483),
(1, 2484),
(1, 2485),
(1, 2486),
(1, 2487),
(1, 2488),
(1, 2489),
(1, 2490),
(1, 2491),
(1, 2492),
(1, 2493),
(1, 2494),
(1, 2495),
(1, 2496),
(1, 2497),
(1, 2498),
(1, 2499),
(1, 2500),
(1, 2501),
(1, 2502),
(1, 2503),
(1, 2504),
(1, 2505),
(1, 2506),
(1, 2507),
(1, 2508),
(1, 2509),
(1, 2510),
(1, 2511),
(1, 2512),
(1, 2513),
(1, 2514),
(1, 2515),
(1, 2516),
(1, 2517),
(1, 2518),
(1, 2519),
(1, 2520),
(1, 2521),
(1, 2522),
(1, 2523),
(1, 2524),
(1, 2525),
(1, 2526),
(1, 2527),
(1, 2528),
(1, 2529),
(1, 2539),
(1, 2547),
(1, 2549),
(1, 2550),
(1, 2551),
(1, 2552),
(1, 2553),
(1, 2554),
(1, 2555),
(1, 2556),
(1, 2557),
(1, 2558),
(1, 2559),
(1, 2560),
(1, 2561),
(1, 2562),
(1, 2563),
(1, 2564),
(1, 2565),
(1, 2566),
(1, 2567),
(1, 2568),
(1, 2569),
(1, 2570),
(1, 2571),
(1, 2572),
(1, 2573),
(1, 2574),
(1, 2575),
(1, 2576),
(1, 2577),
(1, 2578),
(1, 2579),
(1, 2580),
(1, 2581),
(1, 2582),
(1, 2583),
(1, 2584),
(1, 2585),
(1, 2586),
(1, 2587),
(1, 2588),
(1, 2589),
(1, 2590),
(1, 2591),
(1, 2592),
(1, 2593),
(1, 2594),
(1, 2595),
(1, 2596),
(1, 2597),
(1, 2598),
(1, 2608),
(1, 2616),
(1, 2618),
(1, 2619),
(1, 2620),
(1, 2621),
(1, 2622),
(1, 2623),
(1, 2624),
(1, 2625),
(1, 2626),
(1, 2627),
(1, 2628),
(1, 2629),
(1, 2630),
(1, 2631),
(1, 2632),
(1, 2633),
(1, 2634),
(1, 2635),
(1, 2636),
(1, 2637),
(1, 2638),
(1, 2639),
(1, 2640),
(1, 2641),
(1, 2642),
(1, 2643),
(1, 2644),
(1, 2645),
(1, 2646),
(1, 2647),
(1, 2648),
(1, 2649),
(1, 2650),
(1, 2651),
(1, 2652),
(1, 2653),
(1, 2654),
(1, 2655),
(1, 2656),
(1, 2657),
(1, 2658),
(1, 2659),
(1, 2660),
(1, 2661),
(1, 2662),
(1, 2663),
(1, 2664),
(1, 2665),
(1, 2666),
(1, 2667),
(1, 2677),
(1, 2685),
(1, 2687),
(1, 2688),
(1, 2689),
(1, 2690),
(1, 2691),
(1, 2692),
(1, 2693),
(1, 2694),
(1, 2695),
(1, 2696),
(1, 2697),
(1, 2698),
(1, 2699),
(1, 2700),
(1, 2701),
(1, 2702),
(1, 2703),
(1, 2704),
(1, 2705),
(1, 2706),
(1, 2707),
(1, 2708),
(1, 2709),
(1, 2710),
(1, 2711),
(1, 2712),
(1, 2713),
(1, 2714),
(1, 2715),
(1, 2716),
(1, 2717),
(1, 2718),
(1, 2719),
(1, 2720),
(1, 2721),
(1, 2722),
(1, 2723),
(1, 2724),
(1, 2725),
(1, 2726),
(1, 2727),
(1, 2728),
(1, 2729),
(1, 2730),
(1, 2731),
(1, 2732),
(1, 2733),
(1, 2734),
(1, 2735),
(1, 2736),
(1, 2746),
(1, 2754),
(1, 2756),
(1, 2757),
(1, 2758),
(1, 2759),
(1, 2760),
(1, 2761),
(1, 2762),
(1, 2763),
(1, 2764),
(1, 2765),
(1, 2766),
(1, 2767),
(1, 2768),
(1, 2769),
(1, 2770),
(1, 2771),
(1, 2772),
(1, 2773),
(1, 2774),
(1, 2775),
(1, 2776),
(1, 2777),
(1, 2778),
(1, 2779),
(1, 2780),
(1, 2781),
(1, 2782),
(1, 2783),
(1, 2784),
(1, 2785),
(1, 2786),
(1, 2787),
(1, 2788),
(1, 2789),
(1, 2790),
(1, 2791),
(1, 2792),
(1, 2793),
(1, 2794),
(1, 2795),
(1, 2796),
(1, 2797),
(1, 2798),
(1, 2799),
(1, 2800),
(1, 2801),
(1, 2802),
(1, 2803),
(1, 2804),
(1, 2805),
(1, 2815),
(1, 2823),
(1, 2825),
(1, 2826),
(1, 2827),
(1, 2828),
(1, 2829),
(1, 2830),
(1, 2831),
(1, 2832),
(1, 2833),
(1, 2834),
(1, 2835),
(1, 2836),
(1, 2837),
(1, 2838),
(1, 2839),
(1, 2840),
(1, 2841),
(1, 2842),
(1, 2843),
(1, 2844),
(1, 2845),
(1, 2846),
(1, 2847),
(1, 2848),
(1, 2849),
(1, 2850),
(1, 2851),
(1, 2852),
(1, 2853),
(1, 2854),
(1, 2855),
(1, 2856),
(1, 2857),
(1, 2858),
(1, 2859),
(1, 2860),
(1, 2861),
(1, 2862),
(1, 2863),
(1, 2864),
(1, 2865),
(1, 2866),
(1, 2867),
(1, 2868),
(1, 2869),
(1, 2870),
(1, 2871),
(1, 2872),
(1, 2873),
(1, 2874),
(1, 2884),
(1, 2892),
(1, 2894),
(1, 2895),
(1, 2896),
(1, 2897),
(1, 2898),
(1, 2899),
(1, 2900),
(1, 2901),
(1, 2902),
(1, 2903),
(1, 2904),
(1, 2905),
(1, 2906),
(1, 2907),
(1, 2908),
(1, 2909),
(1, 2910),
(1, 2911),
(1, 2912),
(1, 2913),
(1, 2914),
(1, 2915),
(1, 2916),
(1, 2917),
(1, 2918),
(1, 2919),
(1, 2920),
(1, 2921),
(1, 2922),
(1, 2923),
(1, 2924),
(1, 2925),
(1, 2926),
(1, 2927),
(1, 2928),
(1, 2929),
(1, 2930),
(1, 2931),
(1, 2932),
(1, 2933),
(1, 2934),
(1, 2935),
(1, 2936),
(1, 2937),
(1, 2938),
(1, 2939),
(1, 2949),
(1, 2957),
(1, 2959),
(1, 2960),
(1, 2961),
(1, 2962),
(1, 2963),
(1, 2964),
(1, 2965),
(1, 2966),
(1, 2967),
(1, 2968),
(1, 2969),
(1, 2970),
(1, 2971),
(1, 2972),
(1, 2973),
(1, 2974),
(1, 2975),
(1, 2976),
(1, 2977),
(1, 2978),
(1, 2979),
(1, 2980),
(1, 2981),
(1, 2982),
(1, 2983),
(1, 2984),
(1, 2985),
(1, 2986),
(1, 2987),
(1, 2988),
(1, 2989),
(1, 2990),
(1, 2991),
(1, 2992),
(1, 2993),
(1, 2994),
(1, 2995),
(1, 2996),
(1, 2997),
(1, 2998),
(1, 2999),
(1, 3000),
(1, 3001),
(1, 3002),
(1, 3003),
(1, 3004),
(1, 3014),
(1, 3022),
(1, 3024),
(1, 3025),
(1, 3026),
(1, 3027),
(1, 3028),
(1, 3029),
(1, 3030),
(1, 3031),
(1, 3032),
(1, 3033),
(1, 3034),
(1, 3035),
(1, 3036),
(1, 3037),
(1, 3038),
(1, 3039),
(1, 3040),
(1, 3041),
(1, 3042),
(1, 3043),
(1, 3044),
(1, 3045),
(1, 3046),
(1, 3047),
(1, 3048),
(1, 3049),
(1, 3050),
(1, 3051),
(1, 3052),
(1, 3053),
(1, 3054),
(1, 3055),
(1, 3056),
(1, 3057),
(1, 3058),
(1, 3059),
(1, 3060),
(1, 3061),
(1, 3062),
(1, 3063),
(1, 3064),
(1, 3065),
(1, 3066),
(1, 3067),
(1, 3068),
(1, 3069),
(1, 3079),
(1, 3087),
(1, 3089),
(1, 3090),
(1, 3091),
(1, 3092),
(1, 3093),
(1, 3094),
(1, 3095),
(1, 3096),
(1, 3097),
(1, 3098),
(1, 3099),
(1, 3100),
(1, 3101),
(1, 3102),
(1, 3103),
(1, 3104),
(1, 3105),
(1, 3106),
(1, 3107),
(1, 3108),
(1, 3109),
(1, 3110),
(1, 3111),
(1, 3112),
(1, 3113),
(1, 3114),
(1, 3115),
(1, 3116),
(1, 3117),
(1, 3118),
(1, 3119),
(1, 3120),
(1, 3121),
(1, 3122),
(1, 3123),
(1, 3124),
(1, 3125),
(1, 3126),
(1, 3127),
(1, 3128),
(1, 3129),
(1, 3130),
(1, 3131),
(1, 3132),
(1, 3133),
(1, 3134),
(1, 3144),
(1, 3152),
(1, 3154),
(1, 3155),
(1, 3156),
(1, 3157),
(1, 3158),
(1, 3159),
(1, 3160),
(1, 3161),
(1, 3162),
(1, 3163),
(1, 3164),
(1, 3165),
(1, 3166),
(1, 3167),
(1, 3168),
(1, 3169),
(1, 3170),
(1, 3171),
(1, 3172),
(1, 3173),
(1, 3174),
(1, 3175),
(1, 3176),
(1, 3177),
(1, 3178),
(1, 3179),
(1, 3180),
(1, 3181),
(1, 3182),
(1, 3183),
(1, 3184),
(1, 3185),
(1, 3186),
(1, 3187),
(1, 3188),
(1, 3189),
(1, 3190),
(1, 3191),
(1, 3192),
(1, 3193),
(1, 3194),
(1, 3195),
(1, 3196),
(1, 3197),
(1, 3198),
(1, 3199),
(1, 3209),
(1, 3217),
(1, 3219),
(1, 3220),
(1, 3221),
(1, 3222),
(1, 3223),
(1, 3224),
(1, 3225),
(1, 3226),
(1, 3227),
(1, 3228),
(1, 3229),
(1, 3230),
(1, 3231),
(1, 3232),
(1, 3233),
(1, 3234),
(1, 3235),
(1, 3236),
(1, 3237),
(1, 3238),
(1, 3239),
(1, 3240),
(1, 3241),
(1, 3242),
(1, 3243),
(1, 3244),
(1, 3245),
(1, 3246),
(1, 3247),
(1, 3248),
(1, 3249),
(1, 3250),
(1, 3251),
(1, 3252),
(1, 3253),
(1, 3254),
(1, 3255),
(1, 3256),
(1, 3257),
(1, 3258),
(1, 3259),
(1, 3260),
(1, 3261),
(1, 3262),
(1, 3263),
(1, 3264),
(1, 3274),
(1, 3282),
(1, 3284),
(1, 3285),
(1, 3286),
(1, 3287),
(1, 3288),
(1, 3289),
(1, 3290),
(1, 3291),
(1, 3292),
(1, 3293),
(1, 3294),
(1, 3295),
(1, 3296),
(1, 3297),
(1, 3298),
(1, 3299),
(1, 3300),
(1, 3301),
(1, 3302),
(1, 3303),
(1, 3304),
(1, 3305),
(1, 3306),
(1, 3307),
(1, 3308),
(1, 3309),
(1, 3310),
(1, 3311),
(1, 3312),
(1, 3313),
(1, 3314),
(1, 3315),
(1, 3316),
(1, 3317),
(1, 3318),
(1, 3319),
(1, 3320),
(1, 3321),
(1, 3322),
(1, 3323),
(1, 3324),
(1, 3325),
(1, 3326),
(1, 3327),
(1, 3328),
(1, 3329),
(1, 3339),
(1, 3347),
(1, 3349),
(1, 3350),
(1, 3351),
(1, 3352),
(1, 3353),
(1, 3354),
(1, 3355),
(1, 3356),
(1, 3357),
(1, 3358),
(1, 3359),
(1, 3360),
(1, 3361),
(1, 3362),
(1, 3363),
(1, 3364),
(1, 3365),
(1, 3366),
(1, 3367),
(1, 3368),
(1, 3369),
(1, 3370),
(1, 3371),
(1, 3372),
(1, 3373),
(1, 3374),
(1, 3375),
(1, 3376),
(1, 3377),
(1, 3378),
(1, 3379),
(1, 3380),
(1, 3381),
(1, 3382),
(1, 3383),
(1, 3384),
(1, 3385),
(1, 3386),
(1, 3387),
(1, 3388),
(1, 3389),
(1, 3390),
(1, 3391),
(1, 3392),
(1, 3393),
(1, 3403),
(1, 3411),
(1, 3413),
(1, 3414),
(1, 3415),
(1, 3416),
(1, 3417),
(1, 3418),
(1, 3419),
(1, 3420),
(1, 3421),
(1, 3422),
(1, 3423),
(1, 3424),
(1, 3425),
(1, 3426),
(1, 3427),
(1, 3428),
(1, 3429),
(1, 3430),
(1, 3431),
(1, 3432),
(1, 3433),
(1, 3434),
(1, 3435),
(1, 3436),
(1, 3437),
(1, 3438),
(1, 3439),
(1, 3440),
(1, 3441),
(1, 3442),
(1, 3443),
(1, 3444),
(1, 3445),
(1, 3446),
(1, 3447),
(1, 3448),
(1, 3449),
(1, 3450),
(1, 3451),
(1, 3452),
(1, 3453),
(1, 3454),
(1, 3455),
(1, 3456),
(1, 3457),
(1, 3463),
(1, 3470),
(1, 3471),
(1, 3472),
(1, 3473),
(1, 3474),
(1, 3475),
(1, 3476),
(1, 3477),
(1, 3478),
(1, 3479),
(1, 3480),
(1, 3481),
(1, 3482),
(1, 3483),
(1, 3484),
(1, 3485),
(1, 3486),
(1, 3487),
(1, 3488),
(1, 3489),
(1, 3490),
(1, 3491),
(1, 3492),
(1, 3493),
(1, 3494),
(1, 3495),
(1, 3496),
(1, 3497),
(1, 3498),
(1, 3499),
(1, 3500),
(1, 3501),
(1, 3502),
(1, 3503),
(1, 3504),
(1, 3505),
(1, 3506),
(1, 3507),
(1, 3508),
(1, 3509),
(1, 3510),
(1, 3511),
(1, 3512),
(1, 3513),
(1, 3514),
(1, 3521),
(1, 3531),
(1, 3539),
(1, 3541),
(1, 3542),
(1, 3543),
(1, 3544),
(1, 3545),
(1, 3546),
(1, 3547),
(1, 3548),
(1, 3549),
(1, 3550),
(1, 3551),
(1, 3552),
(1, 3553),
(1, 3554),
(1, 3555),
(1, 3556),
(1, 3557),
(1, 3558),
(1, 3559),
(1, 3560),
(1, 3561),
(1, 3562),
(1, 3563),
(1, 3564),
(1, 3565),
(1, 3566),
(1, 3567),
(1, 3568),
(1, 3569),
(1, 3570),
(1, 3571),
(1, 3572),
(1, 3573),
(1, 3574),
(1, 3575),
(1, 3576),
(1, 3577),
(1, 3578),
(1, 3579),
(1, 3580),
(1, 3581),
(1, 3582),
(1, 3583),
(1, 3584),
(1, 3585),
(1, 3595),
(1, 3603),
(1, 3605),
(1, 3606),
(1, 3607),
(1, 3608),
(1, 3609),
(1, 3610),
(1, 3611),
(1, 3612),
(1, 3613),
(1, 3614),
(1, 3615),
(1, 3616),
(1, 3617),
(1, 3618),
(1, 3619),
(1, 3620),
(1, 3621),
(1, 3622),
(1, 3623),
(1, 3624),
(1, 3625),
(1, 3626),
(1, 3627),
(1, 3628),
(1, 3629),
(1, 3630),
(1, 3631),
(1, 3632),
(1, 3633),
(1, 3634),
(1, 3635),
(1, 3636),
(1, 3637),
(1, 3638),
(1, 3639),
(1, 3640),
(1, 3641),
(1, 3642),
(1, 3643),
(1, 3644),
(1, 3645),
(1, 3646),
(1, 3647),
(1, 3648),
(1, 3649),
(1, 3659),
(1, 3667),
(1, 3669),
(1, 3670),
(1, 3671),
(1, 3672),
(1, 3673),
(1, 3674),
(1, 3675),
(1, 3676),
(1, 3677),
(1, 3678),
(1, 3679),
(1, 3680),
(1, 3681),
(1, 3682),
(1, 3683),
(1, 3684),
(1, 3685),
(1, 3686),
(1, 3687),
(1, 3688),
(1, 3689),
(1, 3690),
(1, 3691),
(1, 3692),
(1, 3693),
(1, 3694),
(1, 3695),
(1, 3696),
(1, 3697),
(1, 3698),
(1, 3699),
(1, 3700),
(1, 3701),
(1, 3702),
(1, 3703),
(1, 3704),
(1, 3705),
(1, 3706),
(1, 3707),
(1, 3708),
(1, 3709),
(1, 3710),
(1, 3711),
(1, 3712),
(1, 3713),
(1, 3723),
(1, 3731),
(1, 3733),
(1, 3734),
(1, 3735),
(1, 3736),
(1, 3737),
(1, 3738),
(1, 3739),
(1, 3740),
(1, 3741),
(1, 3742),
(1, 3743),
(1, 3744),
(1, 3745),
(1, 3746),
(1, 3747),
(1, 3748),
(1, 3749),
(1, 3750),
(1, 3751),
(1, 3752),
(1, 3753),
(1, 3754),
(1, 3755),
(1, 3756),
(1, 3757),
(1, 3758),
(1, 3759),
(1, 3760),
(1, 3761),
(1, 3762),
(1, 3763),
(1, 3764),
(1, 3765),
(1, 3766),
(1, 3767),
(1, 3768),
(1, 3769),
(1, 3770),
(1, 3771),
(1, 3772),
(1, 3773),
(1, 3774),
(1, 3775),
(1, 3776),
(1, 3777),
(1, 3787),
(1, 3795),
(1, 3797),
(1, 3798),
(1, 3799),
(1, 3800),
(1, 3801),
(1, 3802),
(1, 3803),
(1, 3804),
(1, 3805),
(1, 3806),
(1, 3807),
(1, 3808),
(1, 3809),
(1, 3810),
(1, 3811),
(1, 3812),
(1, 3813),
(1, 3814),
(1, 3815),
(1, 3816),
(1, 3817),
(1, 3818),
(1, 3819),
(1, 3820),
(1, 3821),
(1, 3822),
(1, 3823),
(1, 3824),
(1, 3825),
(1, 3826),
(1, 3827),
(1, 3828),
(1, 3829),
(1, 3830),
(1, 3831),
(1, 3832),
(1, 3833),
(1, 3834),
(1, 3835),
(1, 3836),
(1, 3837),
(1, 3838),
(1, 3839),
(1, 3840),
(1, 3841),
(1, 3851),
(1, 3859),
(1, 3861),
(1, 3862),
(1, 3863),
(1, 3864),
(1, 3865),
(1, 3866),
(1, 3867),
(1, 3868),
(1, 3869),
(1, 3870),
(1, 3871),
(1, 3872),
(1, 3873),
(1, 3874),
(1, 3875),
(1, 3876),
(1, 3877),
(1, 3878),
(1, 3879),
(1, 3880),
(1, 3881),
(1, 3882),
(1, 3883),
(1, 3884),
(1, 3885),
(1, 3886),
(1, 3887),
(1, 3888),
(1, 3889),
(1, 3890),
(1, 3891),
(1, 3892),
(1, 3893),
(1, 3894),
(1, 3895),
(1, 3896),
(1, 3897),
(1, 3898),
(1, 3899),
(1, 3900),
(1, 3901),
(1, 3902),
(1, 3903),
(1, 3904),
(1, 3905),
(1, 3915),
(1, 3923),
(1, 3925),
(1, 3926),
(1, 3927),
(1, 3928),
(1, 3929),
(1, 3930),
(1, 3931),
(1, 3932),
(1, 3933),
(1, 3934),
(1, 3935),
(1, 3936),
(1, 3937),
(1, 3938),
(1, 3939),
(1, 3940),
(1, 3941),
(1, 3942),
(1, 3943),
(1, 3944),
(1, 3945),
(1, 3946),
(1, 3947),
(1, 3948),
(1, 3949),
(1, 3950),
(1, 3951),
(1, 3952),
(1, 3953),
(1, 3954),
(1, 3955),
(1, 3956),
(1, 3957),
(1, 3958),
(1, 3959),
(1, 3960),
(1, 3961),
(1, 3962),
(1, 3963),
(1, 3964),
(1, 3965),
(1, 3966),
(1, 3967),
(1, 3968),
(1, 3969),
(1, 3979),
(1, 3987),
(1, 3989),
(1, 3990),
(1, 3991),
(1, 3992),
(1, 3993),
(1, 3994),
(1, 3995),
(1, 3996),
(1, 3997),
(1, 3998),
(1, 3999),
(1, 4000),
(1, 4001),
(1, 4002),
(1, 4003),
(1, 4004),
(1, 4005),
(1, 4006),
(1, 4007),
(1, 4008),
(1, 4009),
(1, 4010),
(1, 4011),
(1, 4012),
(1, 4013),
(1, 4014),
(1, 4015),
(1, 4016),
(1, 4017),
(1, 4018),
(1, 4019),
(1, 4020),
(1, 4021),
(1, 4022),
(1, 4023),
(1, 4024),
(1, 4025),
(1, 4026),
(1, 4027),
(1, 4028),
(1, 4029),
(1, 4030),
(1, 4031),
(1, 4032),
(1, 4033),
(1, 4043),
(1, 4051),
(1, 4053),
(1, 4054),
(1, 4055),
(1, 4056),
(1, 4057),
(1, 4058),
(1, 4059),
(1, 4060),
(1, 4061),
(1, 4062),
(1, 4063),
(1, 4064),
(1, 4065),
(1, 4066),
(1, 4067),
(1, 4068),
(1, 4069),
(1, 4070),
(1, 4071),
(1, 4072),
(1, 4073),
(1, 4074),
(1, 4075),
(1, 4076),
(1, 4077),
(1, 4078),
(1, 4079),
(1, 4080),
(1, 4081),
(1, 4082),
(1, 4083),
(1, 4084),
(1, 4085),
(1, 4086),
(1, 4087),
(1, 4088),
(1, 4089),
(1, 4090),
(1, 4091),
(1, 4092),
(1, 4093),
(1, 4094),
(1, 4095),
(1, 4096),
(1, 4097),
(1, 4107),
(1, 4115),
(1, 4117),
(1, 4118),
(1, 4119),
(1, 4120),
(1, 4121),
(1, 4122),
(1, 4123),
(1, 4124),
(1, 4125),
(1, 4126),
(1, 4127),
(1, 4128),
(1, 4129),
(1, 4130),
(1, 4131),
(1, 4132),
(1, 4133),
(1, 4134),
(1, 4135),
(1, 4136),
(1, 4137),
(1, 4138),
(1, 4139),
(1, 4140),
(1, 4141),
(1, 4142),
(1, 4143),
(1, 4144),
(1, 4145),
(1, 4146),
(1, 4147),
(1, 4148),
(1, 4149),
(1, 4150),
(1, 4151),
(1, 4152),
(1, 4153),
(1, 4154),
(1, 4155),
(1, 4156),
(1, 4157),
(1, 4158),
(1, 4159),
(1, 4160),
(1, 4161),
(1, 4171),
(1, 4179),
(1, 4181),
(1, 4182),
(1, 4183),
(1, 4184),
(1, 4185),
(1, 4186),
(1, 4187),
(1, 4188),
(1, 4189),
(1, 4190),
(1, 4191),
(1, 4192),
(1, 4193),
(1, 4194),
(1, 4195),
(1, 4196),
(1, 4197),
(1, 4198),
(1, 4199),
(1, 4200),
(1, 4201),
(1, 4202),
(1, 4203),
(1, 4204),
(1, 4205),
(1, 4206),
(1, 4207),
(1, 4208),
(1, 4209),
(1, 4210),
(1, 4211),
(1, 4212),
(1, 4213),
(1, 4214),
(1, 4215),
(1, 4216),
(1, 4217),
(1, 4218),
(1, 4219),
(1, 4220),
(1, 4221),
(1, 4222),
(1, 4223),
(1, 4224),
(1, 4225),
(1, 4235),
(1, 4243),
(1, 4245),
(1, 4246),
(1, 4247),
(1, 4248),
(1, 4249),
(1, 4250),
(1, 4251),
(1, 4252),
(1, 4253),
(1, 4254),
(1, 4255),
(1, 4256),
(1, 4257),
(1, 4258),
(1, 4259),
(1, 4260),
(1, 4261),
(1, 4262),
(1, 4263),
(1, 4264),
(1, 4265),
(1, 4266),
(1, 4267),
(1, 4268),
(1, 4269),
(1, 4270),
(1, 4271),
(1, 4272),
(1, 4273),
(1, 4274),
(1, 4275),
(1, 4276),
(1, 4277),
(1, 4278),
(1, 4279),
(1, 4280),
(1, 4281),
(1, 4282),
(1, 4283),
(1, 4284),
(1, 4285),
(1, 4286),
(1, 4287),
(1, 4288),
(1, 4289),
(1, 4299),
(1, 4307),
(1, 4309),
(1, 4310),
(1, 4311),
(1, 4312),
(1, 4313),
(1, 4314),
(1, 4315),
(1, 4316),
(1, 4317),
(1, 4318),
(1, 4319),
(1, 4320),
(1, 4321),
(1, 4322),
(1, 4323),
(1, 4324),
(1, 4325),
(1, 4326),
(1, 4327),
(1, 4328),
(1, 4329),
(1, 4330),
(1, 4331),
(1, 4332),
(1, 4333),
(1, 4334),
(1, 4335),
(1, 4336),
(1, 4337),
(1, 4338),
(1, 4339),
(1, 4340),
(1, 4341),
(1, 4342),
(1, 4343),
(1, 4344),
(1, 4345),
(1, 4346),
(1, 4347),
(1, 4348),
(1, 4349),
(1, 4350),
(1, 4351),
(1, 4352),
(1, 4353),
(1, 4363),
(1, 4371),
(1, 4373),
(1, 4374),
(1, 4375),
(1, 4376),
(1, 4377),
(1, 4378),
(1, 4379),
(1, 4380),
(1, 4381),
(1, 4382),
(1, 4383),
(1, 4384),
(1, 4385),
(1, 4386),
(1, 4387),
(1, 4388),
(1, 4389),
(1, 4390),
(1, 4391),
(1, 4392),
(1, 4393),
(1, 4394),
(1, 4395),
(1, 4396),
(1, 4397),
(1, 4398),
(1, 4399),
(1, 4400),
(1, 4401),
(1, 4402),
(1, 4403),
(1, 4404),
(1, 4405),
(1, 4406),
(1, 4407),
(1, 4408),
(1, 4409),
(1, 4410),
(1, 4411),
(1, 4412),
(1, 4413),
(1, 4414),
(1, 4415),
(1, 4416),
(1, 4417),
(1, 4427),
(1, 4435),
(1, 4437),
(1, 4438),
(1, 4439),
(1, 4440),
(1, 4441),
(1, 4442),
(1, 4443),
(1, 4444),
(1, 4445),
(1, 4446),
(1, 4447),
(1, 4448),
(1, 4449),
(1, 4450),
(1, 4451),
(1, 4452),
(1, 4453),
(1, 4454),
(1, 4455),
(1, 4456),
(1, 4457),
(1, 4458),
(1, 4459),
(1, 4460),
(1, 4461),
(1, 4462),
(1, 4463),
(1, 4464),
(1, 4465),
(1, 4466),
(1, 4467),
(1, 4468),
(1, 4469),
(1, 4470),
(1, 4471),
(1, 4472),
(1, 4473),
(1, 4474),
(1, 4475),
(1, 4476),
(1, 4477),
(1, 4478),
(1, 4479),
(1, 4480),
(1, 4490),
(1, 4498),
(1, 4500),
(1, 4501),
(1, 4502),
(1, 4503),
(1, 4504),
(1, 4505),
(1, 4506),
(1, 4507),
(1, 4508),
(1, 4509),
(1, 4510),
(1, 4511),
(1, 4512),
(1, 4513),
(1, 4514),
(1, 4515),
(1, 4516),
(1, 4517),
(1, 4518),
(1, 4519),
(1, 4520),
(1, 4521),
(1, 4522),
(1, 4523),
(1, 4524),
(1, 4525),
(1, 4526),
(1, 4527),
(1, 4528),
(1, 4529),
(1, 4530),
(1, 4531),
(1, 4532),
(1, 4533),
(1, 4534),
(1, 4535),
(1, 4536),
(1, 4537),
(1, 4538),
(1, 4539),
(1, 4540),
(1, 4541),
(1, 4542),
(1, 4552),
(1, 4560),
(1, 4562),
(1, 4563),
(1, 4564),
(1, 4565),
(1, 4566),
(1, 4567),
(1, 4568),
(1, 4569),
(1, 4570),
(1, 4571),
(1, 4572),
(1, 4573),
(1, 4574),
(1, 4575),
(1, 4576),
(1, 4577),
(1, 4578),
(1, 4579),
(1, 4580),
(1, 4581),
(1, 4582),
(1, 4583),
(1, 4584),
(1, 4585),
(1, 4586),
(1, 4587),
(1, 4588),
(1, 4589),
(1, 4590),
(1, 4591),
(1, 4592),
(1, 4593),
(1, 4594),
(1, 4595),
(1, 4596),
(1, 4597),
(1, 4598),
(1, 4599),
(1, 4600),
(1, 4601),
(1, 4602),
(1, 4603),
(1, 4604),
(1, 4614),
(1, 4622),
(1, 4624),
(1, 4625),
(1, 4626),
(1, 4627),
(1, 4628),
(1, 4629),
(1, 4630),
(1, 4631),
(1, 4632),
(1, 4633),
(1, 4634),
(1, 4635),
(1, 4636),
(1, 4637),
(1, 4638),
(1, 4639),
(1, 4640),
(1, 4641),
(1, 4642),
(1, 4643),
(1, 4644),
(1, 4645),
(1, 4646),
(1, 4647),
(1, 4648),
(1, 4649),
(1, 4650),
(1, 4651),
(1, 4652),
(1, 4653),
(1, 4654),
(1, 4655),
(1, 4656),
(1, 4657),
(1, 4658),
(1, 4659),
(1, 4660),
(1, 4661),
(1, 4662),
(1, 4663),
(1, 4664),
(1, 4665),
(1, 4666),
(1, 4676),
(1, 4684),
(1, 4686),
(1, 4687),
(1, 4688),
(1, 4689),
(1, 4690),
(1, 4691),
(1, 4692),
(1, 4693),
(1, 4694),
(1, 4695),
(1, 4696),
(1, 4697),
(1, 4698),
(1, 4699),
(1, 4700),
(1, 4701),
(1, 4702),
(1, 4703),
(1, 4704),
(1, 4705),
(1, 4706),
(1, 4707),
(1, 4708),
(1, 4709),
(1, 4710),
(1, 4711),
(1, 4712),
(1, 4713),
(1, 4714),
(1, 4715),
(1, 4716),
(1, 4717),
(1, 4718),
(1, 4719),
(1, 4720),
(1, 4721),
(1, 4722),
(1, 4723),
(1, 4724),
(1, 4725),
(1, 4726),
(1, 4727),
(1, 4728),
(1, 4738),
(1, 4746),
(1, 4748),
(1, 4749),
(1, 4750),
(1, 4751),
(1, 4752),
(1, 4753),
(1, 4754),
(1, 4755),
(1, 4756),
(1, 4757),
(1, 4758),
(1, 4759),
(1, 4760),
(1, 4761),
(1, 4762),
(1, 4763),
(1, 4764),
(1, 4765),
(1, 4766),
(1, 4767),
(1, 4768),
(1, 4769),
(1, 4770),
(1, 4771),
(1, 4772),
(1, 4773),
(1, 4774),
(1, 4775),
(1, 4776),
(1, 4777),
(1, 4778),
(1, 4779),
(1, 4780),
(1, 4781),
(1, 4782),
(1, 4783),
(1, 4784),
(1, 4785),
(1, 4786),
(1, 4787),
(1, 4788),
(1, 4789),
(1, 4790),
(1, 4800),
(1, 4808),
(1, 4810),
(1, 4811),
(1, 4812),
(1, 4813),
(1, 4814),
(1, 4815),
(1, 4816),
(1, 4817),
(1, 4818),
(1, 4819),
(1, 4820),
(1, 4821),
(1, 4822),
(1, 4823),
(1, 4824),
(1, 4825),
(1, 4826),
(1, 4827),
(1, 4828),
(1, 4829),
(1, 4830),
(1, 4831),
(1, 4832),
(1, 4833),
(1, 4834),
(1, 4835),
(1, 4836),
(1, 4837),
(1, 4838),
(1, 4839),
(1, 4840),
(1, 4841),
(1, 4842),
(1, 4843),
(1, 4844),
(1, 4845),
(1, 4846),
(1, 4847),
(1, 4848),
(1, 4849),
(1, 4850),
(1, 4851),
(1, 4852),
(1, 4862),
(1, 4870),
(1, 4872),
(1, 4873),
(1, 4874),
(1, 4875),
(1, 4876),
(1, 4877),
(1, 4878),
(1, 4879),
(1, 4880),
(1, 4881),
(1, 4882),
(1, 4883),
(1, 4884),
(1, 4885),
(1, 4886),
(1, 4887),
(1, 4888),
(1, 4889),
(1, 4890),
(1, 4891),
(1, 4892),
(1, 4893),
(1, 4894),
(1, 4895),
(1, 4896),
(1, 4897),
(1, 4898),
(1, 4899),
(1, 4900),
(1, 4901),
(1, 4902),
(1, 4903),
(1, 4904),
(1, 4905),
(1, 4906),
(1, 4907),
(1, 4908),
(1, 4909),
(1, 4910),
(1, 4911),
(1, 4912),
(1, 4913),
(1, 4914),
(1, 4924),
(1, 4932),
(1, 4934),
(1, 4935),
(1, 4936),
(1, 4937),
(1, 4938),
(1, 4939),
(1, 4940),
(1, 4941),
(1, 4942),
(1, 4943),
(1, 4944),
(1, 4945),
(1, 4946),
(1, 4947),
(1, 4948),
(1, 4949),
(1, 4950),
(1, 4951),
(1, 4952),
(1, 4953),
(1, 4954),
(1, 4955),
(1, 4956),
(1, 4957),
(1, 4958),
(1, 4959),
(1, 4960),
(1, 4961),
(1, 4962),
(1, 4963),
(1, 4964),
(1, 4965),
(1, 4966),
(1, 4967),
(1, 4968),
(1, 4969),
(1, 4970),
(1, 4971),
(1, 4972),
(1, 4973),
(1, 4974),
(1, 4975),
(1, 4976),
(1, 4986),
(1, 4994),
(1, 4996),
(1, 4997),
(1, 4998),
(1, 4999),
(1, 5000),
(1, 5001),
(1, 5002),
(1, 5003),
(1, 5004),
(1, 5005),
(1, 5006),
(1, 5007),
(1, 5008),
(1, 5009),
(1, 5010),
(1, 5011),
(1, 5012),
(1, 5013),
(1, 5014),
(1, 5015),
(1, 5016),
(1, 5017),
(1, 5018),
(1, 5019),
(1, 5020),
(1, 5021),
(1, 5022),
(1, 5023),
(1, 5024),
(1, 5025),
(1, 5026),
(1, 5027),
(1, 5028),
(1, 5029),
(1, 5030),
(1, 5031),
(1, 5032),
(1, 5033),
(1, 5034),
(1, 5035),
(1, 5036),
(1, 5037),
(1, 5038),
(1, 5048),
(1, 5056),
(1, 5058),
(1, 5059),
(1, 5060),
(1, 5061),
(1, 5062),
(1, 5063),
(1, 5064),
(1, 5065),
(1, 5066),
(1, 5067),
(1, 5068),
(1, 5069),
(1, 5070),
(1, 5071),
(1, 5072),
(1, 5073),
(1, 5074),
(1, 5075),
(1, 5076),
(1, 5077),
(1, 5078),
(1, 5079),
(1, 5080),
(1, 5081),
(1, 5082),
(1, 5083),
(1, 5084),
(1, 5085),
(1, 5086),
(1, 5087),
(1, 5088),
(1, 5089),
(1, 5090),
(1, 5091),
(1, 5092),
(1, 5093),
(1, 5094),
(1, 5095),
(1, 5096),
(1, 5097),
(1, 5098),
(1, 5099),
(1, 5100),
(1, 5110),
(1, 5118),
(1, 5120),
(1, 5121),
(1, 5122),
(1, 5123),
(1, 5124),
(1, 5125),
(1, 5126),
(1, 5127),
(1, 5128),
(1, 5129),
(1, 5130),
(1, 5131),
(1, 5132),
(1, 5133),
(1, 5134),
(1, 5135),
(1, 5136),
(1, 5137),
(1, 5138),
(1, 5139),
(1, 5140),
(1, 5141),
(1, 5142),
(1, 5143),
(1, 5144),
(1, 5145),
(1, 5146),
(1, 5147),
(1, 5148),
(1, 5149),
(1, 5150),
(1, 5151),
(1, 5152),
(1, 5153),
(1, 5154),
(1, 5155),
(1, 5156),
(1, 5157),
(1, 5158),
(1, 5159),
(1, 5160),
(1, 5161),
(1, 5162),
(1, 5172),
(1, 5180),
(1, 5182),
(1, 5183),
(1, 5184),
(1, 5185),
(1, 5186),
(1, 5187),
(1, 5188),
(1, 5189),
(1, 5190),
(1, 5191),
(1, 5192),
(1, 5193),
(1, 5194),
(1, 5195),
(1, 5196),
(1, 5197),
(1, 5198),
(1, 5199),
(1, 5200),
(1, 5201),
(1, 5202),
(1, 5203),
(1, 5204),
(1, 5205),
(1, 5206),
(1, 5207),
(1, 5208),
(1, 5209),
(1, 5210),
(1, 5211),
(1, 5212),
(1, 5213),
(1, 5214),
(1, 5215),
(1, 5216),
(1, 5217),
(1, 5218),
(1, 5219),
(1, 5220),
(1, 5221),
(1, 5222),
(1, 5223),
(1, 5224),
(1, 5234),
(1, 5242),
(1, 5244),
(1, 5245),
(1, 5246),
(1, 5247),
(1, 5248),
(1, 5249),
(1, 5250),
(1, 5251),
(1, 5252),
(1, 5253),
(1, 5254),
(1, 5255),
(1, 5256),
(1, 5257),
(1, 5258),
(1, 5259),
(1, 5260),
(1, 5261),
(1, 5262),
(1, 5263),
(1, 5264),
(1, 5265),
(1, 5266),
(1, 5267),
(1, 5268),
(1, 5269),
(1, 5270),
(1, 5271),
(1, 5272),
(1, 5273),
(1, 5274),
(1, 5275),
(1, 5276),
(1, 5277),
(1, 5278),
(1, 5279),
(1, 5280),
(1, 5281),
(1, 5282),
(1, 5283),
(1, 5284),
(1, 5285),
(1, 5286),
(1, 5296),
(1, 5304),
(1, 5306),
(1, 5307),
(1, 5308),
(1, 5309),
(1, 5310),
(1, 5311),
(1, 5312),
(1, 5313),
(1, 5314),
(1, 5315),
(1, 5316),
(1, 5317),
(1, 5318),
(1, 5319),
(1, 5320),
(1, 5321),
(1, 5322),
(1, 5323),
(1, 5324),
(1, 5325),
(1, 5326),
(1, 5327),
(1, 5328),
(1, 5329),
(1, 5330),
(1, 5331),
(1, 5332),
(1, 5333),
(1, 5334),
(1, 5335),
(1, 5336),
(1, 5337),
(1, 5338),
(1, 5339),
(1, 5340),
(1, 5341),
(1, 5342),
(1, 5343),
(1, 5344),
(1, 5345),
(1, 5346),
(1, 5347),
(1, 5348),
(1, 5358),
(1, 5366),
(1, 5368),
(1, 5369),
(1, 5370),
(1, 5371),
(1, 5372),
(1, 5373),
(1, 5374),
(1, 5375),
(1, 5376),
(1, 5377),
(1, 5378),
(1, 5379),
(1, 5380),
(1, 5381),
(1, 5382),
(1, 5383),
(1, 5384),
(1, 5385),
(1, 5386),
(1, 5387),
(1, 5388),
(1, 5389),
(1, 5390),
(1, 5391),
(1, 5392),
(1, 5393),
(1, 5394),
(1, 5395),
(1, 5396),
(1, 5397),
(1, 5398),
(1, 5399),
(1, 5400),
(1, 5401),
(1, 5402),
(1, 5403),
(1, 5404),
(1, 5405),
(1, 5406),
(1, 5407),
(1, 5408),
(1, 5409),
(1, 5410),
(1, 5420),
(1, 5428),
(1, 5430),
(1, 5431),
(1, 5432),
(1, 5433),
(1, 5434),
(1, 5435),
(1, 5436),
(1, 5437),
(1, 5438),
(1, 5439),
(1, 5440),
(1, 5441),
(1, 5442),
(1, 5443),
(1, 5444),
(1, 5445),
(1, 5446),
(1, 5447),
(1, 5448),
(1, 5449),
(1, 5450),
(1, 5451),
(1, 5452),
(1, 5453),
(1, 5454),
(1, 5455),
(1, 5456),
(1, 5457),
(1, 5458),
(1, 5459),
(1, 5460),
(1, 5461),
(1, 5462),
(1, 5463),
(1, 5464),
(1, 5465),
(1, 5466),
(1, 5467),
(1, 5468),
(1, 5469),
(1, 5470),
(1, 5471),
(1, 5472),
(1, 5482),
(1, 5490),
(1, 5492),
(1, 5493),
(1, 5494),
(1, 5495),
(1, 5496),
(1, 5497),
(1, 5498),
(1, 5499),
(1, 5500),
(1, 5501),
(1, 5502),
(1, 5503),
(1, 5504),
(1, 5505),
(1, 5506),
(1, 5507),
(1, 5508),
(1, 5509),
(1, 5510),
(1, 5511),
(1, 5512),
(1, 5513),
(1, 5514),
(1, 5515),
(1, 5516),
(1, 5517),
(1, 5518),
(1, 5519),
(1, 5520),
(1, 5521),
(1, 5522),
(1, 5523),
(1, 5524),
(1, 5525),
(1, 5526),
(1, 5527),
(1, 5528),
(1, 5529),
(1, 5530),
(1, 5531),
(1, 5532),
(1, 5533),
(1, 5534),
(1, 5544),
(1, 5552),
(1, 5554),
(1, 5555),
(1, 5556),
(1, 5557),
(1, 5558),
(1, 5559),
(1, 5560),
(1, 5561),
(1, 5562),
(1, 5563),
(1, 5564),
(1, 5565),
(1, 5566),
(1, 5567),
(1, 5568),
(1, 5569),
(1, 5570),
(1, 5571),
(1, 5572),
(1, 5573),
(1, 5574),
(1, 5575),
(1, 5576),
(1, 5577),
(1, 5578),
(1, 5579),
(1, 5580),
(1, 5581),
(1, 5582),
(1, 5583),
(1, 5584),
(1, 5585),
(1, 5586),
(1, 5587),
(1, 5588),
(1, 5589),
(1, 5590),
(1, 5591),
(1, 5592),
(1, 5593),
(1, 5594),
(1, 5595),
(1, 5596),
(1, 5606),
(1, 5614),
(1, 5616),
(1, 5617),
(1, 5618),
(1, 5619),
(1, 5620),
(1, 5621),
(1, 5622),
(1, 5623),
(1, 5624),
(1, 5625),
(1, 5626),
(1, 5627),
(1, 5628),
(1, 5629),
(1, 5630),
(1, 5631),
(1, 5632),
(1, 5633),
(1, 5634),
(1, 5635),
(1, 5636),
(1, 5637),
(1, 5638),
(1, 5639),
(1, 5640),
(1, 5641),
(1, 5642),
(1, 5643),
(1, 5644),
(1, 5645),
(1, 5646),
(1, 5647),
(1, 5648),
(1, 5649),
(1, 5650),
(1, 5651),
(1, 5652),
(1, 5653),
(1, 5654),
(1, 5655),
(1, 5656),
(1, 5657),
(1, 5658),
(1, 5668),
(1, 5676),
(1, 5678),
(1, 5679),
(1, 5680),
(1, 5681),
(1, 5682),
(1, 5683),
(1, 5684),
(1, 5685),
(1, 5686),
(1, 5687),
(1, 5688),
(1, 5689),
(1, 5690),
(1, 5691),
(1, 5692),
(1, 5693),
(1, 5694),
(1, 5695),
(1, 5696),
(1, 5697),
(1, 5698),
(1, 5699),
(1, 5700),
(1, 5701),
(1, 5702),
(1, 5703),
(1, 5704),
(1, 5705),
(1, 5706),
(1, 5707),
(1, 5708),
(1, 5709),
(1, 5710),
(1, 5711),
(1, 5712),
(1, 5713),
(1, 5714),
(1, 5715),
(1, 5716),
(1, 5717),
(1, 5718),
(1, 5728),
(1, 5736),
(1, 5738),
(1, 5739),
(1, 5740),
(1, 5741),
(1, 5742),
(1, 5743),
(1, 5744),
(1, 5745),
(1, 5746),
(1, 5747),
(1, 5748),
(1, 5749),
(1, 5750),
(1, 5751),
(1, 5752),
(1, 5753),
(1, 5754),
(1, 5755),
(1, 5756),
(1, 5757),
(1, 5758),
(1, 5759),
(1, 5760),
(1, 5761),
(1, 5762),
(1, 5763),
(1, 5764),
(1, 5765),
(1, 5766),
(1, 5767),
(1, 5768),
(1, 5769),
(1, 5770),
(1, 5771),
(1, 5772),
(1, 5773),
(1, 5774),
(1, 5775),
(1, 5776),
(1, 5777),
(1, 5778),
(1, 5788),
(1, 5796),
(1, 5798),
(1, 5799),
(1, 5800),
(1, 5801),
(1, 5802),
(1, 5803),
(1, 5804),
(1, 5805),
(1, 5806),
(1, 5807),
(1, 5808),
(1, 5809),
(1, 5810),
(1, 5811),
(1, 5812),
(1, 5813),
(1, 5814),
(1, 5815),
(1, 5816),
(1, 5817),
(1, 5818),
(1, 5819),
(1, 5820),
(1, 5821),
(1, 5822),
(1, 5823),
(1, 5824),
(1, 5825),
(1, 5826),
(1, 5827),
(1, 5828),
(1, 5829),
(1, 5830),
(1, 5831),
(1, 5832),
(1, 5833),
(1, 5834),
(1, 5835),
(1, 5836),
(1, 5837),
(1, 5838),
(1, 5848),
(1, 5856),
(1, 5858),
(1, 5859),
(1, 5860),
(1, 5861),
(1, 5862),
(1, 5863),
(1, 5864),
(1, 5865),
(1, 5866),
(1, 5867),
(1, 5868),
(1, 5869),
(1, 5870),
(1, 5871),
(1, 5872),
(1, 5873),
(1, 5874),
(1, 5875),
(1, 5876),
(1, 5877),
(1, 5878),
(1, 5879),
(1, 5880),
(1, 5881),
(1, 5882),
(1, 5883),
(1, 5884),
(1, 5885),
(1, 5886),
(1, 5887),
(1, 5888),
(1, 5889),
(1, 5890),
(1, 5891),
(1, 5892),
(1, 5893),
(1, 5894),
(1, 5895),
(1, 5896),
(1, 5897),
(1, 5898),
(1, 5908),
(1, 5916),
(1, 5918),
(1, 5919),
(1, 5920),
(1, 5921),
(1, 5922),
(1, 5923),
(1, 5924),
(1, 5925),
(1, 5926),
(1, 5927),
(1, 5928),
(1, 5929),
(1, 5930),
(1, 5931),
(1, 5932),
(1, 5933),
(1, 5934),
(1, 5935),
(1, 5936),
(1, 5937),
(1, 5938),
(1, 5939),
(1, 5940),
(1, 5941),
(1, 5942),
(1, 5943),
(1, 5944),
(1, 5945),
(1, 5946),
(1, 5947),
(1, 5948),
(1, 5949),
(1, 5950),
(1, 5951),
(1, 5952),
(1, 5953),
(1, 5954),
(1, 5955),
(1, 5956),
(1, 5957),
(1, 5958),
(1, 5968),
(1, 5976),
(1, 5978),
(1, 5979),
(1, 5980),
(1, 5981),
(1, 5982),
(1, 5983),
(1, 5984),
(1, 5985),
(1, 5986),
(1, 5987),
(1, 5988),
(1, 5989),
(1, 5990),
(1, 5991),
(1, 5992),
(1, 5993),
(1, 5994),
(1, 5995),
(1, 5996),
(1, 5997),
(1, 5998),
(1, 5999),
(1, 6000),
(1, 6001),
(1, 6002),
(1, 6003),
(1, 6004),
(1, 6005),
(1, 6006),
(1, 6007),
(1, 6008),
(1, 6009),
(1, 6010),
(1, 6011),
(1, 6012),
(1, 6013),
(1, 6014),
(1, 6015),
(1, 6016),
(1, 6017),
(1, 6027),
(1, 6035),
(1, 6037),
(1, 6038),
(1, 6039),
(1, 6040),
(1, 6041),
(1, 6042),
(1, 6043),
(1, 6044),
(1, 6045),
(1, 6046),
(1, 6047),
(1, 6048),
(1, 6049),
(1, 6050),
(1, 6051),
(1, 6052),
(1, 6053),
(1, 6054),
(1, 6055),
(1, 6056),
(1, 6057),
(1, 6058),
(1, 6059),
(1, 6060),
(1, 6061),
(1, 6062),
(1, 6063),
(1, 6064),
(1, 6065),
(1, 6066),
(1, 6067),
(1, 6068),
(1, 6069),
(1, 6070),
(1, 6071),
(1, 6072),
(1, 6073),
(1, 6074),
(1, 6075),
(1, 6076),
(1, 6086),
(1, 6094),
(1, 6096),
(1, 6097),
(1, 6098),
(1, 6099),
(1, 6100),
(1, 6101),
(1, 6102),
(1, 6103),
(1, 6104),
(1, 6105),
(1, 6106),
(1, 6107),
(1, 6108),
(1, 6109),
(1, 6110),
(1, 6111),
(1, 6112),
(1, 6113),
(1, 6114),
(1, 6115),
(1, 6116),
(1, 6117),
(1, 6118),
(1, 6119),
(1, 6120),
(1, 6121),
(1, 6122),
(1, 6123),
(1, 6124),
(1, 6125),
(1, 6126),
(1, 6127),
(1, 6128),
(1, 6129),
(1, 6130),
(1, 6131),
(1, 6132),
(1, 6133),
(1, 6143),
(1, 6151),
(1, 6153),
(1, 6154),
(1, 6155),
(1, 6156),
(1, 6157),
(1, 6158),
(1, 6159),
(1, 6160),
(1, 6161),
(1, 6162),
(1, 6163),
(1, 6164),
(1, 6165),
(1, 6166),
(1, 6167),
(1, 6168),
(1, 6169),
(1, 6170),
(1, 6171),
(1, 6172),
(1, 6173),
(1, 6174),
(1, 6175),
(1, 6176),
(1, 6177),
(1, 6178),
(1, 6179),
(1, 6180),
(1, 6181),
(1, 6182),
(1, 6183),
(1, 6184),
(1, 6185),
(1, 6186),
(1, 6187),
(1, 6188),
(1, 6189),
(1, 6190),
(1, 6200),
(1, 6208),
(1, 6210),
(1, 6211),
(1, 6212),
(1, 6213),
(1, 6214),
(1, 6215),
(1, 6216),
(1, 6217),
(1, 6218),
(1, 6219),
(1, 6220),
(1, 6221),
(1, 6222),
(1, 6223),
(1, 6224),
(1, 6225),
(1, 6226),
(1, 6227),
(1, 6228),
(1, 6229),
(1, 6230),
(1, 6231),
(1, 6232),
(1, 6233),
(1, 6234),
(1, 6235),
(1, 6236),
(1, 6237),
(1, 6238),
(1, 6239),
(1, 6240),
(1, 6241),
(1, 6242),
(1, 6243),
(1, 6244),
(1, 6245),
(1, 6246),
(1, 6247),
(1, 6257),
(1, 6265),
(1, 6267),
(1, 6268),
(1, 6269),
(1, 6270),
(1, 6271),
(1, 6272),
(1, 6273),
(1, 6274),
(1, 6275),
(1, 6276),
(1, 6277),
(1, 6278),
(1, 6279),
(1, 6280),
(1, 6281),
(1, 6282),
(1, 6283),
(1, 6284),
(1, 6285),
(1, 6286),
(1, 6287),
(1, 6288),
(1, 6289),
(1, 6290),
(1, 6291),
(1, 6292),
(1, 6293),
(1, 6294),
(1, 6295),
(1, 6296),
(1, 6297),
(1, 6298),
(1, 6299),
(1, 6300),
(1, 6301),
(1, 6302),
(1, 6303),
(1, 6304),
(1, 6314),
(1, 6322),
(1, 6324),
(1, 6325),
(1, 6326),
(1, 6327),
(1, 6328),
(1, 6329),
(1, 6330),
(1, 6331),
(1, 6332),
(1, 6333),
(1, 6334),
(1, 6335),
(1, 6336),
(1, 6337),
(1, 6338),
(1, 6339),
(1, 6340),
(1, 6341),
(1, 6342),
(1, 6343),
(1, 6344),
(1, 6345),
(1, 6346),
(1, 6347),
(1, 6348),
(1, 6349),
(1, 6350),
(1, 6351),
(1, 6352),
(1, 6353),
(1, 6354),
(1, 6355),
(1, 6356),
(1, 6357),
(1, 6358),
(1, 6359),
(1, 6360),
(1, 6361),
(1, 6371),
(1, 6379),
(1, 6381),
(1, 6382),
(1, 6383),
(1, 6384),
(1, 6385),
(1, 6386),
(1, 6387),
(1, 6388),
(1, 6389),
(1, 6390),
(1, 6391),
(1, 6392),
(1, 6393),
(1, 6394),
(1, 6395),
(1, 6396),
(1, 6397),
(1, 6398),
(1, 6399),
(1, 6400),
(1, 6401),
(1, 6402),
(1, 6403),
(1, 6404),
(1, 6405),
(1, 6406),
(1, 6407),
(1, 6408),
(1, 6409),
(1, 6410),
(1, 6411),
(1, 6412),
(1, 6413),
(1, 6414),
(1, 6415),
(1, 6416),
(1, 6417),
(1, 6418),
(1, 6428),
(1, 6436),
(1, 6438),
(1, 6439),
(1, 6440),
(1, 6441),
(1, 6442),
(1, 6443),
(1, 6444),
(1, 6445),
(1, 6446),
(1, 6447),
(1, 6448),
(1, 6449),
(1, 6450),
(1, 6451),
(1, 6452),
(1, 6453),
(1, 6454),
(1, 6455),
(1, 6456),
(1, 6457),
(1, 6458),
(1, 6459),
(1, 6460),
(1, 6461),
(1, 6462),
(1, 6463),
(1, 6464),
(1, 6465),
(1, 6466),
(1, 6467),
(1, 6468),
(1, 6469),
(1, 6470),
(1, 6471),
(1, 6472),
(1, 6473),
(1, 6474),
(1, 6475),
(1, 6485),
(1, 6493),
(1, 6495),
(1, 6496),
(1, 6497),
(1, 6498),
(1, 6499),
(1, 6500),
(1, 6501),
(1, 6502),
(1, 6503),
(1, 6504),
(1, 6505),
(1, 6506),
(1, 6507),
(1, 6508),
(1, 6509),
(1, 6510),
(1, 6511),
(1, 6512),
(1, 6513),
(1, 6514),
(1, 6515),
(1, 6516),
(1, 6517),
(1, 6518),
(1, 6519),
(1, 6520),
(1, 6521),
(1, 6522),
(1, 6523),
(1, 6524),
(1, 6525),
(1, 6526),
(1, 6527),
(1, 6528),
(1, 6529),
(1, 6530),
(1, 6531),
(1, 6532),
(1, 6542),
(1, 6550),
(1, 6552),
(1, 6553),
(1, 6554),
(1, 6555),
(1, 6556),
(1, 6557),
(1, 6558),
(1, 6559),
(1, 6560),
(1, 6561),
(1, 6562),
(1, 6563),
(1, 6564),
(1, 6565),
(1, 6566),
(1, 6567),
(1, 6568),
(1, 6569),
(1, 6570),
(1, 6571),
(1, 6572),
(1, 6573),
(1, 6574),
(1, 6575),
(1, 6576),
(1, 6577),
(1, 6578),
(1, 6579),
(1, 6580),
(1, 6581),
(1, 6582),
(1, 6583),
(1, 6584),
(1, 6585),
(1, 6586),
(1, 6587),
(1, 6588),
(1, 6589),
(1, 6599),
(1, 6607),
(1, 6609),
(1, 6610),
(1, 6611),
(1, 6612),
(1, 6613),
(1, 6614),
(1, 6615),
(1, 6616),
(1, 6617),
(1, 6618),
(1, 6619),
(1, 6620),
(1, 6621),
(1, 6622),
(1, 6623),
(1, 6624),
(1, 6625),
(1, 6626),
(1, 6627),
(1, 6628),
(1, 6629),
(1, 6630),
(1, 6631),
(1, 6632),
(1, 6633),
(1, 6634),
(1, 6635),
(1, 6636),
(1, 6637),
(1, 6638),
(1, 6639),
(1, 6640),
(1, 6641),
(1, 6642),
(1, 6643),
(1, 6644),
(1, 6645),
(1, 6646),
(1, 6649),
(1, 6654),
(1, 6656),
(1, 6657),
(1, 6658),
(1, 6659),
(1, 6660),
(1, 6661),
(1, 6662),
(1, 6663),
(1, 6664),
(1, 6665),
(1, 6666),
(1, 6667),
(1, 6668),
(1, 6669),
(1, 6670),
(1, 6671),
(1, 6672),
(1, 6673),
(1, 6674),
(1, 6675),
(1, 6676),
(1, 6677),
(1, 6678),
(1, 6679),
(1, 6680),
(1, 6681),
(1, 6682),
(1, 6683),
(1, 6684),
(1, 6685),
(1, 6686),
(1, 6687),
(1, 6688),
(1, 6689),
(1, 6690),
(1, 6691),
(1, 6692),
(1, 6693),
(1, 6696),
(1, 6701),
(1, 6703),
(1, 6704),
(1, 6705),
(1, 6706),
(1, 6707),
(1, 6708),
(1, 6709),
(1, 6710),
(1, 6711),
(1, 6712),
(1, 6713),
(1, 6714),
(1, 6715),
(1, 6716),
(1, 6717),
(1, 6718),
(1, 6719),
(1, 6720),
(1, 6721),
(1, 6722),
(1, 6723),
(1, 6724),
(1, 6725),
(1, 6726),
(1, 6727),
(1, 6728),
(1, 6729),
(1, 6730),
(1, 6731),
(1, 6732),
(1, 6733),
(1, 6734),
(1, 6735),
(1, 6736),
(1, 6737),
(1, 6738),
(1, 6739),
(1, 6740),
(1, 6743),
(1, 6748),
(1, 6750),
(1, 6751),
(1, 6752),
(1, 6753),
(1, 6754),
(1, 6755),
(1, 6756),
(1, 6757),
(1, 6758),
(1, 6759),
(1, 6760),
(1, 6761),
(1, 6762),
(1, 6763),
(1, 6764),
(1, 6765),
(1, 6766),
(1, 6767),
(1, 6768),
(1, 6769),
(1, 6770),
(1, 6771),
(1, 6772),
(1, 6773),
(1, 6774),
(1, 6775),
(1, 6776),
(1, 6777),
(1, 6778),
(1, 6779),
(1, 6780),
(1, 6781),
(1, 6782),
(1, 6783),
(1, 6784),
(1, 6785),
(1, 6786),
(1, 6787),
(1, 6790),
(1, 6795),
(1, 6797),
(1, 6798),
(1, 6799),
(1, 6800),
(1, 6801),
(1, 6802),
(1, 6803),
(1, 6804),
(1, 6805),
(1, 6806),
(1, 6807),
(1, 6808),
(1, 6809),
(1, 6810),
(1, 6811),
(1, 6812),
(1, 6813),
(1, 6814),
(1, 6815),
(1, 6816),
(1, 6817),
(1, 6818),
(1, 6819),
(1, 6820),
(1, 6821),
(1, 6822),
(1, 6823),
(1, 6824),
(1, 6825),
(1, 6826),
(1, 6827),
(1, 6828),
(1, 6829),
(1, 6830),
(1, 6831),
(1, 6832),
(1, 6833),
(1, 6834),
(1, 6837),
(1, 6842),
(1, 6844),
(1, 6845),
(1, 6846),
(1, 6847),
(1, 6848),
(1, 6849),
(1, 6850),
(1, 6851),
(1, 6852),
(1, 6853),
(1, 6854),
(1, 6855),
(1, 6856),
(1, 6857),
(1, 6858),
(1, 6859),
(1, 6860),
(1, 6861),
(1, 6862),
(1, 6863),
(1, 6864),
(1, 6865),
(1, 6866),
(1, 6867),
(1, 6868),
(1, 6869),
(1, 6870),
(1, 6871),
(1, 6872),
(1, 6873),
(1, 6874),
(1, 6875),
(1, 6876),
(1, 6877),
(1, 6878),
(1, 6879),
(1, 6880),
(1, 6881),
(1, 6884),
(1, 6889),
(1, 6891),
(1, 6892),
(1, 6893),
(1, 6894),
(1, 6895),
(1, 6896),
(1, 6897),
(1, 6898),
(1, 6899),
(1, 6900),
(1, 6901),
(1, 6902),
(1, 6903),
(1, 6904),
(1, 6905),
(1, 6906),
(1, 6907),
(1, 6908),
(1, 6909),
(1, 6910),
(1, 6911),
(1, 6912),
(1, 6913),
(1, 6914),
(1, 6915),
(1, 6916),
(1, 6917),
(1, 6918),
(1, 6919),
(1, 6920),
(1, 6921),
(1, 6922),
(1, 6923),
(1, 6924),
(1, 6925),
(1, 6926),
(1, 6927),
(1, 6928),
(1, 6931),
(1, 6936),
(1, 6938),
(1, 6939),
(1, 6940),
(1, 6941),
(1, 6942),
(1, 6943),
(1, 6944),
(1, 6945),
(1, 6946),
(1, 6947),
(1, 6948),
(1, 6949),
(1, 6950),
(1, 6951),
(1, 6952),
(1, 6953),
(1, 6954),
(1, 6955),
(1, 6956),
(1, 6957),
(1, 6958),
(1, 6959),
(1, 6960),
(1, 6961),
(1, 6962),
(1, 6963),
(1, 6964),
(1, 6965),
(1, 6966),
(1, 6967),
(1, 6968),
(1, 6969),
(1, 6970),
(1, 6971),
(1, 6972),
(1, 6973),
(1, 6974),
(1, 6975),
(1, 6978),
(1, 6983),
(1, 6985),
(1, 6986),
(1, 6987),
(1, 6988),
(1, 6989),
(1, 6990),
(1, 6991),
(1, 6992),
(1, 6993),
(1, 6994),
(1, 6995),
(1, 6996),
(1, 6997),
(1, 6998),
(1, 6999),
(1, 7000),
(1, 7001),
(1, 7002),
(1, 7003),
(1, 7004),
(1, 7005),
(1, 7006),
(1, 7007),
(1, 7008),
(1, 7009),
(1, 7010),
(1, 7011),
(1, 7012),
(1, 7013),
(1, 7014),
(1, 7015),
(1, 7016),
(1, 7017),
(1, 7018),
(1, 7019),
(1, 7020),
(1, 7021),
(1, 7022),
(1, 7025),
(1, 7030),
(1, 7032),
(1, 7033),
(1, 7034),
(1, 7035),
(1, 7036),
(1, 7037),
(1, 7038),
(1, 7039),
(1, 7040),
(1, 7041),
(1, 7042),
(1, 7043),
(1, 7044),
(1, 7045),
(1, 7046),
(1, 7047),
(1, 7048),
(1, 7049),
(1, 7050),
(1, 7051),
(1, 7052),
(1, 7053),
(1, 7054),
(1, 7055),
(1, 7056),
(1, 7057),
(1, 7058),
(1, 7059),
(1, 7060),
(1, 7061),
(1, 7062),
(1, 7063),
(1, 7064),
(1, 7065),
(1, 7066),
(1, 7067),
(1, 7068),
(1, 7069),
(1, 7072),
(1, 7077),
(1, 7079),
(1, 7080),
(1, 7081),
(1, 7082),
(1, 7083),
(1, 7084),
(1, 7085),
(1, 7086),
(1, 7087),
(1, 7088),
(1, 7089),
(1, 7090),
(1, 7091),
(1, 7092),
(1, 7093),
(1, 7094),
(1, 7095),
(1, 7096),
(1, 7097),
(1, 7098),
(1, 7099),
(1, 7100),
(1, 7101),
(1, 7102),
(1, 7103),
(1, 7104),
(1, 7105),
(1, 7106),
(1, 7107),
(1, 7108),
(1, 7109),
(1, 7110),
(1, 7111),
(1, 7112),
(1, 7113),
(1, 7114),
(1, 7115),
(1, 7116),
(1, 7119),
(1, 7124),
(1, 7126),
(1, 7127),
(1, 7128),
(1, 7129),
(1, 7130),
(1, 7131),
(1, 7132),
(1, 7133),
(1, 7134),
(1, 7135),
(1, 7136),
(1, 7137),
(1, 7138),
(1, 7139),
(1, 7140),
(1, 7141),
(1, 7142),
(1, 7143),
(1, 7144),
(1, 7145),
(1, 7146),
(1, 7147),
(1, 7148),
(1, 7149),
(1, 7150),
(1, 7151),
(1, 7152),
(1, 7153),
(1, 7154),
(1, 7155),
(1, 7156),
(1, 7157),
(1, 7158),
(1, 7159),
(1, 7160),
(1, 7161),
(1, 7162),
(1, 7163),
(1, 7166),
(1, 7171),
(1, 7173),
(1, 7174),
(1, 7175),
(1, 7176),
(1, 7177),
(1, 7178),
(1, 7179),
(1, 7180),
(1, 7181),
(1, 7182),
(1, 7183),
(1, 7184),
(1, 7185),
(1, 7186),
(1, 7187),
(1, 7188),
(1, 7189),
(1, 7190),
(1, 7191),
(1, 7192),
(1, 7193),
(1, 7194),
(1, 7195),
(1, 7196),
(1, 7197),
(1, 7198),
(1, 7199),
(1, 7200),
(1, 7201),
(1, 7202),
(1, 7203),
(1, 7204),
(1, 7205),
(1, 7206),
(1, 7207),
(1, 7208),
(1, 7209),
(1, 7210),
(1, 7213),
(1, 7218),
(1, 7220),
(1, 7221),
(1, 7222),
(1, 7223),
(1, 7224),
(1, 7225),
(1, 7226),
(1, 7227),
(1, 7228),
(1, 7229),
(1, 7230),
(1, 7231),
(1, 7232),
(1, 7233),
(1, 7234),
(1, 7235),
(1, 7236),
(1, 7237),
(1, 7238),
(1, 7239),
(1, 7240),
(1, 7241),
(1, 7242),
(1, 7243),
(1, 7244),
(1, 7245),
(1, 7246),
(1, 7247),
(1, 7248),
(1, 7249),
(1, 7250),
(1, 7251),
(1, 7252),
(1, 7253),
(1, 7254),
(1, 7255),
(1, 7256),
(1, 7257),
(1, 7258),
(1, 7259),
(1, 7260),
(1, 7261),
(1, 7262),
(1, 7263),
(1, 7264),
(1, 7265),
(1, 7266),
(1, 7267),
(1, 7268),
(1, 7269),
(1, 7270),
(1, 7271),
(1, 7272),
(1, 7273),
(1, 7274),
(1, 7275),
(1, 7276),
(1, 7277),
(1, 7278),
(1, 7279),
(1, 7280),
(1, 7281),
(1, 7282),
(1, 7283),
(1, 7284),
(1, 7285),
(1, 7286),
(1, 7287),
(1, 7288),
(1, 7289),
(1, 7290),
(1, 7291),
(1, 7292),
(1, 7293),
(1, 7294),
(1, 7295),
(1, 7296),
(1, 7297),
(1, 7298),
(1, 7299),
(1, 7300),
(1, 7301),
(1, 7302),
(1, 7303),
(1, 7304),
(1, 7305),
(1, 7306),
(1, 7307),
(1, 7308),
(1, 7309),
(1, 7310),
(1, 7311),
(1, 7312),
(1, 7313),
(1, 7314),
(1, 7315),
(1, 7316),
(1, 7317),
(1, 7318),
(1, 7319),
(1, 7320),
(1, 7321),
(1, 7322),
(1, 7323),
(1, 7324),
(1, 7325),
(1, 7326),
(1, 7327),
(1, 7328),
(1, 7329),
(1, 7330),
(1, 7331),
(1, 7332),
(1, 7333),
(1, 7334),
(1, 7335),
(1, 7336),
(1, 7337),
(1, 7338),
(1, 7339),
(1, 7340),
(1, 7341),
(1, 7342),
(1, 7343),
(1, 7344),
(1, 7345),
(1, 7346),
(1, 7347),
(1, 7348),
(1, 7349),
(1, 7350),
(1, 7351),
(1, 7352),
(1, 7353),
(1, 7354),
(1, 7355),
(1, 7356),
(1, 7357),
(1, 7358),
(1, 7359),
(1, 7360),
(1, 7361),
(1, 7362),
(1, 7363),
(1, 7364),
(1, 7365),
(1, 7366),
(1, 7367),
(1, 7368),
(1, 7369),
(1, 7370),
(1, 7371),
(1, 7372),
(1, 7373),
(1, 7374),
(1, 7375),
(1, 7376),
(1, 7377),
(1, 7378),
(1, 7379),
(1, 7380),
(1, 7381),
(1, 7382),
(1, 7383),
(1, 7384),
(1, 7385),
(1, 7386),
(1, 7387),
(1, 7388),
(1, 7389),
(1, 7390),
(1, 7391),
(1, 7392),
(1, 7393),
(1, 7394),
(1, 7395),
(1, 7396),
(1, 7397),
(1, 7398),
(1, 7399),
(1, 7400),
(1, 7401),
(1, 7402),
(1, 7403),
(1, 7404),
(1, 7405),
(1, 7406),
(1, 7407),
(1, 7408),
(1, 7409),
(1, 7410),
(1, 7411),
(1, 7412),
(1, 7413),
(1, 7414),
(1, 7415),
(1, 7416),
(1, 7417),
(1, 7418),
(1, 7419),
(1, 7420),
(1, 7421),
(1, 7422),
(1, 7423),
(1, 7424),
(1, 7425),
(1, 7426),
(1, 7427),
(1, 7428),
(1, 7429),
(1, 7430),
(1, 7431),
(1, 7432),
(1, 7433),
(1, 7434),
(1, 7435),
(1, 7436),
(1, 7437),
(1, 7438),
(1, 7439),
(1, 7440),
(1, 7441),
(1, 7442),
(1, 7443),
(1, 7444),
(1, 7445),
(1, 7446),
(1, 7447),
(1, 7448);
INSERT INTO `gcahdy_tab_advice` (`id_tab`, `id_advice`) VALUES
(1, 7449),
(1, 7450),
(1, 7451),
(1, 7452),
(1, 7453),
(1, 7454),
(1, 7455),
(1, 7456),
(1, 7457),
(1, 7458),
(1, 7459),
(1, 7460),
(1, 7461),
(1, 7462),
(1, 7463),
(1, 7464),
(1, 7465),
(1, 7466),
(1, 7467),
(1, 7468),
(1, 7469),
(1, 7470),
(1, 7471),
(1, 7472),
(1, 7473),
(1, 7474),
(1, 7475),
(1, 7476),
(1, 7477),
(1, 7478),
(1, 7479),
(1, 7480),
(1, 7481),
(1, 7482),
(1, 7483),
(1, 7484),
(1, 7485),
(1, 7486),
(1, 7487),
(1, 7488),
(1, 7489),
(1, 7490),
(1, 7491),
(1, 7492),
(1, 7493),
(1, 7494),
(1, 7495),
(1, 7496),
(1, 7497),
(1, 7498),
(1, 7499),
(1, 7500),
(1, 7501),
(1, 7502),
(1, 7503),
(1, 7504),
(1, 7505),
(1, 7506),
(1, 7507),
(1, 7508),
(1, 7509),
(1, 7510),
(1, 7511),
(1, 7512),
(1, 7513),
(1, 7514),
(1, 7515),
(1, 7516),
(1, 7517),
(1, 7518),
(1, 7519),
(1, 7520),
(1, 7521),
(1, 7522),
(1, 7523),
(1, 7524),
(1, 7525),
(1, 7526),
(1, 7527),
(1, 7528),
(1, 7529),
(1, 7530),
(1, 7531),
(1, 7532),
(1, 7533),
(1, 7534),
(1, 7535),
(1, 7536),
(1, 7537),
(1, 7538),
(1, 7539),
(1, 7540),
(1, 7541),
(1, 7542),
(1, 7543),
(1, 7544),
(1, 7545),
(1, 7546),
(1, 7547),
(1, 7548),
(1, 7549),
(1, 7550),
(1, 7551),
(1, 7552),
(1, 7553),
(1, 7554),
(1, 7555),
(1, 7556),
(1, 7557),
(1, 7558),
(1, 7559),
(1, 7560),
(1, 7561),
(1, 7562),
(1, 7563),
(1, 7564),
(1, 7565),
(1, 7566),
(1, 7567),
(1, 7568),
(1, 7569),
(1, 7570),
(1, 7571),
(1, 7572),
(1, 7573),
(1, 7574),
(1, 7575),
(1, 7576),
(1, 7577),
(1, 7578),
(1, 7579),
(1, 7580),
(1, 7581),
(1, 7582),
(1, 7583),
(1, 7584),
(1, 7585),
(1, 7586),
(1, 7587),
(1, 7588),
(1, 7589),
(1, 7590),
(1, 7591),
(1, 7592),
(1, 7593),
(1, 7594),
(1, 7595),
(1, 7596),
(1, 7597),
(1, 7598),
(1, 7599),
(1, 7600),
(1, 7601),
(1, 7602),
(1, 7603),
(1, 7604),
(1, 7605),
(1, 7606),
(1, 7607),
(1, 7608),
(1, 7609),
(1, 7610),
(1, 7611),
(1, 7612),
(1, 7613),
(1, 7614),
(1, 7615),
(1, 7616),
(1, 7617),
(1, 7618),
(1, 7619),
(1, 7620),
(1, 7621),
(1, 7622),
(1, 7623),
(1, 7624),
(1, 7625),
(1, 7626),
(1, 7627),
(1, 7628),
(1, 7629),
(1, 7630),
(1, 7631),
(1, 7632),
(1, 7633),
(1, 7634),
(1, 7635),
(1, 7636),
(1, 7637),
(1, 7638),
(1, 7639),
(1, 7640),
(1, 7641),
(1, 7642),
(1, 7643),
(1, 7644),
(1, 7645),
(1, 7646),
(1, 7647),
(1, 7648),
(1, 7649),
(1, 7650),
(1, 7651),
(1, 7652),
(1, 7653),
(1, 7654),
(1, 7655),
(1, 7656),
(1, 7657),
(1, 7658),
(1, 7659),
(1, 7660),
(1, 7661),
(1, 7662),
(1, 7663),
(1, 7664),
(1, 7665),
(1, 7666),
(1, 7667),
(1, 7668),
(1, 7669),
(1, 7670),
(1, 7671),
(1, 7672),
(1, 7673),
(1, 7674),
(1, 7675),
(1, 7676),
(1, 7677),
(1, 7678),
(1, 7679),
(1, 7680),
(1, 7681),
(1, 7682),
(1, 7683),
(1, 7684),
(9, 8),
(9, 78),
(9, 148),
(9, 217),
(9, 286),
(9, 355),
(9, 426),
(9, 497),
(9, 568),
(9, 639),
(9, 710),
(9, 781),
(9, 852),
(9, 923),
(9, 994),
(9, 1123),
(9, 1136),
(9, 1207),
(9, 1278),
(9, 1349),
(9, 1420),
(9, 1491),
(9, 1562),
(9, 1633),
(9, 1704),
(9, 1773),
(9, 1842),
(9, 1911),
(9, 1980),
(9, 2050),
(9, 2120),
(9, 2190),
(9, 2259),
(9, 2328),
(9, 2397),
(9, 2466),
(9, 2535),
(9, 2604),
(9, 2673),
(9, 2742),
(9, 2811),
(9, 2880),
(9, 2945),
(9, 3010),
(9, 3075),
(9, 3140),
(9, 3205),
(9, 3270),
(9, 3335),
(9, 3399),
(9, 3517),
(9, 3527),
(9, 3591),
(9, 3655),
(9, 3719),
(9, 3783),
(9, 3847),
(9, 3911),
(9, 3975),
(9, 4039),
(9, 4103),
(9, 4167),
(9, 4231),
(9, 4295),
(9, 4359),
(9, 4423),
(9, 4486),
(9, 4548),
(9, 4610),
(9, 4672),
(9, 4734),
(9, 4796),
(9, 4858),
(9, 4920),
(9, 4982),
(9, 5044),
(9, 5106),
(9, 5168),
(9, 5230),
(9, 5292),
(9, 5354),
(9, 5416),
(9, 5478),
(9, 5540),
(9, 5602),
(9, 5664),
(9, 5724),
(9, 5784),
(9, 5844),
(9, 5904),
(9, 5964),
(9, 6023),
(9, 6082),
(9, 6139),
(9, 6196),
(9, 6253),
(9, 6310),
(9, 6367),
(9, 6424),
(9, 6481),
(9, 6538),
(9, 6595),
(21, 6),
(21, 8),
(21, 9),
(21, 10),
(21, 17),
(21, 24),
(21, 76),
(21, 78),
(21, 79),
(21, 80),
(21, 87),
(21, 94),
(21, 146),
(21, 148),
(21, 149),
(21, 150),
(21, 157),
(21, 164),
(21, 215),
(21, 217),
(21, 218),
(21, 219),
(21, 226),
(21, 233),
(21, 284),
(21, 286),
(21, 287),
(21, 288),
(21, 295),
(21, 302),
(21, 353),
(21, 355),
(21, 356),
(21, 357),
(21, 364),
(21, 371),
(21, 424),
(21, 426),
(21, 427),
(21, 428),
(21, 435),
(21, 442),
(21, 495),
(21, 497),
(21, 498),
(21, 499),
(21, 506),
(21, 513),
(21, 566),
(21, 568),
(21, 569),
(21, 570),
(21, 577),
(21, 584),
(21, 637),
(21, 639),
(21, 640),
(21, 641),
(21, 648),
(21, 655),
(21, 708),
(21, 710),
(21, 711),
(21, 712),
(21, 719),
(21, 726),
(21, 779),
(21, 781),
(21, 782),
(21, 783),
(21, 790),
(21, 797),
(21, 850),
(21, 852),
(21, 853),
(21, 854),
(21, 861),
(21, 868),
(21, 921),
(21, 923),
(21, 924),
(21, 925),
(21, 932),
(21, 939),
(21, 992),
(21, 994),
(21, 995),
(21, 996),
(21, 1003),
(21, 1010),
(21, 1061),
(21, 1062),
(21, 1074),
(21, 1123),
(21, 1124),
(21, 1126),
(21, 1134),
(21, 1136),
(21, 1137),
(21, 1138),
(21, 1145),
(21, 1152),
(21, 1205),
(21, 1207),
(21, 1208),
(21, 1209),
(21, 1216),
(21, 1223),
(21, 1276),
(21, 1278),
(21, 1279),
(21, 1280),
(21, 1287),
(21, 1294),
(21, 1347),
(21, 1349),
(21, 1350),
(21, 1351),
(21, 1358),
(21, 1365),
(21, 1418),
(21, 1420),
(21, 1421),
(21, 1422),
(21, 1429),
(21, 1436),
(21, 1489),
(21, 1491),
(21, 1492),
(21, 1493),
(21, 1500),
(21, 1507),
(21, 1560),
(21, 1562),
(21, 1563),
(21, 1564),
(21, 1571),
(21, 1578),
(21, 1631),
(21, 1633),
(21, 1634),
(21, 1635),
(21, 1642),
(21, 1649),
(21, 1702),
(21, 1704),
(21, 1705),
(21, 1706),
(21, 1713),
(21, 1720),
(21, 1771),
(21, 1773),
(21, 1774),
(21, 1775),
(21, 1782),
(21, 1784),
(21, 1840),
(21, 1842),
(21, 1843),
(21, 1844),
(21, 1851),
(21, 1853),
(21, 1909),
(21, 1911),
(21, 1912),
(21, 1913),
(21, 1920),
(21, 1922),
(21, 1978),
(21, 1980),
(21, 1981),
(21, 1982),
(21, 1989),
(21, 1991),
(21, 2048),
(21, 2050),
(21, 2051),
(21, 2052),
(21, 2059),
(21, 2061),
(21, 2118),
(21, 2120),
(21, 2121),
(21, 2122),
(21, 2129),
(21, 2131),
(21, 2188),
(21, 2190),
(21, 2191),
(21, 2192),
(21, 2199),
(21, 2201),
(21, 2257),
(21, 2259),
(21, 2260),
(21, 2261),
(21, 2268),
(21, 2270),
(21, 2326),
(21, 2328),
(21, 2329),
(21, 2330),
(21, 2337),
(21, 2339),
(21, 2395),
(21, 2397),
(21, 2398),
(21, 2399),
(21, 2406),
(21, 2408),
(21, 2464),
(21, 2466),
(21, 2467),
(21, 2468),
(21, 2475),
(21, 2477),
(21, 2533),
(21, 2535),
(21, 2536),
(21, 2537),
(21, 2544),
(21, 2546),
(21, 2602),
(21, 2604),
(21, 2605),
(21, 2606),
(21, 2613),
(21, 2615),
(21, 2671),
(21, 2673),
(21, 2674),
(21, 2675),
(21, 2682),
(21, 2684),
(21, 2740),
(21, 2742),
(21, 2743),
(21, 2744),
(21, 2751),
(21, 2753),
(21, 2809),
(21, 2811),
(21, 2812),
(21, 2813),
(21, 2820),
(21, 2822),
(21, 2878),
(21, 2880),
(21, 2881),
(21, 2882),
(21, 2889),
(21, 2891),
(21, 2943),
(21, 2945),
(21, 2946),
(21, 2947),
(21, 2954),
(21, 2956),
(21, 3008),
(21, 3010),
(21, 3011),
(21, 3012),
(21, 3019),
(21, 3021),
(21, 3073),
(21, 3075),
(21, 3076),
(21, 3077),
(21, 3084),
(21, 3086),
(21, 3138),
(21, 3140),
(21, 3141),
(21, 3142),
(21, 3149),
(21, 3151),
(21, 3203),
(21, 3205),
(21, 3206),
(21, 3207),
(21, 3214),
(21, 3216),
(21, 3268),
(21, 3270),
(21, 3271),
(21, 3272),
(21, 3279),
(21, 3281),
(21, 3333),
(21, 3335),
(21, 3336),
(21, 3337),
(21, 3344),
(21, 3346),
(21, 3397),
(21, 3399),
(21, 3400),
(21, 3401),
(21, 3408),
(21, 3410),
(21, 3460),
(21, 3461),
(21, 3468),
(21, 3517),
(21, 3518),
(21, 3520),
(21, 3525),
(21, 3527),
(21, 3528),
(21, 3529),
(21, 3536),
(21, 3538),
(21, 3589),
(21, 3591),
(21, 3592),
(21, 3593),
(21, 3600),
(21, 3602),
(21, 3653),
(21, 3655),
(21, 3656),
(21, 3657),
(21, 3664),
(21, 3666),
(21, 3717),
(21, 3719),
(21, 3720),
(21, 3721),
(21, 3728),
(21, 3730),
(21, 3781),
(21, 3783),
(21, 3784),
(21, 3785),
(21, 3792),
(21, 3794),
(21, 3845),
(21, 3847),
(21, 3848),
(21, 3849),
(21, 3856),
(21, 3858),
(21, 3909),
(21, 3911),
(21, 3912),
(21, 3913),
(21, 3920),
(21, 3922),
(21, 3973),
(21, 3975),
(21, 3976),
(21, 3977),
(21, 3984),
(21, 3986),
(21, 4037),
(21, 4039),
(21, 4040),
(21, 4041),
(21, 4048),
(21, 4050),
(21, 4101),
(21, 4103),
(21, 4104),
(21, 4105),
(21, 4112),
(21, 4114),
(21, 4165),
(21, 4167),
(21, 4168),
(21, 4169),
(21, 4176),
(21, 4178),
(21, 4229),
(21, 4231),
(21, 4232),
(21, 4233),
(21, 4240),
(21, 4242),
(21, 4293),
(21, 4295),
(21, 4296),
(21, 4297),
(21, 4304),
(21, 4306),
(21, 4357),
(21, 4359),
(21, 4360),
(21, 4361),
(21, 4368),
(21, 4370),
(21, 4421),
(21, 4423),
(21, 4424),
(21, 4425),
(21, 4432),
(21, 4434),
(21, 4484),
(21, 4486),
(21, 4487),
(21, 4488),
(21, 4495),
(21, 4497),
(21, 4546),
(21, 4548),
(21, 4549),
(21, 4550),
(21, 4557),
(21, 4559),
(21, 4608),
(21, 4610),
(21, 4611),
(21, 4612),
(21, 4619),
(21, 4621),
(21, 4670),
(21, 4672),
(21, 4673),
(21, 4674),
(21, 4681),
(21, 4683),
(21, 4732),
(21, 4734),
(21, 4735),
(21, 4736),
(21, 4743),
(21, 4745),
(21, 4794),
(21, 4796),
(21, 4797),
(21, 4798),
(21, 4805),
(21, 4807),
(21, 4856),
(21, 4858),
(21, 4859),
(21, 4860),
(21, 4867),
(21, 4869),
(21, 4918),
(21, 4920),
(21, 4921),
(21, 4922),
(21, 4929),
(21, 4931),
(21, 4980),
(21, 4982),
(21, 4983),
(21, 4984),
(21, 4991),
(21, 4993),
(21, 5042),
(21, 5044),
(21, 5045),
(21, 5046),
(21, 5053),
(21, 5055),
(21, 5104),
(21, 5106),
(21, 5107),
(21, 5108),
(21, 5115),
(21, 5117),
(21, 5166),
(21, 5168),
(21, 5169),
(21, 5170),
(21, 5177),
(21, 5179),
(21, 5228),
(21, 5230),
(21, 5231),
(21, 5232),
(21, 5239),
(21, 5241),
(21, 5290),
(21, 5292),
(21, 5293),
(21, 5294),
(21, 5301),
(21, 5303),
(21, 5352),
(21, 5354),
(21, 5355),
(21, 5356),
(21, 5363),
(21, 5365),
(21, 5414),
(21, 5416),
(21, 5417),
(21, 5418),
(21, 5425),
(21, 5427),
(21, 5476),
(21, 5478),
(21, 5479),
(21, 5480),
(21, 5487),
(21, 5489),
(21, 5538),
(21, 5540),
(21, 5541),
(21, 5542),
(21, 5549),
(21, 5551),
(21, 5600),
(21, 5602),
(21, 5603),
(21, 5604),
(21, 5611),
(21, 5613),
(21, 5662),
(21, 5664),
(21, 5665),
(21, 5666),
(21, 5673),
(21, 5675),
(21, 5722),
(21, 5724),
(21, 5725),
(21, 5726),
(21, 5733),
(21, 5735),
(21, 5782),
(21, 5784),
(21, 5785),
(21, 5786),
(21, 5793),
(21, 5795),
(21, 5842),
(21, 5844),
(21, 5845),
(21, 5846),
(21, 5853),
(21, 5855),
(21, 5902),
(21, 5904),
(21, 5905),
(21, 5906),
(21, 5913),
(21, 5915),
(21, 5962),
(21, 5964),
(21, 5965),
(21, 5966),
(21, 5973),
(21, 5975),
(21, 6021),
(21, 6023),
(21, 6024),
(21, 6025),
(21, 6032),
(21, 6034),
(21, 6080),
(21, 6082),
(21, 6083),
(21, 6084),
(21, 6091),
(21, 6093),
(21, 6137),
(21, 6139),
(21, 6140),
(21, 6141),
(21, 6148),
(21, 6150),
(21, 6194),
(21, 6196),
(21, 6197),
(21, 6198),
(21, 6205),
(21, 6207),
(21, 6251),
(21, 6253),
(21, 6254),
(21, 6255),
(21, 6262),
(21, 6264),
(21, 6308),
(21, 6310),
(21, 6311),
(21, 6312),
(21, 6319),
(21, 6321),
(21, 6365),
(21, 6367),
(21, 6368),
(21, 6369),
(21, 6376),
(21, 6378),
(21, 6422),
(21, 6424),
(21, 6425),
(21, 6426),
(21, 6433),
(21, 6435),
(21, 6479),
(21, 6481),
(21, 6482),
(21, 6483),
(21, 6490),
(21, 6492),
(21, 6536),
(21, 6538),
(21, 6539),
(21, 6540),
(21, 6547),
(21, 6549),
(21, 6593),
(21, 6595),
(21, 6596),
(21, 6597),
(21, 6604),
(21, 6606),
(21, 6647),
(21, 6651),
(21, 6652),
(21, 6654),
(21, 6694),
(21, 6698),
(21, 6699),
(21, 6701),
(21, 6741),
(21, 6745),
(21, 6746),
(21, 6748),
(21, 6788),
(21, 6792),
(21, 6793),
(21, 6795),
(21, 6835),
(21, 6839),
(21, 6840),
(21, 6842),
(21, 6882),
(21, 6886),
(21, 6887),
(21, 6889),
(21, 6929),
(21, 6933),
(21, 6934),
(21, 6936),
(21, 6976),
(21, 6980),
(21, 6981),
(21, 6983),
(21, 7023),
(21, 7027),
(21, 7028),
(21, 7030),
(21, 7070),
(21, 7074),
(21, 7075),
(21, 7077),
(21, 7117),
(21, 7121),
(21, 7122),
(21, 7124),
(21, 7164),
(21, 7168),
(21, 7169),
(21, 7171),
(21, 7211),
(21, 7215),
(21, 7216),
(21, 7218),
(22, 6),
(22, 27),
(22, 76),
(22, 97),
(22, 146),
(22, 167),
(22, 215),
(22, 236),
(22, 284),
(22, 305),
(22, 353),
(22, 374),
(22, 424),
(22, 445),
(22, 495),
(22, 516),
(22, 566),
(22, 587),
(22, 637),
(22, 658),
(22, 708),
(22, 729),
(22, 779),
(22, 800),
(22, 850),
(22, 871),
(22, 921),
(22, 942),
(22, 992),
(22, 1013),
(22, 1061),
(22, 1076),
(22, 1134),
(22, 1155),
(22, 1205),
(22, 1226),
(22, 1276),
(22, 1297),
(22, 1347),
(22, 1368),
(22, 1418),
(22, 1439),
(22, 1489),
(22, 1510),
(22, 1560),
(22, 1581),
(22, 1631),
(22, 1652),
(22, 1702),
(22, 1723),
(22, 1771),
(22, 1786),
(22, 1840),
(22, 1855),
(22, 1909),
(22, 1924),
(22, 1978),
(22, 1993),
(22, 2048),
(22, 2063),
(22, 2118),
(22, 2133),
(22, 2188),
(22, 2203),
(22, 2257),
(22, 2272),
(22, 2326),
(22, 2341),
(22, 2395),
(22, 2410),
(22, 2464),
(22, 2479),
(22, 2533),
(22, 2548),
(22, 2602),
(22, 2617),
(22, 2671),
(22, 2686),
(22, 2740),
(22, 2755),
(22, 2809),
(22, 2824),
(22, 2878),
(22, 2893),
(22, 2943),
(22, 2958),
(22, 3008),
(22, 3023),
(22, 3073),
(22, 3088),
(22, 3138),
(22, 3153),
(22, 3203),
(22, 3218),
(22, 3268),
(22, 3283),
(22, 3333),
(22, 3348),
(22, 3397),
(22, 3412),
(22, 3460),
(22, 3469),
(22, 3525),
(22, 3540),
(22, 3589),
(22, 3604),
(22, 3653),
(22, 3668),
(22, 3717),
(22, 3732),
(22, 3781),
(22, 3796),
(22, 3845),
(22, 3860),
(22, 3909),
(22, 3924),
(22, 3973),
(22, 3988),
(22, 4037),
(22, 4052),
(22, 4101),
(22, 4116),
(22, 4165),
(22, 4180),
(22, 4229),
(22, 4244),
(22, 4293),
(22, 4308),
(22, 4357),
(22, 4372),
(22, 4421),
(22, 4436),
(22, 4484),
(22, 4499),
(22, 4546),
(22, 4561),
(22, 4608),
(22, 4623),
(22, 4670),
(22, 4685),
(22, 4732),
(22, 4747),
(22, 4794),
(22, 4809),
(22, 4856),
(22, 4871),
(22, 4918),
(22, 4933),
(22, 4980),
(22, 4995),
(22, 5042),
(22, 5057),
(22, 5104),
(22, 5119),
(22, 5166),
(22, 5181),
(22, 5228),
(22, 5243),
(22, 5290),
(22, 5305),
(22, 5352),
(22, 5367),
(22, 5414),
(22, 5429),
(22, 5476),
(22, 5491),
(22, 5538),
(22, 5553),
(22, 5600),
(22, 5615),
(22, 5662),
(22, 5677),
(22, 5722),
(22, 5737),
(22, 5782),
(22, 5797),
(22, 5842),
(22, 5857),
(22, 5902),
(22, 5917),
(22, 5962),
(22, 5977),
(22, 6021),
(22, 6036),
(22, 6080),
(22, 6095),
(22, 6137),
(22, 6152),
(22, 6194),
(22, 6209),
(22, 6251),
(22, 6266),
(22, 6308),
(22, 6323),
(22, 6365),
(22, 6380),
(22, 6422),
(22, 6437),
(22, 6479),
(22, 6494),
(22, 6536),
(22, 6551),
(22, 6593),
(22, 6608),
(22, 6647),
(22, 6654),
(22, 6655),
(22, 6694),
(22, 6701),
(22, 6702),
(22, 6741),
(22, 6748),
(22, 6749),
(22, 6788),
(22, 6795),
(22, 6796),
(22, 6835),
(22, 6842),
(22, 6843),
(22, 6882),
(22, 6889),
(22, 6890),
(22, 6929),
(22, 6936),
(22, 6937),
(22, 6976),
(22, 6983),
(22, 6984),
(22, 7023),
(22, 7030),
(22, 7031),
(22, 7070),
(22, 7077),
(22, 7078),
(22, 7117),
(22, 7124),
(22, 7125),
(22, 7164),
(22, 7171),
(22, 7172),
(22, 7211),
(22, 7218),
(22, 7219),
(30, 2),
(30, 3),
(30, 6),
(30, 72),
(30, 73),
(30, 76),
(30, 142),
(30, 143),
(30, 146),
(30, 211),
(30, 212),
(30, 215),
(30, 280),
(30, 281),
(30, 284),
(30, 349),
(30, 350),
(30, 353),
(30, 420),
(30, 421),
(30, 424),
(30, 491),
(30, 492),
(30, 495),
(30, 562),
(30, 563),
(30, 566),
(30, 633),
(30, 634),
(30, 637),
(30, 704),
(30, 705),
(30, 708),
(30, 775),
(30, 776),
(30, 779),
(30, 846),
(30, 847),
(30, 850),
(30, 917),
(30, 918),
(30, 921),
(30, 988),
(30, 989),
(30, 992),
(30, 1061),
(30, 1120),
(30, 1121),
(30, 1130),
(30, 1131),
(30, 1134),
(30, 1201),
(30, 1202),
(30, 1205),
(30, 1272),
(30, 1273),
(30, 1276),
(30, 1343),
(30, 1344),
(30, 1347),
(30, 1414),
(30, 1415),
(30, 1418),
(30, 1485),
(30, 1486),
(30, 1489),
(30, 1556),
(30, 1557),
(30, 1560),
(30, 1627),
(30, 1628),
(30, 1631),
(30, 1698),
(30, 1699),
(30, 1702),
(30, 1769),
(30, 1770),
(30, 1771),
(30, 1838),
(30, 1839),
(30, 1840),
(30, 1907),
(30, 1908),
(30, 1909),
(30, 1976),
(30, 1977),
(30, 1978),
(30, 2046),
(30, 2047),
(30, 2048),
(30, 2116),
(30, 2117),
(30, 2118),
(30, 2186),
(30, 2187),
(30, 2188),
(30, 2255),
(30, 2256),
(30, 2257),
(30, 2324),
(30, 2325),
(30, 2326),
(30, 2393),
(30, 2394),
(30, 2395),
(30, 2462),
(30, 2463),
(30, 2464),
(30, 2531),
(30, 2532),
(30, 2533),
(30, 2600),
(30, 2601),
(30, 2602),
(30, 2669),
(30, 2670),
(30, 2671),
(30, 2738),
(30, 2739),
(30, 2740),
(30, 2807),
(30, 2808),
(30, 2809),
(30, 2876),
(30, 2877),
(30, 2878),
(30, 2941),
(30, 2942),
(30, 2943),
(30, 3006),
(30, 3007),
(30, 3008),
(30, 3071),
(30, 3072),
(30, 3073),
(30, 3136),
(30, 3137),
(30, 3138),
(30, 3201),
(30, 3202),
(30, 3203),
(30, 3266),
(30, 3267),
(30, 3268),
(30, 3331),
(30, 3332),
(30, 3333),
(30, 3395),
(30, 3396),
(30, 3397),
(30, 3459),
(30, 3460),
(30, 3515),
(30, 3523),
(30, 3524),
(30, 3525),
(30, 3587),
(30, 3588),
(30, 3589),
(30, 3651),
(30, 3652),
(30, 3653),
(30, 3715),
(30, 3716),
(30, 3717),
(30, 3779),
(30, 3780),
(30, 3781),
(30, 3843),
(30, 3844),
(30, 3845),
(30, 3907),
(30, 3908),
(30, 3909),
(30, 3971),
(30, 3972),
(30, 3973),
(30, 4035),
(30, 4036),
(30, 4037),
(30, 4099),
(30, 4100),
(30, 4101),
(30, 4163),
(30, 4164),
(30, 4165),
(30, 4227),
(30, 4228),
(30, 4229),
(30, 4291),
(30, 4292),
(30, 4293),
(30, 4355),
(30, 4356),
(30, 4357),
(30, 4419),
(30, 4420),
(30, 4421),
(30, 4482),
(30, 4483),
(30, 4484),
(30, 4544),
(30, 4545),
(30, 4546),
(30, 4606),
(30, 4607),
(30, 4608),
(30, 4668),
(30, 4669),
(30, 4670),
(30, 4730),
(30, 4731),
(30, 4732),
(30, 4792),
(30, 4793),
(30, 4794),
(30, 4854),
(30, 4855),
(30, 4856),
(30, 4916),
(30, 4917),
(30, 4918),
(30, 4978),
(30, 4979),
(30, 4980),
(30, 5040),
(30, 5041),
(30, 5042),
(30, 5102),
(30, 5103),
(30, 5104),
(30, 5164),
(30, 5165),
(30, 5166),
(30, 5226),
(30, 5227),
(30, 5228),
(30, 5288),
(30, 5289),
(30, 5290),
(30, 5350),
(30, 5351),
(30, 5352),
(30, 5412),
(30, 5413),
(30, 5414),
(30, 5474),
(30, 5475),
(30, 5476),
(30, 5536),
(30, 5537),
(30, 5538),
(30, 5598),
(30, 5599),
(30, 5600),
(30, 5660),
(30, 5661),
(30, 5662),
(30, 5720),
(30, 5721),
(30, 5722),
(30, 5780),
(30, 5781),
(30, 5782),
(30, 5840),
(30, 5841),
(30, 5842),
(30, 5900),
(30, 5901),
(30, 5902),
(30, 5960),
(30, 5961),
(30, 5962),
(30, 6019),
(30, 6020),
(30, 6021),
(30, 6078),
(30, 6079),
(30, 6080),
(30, 6135),
(30, 6136),
(30, 6137),
(30, 6192),
(30, 6193),
(30, 6194),
(30, 6249),
(30, 6250),
(30, 6251),
(30, 6306),
(30, 6307),
(30, 6308),
(30, 6363),
(30, 6364),
(30, 6365),
(30, 6420),
(30, 6421),
(30, 6422),
(30, 6477),
(30, 6478),
(30, 6479),
(30, 6534),
(30, 6535),
(30, 6536),
(30, 6591),
(30, 6592),
(30, 6593),
(31, 6),
(31, 76),
(31, 146),
(31, 215),
(31, 284),
(31, 353),
(31, 424),
(31, 495),
(31, 566),
(31, 637),
(31, 708),
(31, 779),
(31, 850),
(31, 921),
(31, 992),
(31, 1061),
(31, 1134),
(31, 1205),
(31, 1276),
(31, 1347),
(31, 1418),
(31, 1489),
(31, 1560),
(31, 1631),
(31, 1702),
(31, 1771),
(31, 1840),
(31, 1909),
(31, 1978),
(31, 2048),
(31, 2118),
(31, 2188),
(31, 2257),
(31, 2326),
(31, 2395),
(31, 2464),
(31, 2533),
(31, 2602),
(31, 2671),
(31, 2740),
(31, 2809),
(31, 2878),
(31, 2943),
(31, 3008),
(31, 3073),
(31, 3138),
(31, 3203),
(31, 3268),
(31, 3333),
(31, 3397),
(31, 3460),
(31, 3525),
(31, 3589),
(31, 3653),
(31, 3717),
(31, 3781),
(31, 3845),
(31, 3909),
(31, 3973),
(31, 4037),
(31, 4101),
(31, 4165),
(31, 4229),
(31, 4293),
(31, 4357),
(31, 4421),
(31, 4484),
(31, 4546),
(31, 4608),
(31, 4670),
(31, 4732),
(31, 4794),
(31, 4856),
(31, 4918),
(31, 4980),
(31, 5042),
(31, 5104),
(31, 5166),
(31, 5228),
(31, 5290),
(31, 5352),
(31, 5414),
(31, 5476),
(31, 5538),
(31, 5600),
(31, 5662),
(31, 5722),
(31, 5782),
(31, 5842),
(31, 5902),
(31, 5962),
(31, 6021),
(31, 6080),
(31, 6137),
(31, 6194),
(31, 6251),
(31, 6308),
(31, 6365),
(31, 6422),
(31, 6479),
(31, 6536),
(31, 6593),
(31, 6647),
(31, 6694),
(31, 6741),
(31, 6788),
(31, 6835),
(31, 6882),
(31, 6929),
(31, 6976),
(31, 7023),
(31, 7070),
(31, 7117),
(31, 7164),
(31, 7211),
(37, 6),
(37, 22),
(37, 76),
(37, 92),
(37, 146),
(37, 162),
(37, 215),
(37, 231),
(37, 284),
(37, 300),
(37, 353),
(37, 369),
(37, 424),
(37, 440),
(37, 495),
(37, 511),
(37, 566),
(37, 582),
(37, 637),
(37, 653),
(37, 708),
(37, 724),
(37, 779),
(37, 795),
(37, 850),
(37, 866),
(37, 921),
(37, 937),
(37, 992),
(37, 1008),
(37, 1061),
(37, 1072),
(37, 1134),
(37, 1150),
(37, 1205),
(37, 1221),
(37, 1276),
(37, 1292),
(37, 1347),
(37, 1363),
(37, 1418),
(37, 1434),
(37, 1489),
(37, 1505),
(37, 1560),
(37, 1576),
(37, 1631),
(37, 1647),
(37, 1702),
(37, 1718),
(37, 1771),
(37, 1783),
(37, 1840),
(37, 1852),
(37, 1909),
(37, 1921),
(37, 1978),
(37, 1990),
(37, 2048),
(37, 2060),
(37, 2118),
(37, 2130),
(37, 2188),
(37, 2200),
(37, 2257),
(37, 2269),
(37, 2326),
(37, 2338),
(37, 2395),
(37, 2407),
(37, 2464),
(37, 2476),
(37, 2533),
(37, 2545),
(37, 2602),
(37, 2614),
(37, 2671),
(37, 2683),
(37, 2740),
(37, 2752),
(37, 2809),
(37, 2821),
(37, 2878),
(37, 2890),
(37, 2943),
(37, 2955),
(37, 3008),
(37, 3020),
(37, 3073),
(37, 3085),
(37, 3138),
(37, 3150),
(37, 3203),
(37, 3215),
(37, 3268),
(37, 3280),
(37, 3333),
(37, 3345),
(37, 3397),
(37, 3409),
(37, 3460),
(37, 3467),
(37, 3525),
(37, 3537),
(37, 3589),
(37, 3601),
(37, 3653),
(37, 3665),
(37, 3717),
(37, 3729),
(37, 3781),
(37, 3793),
(37, 3845),
(37, 3857),
(37, 3909),
(37, 3921),
(37, 3973),
(37, 3985),
(37, 4037),
(37, 4049),
(37, 4101),
(37, 4113),
(37, 4165),
(37, 4177),
(37, 4229),
(37, 4241),
(37, 4293),
(37, 4305),
(37, 4357),
(37, 4369),
(37, 4421),
(37, 4433),
(37, 4484),
(37, 4496),
(37, 4546),
(37, 4558),
(37, 4608),
(37, 4620),
(37, 4670),
(37, 4682),
(37, 4732),
(37, 4744),
(37, 4794),
(37, 4806),
(37, 4856),
(37, 4868),
(37, 4918),
(37, 4930),
(37, 4980),
(37, 4992),
(37, 5042),
(37, 5054),
(37, 5104),
(37, 5116),
(37, 5166),
(37, 5178),
(37, 5228),
(37, 5240),
(37, 5290),
(37, 5302),
(37, 5352),
(37, 5364),
(37, 5414),
(37, 5426),
(37, 5476),
(37, 5488),
(37, 5538),
(37, 5550),
(37, 5600),
(37, 5612),
(37, 5662),
(37, 5674),
(37, 5722),
(37, 5734),
(37, 5782),
(37, 5794),
(37, 5842),
(37, 5854),
(37, 5902),
(37, 5914),
(37, 5962),
(37, 5974),
(37, 6021),
(37, 6033),
(37, 6080),
(37, 6092),
(37, 6137),
(37, 6149),
(37, 6194),
(37, 6206),
(37, 6251),
(37, 6263),
(37, 6308),
(37, 6320),
(37, 6365),
(37, 6377),
(37, 6422),
(37, 6434),
(37, 6479),
(37, 6491),
(37, 6536),
(37, 6548),
(37, 6593),
(37, 6605),
(37, 6653),
(37, 6700),
(37, 6747),
(37, 6794),
(37, 6841),
(37, 6888),
(37, 6935),
(37, 6982),
(37, 7029),
(37, 7076),
(37, 7123),
(37, 7170),
(37, 7217),
(39, 7),
(39, 77),
(39, 147),
(39, 216),
(39, 285),
(39, 354),
(39, 425),
(39, 496),
(39, 567),
(39, 638),
(39, 709),
(39, 780),
(39, 851),
(39, 922),
(39, 993),
(39, 1122),
(39, 1135),
(39, 1206),
(39, 1277),
(39, 1348),
(39, 1419),
(39, 1490),
(39, 1561),
(39, 1632),
(39, 1703),
(39, 1772),
(39, 1841),
(39, 1910),
(39, 1979),
(39, 2049),
(39, 2119),
(39, 2189),
(39, 2258),
(39, 2327),
(39, 2396),
(39, 2465),
(39, 2534),
(39, 2603),
(39, 2672),
(39, 2741),
(39, 2810),
(39, 2879),
(39, 2944),
(39, 3009),
(39, 3074),
(39, 3139),
(39, 3204),
(39, 3269),
(39, 3334),
(39, 3398),
(39, 3516),
(39, 3526),
(39, 3590),
(39, 3654),
(39, 3718),
(39, 3782),
(39, 3846),
(39, 3910),
(39, 3974),
(39, 4038),
(39, 4102),
(39, 4166),
(39, 4230),
(39, 4294),
(39, 4358),
(39, 4422),
(39, 4485),
(39, 4547),
(39, 4609),
(39, 4671),
(39, 4733),
(39, 4795),
(39, 4857),
(39, 4919),
(39, 4981),
(39, 5043),
(39, 5105),
(39, 5167),
(39, 5229),
(39, 5291),
(39, 5353),
(39, 5415),
(39, 5477),
(39, 5539),
(39, 5601),
(39, 5663),
(39, 5723),
(39, 5783),
(39, 5843),
(39, 5903),
(39, 5963),
(39, 6022),
(39, 6081),
(39, 6138),
(39, 6195),
(39, 6252),
(39, 6309),
(39, 6366),
(39, 6423),
(39, 6480),
(39, 6537),
(39, 6594),
(41, 22),
(41, 92),
(41, 162),
(41, 231),
(41, 300),
(41, 369),
(41, 440),
(41, 511),
(41, 582),
(41, 653),
(41, 724),
(41, 795),
(41, 866),
(41, 937),
(41, 1008),
(41, 1072),
(41, 1150),
(41, 1221),
(41, 1292),
(41, 1363),
(41, 1434),
(41, 1505),
(41, 1576),
(41, 1647),
(41, 1718),
(41, 1783),
(41, 1852),
(41, 1921),
(41, 1990),
(41, 2060),
(41, 2130),
(41, 2200),
(41, 2269),
(41, 2338),
(41, 2407),
(41, 2476),
(41, 2545),
(41, 2614),
(41, 2683),
(41, 2752),
(41, 2821),
(41, 2890),
(41, 2955),
(41, 3020),
(41, 3085),
(41, 3150),
(41, 3215),
(41, 3280),
(41, 3345),
(41, 3409),
(41, 3467),
(41, 3537),
(41, 3601),
(41, 3665),
(41, 3729),
(41, 3793),
(41, 3857),
(41, 3921),
(41, 3985),
(41, 4049),
(41, 4113),
(41, 4177),
(41, 4241),
(41, 4305),
(41, 4369),
(41, 4433),
(41, 4496),
(41, 4558),
(41, 4620),
(41, 4682),
(41, 4744),
(41, 4806),
(41, 4868),
(41, 4930),
(41, 4992),
(41, 5054),
(41, 5116),
(41, 5178),
(41, 5240),
(41, 5302),
(41, 5364),
(41, 5426),
(41, 5488),
(41, 5550),
(41, 5612),
(41, 5674),
(41, 5734),
(41, 5794),
(41, 5854),
(41, 5914),
(41, 5974),
(41, 6033),
(41, 6092),
(41, 6149),
(41, 6206),
(41, 6263),
(41, 6320),
(41, 6377),
(41, 6434),
(41, 6491),
(41, 6548),
(41, 6605),
(41, 6653),
(41, 6700),
(41, 6747),
(41, 6794),
(41, 6841),
(41, 6888),
(41, 6935),
(41, 6982),
(41, 7029),
(41, 7076),
(41, 7123),
(41, 7170),
(41, 7217),
(48, 1),
(48, 71),
(48, 141),
(48, 210),
(48, 279),
(48, 348),
(48, 419),
(48, 490),
(48, 561),
(48, 632),
(48, 703),
(48, 774),
(48, 845),
(48, 916),
(48, 987),
(48, 1058),
(48, 1129),
(48, 1200),
(48, 1271),
(48, 1342),
(48, 1413),
(48, 1484),
(48, 1555),
(48, 1626),
(48, 1697),
(48, 1768),
(48, 1837),
(48, 1906),
(48, 1975),
(48, 2045),
(48, 2115),
(48, 2185),
(48, 2254),
(48, 2323),
(48, 2392),
(48, 2461),
(48, 2530),
(48, 2599),
(48, 2668),
(48, 2737),
(48, 2806),
(48, 2875),
(48, 2940),
(48, 3005),
(48, 3070),
(48, 3135),
(48, 3200),
(48, 3265),
(48, 3330),
(48, 3394),
(48, 3458),
(48, 3522),
(48, 3586),
(48, 3650),
(48, 3714),
(48, 3778),
(48, 3842),
(48, 3906),
(48, 3970),
(48, 4034),
(48, 4098),
(48, 4162),
(48, 4226),
(48, 4290),
(48, 4354),
(48, 4418),
(48, 4481),
(48, 4543),
(48, 4605),
(48, 4667),
(48, 4729),
(48, 4791),
(48, 4853),
(48, 4915),
(48, 4977),
(48, 5039),
(48, 5101),
(48, 5163),
(48, 5225),
(48, 5287),
(48, 5349),
(48, 5411),
(48, 5473),
(48, 5535),
(48, 5597),
(48, 5659),
(48, 5719),
(48, 5779),
(48, 5839),
(48, 5899),
(48, 5959),
(48, 6018),
(48, 6077),
(48, 6134),
(48, 6191),
(48, 6248),
(48, 6305),
(48, 6362),
(48, 6419),
(48, 6476),
(48, 6533),
(48, 6590),
(51, 26),
(51, 96),
(51, 166),
(51, 235),
(51, 304),
(51, 373),
(51, 444),
(51, 515),
(51, 586),
(51, 657),
(51, 728),
(51, 799),
(51, 870),
(51, 941),
(51, 1012),
(51, 1127),
(51, 1154),
(51, 1225),
(51, 1296),
(51, 1367),
(51, 1438),
(51, 1509),
(51, 1580),
(51, 1651),
(51, 1722),
(51, 1785),
(51, 1854),
(51, 1923),
(51, 1992),
(51, 2062),
(51, 2132),
(51, 2202),
(51, 2271),
(51, 2340),
(51, 2409),
(51, 2478),
(51, 2547),
(51, 2616),
(51, 2685),
(51, 2754),
(51, 2823),
(51, 2892),
(51, 2957),
(51, 3022),
(51, 3087),
(51, 3152),
(51, 3217),
(51, 3282),
(51, 3347),
(51, 3411),
(51, 3521),
(51, 3539),
(51, 3603),
(51, 3667),
(51, 3731),
(51, 3795),
(51, 3859),
(51, 3923),
(51, 3987),
(51, 4051),
(51, 4115),
(51, 4179),
(51, 4243),
(51, 4307),
(51, 4371),
(51, 4435),
(51, 4498),
(51, 4560),
(51, 4622),
(51, 4684),
(51, 4746),
(51, 4808),
(51, 4870),
(51, 4932),
(51, 4994),
(51, 5056),
(51, 5118),
(51, 5180),
(51, 5242),
(51, 5304),
(51, 5366),
(51, 5428),
(51, 5490),
(51, 5552),
(51, 5614),
(51, 5676),
(51, 5736),
(51, 5796),
(51, 5856),
(51, 5916),
(51, 5976),
(51, 6035),
(51, 6094),
(51, 6151),
(51, 6208),
(51, 6265),
(51, 6322),
(51, 6379),
(51, 6436),
(51, 6493),
(51, 6550),
(51, 6607),
(53, 13),
(53, 83),
(53, 153),
(53, 222),
(53, 291),
(53, 360),
(53, 431),
(53, 502),
(53, 573),
(53, 644),
(53, 715),
(53, 786),
(53, 857),
(53, 928),
(53, 999),
(53, 1125),
(53, 1141),
(53, 1212),
(53, 1283),
(53, 1354),
(53, 1425),
(53, 1496),
(53, 1567),
(53, 1638),
(53, 1709),
(53, 1778),
(53, 1847),
(53, 1916),
(53, 1985),
(53, 2055),
(53, 2125),
(53, 2195),
(53, 2264),
(53, 2333),
(53, 2402),
(53, 2471),
(53, 2540),
(53, 2609),
(53, 2678),
(53, 2747),
(53, 2816),
(53, 2885),
(53, 2950),
(53, 3015),
(53, 3080),
(53, 3145),
(53, 3210),
(53, 3275),
(53, 3340),
(53, 3404),
(53, 3519),
(53, 3532),
(53, 3596),
(53, 3660),
(53, 3724),
(53, 3788),
(53, 3852),
(53, 3916),
(53, 3980),
(53, 4044),
(53, 4108),
(53, 4172),
(53, 4236),
(53, 4300),
(53, 4364),
(53, 4428),
(53, 4491),
(53, 4553),
(53, 4615),
(53, 4677),
(53, 4739),
(53, 4801),
(53, 4863),
(53, 4925),
(53, 4987),
(53, 5049),
(53, 5111),
(53, 5173),
(53, 5235),
(53, 5297),
(53, 5359),
(53, 5421),
(53, 5483),
(53, 5545),
(53, 5607),
(53, 5669),
(53, 5729),
(53, 5789),
(53, 5849),
(53, 5909),
(53, 5969),
(53, 6028),
(53, 6087),
(53, 6144),
(53, 6201),
(53, 6258),
(53, 6315),
(53, 6372),
(53, 6429),
(53, 6486),
(53, 6543),
(53, 6600),
(59, 8),
(59, 11),
(59, 78),
(59, 81),
(59, 148),
(59, 151),
(59, 217),
(59, 220),
(59, 286),
(59, 289),
(59, 355),
(59, 358),
(59, 426),
(59, 429),
(59, 497),
(59, 500),
(59, 568),
(59, 571),
(59, 639),
(59, 642),
(59, 710),
(59, 713),
(59, 781),
(59, 784),
(59, 852),
(59, 855),
(59, 923),
(59, 926),
(59, 994),
(59, 997),
(59, 1063),
(59, 1123),
(59, 1136),
(59, 1139),
(59, 1207),
(59, 1210),
(59, 1278),
(59, 1281),
(59, 1349),
(59, 1352),
(59, 1420),
(59, 1423),
(59, 1491),
(59, 1494),
(59, 1562),
(59, 1565),
(59, 1633),
(59, 1636),
(59, 1704),
(59, 1707),
(59, 1773),
(59, 1776),
(59, 1842),
(59, 1845),
(59, 1911),
(59, 1914),
(59, 1980),
(59, 1983),
(59, 2050),
(59, 2053),
(59, 2120),
(59, 2123),
(59, 2190),
(59, 2193),
(59, 2259),
(59, 2262),
(59, 2328),
(59, 2331),
(59, 2397),
(59, 2400),
(59, 2466),
(59, 2469),
(59, 2535),
(59, 2538),
(59, 2604),
(59, 2607),
(59, 2673),
(59, 2676),
(59, 2742),
(59, 2745),
(59, 2811),
(59, 2814),
(59, 2880),
(59, 2883),
(59, 2945),
(59, 2948),
(59, 3010),
(59, 3013),
(59, 3075),
(59, 3078),
(59, 3140),
(59, 3143),
(59, 3205),
(59, 3208),
(59, 3270),
(59, 3273),
(59, 3335),
(59, 3338),
(59, 3399),
(59, 3402),
(59, 3462),
(59, 3517),
(59, 3527),
(59, 3530),
(59, 3591),
(59, 3594),
(59, 3655),
(59, 3658),
(59, 3719),
(59, 3722),
(59, 3783),
(59, 3786),
(59, 3847),
(59, 3850),
(59, 3911),
(59, 3914),
(59, 3975),
(59, 3978),
(59, 4039),
(59, 4042),
(59, 4103),
(59, 4106),
(59, 4167),
(59, 4170),
(59, 4231),
(59, 4234),
(59, 4295),
(59, 4298),
(59, 4359),
(59, 4362),
(59, 4423),
(59, 4426),
(59, 4486),
(59, 4489),
(59, 4548),
(59, 4551),
(59, 4610),
(59, 4613),
(59, 4672),
(59, 4675),
(59, 4734),
(59, 4737),
(59, 4796),
(59, 4799),
(59, 4858),
(59, 4861),
(59, 4920),
(59, 4923),
(59, 4982),
(59, 4985),
(59, 5044),
(59, 5047),
(59, 5106),
(59, 5109),
(59, 5168),
(59, 5171),
(59, 5230),
(59, 5233),
(59, 5292),
(59, 5295),
(59, 5354),
(59, 5357),
(59, 5416),
(59, 5419),
(59, 5478),
(59, 5481),
(59, 5540),
(59, 5543),
(59, 5602),
(59, 5605),
(59, 5664),
(59, 5667),
(59, 5724),
(59, 5727),
(59, 5784),
(59, 5787),
(59, 5844),
(59, 5847),
(59, 5904),
(59, 5907),
(59, 5964),
(59, 5967),
(59, 6023),
(59, 6026),
(59, 6082),
(59, 6085),
(59, 6139),
(59, 6142),
(59, 6196),
(59, 6199),
(59, 6253),
(59, 6256),
(59, 6310),
(59, 6313),
(59, 6367),
(59, 6370),
(59, 6424),
(59, 6427),
(59, 6481),
(59, 6484),
(59, 6538),
(59, 6541),
(59, 6595),
(59, 6598),
(59, 6648),
(59, 6695),
(59, 6742),
(59, 6789),
(59, 6836),
(59, 6883),
(59, 6930),
(59, 6977),
(59, 7024),
(59, 7071),
(59, 7118),
(59, 7165),
(59, 7212),
(60, 6654),
(60, 6701),
(60, 6748),
(60, 6795),
(60, 6842),
(60, 6889),
(60, 6936),
(60, 6983),
(60, 7030),
(60, 7077),
(60, 7124),
(60, 7171),
(60, 7218),
(63, 14),
(63, 84),
(63, 154),
(63, 223),
(63, 292),
(63, 361),
(63, 432),
(63, 503),
(63, 574),
(63, 645),
(63, 716),
(63, 787),
(63, 858),
(63, 929),
(63, 1000),
(63, 1065),
(63, 1142),
(63, 1213),
(63, 1284),
(63, 1355),
(63, 1426),
(63, 1497),
(63, 1568),
(63, 1639),
(63, 1710),
(63, 1779),
(63, 1848),
(63, 1917),
(63, 1986),
(63, 2056),
(63, 2126),
(63, 2196),
(63, 2265),
(63, 2334),
(63, 2403),
(63, 2472),
(63, 2541),
(63, 2610),
(63, 2679),
(63, 2748),
(63, 2817),
(63, 2886),
(63, 2951),
(63, 3016),
(63, 3081),
(63, 3146),
(63, 3211),
(63, 3276),
(63, 3341),
(63, 3405),
(63, 3464),
(63, 3533),
(63, 3597),
(63, 3661),
(63, 3725),
(63, 3789),
(63, 3853),
(63, 3917),
(63, 3981),
(63, 4045),
(63, 4109),
(63, 4173),
(63, 4237),
(63, 4301),
(63, 4365),
(63, 4429),
(63, 4492),
(63, 4554),
(63, 4616),
(63, 4678),
(63, 4740),
(63, 4802),
(63, 4864),
(63, 4926),
(63, 4988),
(63, 5050),
(63, 5112),
(63, 5174),
(63, 5236),
(63, 5298),
(63, 5360),
(63, 5422),
(63, 5484),
(63, 5546),
(63, 5608),
(63, 5670),
(63, 5730),
(63, 5790),
(63, 5850),
(63, 5910),
(63, 5970),
(63, 6029),
(63, 6088),
(63, 6145),
(63, 6202),
(63, 6259),
(63, 6316),
(63, 6373),
(63, 6430),
(63, 6487),
(63, 6544),
(63, 6601),
(65, 15),
(65, 85),
(65, 155),
(65, 224),
(65, 293),
(65, 362),
(65, 433),
(65, 504),
(65, 575),
(65, 646),
(65, 717),
(65, 788),
(65, 859),
(65, 930),
(65, 1001),
(65, 1066),
(65, 1143),
(65, 1214),
(65, 1285),
(65, 1356),
(65, 1427),
(65, 1498),
(65, 1569),
(65, 1640),
(65, 1711),
(65, 1780),
(65, 1849),
(65, 1918),
(65, 1987),
(65, 2057),
(65, 2127),
(65, 2197),
(65, 2266),
(65, 2335),
(65, 2404),
(65, 2473),
(65, 2542),
(65, 2611),
(65, 2680),
(65, 2749),
(65, 2818),
(65, 2887),
(65, 2952),
(65, 3017),
(65, 3082),
(65, 3147),
(65, 3212),
(65, 3277),
(65, 3342),
(65, 3406),
(65, 3465),
(65, 3534),
(65, 3598),
(65, 3662),
(65, 3726),
(65, 3790),
(65, 3854),
(65, 3918),
(65, 3982),
(65, 4046),
(65, 4110),
(65, 4174),
(65, 4238),
(65, 4302),
(65, 4366),
(65, 4430),
(65, 4493),
(65, 4555),
(65, 4617),
(65, 4679),
(65, 4741),
(65, 4803),
(65, 4865),
(65, 4927),
(65, 4989),
(65, 5051),
(65, 5113),
(65, 5175),
(65, 5237),
(65, 5299),
(65, 5361),
(65, 5423),
(65, 5485),
(65, 5547),
(65, 5609),
(65, 5671),
(65, 5731),
(65, 5791),
(65, 5851),
(65, 5911),
(65, 5971),
(65, 6030),
(65, 6089),
(65, 6146),
(65, 6203),
(65, 6260),
(65, 6317),
(65, 6374),
(65, 6431),
(65, 6488),
(65, 6545),
(65, 6602),
(68, 26),
(68, 96),
(68, 166),
(68, 235),
(68, 304),
(68, 373),
(68, 444),
(68, 515),
(68, 586),
(68, 657),
(68, 728),
(68, 799),
(68, 870),
(68, 941),
(68, 1012),
(68, 1127),
(68, 1154),
(68, 1225),
(68, 1296),
(68, 1367),
(68, 1438),
(68, 1509),
(68, 1580),
(68, 1651),
(68, 1722),
(68, 1785),
(68, 1854),
(68, 1923),
(68, 1992),
(68, 2062),
(68, 2132),
(68, 2202),
(68, 2271),
(68, 2340),
(68, 2409),
(68, 2478),
(68, 2547),
(68, 2616),
(68, 2685),
(68, 2754),
(68, 2823),
(68, 2892),
(68, 2957),
(68, 3022),
(68, 3087),
(68, 3152),
(68, 3217),
(68, 3282),
(68, 3347),
(68, 3411),
(68, 3521),
(68, 3539),
(68, 3603),
(68, 3667),
(68, 3731),
(68, 3795),
(68, 3859),
(68, 3923),
(68, 3987),
(68, 4051),
(68, 4115),
(68, 4179),
(68, 4243),
(68, 4307),
(68, 4371),
(68, 4435),
(68, 4498),
(68, 4560),
(68, 4622),
(68, 4684),
(68, 4746),
(68, 4808),
(68, 4870),
(68, 4932),
(68, 4994),
(68, 5056),
(68, 5118),
(68, 5180),
(68, 5242),
(68, 5304),
(68, 5366),
(68, 5428),
(68, 5490),
(68, 5552),
(68, 5614),
(68, 5676),
(68, 5736),
(68, 5796),
(68, 5856),
(68, 5916),
(68, 5976),
(68, 6035),
(68, 6094),
(68, 6151),
(68, 6208),
(68, 6265),
(68, 6322),
(68, 6379),
(68, 6436),
(68, 6493),
(68, 6550),
(68, 6607),
(68, 6654),
(68, 6701),
(68, 6748),
(68, 6795),
(68, 6842),
(68, 6889),
(68, 6936),
(68, 6983),
(68, 7030),
(68, 7077),
(68, 7124),
(68, 7171),
(68, 7218),
(69, 9),
(69, 26),
(69, 79),
(69, 96),
(69, 149),
(69, 166),
(69, 218),
(69, 235),
(69, 287),
(69, 304),
(69, 356),
(69, 373),
(69, 427),
(69, 444),
(69, 498),
(69, 515),
(69, 569),
(69, 586),
(69, 640),
(69, 657),
(69, 711),
(69, 728),
(69, 782),
(69, 799),
(69, 853),
(69, 870),
(69, 924),
(69, 941),
(69, 995),
(69, 1012),
(69, 1124),
(69, 1127),
(69, 1137),
(69, 1154),
(69, 1208),
(69, 1225),
(69, 1279),
(69, 1296),
(69, 1350),
(69, 1367),
(69, 1421),
(69, 1438),
(69, 1492),
(69, 1509),
(69, 1563),
(69, 1580),
(69, 1634),
(69, 1651),
(69, 1705),
(69, 1722),
(69, 1774),
(69, 1785),
(69, 1843),
(69, 1854),
(69, 1912),
(69, 1923),
(69, 1981),
(69, 1992),
(69, 2051),
(69, 2062),
(69, 2121),
(69, 2132),
(69, 2191),
(69, 2202),
(69, 2260),
(69, 2271),
(69, 2329),
(69, 2340),
(69, 2398),
(69, 2409),
(69, 2467),
(69, 2478),
(69, 2536),
(69, 2547),
(69, 2605),
(69, 2616),
(69, 2674),
(69, 2685),
(69, 2743),
(69, 2754),
(69, 2812),
(69, 2823),
(69, 2881),
(69, 2892),
(69, 2946),
(69, 2957),
(69, 3011),
(69, 3022),
(69, 3076),
(69, 3087),
(69, 3141),
(69, 3152),
(69, 3206),
(69, 3217),
(69, 3271),
(69, 3282),
(69, 3336),
(69, 3347),
(69, 3400),
(69, 3411),
(69, 3518),
(69, 3521),
(69, 3528),
(69, 3539),
(69, 3592),
(69, 3603),
(69, 3656),
(69, 3667),
(69, 3720),
(69, 3731),
(69, 3784),
(69, 3795),
(69, 3848),
(69, 3859),
(69, 3912),
(69, 3923),
(69, 3976),
(69, 3987),
(69, 4040),
(69, 4051),
(69, 4104),
(69, 4115),
(69, 4168),
(69, 4179),
(69, 4232),
(69, 4243),
(69, 4296),
(69, 4307),
(69, 4360),
(69, 4371),
(69, 4424),
(69, 4435),
(69, 4487),
(69, 4498),
(69, 4549),
(69, 4560),
(69, 4611),
(69, 4622),
(69, 4673),
(69, 4684),
(69, 4735),
(69, 4746),
(69, 4797),
(69, 4808),
(69, 4859),
(69, 4870),
(69, 4921),
(69, 4932),
(69, 4983),
(69, 4994),
(69, 5045),
(69, 5056),
(69, 5107),
(69, 5118),
(69, 5169),
(69, 5180),
(69, 5231),
(69, 5242),
(69, 5293),
(69, 5304),
(69, 5355),
(69, 5366),
(69, 5417),
(69, 5428),
(69, 5479),
(69, 5490),
(69, 5541),
(69, 5552),
(69, 5603),
(69, 5614),
(69, 5665),
(69, 5676),
(69, 5725),
(69, 5736),
(69, 5785),
(69, 5796),
(69, 5845),
(69, 5856),
(69, 5905),
(69, 5916),
(69, 5965),
(69, 5976),
(69, 6024),
(69, 6035),
(69, 6083),
(69, 6094),
(69, 6140),
(69, 6151),
(69, 6197),
(69, 6208),
(69, 6254),
(69, 6265),
(69, 6311),
(69, 6322),
(69, 6368),
(69, 6379),
(69, 6425),
(69, 6436),
(69, 6482),
(69, 6493),
(69, 6539),
(69, 6550),
(69, 6596),
(69, 6607),
(70, 6654),
(70, 6701),
(70, 6748),
(70, 6795),
(70, 6842),
(70, 6889),
(70, 6936),
(70, 6983),
(70, 7030),
(70, 7077),
(70, 7124),
(70, 7171),
(70, 7218),
(71, 7),
(71, 77),
(71, 147),
(71, 216),
(71, 285),
(71, 354),
(71, 425),
(71, 496),
(71, 567),
(71, 638),
(71, 709),
(71, 780),
(71, 851),
(71, 922),
(71, 993),
(71, 1122),
(71, 1135),
(71, 1206),
(71, 1277),
(71, 1348),
(71, 1419),
(71, 1490),
(71, 1561),
(71, 1632),
(71, 1703),
(71, 1772),
(71, 1841),
(71, 1910),
(71, 1979),
(71, 2049),
(71, 2119),
(71, 2189),
(71, 2258),
(71, 2327),
(71, 2396),
(71, 2465),
(71, 2534),
(71, 2603),
(71, 2672),
(71, 2741),
(71, 2810),
(71, 2879),
(71, 2944),
(71, 3009),
(71, 3074),
(71, 3139),
(71, 3204),
(71, 3269),
(71, 3334),
(71, 3398),
(71, 3516),
(71, 3526),
(71, 3590),
(71, 3654),
(71, 3718),
(71, 3782),
(71, 3846),
(71, 3910),
(71, 3974),
(71, 4038),
(71, 4102),
(71, 4166),
(71, 4230),
(71, 4294),
(71, 4358),
(71, 4422),
(71, 4485),
(71, 4547),
(71, 4609),
(71, 4671),
(71, 4733),
(71, 4795),
(71, 4857),
(71, 4919),
(71, 4981),
(71, 5043),
(71, 5105),
(71, 5167),
(71, 5229),
(71, 5291),
(71, 5353),
(71, 5415),
(71, 5477),
(71, 5539),
(71, 5601),
(71, 5663),
(71, 5723),
(71, 5783),
(71, 5843),
(71, 5903),
(71, 5963),
(71, 6022),
(71, 6081),
(71, 6138),
(71, 6195),
(71, 6252),
(71, 6309),
(71, 6366),
(71, 6423),
(71, 6480),
(71, 6537),
(71, 6594),
(72, 6647),
(72, 6694),
(72, 6741),
(72, 6788),
(72, 6835),
(72, 6882),
(72, 6929),
(72, 6976),
(72, 7023),
(72, 7070),
(72, 7117),
(72, 7164),
(72, 7211),
(78, 7),
(78, 77),
(78, 147),
(78, 216),
(78, 285),
(78, 354),
(78, 425),
(78, 496),
(78, 567),
(78, 638),
(78, 709),
(78, 780),
(78, 851),
(78, 922),
(78, 993),
(78, 1122),
(78, 1135),
(78, 1206),
(78, 1277),
(78, 1348),
(78, 1419),
(78, 1490),
(78, 1561),
(78, 1632),
(78, 1703),
(78, 1772),
(78, 1841),
(78, 1910),
(78, 1979),
(78, 2049),
(78, 2119),
(78, 2189),
(78, 2258),
(78, 2327),
(78, 2396),
(78, 2465),
(78, 2534),
(78, 2603),
(78, 2672),
(78, 2741),
(78, 2810),
(78, 2879),
(78, 2944),
(78, 3009),
(78, 3074),
(78, 3139),
(78, 3204),
(78, 3269),
(78, 3334),
(78, 3398),
(78, 3516),
(78, 3526),
(78, 3590),
(78, 3654),
(78, 3718),
(78, 3782),
(78, 3846),
(78, 3910),
(78, 3974),
(78, 4038),
(78, 4102),
(78, 4166),
(78, 4230),
(78, 4294),
(78, 4358),
(78, 4422),
(78, 4485),
(78, 4547),
(78, 4609),
(78, 4671),
(78, 4733),
(78, 4795),
(78, 4857),
(78, 4919),
(78, 4981),
(78, 5043),
(78, 5105),
(78, 5167),
(78, 5229),
(78, 5291),
(78, 5353),
(78, 5415),
(78, 5477),
(78, 5539),
(78, 5601),
(78, 5663),
(78, 5723),
(78, 5783),
(78, 5843),
(78, 5903),
(78, 5963),
(78, 6022),
(78, 6081),
(78, 6138),
(78, 6195),
(78, 6252),
(78, 6309),
(78, 6366),
(78, 6423),
(78, 6480),
(78, 6537),
(78, 6594),
(80, 6654),
(80, 6701),
(80, 6748),
(80, 6795),
(80, 6842),
(80, 6889),
(80, 6936),
(80, 6983),
(80, 7030),
(80, 7077),
(80, 7124),
(80, 7171),
(80, 7218),
(81, 7),
(81, 8),
(81, 77),
(81, 78),
(81, 147),
(81, 148),
(81, 216),
(81, 217),
(81, 285),
(81, 286),
(81, 354),
(81, 355),
(81, 425),
(81, 426),
(81, 496),
(81, 497),
(81, 567),
(81, 568),
(81, 638),
(81, 639),
(81, 709),
(81, 710),
(81, 780),
(81, 781),
(81, 851),
(81, 852),
(81, 922),
(81, 923),
(81, 993),
(81, 994),
(81, 1122),
(81, 1123),
(81, 1135),
(81, 1136),
(81, 1206),
(81, 1207),
(81, 1277),
(81, 1278),
(81, 1348),
(81, 1349),
(81, 1419),
(81, 1420),
(81, 1490),
(81, 1491),
(81, 1561),
(81, 1562),
(81, 1632),
(81, 1633),
(81, 1703),
(81, 1704),
(81, 1772),
(81, 1773),
(81, 1841),
(81, 1842),
(81, 1910),
(81, 1911),
(81, 1979),
(81, 1980),
(81, 2049),
(81, 2050),
(81, 2119),
(81, 2120),
(81, 2189),
(81, 2190),
(81, 2258),
(81, 2259),
(81, 2327),
(81, 2328),
(81, 2396),
(81, 2397),
(81, 2465),
(81, 2466),
(81, 2534),
(81, 2535),
(81, 2603),
(81, 2604),
(81, 2672),
(81, 2673),
(81, 2741),
(81, 2742),
(81, 2810),
(81, 2811),
(81, 2879),
(81, 2880),
(81, 2944),
(81, 2945),
(81, 3009),
(81, 3010),
(81, 3074),
(81, 3075),
(81, 3139),
(81, 3140),
(81, 3204),
(81, 3205),
(81, 3269),
(81, 3270),
(81, 3334),
(81, 3335),
(81, 3398),
(81, 3399),
(81, 3516),
(81, 3517),
(81, 3526),
(81, 3527),
(81, 3590),
(81, 3591),
(81, 3654),
(81, 3655),
(81, 3718),
(81, 3719),
(81, 3782),
(81, 3783),
(81, 3846),
(81, 3847),
(81, 3910),
(81, 3911),
(81, 3974),
(81, 3975),
(81, 4038),
(81, 4039),
(81, 4102),
(81, 4103),
(81, 4166),
(81, 4167),
(81, 4230),
(81, 4231),
(81, 4294),
(81, 4295),
(81, 4358),
(81, 4359),
(81, 4422),
(81, 4423),
(81, 4485),
(81, 4486),
(81, 4547),
(81, 4548),
(81, 4609),
(81, 4610),
(81, 4671),
(81, 4672),
(81, 4733),
(81, 4734),
(81, 4795),
(81, 4796),
(81, 4857),
(81, 4858),
(81, 4919),
(81, 4920),
(81, 4981),
(81, 4982),
(81, 5043),
(81, 5044),
(81, 5105),
(81, 5106),
(81, 5167),
(81, 5168),
(81, 5229),
(81, 5230),
(81, 5291),
(81, 5292),
(81, 5353),
(81, 5354),
(81, 5415),
(81, 5416),
(81, 5477),
(81, 5478),
(81, 5539),
(81, 5540),
(81, 5601),
(81, 5602),
(81, 5663),
(81, 5664),
(81, 5723),
(81, 5724),
(81, 5783),
(81, 5784),
(81, 5843),
(81, 5844),
(81, 5903),
(81, 5904),
(81, 5963),
(81, 5964),
(81, 6022),
(81, 6023),
(81, 6081),
(81, 6082),
(81, 6138),
(81, 6139),
(81, 6195),
(81, 6196),
(81, 6252),
(81, 6253),
(81, 6309),
(81, 6310),
(81, 6366),
(81, 6367),
(81, 6423),
(81, 6424),
(81, 6480),
(81, 6481),
(81, 6537),
(81, 6538),
(81, 6594),
(81, 6595),
(91, 7),
(91, 10),
(91, 77),
(91, 80),
(91, 147),
(91, 150),
(91, 216),
(91, 219),
(91, 285),
(91, 288),
(91, 354),
(91, 357),
(91, 425),
(91, 428),
(91, 496),
(91, 499),
(91, 567),
(91, 570),
(91, 638),
(91, 641),
(91, 709),
(91, 712),
(91, 780),
(91, 783),
(91, 851),
(91, 854),
(91, 922),
(91, 925),
(91, 993),
(91, 996),
(91, 1062),
(91, 1122),
(91, 1135),
(91, 1138),
(91, 1206),
(91, 1209),
(91, 1277),
(91, 1280),
(91, 1348),
(91, 1351),
(91, 1419),
(91, 1422),
(91, 1490),
(91, 1493),
(91, 1561),
(91, 1564),
(91, 1632),
(91, 1635),
(91, 1703),
(91, 1706),
(91, 1772),
(91, 1775),
(91, 1841),
(91, 1844),
(91, 1910),
(91, 1913),
(91, 1979),
(91, 1982),
(91, 2049),
(91, 2052),
(91, 2119),
(91, 2122),
(91, 2189),
(91, 2192),
(91, 2258),
(91, 2261),
(91, 2327),
(91, 2330),
(91, 2396),
(91, 2399),
(91, 2465),
(91, 2468),
(91, 2534),
(91, 2537),
(91, 2603),
(91, 2606),
(91, 2672),
(91, 2675),
(91, 2741),
(91, 2744),
(91, 2810),
(91, 2813),
(91, 2879),
(91, 2882),
(91, 2944),
(91, 2947),
(91, 3009),
(91, 3012),
(91, 3074),
(91, 3077),
(91, 3139),
(91, 3142),
(91, 3204),
(91, 3207),
(91, 3269),
(91, 3272),
(91, 3334),
(91, 3337),
(91, 3398),
(91, 3401),
(91, 3461),
(91, 3516),
(91, 3526),
(91, 3529),
(91, 3590),
(91, 3593),
(91, 3654),
(91, 3657),
(91, 3718),
(91, 3721),
(91, 3782),
(91, 3785),
(91, 3846),
(91, 3849),
(91, 3910),
(91, 3913),
(91, 3974),
(91, 3977),
(91, 4038),
(91, 4041),
(91, 4102),
(91, 4105),
(91, 4166),
(91, 4169),
(91, 4230),
(91, 4233),
(91, 4294),
(91, 4297),
(91, 4358),
(91, 4361),
(91, 4422),
(91, 4425),
(91, 4485),
(91, 4488),
(91, 4547),
(91, 4550),
(91, 4609),
(91, 4612),
(91, 4671),
(91, 4674),
(91, 4733),
(91, 4736),
(91, 4795),
(91, 4798),
(91, 4857),
(91, 4860),
(91, 4919),
(91, 4922),
(91, 4981),
(91, 4984),
(91, 5043),
(91, 5046),
(91, 5105),
(91, 5108),
(91, 5167),
(91, 5170),
(91, 5229),
(91, 5232),
(91, 5291),
(91, 5294),
(91, 5353),
(91, 5356),
(91, 5415),
(91, 5418),
(91, 5477),
(91, 5480),
(91, 5539),
(91, 5542),
(91, 5601),
(91, 5604),
(91, 5663),
(91, 5666),
(91, 5723),
(91, 5726),
(91, 5783),
(91, 5786),
(91, 5843),
(91, 5846),
(91, 5903),
(91, 5906),
(91, 5963),
(91, 5966),
(91, 6022),
(91, 6025),
(91, 6081),
(91, 6084),
(91, 6138),
(91, 6141),
(91, 6195),
(91, 6198),
(91, 6252),
(91, 6255),
(91, 6309),
(91, 6312),
(91, 6366),
(91, 6369),
(91, 6423),
(91, 6426),
(91, 6480),
(91, 6483),
(91, 6537),
(91, 6540),
(91, 6594),
(91, 6597),
(93, 10),
(93, 80),
(93, 150),
(93, 219),
(93, 288),
(93, 357),
(93, 428),
(93, 499),
(93, 570),
(93, 641),
(93, 712),
(93, 783),
(93, 854),
(93, 925),
(93, 996),
(93, 1062),
(93, 1138),
(93, 1209),
(93, 1280),
(93, 1351),
(93, 1422),
(93, 1493),
(93, 1564),
(93, 1635),
(93, 1706),
(93, 1775),
(93, 1844),
(93, 1913),
(93, 1982),
(93, 2052),
(93, 2122),
(93, 2192),
(93, 2261),
(93, 2330),
(93, 2399),
(93, 2468),
(93, 2537),
(93, 2606),
(93, 2675),
(93, 2744),
(93, 2813),
(93, 2882),
(93, 2947),
(93, 3012),
(93, 3077),
(93, 3142),
(93, 3207),
(93, 3272),
(93, 3337),
(93, 3401),
(93, 3461),
(93, 3529),
(93, 3593),
(93, 3657),
(93, 3721),
(93, 3785),
(93, 3849),
(93, 3913),
(93, 3977),
(93, 4041),
(93, 4105),
(93, 4169),
(93, 4233),
(93, 4297),
(93, 4361),
(93, 4425),
(93, 4488),
(93, 4550),
(93, 4612),
(93, 4674),
(93, 4736),
(93, 4798),
(93, 4860),
(93, 4922),
(93, 4984),
(93, 5046),
(93, 5108),
(93, 5170),
(93, 5232),
(93, 5294),
(93, 5356),
(93, 5418),
(93, 5480),
(93, 5542),
(93, 5604),
(93, 5666),
(93, 5726),
(93, 5786),
(93, 5846),
(93, 5906),
(93, 5966),
(93, 6025),
(93, 6084),
(93, 6141),
(93, 6198),
(93, 6255),
(93, 6312),
(93, 6369),
(93, 6426),
(93, 6483),
(93, 6540),
(93, 6597),
(126, 1286),
(126, 1357),
(126, 1428),
(126, 1499),
(126, 1570),
(126, 1641),
(126, 1712),
(126, 1781),
(126, 1850),
(126, 1919),
(126, 1988),
(126, 2058),
(126, 2128),
(126, 2198),
(126, 2267),
(126, 2336),
(126, 2405),
(126, 2474),
(126, 2543),
(126, 2612),
(126, 2681),
(126, 2750),
(126, 2819),
(126, 2888),
(126, 2953),
(126, 3018),
(126, 3083),
(126, 3148),
(126, 3213),
(126, 3278),
(126, 3343),
(126, 3407),
(126, 3466),
(126, 3535),
(126, 3599),
(126, 3663),
(126, 3727),
(126, 3791),
(126, 3855),
(126, 3919),
(126, 3983),
(126, 4047),
(126, 4111),
(126, 4175),
(126, 4239),
(126, 4303),
(126, 4367),
(126, 4431),
(126, 4494),
(126, 4556),
(126, 4618),
(126, 4680),
(126, 4742),
(126, 4804),
(126, 4866),
(126, 4928),
(126, 4990),
(126, 5052),
(126, 5114),
(126, 5176),
(126, 5238),
(126, 5300),
(126, 5362),
(126, 5424),
(126, 5486),
(126, 5548),
(126, 5610),
(126, 5672),
(126, 5732),
(126, 5792),
(126, 5852),
(126, 5912),
(126, 5972),
(126, 6031),
(126, 6090),
(126, 6147),
(126, 6204),
(126, 6261),
(126, 6318),
(126, 6375),
(126, 6432),
(126, 6489),
(126, 6546),
(126, 6603),
(126, 6650),
(126, 6697),
(126, 6744),
(126, 6791),
(126, 6838),
(126, 6885),
(126, 6932),
(126, 6979),
(126, 7026),
(126, 7073),
(126, 7120),
(126, 7167),
(126, 7214);

-- --------------------------------------------------------

--
-- Structure de la table `gcahdy_tab_lang`
--

CREATE TABLE `gcahdy_tab_lang` (
  `id_tab` int(10) UNSIGNED NOT NULL,
  `id_lang` int(10) UNSIGNED NOT NULL,
  `name` varchar(64) DEFAULT NULL
) ENGINE=InnoDB DEFAULT CHARSET=utf8;

--
-- Déchargement des données de la table `gcahdy_tab_lang`
--

INSERT INTO `gcahdy_tab_lang` (`id_tab`, `id_lang`, `name`) VALUES
(1, 1, 'Tableau de Bord'),
(1, 2, 'Dashboard'),
(2, 1, 'Pages CMS'),
(2, 2, 'CMS Pages'),
(3, 1, 'Catégories CMS'),
(3, 2, 'CMS Categories'),
(4, 1, 'Générateur de déclinaisons'),
(4, 2, 'Combinations Generator'),
(5, 1, 'Recherche'),
(5, 2, 'Search'),
(6, 1, 'Connexion'),
(6, 2, 'Login'),
(7, 1, 'Boutiques'),
(7, 2, 'Shops'),
(8, 1, 'URLs de boutique'),
(8, 2, 'Shop URLs'),
(9, 1, 'Catalogue'),
(9, 2, 'Catalog'),
(10, 1, 'Commandes'),
(10, 2, 'Orders'),
(11, 1, 'Clients'),
(11, 2, 'Customers'),
(12, 1, 'Promotions'),
(12, 2, 'Price Rules'),
(13, 1, 'Modules et Services'),
(13, 2, 'Modules and Services'),
(14, 1, 'Transport'),
(14, 2, 'Shipping'),
(15, 1, 'Localisation'),
(15, 2, 'Localization'),
(16, 1, 'Préférences'),
(16, 2, 'Preferences'),
(17, 1, 'Paramètres avancés'),
(17, 2, 'Advanced Parameters'),
(18, 1, 'Administration'),
(18, 2, 'Administration'),
(19, 1, 'Statistiques'),
(19, 2, 'Stats'),
(20, 1, 'Stock'),
(20, 2, 'Stock'),
(21, 1, 'Produits'),
(21, 2, 'Products'),
(22, 1, 'Catégories'),
(22, 2, 'Categories'),
(23, 1, 'Suivi'),
(23, 2, 'Monitoring'),
(24, 1, 'Attributs et Valeurs'),
(24, 2, 'Product Attributes'),
(25, 1, 'Caractéristiques'),
(25, 2, 'Product Features'),
(26, 1, 'Marques'),
(26, 2, 'Manufacturers'),
(27, 1, 'Fournisseurs'),
(27, 2, 'Suppliers'),
(28, 1, 'Tags'),
(28, 2, 'Tags'),
(29, 1, 'Documents joints'),
(29, 2, 'Attachments'),
(30, 1, 'Commandes'),
(30, 2, 'Orders'),
(31, 1, 'Factures'),
(31, 2, 'Invoices'),
(32, 1, 'Retours produits'),
(32, 2, 'Merchandise Returns'),
(33, 1, 'Bons de livraison'),
(33, 2, 'Delivery Slips'),
(34, 1, 'Avoirs'),
(34, 2, 'Credit Notes'),
(35, 1, 'Statuts'),
(35, 2, 'Statuses'),
(36, 1, 'Messages prédéfinis'),
(36, 2, 'Order Messages'),
(37, 1, 'Clients'),
(37, 2, 'Customers'),
(38, 1, 'Adresses'),
(38, 2, 'Addresses'),
(39, 1, 'Groupes'),
(39, 2, 'Groups'),
(40, 1, 'Paniers'),
(40, 2, 'Shopping Carts'),
(41, 1, 'SAV'),
(41, 2, 'Customer Service'),
(42, 1, 'Contacts'),
(42, 2, 'Contacts'),
(43, 1, 'Titres de civilité'),
(43, 2, 'Titles'),
(44, 1, 'Encours'),
(44, 2, 'Outstanding'),
(45, 1, 'Règles paniers'),
(45, 2, 'Basket Rules'),
(46, 1, 'Règles de prix catalogue'),
(46, 2, 'Catalog Price Rules'),
(47, 1, 'Marketing'),
(47, 2, 'Marketing'),
(48, 1, 'Transporteurs'),
(48, 2, 'Carriers'),
(49, 1, 'Préférences'),
(49, 2, 'Preferences'),
(50, 1, 'Transporteur'),
(50, 2, 'Carrier'),
(51, 1, 'Localisation'),
(51, 2, 'Localization'),
(52, 1, 'Langues'),
(52, 2, 'Languages'),
(53, 1, 'Zones'),
(53, 2, 'Zones'),
(54, 1, 'Pays'),
(54, 2, 'Countries'),
(55, 1, 'Etats'),
(55, 2, 'States'),
(56, 1, 'Devises'),
(56, 2, 'Currencies'),
(57, 1, 'Taxes'),
(57, 2, 'VAT'),
(58, 1, 'Règles de taxes'),
(58, 2, 'Tax Rules'),
(59, 1, 'Traductions'),
(59, 2, 'Translations'),
(60, 1, 'Modules et Services'),
(60, 2, 'Modules and Services'),
(61, 1, 'Catalogue de modules et thèmes'),
(61, 2, 'Modules & Themes Catalog'),
(62, 1, 'Positions'),
(62, 2, 'Positions'),
(63, 1, 'Paiement'),
(63, 2, 'Payment'),
(64, 1, 'Générales'),
(64, 2, 'General'),
(65, 1, 'Commandes'),
(65, 2, 'Orders'),
(66, 1, 'Produits'),
(66, 2, 'Products'),
(67, 1, 'Clients'),
(67, 2, 'Customers'),
(68, 1, 'Thèmes'),
(68, 2, 'Themes'),
(69, 1, 'SEO & URLs'),
(69, 2, 'SEO & URLs'),
(70, 1, 'CMS'),
(70, 2, 'CMS'),
(71, 1, 'Images'),
(71, 2, 'Images'),
(72, 1, 'Coordonnées & magasins'),
(72, 2, 'Store Contacts'),
(73, 1, 'Recherche'),
(73, 2, 'Search'),
(74, 1, 'Maintenance'),
(74, 2, 'Maintenance'),
(75, 1, 'Géolocalisation'),
(75, 2, 'Geolocation'),
(76, 1, 'Informations'),
(76, 2, 'Configuration Information'),
(77, 1, 'Performances'),
(77, 2, 'Performance'),
(78, 1, 'Emails'),
(78, 2, 'E-mail'),
(79, 1, 'Multiboutique'),
(79, 2, 'Multistore'),
(80, 1, 'Import'),
(80, 2, 'CSV Import'),
(81, 1, 'Sauvegarde BDD'),
(81, 2, 'DB Backup'),
(82, 1, 'Gestionnaire SQL'),
(82, 2, 'SQL Manager'),
(83, 1, 'Log'),
(83, 2, 'Logs'),
(84, 1, 'Service web'),
(84, 2, 'Webservice'),
(85, 1, 'Préférences'),
(85, 2, 'Preferences'),
(86, 1, 'Accès rapide'),
(86, 2, 'Quick Access'),
(87, 1, 'Employés'),
(87, 2, 'Employees'),
(88, 1, 'Profils'),
(88, 2, 'Profiles'),
(89, 1, 'Permissions'),
(89, 2, 'Permissions'),
(90, 1, 'Menus'),
(90, 2, 'Menus'),
(91, 1, 'Statistiques'),
(91, 2, 'Stats'),
(92, 1, 'Moteurs de recherche'),
(92, 2, 'Search Engines'),
(93, 1, 'Sites affluents'),
(93, 2, 'Referrers'),
(94, 1, 'Entrepôts'),
(94, 2, 'Warehouses'),
(95, 1, 'Gestion du stock'),
(95, 2, 'Stock Management'),
(96, 1, 'Mouvements de Stock'),
(96, 2, 'Stock Movement'),
(97, 1, 'Etat instantané du stock'),
(97, 2, 'Instant Stock Status'),
(98, 1, 'Couverture du stock'),
(98, 2, 'Stock Coverage'),
(99, 1, 'Commandes fournisseurs'),
(99, 2, 'Supply orders'),
(100, 1, 'Configuration'),
(100, 2, 'Configuration'),
(102, 1, 'Dashgoals'),
(102, 2, 'Dashgoals'),
(103, 1, 'themeconfigurator'),
(103, 2, 'Theme Configurator'),
(104, 1, 'Merchant Expertise'),
(104, 2, 'Merchant Expertise'),
(105, 1, 'Cron Jobs'),
(105, 2, 'Cron Jobs'),
(106, 1, 'Ap PageBuilder'),
(106, 2, 'Ap PageBuilder'),
(107, 1, 'Ap Profiles Manage'),
(107, 2, 'Ap Profiles Manage'),
(108, 1, 'Ap Positions Manage'),
(108, 2, 'Ap Positions Manage'),
(109, 1, 'Ap Hook Builder'),
(109, 2, 'Ap Hook Builder'),
(110, 1, 'Ap Products List Builder'),
(110, 2, 'Ap Products List Builder'),
(111, 1, 'Ap Page Builder Configuration'),
(111, 2, 'Ap Page Builder Configuration'),
(112, 1, 'Ap Image Manage'),
(112, 2, 'Ap Image Manage'),
(113, 1, 'Ap Shortcodes Builder'),
(113, 2, 'Ap Shortcodes Builder'),
(114, 1, 'Management Blog'),
(114, 2, 'Management Blog'),
(115, 1, 'Blog Dashboard'),
(115, 2, 'Blog Dashboard'),
(116, 1, 'Categories Management'),
(116, 2, 'Categories Management'),
(117, 1, 'Blogs Management'),
(117, 2, 'Blogs Management'),
(118, 1, 'Comment Management'),
(118, 2, 'Comment Management'),
(119, 1, 'LeoSlideShow'),
(119, 2, 'LeoSlideShow'),
(120, 1, 'Leo Theme Configuration'),
(120, 2, 'Leo Theme Configuration'),
(121, 1, 'Leo Positions Control Panel'),
(121, 2, 'Leo Positions Control Panel'),
(122, 1, 'Leo Live Theme Editor'),
(122, 2, 'Leo Live Theme Editor'),
(123, 1, 'Leo Manage widgets'),
(123, 2, 'Leo Manage widgets'),
(124, 1, 'Leo Manage Images'),
(124, 2, 'Leo Manage Images'),
(126, 1, '1-Click Upgrade'),
(126, 2, '1-Click Upgrade'),
(127, 1, 'BlockCategories'),
(127, 2, 'BlockCategories'),
(128, 1, 'MailChimp Officiel pour PrestaShop'),
(128, 2, 'MailChimp Officiel pour PrestaShop'),
(129, 1, 'Cart Abandonment'),
(129, 2, 'Cart Abandonment');

-- --------------------------------------------------------

--
-- Structure de la table `gcahdy_tab_module_preference`
--

CREATE TABLE `gcahdy_tab_module_preference` (
  `id_tab_module_preference` int(11) NOT NULL,
  `id_employee` int(11) NOT NULL,
  `id_tab` int(11) NOT NULL,
  `module` varchar(255) NOT NULL
) ENGINE=InnoDB DEFAULT CHARSET=utf8;

-- --------------------------------------------------------

--
-- Structure de la table `gcahdy_tag`
--

CREATE TABLE `gcahdy_tag` (
  `id_tag` int(10) UNSIGNED NOT NULL,
  `id_lang` int(10) UNSIGNED NOT NULL,
  `name` varchar(32) NOT NULL
) ENGINE=InnoDB DEFAULT CHARSET=utf8;

--
-- Déchargement des données de la table `gcahdy_tag`
--

INSERT INTO `gcahdy_tag` (`id_tag`, `id_lang`, `name`) VALUES
(105, 1, 'steak'),
(109, 2, 'Steak'),
(180, 1, 'couteau'),
(181, 1, 'couteaux'),
(182, 2, 'knife'),
(183, 2, 'knives'),
(448, 1, 'Thiers'),
(454, 2, 'Thiers'),
(457, 2, 'Avantage'),
(508, 1, 'Laguiole'),
(509, 1, 'brasserie'),
(510, 2, 'Laguiole'),
(511, 2, 'brasserie'),
(589, 1, 'Pirou'),
(590, 2, 'steack'),
(591, 2, 'pirou'),
(612, 1, 'klasse'),
(613, 1, 'classe'),
(614, 2, 'klasse'),
(615, 2, 'classe'),
(688, 1, 'Le Thiers'),
(689, 1, 'forgé'),
(690, 1, 'avantage'),
(691, 2, 'Le Thiers'),
(692, 2, 'forged'),
(759, 2, 'fork'),
(763, 1, 'styl\'ver'),
(765, 2, 'Styl\'ver'),
(791, 1, 'cuisine'),
(792, 1, 'chef'),
(793, 1, 'office'),
(794, 1, 'bec d\'oiseau'),
(795, 2, 'cooking'),
(796, 2, 'kitchen'),
(797, 2, 'chef'),
(798, 2, 'paring'),
(799, 2, 'peeling'),
(800, 1, '20cm'),
(801, 1, 'eminceur'),
(810, 1, 'sandwich'),
(811, 2, 'sandwich'),
(816, 1, 'Tomate'),
(817, 2, 'Tomato'),
(824, 1, 'tranchelard'),
(825, 2, 'slicing'),
(835, 1, 'filet de sole'),
(836, 1, 'lame souple'),
(837, 2, 'fileting'),
(842, 1, 'pain'),
(843, 2, 'bread'),
(848, 1, 'désosser'),
(849, 2, 'boning'),
(854, 1, 'couperet'),
(855, 1, 'oriental'),
(856, 2, 'cleaver'),
(857, 2, 'oriental'),
(864, 1, 'fourchette'),
(865, 1, 'découper'),
(873, 1, 'fusil'),
(885, 1, 'alvéolé'),
(887, 2, 'alveolated'),
(906, 1, 'santoku'),
(907, 2, 'santoku'),
(908, 2, 'granton edge'),
(909, 1, 'jambon'),
(910, 2, 'ham'),
(911, 1, 'saumon'),
(912, 2, 'salmon'),
(919, 1, 'éplucheur'),
(921, 2, 'vegetable'),
(928, 1, 'yatagan'),
(929, 2, 'carving'),
(930, 2, 'yatagan'),
(938, 1, 'diapason'),
(954, 1, 'bloc'),
(955, 2, 'block'),
(965, 1, 'étui'),
(966, 1, 'ceinture'),
(967, 1, 'cuire'),
(968, 1, 'poche'),
(969, 1, 'fermant'),
(970, 2, 'Leather'),
(971, 2, 'pouch'),
(972, 2, 'pocket knife'),
(973, 2, 'folding knife'),
(989, 2, 'Knive'),
(990, 2, 'pocket'),
(991, 2, 'folding'),
(1060, 1, 'tire-bouchon'),
(1061, 2, 'corkscrew'),
(1327, 1, 'ressort forgé'),
(1328, 1, 'guillochage main'),
(1329, 2, 'forges'),
(1330, 2, 'handmade'),
(1331, 2, 'chiselling'),
(1362, 1, 'damas'),
(1363, 2, 'damascus'),
(1364, 2, 'damas'),
(1436, 2, 'forks'),
(1437, 2, 'dinner'),
(1438, 2, 'table'),
(1485, 1, 'corne'),
(1486, 2, 'horn'),
(1536, 1, 'artisanal'),
(1537, 2, 'handcraft'),
(1540, 1, 'table'),
(1552, 2, 'wooden handles'),
(1566, 1, 'bois'),
(1569, 1, 'fourchettes'),
(1570, 1, 'ménagère'),
(1571, 1, 'couverts'),
(1572, 2, 'cutlery set'),
(1574, 2, 'dinner set'),
(1582, 1, 'inox'),
(1583, 2, 'stainless steel'),
(1584, 1, 'acrylique'),
(1585, 2, 'acrylic'),
(1599, 2, 'wooden handle'),
(1612, 1, 'manche bois'),
(1654, 2, 'flatware'),
(1658, 1, 'couvert'),
(1724, 1, 'France'),
(1725, 2, 'France'),
(1814, 2, 'table knife'),
(1872, 1, 'inox forgé'),
(1873, 1, 'véritable'),
(1874, 1, 'goyon-chazeau'),
(1875, 2, 'dinner fork'),
(1876, 2, 'forge'),
(1877, 2, 'goyon-chazeau'),
(1906, 2, 'table spoon'),
(1907, 2, 'dinner spoon'),
(2003, 1, 'forge brute'),
(2005, 2, 'steak knife'),
(2008, 2, 'raw forge'),
(2122, 1, 'manche en corne'),
(2131, 1, 'rustique'),
(2132, 2, 'table knives'),
(2133, 2, 'rustic'),
(2283, 1, 'couteau fermant'),
(2284, 1, 'couteau de poche'),
(2309, 1, 'lame sandvik'),
(2310, 2, 'sandvik blade'),
(2417, 1, 'fibre de carbone'),
(2418, 1, 'carbone'),
(2419, 2, 'carbon fiber'),
(2420, 2, 'carbon'),
(2697, 1, 'chasse'),
(2717, 1, 'tout inox'),
(2718, 1, 'monocoque'),
(2719, 2, 'hollow handle'),
(2776, 1, 'Couteau steak'),
(2777, 1, 'couteau de table'),
(2778, 1, 'forgé Styl\'ver'),
(2780, 2, 'horn handle'),
(2794, 1, 'Prestige'),
(2795, 1, 'cerf'),
(2796, 2, 'deer'),
(2807, 1, 'baïonnette'),
(2888, 1, 'paume de la main'),
(2889, 2, 'hand palm'),
(2902, 1, '24'),
(2903, 2, '24'),
(2916, 1, 'Thiers monobloc'),
(2917, 2, 'solid handle'),
(2918, 1, 'p\'tit tradi'),
(2919, 2, 'p\'tit tradi'),
(2920, 2, 'carving fork'),
(2923, 1, 'aiguiseur'),
(2924, 2, 'sharpener'),
(2927, 2, 'diapason'),
(2930, 1, 'à aiguiser'),
(2931, 2, 'sharperner'),
(2951, 1, 'cuillère table'),
(2952, 1, 'cuillère soupe'),
(2956, 1, 'cuillère à café'),
(2957, 2, 'coffee spoon'),
(2958, 2, 'tea spoon'),
(2972, 1, 'manches bois'),
(2977, 1, 'nacre'),
(2978, 2, 'pearly'),
(2997, 1, 'uni'),
(2998, 2, 'plain color'),
(3011, 1, 'Paperstone'),
(3012, 2, 'Papertsone'),
(3014, 2, 'wood'),
(3033, 1, 'manches en bois'),
(3038, 2, 'spoon'),
(3039, 2, 'spoons'),
(3052, 1, 'manche corne'),
(3053, 2, 'horn handles');

-- --------------------------------------------------------

--
-- Structure de la table `gcahdy_tag_count`
--

CREATE TABLE `gcahdy_tag_count` (
  `id_group` int(10) UNSIGNED NOT NULL DEFAULT '0',
  `id_tag` int(10) UNSIGNED NOT NULL DEFAULT '0',
  `id_lang` int(10) UNSIGNED NOT NULL DEFAULT '0',
  `id_shop` int(11) UNSIGNED NOT NULL DEFAULT '0',
  `counter` int(10) UNSIGNED NOT NULL DEFAULT '0'
) ENGINE=InnoDB DEFAULT CHARSET=utf8;

--
-- Déchargement des données de la table `gcahdy_tag_count`
--

INSERT INTO `gcahdy_tag_count` (`id_group`, `id_tag`, `id_lang`, `id_shop`, `counter`) VALUES
(0, 2417, 1, 1, 1),
(0, 2418, 1, 1, 1),
(0, 2697, 1, 1, 1),
(0, 2776, 1, 1, 1),
(0, 2777, 1, 1, 1),
(0, 2778, 1, 1, 1),
(0, 2902, 1, 1, 1),
(0, 2916, 1, 1, 1),
(0, 2918, 1, 1, 1),
(0, 2923, 1, 1, 1),
(0, 2930, 1, 1, 1),
(0, 2951, 1, 1, 1),
(0, 2952, 1, 1, 1),
(0, 2956, 1, 1, 1),
(0, 2972, 1, 1, 1),
(0, 2977, 1, 1, 1),
(0, 2997, 1, 1, 1),
(0, 3011, 1, 1, 1),
(0, 3033, 1, 1, 1),
(0, 3052, 1, 1, 1),
(0, 836, 1, 1, 2),
(0, 854, 1, 1, 2),
(0, 855, 1, 1, 2),
(0, 873, 1, 1, 2),
(0, 909, 1, 1, 2),
(0, 911, 1, 1, 2),
(0, 919, 1, 1, 2),
(0, 938, 1, 1, 2),
(0, 965, 1, 1, 2),
(0, 966, 1, 1, 2),
(0, 967, 1, 1, 2),
(0, 1658, 1, 1, 2),
(0, 2122, 1, 1, 2),
(0, 2131, 1, 1, 2),
(0, 2794, 1, 1, 2),
(0, 2795, 1, 1, 2),
(0, 2807, 1, 1, 2),
(0, 2888, 1, 1, 2),
(0, 690, 1, 1, 3),
(0, 794, 1, 1, 3),
(0, 810, 1, 1, 3),
(0, 928, 1, 1, 3),
(0, 1584, 1, 1, 3),
(0, 2003, 1, 1, 3),
(0, 2717, 1, 1, 3),
(0, 2718, 1, 1, 3),
(0, 848, 1, 1, 4),
(0, 1570, 1, 1, 4),
(0, 612, 1, 1, 5),
(0, 613, 1, 1, 5),
(0, 816, 1, 1, 5),
(0, 835, 1, 1, 5),
(0, 842, 1, 1, 5),
(0, 906, 1, 1, 5),
(0, 954, 1, 1, 5),
(0, 800, 1, 1, 7),
(0, 1536, 1, 1, 7),
(0, 509, 1, 1, 8),
(0, 824, 1, 1, 8),
(0, 865, 1, 1, 8),
(0, 885, 1, 1, 8),
(0, 1485, 1, 1, 8),
(0, 1569, 1, 1, 8),
(0, 1724, 1, 1, 8),
(0, 793, 1, 1, 9),
(0, 1566, 1, 1, 9),
(0, 1612, 1, 1, 11),
(0, 2283, 1, 1, 11),
(0, 2284, 1, 1, 11),
(0, 1571, 1, 1, 12),
(0, 801, 1, 1, 14),
(0, 2309, 1, 1, 14),
(0, 1540, 1, 1, 15),
(0, 1872, 1, 1, 17),
(0, 1873, 1, 1, 17),
(0, 763, 1, 1, 18),
(0, 1582, 1, 1, 19),
(0, 1874, 1, 1, 20),
(0, 864, 1, 1, 28),
(0, 1362, 1, 1, 28),
(0, 689, 1, 1, 36),
(0, 1327, 1, 1, 36),
(0, 1328, 1, 1, 36),
(0, 105, 1, 1, 37),
(0, 508, 1, 1, 47),
(0, 1060, 1, 1, 48),
(0, 448, 1, 1, 55),
(0, 589, 1, 1, 61),
(0, 688, 1, 1, 63),
(0, 792, 1, 1, 67),
(0, 791, 1, 1, 73),
(0, 968, 1, 1, 141),
(0, 969, 1, 1, 141),
(0, 181, 1, 1, 206),
(0, 180, 1, 1, 284),
(0, 2419, 2, 1, 1),
(0, 2420, 2, 1, 1),
(0, 2780, 2, 1, 1),
(0, 2903, 2, 1, 1),
(0, 2917, 2, 1, 1),
(0, 2919, 2, 1, 1),
(0, 2920, 2, 1, 1),
(0, 2924, 2, 1, 1),
(0, 2927, 2, 1, 1),
(0, 2931, 2, 1, 1),
(0, 2957, 2, 1, 1),
(0, 2958, 2, 1, 1),
(0, 2978, 2, 1, 1),
(0, 2998, 2, 1, 1),
(0, 3012, 2, 1, 1),
(0, 3014, 2, 1, 1),
(0, 3038, 2, 1, 1),
(0, 3039, 2, 1, 1),
(0, 3053, 2, 1, 1),
(0, 811, 2, 1, 2),
(0, 856, 2, 1, 2),
(0, 857, 2, 1, 2),
(0, 910, 2, 1, 2),
(0, 912, 2, 1, 2),
(0, 930, 2, 1, 2),
(0, 970, 2, 1, 2),
(0, 971, 2, 1, 2),
(0, 1574, 2, 1, 2),
(0, 1814, 2, 1, 2),
(0, 1906, 2, 1, 2),
(0, 1907, 2, 1, 2),
(0, 2132, 2, 1, 2),
(0, 2133, 2, 1, 2),
(0, 2796, 2, 1, 2),
(0, 2889, 2, 1, 2),
(0, 1585, 2, 1, 3),
(0, 2005, 2, 1, 3),
(0, 2008, 2, 1, 3),
(0, 2719, 2, 1, 3),
(0, 590, 2, 1, 4),
(0, 799, 2, 1, 4),
(0, 817, 2, 1, 4),
(0, 837, 2, 1, 4),
(0, 843, 2, 1, 4),
(0, 849, 2, 1, 4),
(0, 1572, 2, 1, 4),
(0, 614, 2, 1, 5),
(0, 615, 2, 1, 5),
(0, 907, 2, 1, 5),
(0, 955, 2, 1, 5),
(0, 825, 2, 1, 6),
(0, 929, 2, 1, 6),
(0, 921, 2, 1, 7),
(0, 1537, 2, 1, 7),
(0, 1552, 2, 1, 7),
(0, 511, 2, 1, 8),
(0, 798, 2, 1, 8),
(0, 887, 2, 1, 8),
(0, 908, 2, 1, 8),
(0, 1486, 2, 1, 8),
(0, 1654, 2, 1, 8),
(0, 1725, 2, 1, 8),
(0, 765, 2, 1, 9),
(0, 457, 2, 1, 10),
(0, 972, 2, 1, 13),
(0, 973, 2, 1, 13),
(0, 2310, 2, 1, 14),
(0, 1875, 2, 1, 17),
(0, 1436, 2, 1, 18),
(0, 1876, 2, 1, 19),
(0, 1877, 2, 1, 20),
(0, 989, 2, 1, 21),
(0, 1583, 2, 1, 22),
(0, 1599, 2, 1, 22),
(0, 1363, 2, 1, 28),
(0, 1364, 2, 1, 28),
(0, 1437, 2, 1, 28),
(0, 759, 2, 1, 30),
(0, 1438, 2, 1, 30),
(0, 109, 2, 1, 34),
(0, 692, 2, 1, 34),
(0, 1329, 2, 1, 36),
(0, 1330, 2, 1, 36),
(0, 1331, 2, 1, 36),
(0, 510, 2, 1, 47),
(0, 1061, 2, 1, 49),
(0, 454, 2, 1, 56),
(0, 591, 2, 1, 61),
(0, 691, 2, 1, 64),
(0, 797, 2, 1, 72),
(0, 795, 2, 1, 73),
(0, 796, 2, 1, 73),
(0, 990, 2, 1, 139),
(0, 991, 2, 1, 139),
(0, 183, 2, 1, 202),
(0, 182, 2, 1, 244),
(1, 2417, 1, 1, 1),
(1, 2418, 1, 1, 1),
(1, 2697, 1, 1, 1),
(1, 2776, 1, 1, 1),
(1, 2777, 1, 1, 1),
(1, 2778, 1, 1, 1),
(1, 2902, 1, 1, 1),
(1, 2916, 1, 1, 1),
(1, 2918, 1, 1, 1),
(1, 2923, 1, 1, 1),
(1, 2930, 1, 1, 1),
(1, 2951, 1, 1, 1),
(1, 2952, 1, 1, 1),
(1, 2956, 1, 1, 1),
(1, 2972, 1, 1, 1),
(1, 2977, 1, 1, 1),
(1, 2997, 1, 1, 1),
(1, 3011, 1, 1, 1),
(1, 3033, 1, 1, 1),
(1, 3052, 1, 1, 1),
(1, 836, 1, 1, 2),
(1, 854, 1, 1, 2),
(1, 855, 1, 1, 2),
(1, 873, 1, 1, 2),
(1, 909, 1, 1, 2),
(1, 911, 1, 1, 2),
(1, 919, 1, 1, 2),
(1, 938, 1, 1, 2),
(1, 965, 1, 1, 2),
(1, 966, 1, 1, 2),
(1, 967, 1, 1, 2),
(1, 1658, 1, 1, 2),
(1, 2122, 1, 1, 2),
(1, 2131, 1, 1, 2),
(1, 2794, 1, 1, 2),
(1, 2795, 1, 1, 2),
(1, 2807, 1, 1, 2),
(1, 2888, 1, 1, 2),
(1, 690, 1, 1, 3),
(1, 794, 1, 1, 3),
(1, 810, 1, 1, 3),
(1, 928, 1, 1, 3),
(1, 1584, 1, 1, 3),
(1, 2003, 1, 1, 3),
(1, 2717, 1, 1, 3),
(1, 2718, 1, 1, 3),
(1, 848, 1, 1, 4),
(1, 1570, 1, 1, 4),
(1, 612, 1, 1, 5),
(1, 613, 1, 1, 5),
(1, 816, 1, 1, 5),
(1, 835, 1, 1, 5),
(1, 842, 1, 1, 5),
(1, 906, 1, 1, 5),
(1, 954, 1, 1, 5),
(1, 800, 1, 1, 7),
(1, 1536, 1, 1, 7),
(1, 509, 1, 1, 8),
(1, 824, 1, 1, 8),
(1, 865, 1, 1, 8),
(1, 885, 1, 1, 8),
(1, 1485, 1, 1, 8),
(1, 1569, 1, 1, 8),
(1, 1724, 1, 1, 8),
(1, 793, 1, 1, 9),
(1, 1566, 1, 1, 9),
(1, 1612, 1, 1, 11),
(1, 2283, 1, 1, 11),
(1, 2284, 1, 1, 11),
(1, 1571, 1, 1, 12),
(1, 801, 1, 1, 14),
(1, 2309, 1, 1, 14),
(1, 1540, 1, 1, 15),
(1, 1872, 1, 1, 17),
(1, 1873, 1, 1, 17),
(1, 763, 1, 1, 18),
(1, 1582, 1, 1, 19),
(1, 1874, 1, 1, 20),
(1, 864, 1, 1, 28),
(1, 1362, 1, 1, 28),
(1, 689, 1, 1, 36),
(1, 1327, 1, 1, 36),
(1, 1328, 1, 1, 36),
(1, 105, 1, 1, 37),
(1, 508, 1, 1, 47),
(1, 1060, 1, 1, 48),
(1, 448, 1, 1, 55),
(1, 589, 1, 1, 61),
(1, 688, 1, 1, 63),
(1, 792, 1, 1, 67),
(1, 791, 1, 1, 73),
(1, 968, 1, 1, 141),
(1, 969, 1, 1, 141),
(1, 181, 1, 1, 206),
(1, 180, 1, 1, 284),
(1, 2419, 2, 1, 1),
(1, 2420, 2, 1, 1),
(1, 2780, 2, 1, 1),
(1, 2903, 2, 1, 1),
(1, 2917, 2, 1, 1),
(1, 2919, 2, 1, 1),
(1, 2920, 2, 1, 1),
(1, 2924, 2, 1, 1),
(1, 2927, 2, 1, 1),
(1, 2931, 2, 1, 1),
(1, 2957, 2, 1, 1),
(1, 2958, 2, 1, 1),
(1, 2978, 2, 1, 1),
(1, 2998, 2, 1, 1),
(1, 3012, 2, 1, 1),
(1, 3014, 2, 1, 1),
(1, 3038, 2, 1, 1),
(1, 3039, 2, 1, 1),
(1, 3053, 2, 1, 1),
(1, 811, 2, 1, 2),
(1, 856, 2, 1, 2),
(1, 857, 2, 1, 2),
(1, 910, 2, 1, 2),
(1, 912, 2, 1, 2),
(1, 930, 2, 1, 2),
(1, 970, 2, 1, 2),
(1, 971, 2, 1, 2),
(1, 1574, 2, 1, 2),
(1, 1814, 2, 1, 2),
(1, 1906, 2, 1, 2),
(1, 1907, 2, 1, 2),
(1, 2132, 2, 1, 2),
(1, 2133, 2, 1, 2),
(1, 2796, 2, 1, 2),
(1, 2889, 2, 1, 2),
(1, 1585, 2, 1, 3),
(1, 2005, 2, 1, 3),
(1, 2008, 2, 1, 3),
(1, 2719, 2, 1, 3),
(1, 590, 2, 1, 4),
(1, 799, 2, 1, 4),
(1, 817, 2, 1, 4),
(1, 837, 2, 1, 4),
(1, 843, 2, 1, 4),
(1, 849, 2, 1, 4),
(1, 1572, 2, 1, 4),
(1, 614, 2, 1, 5),
(1, 615, 2, 1, 5),
(1, 907, 2, 1, 5),
(1, 955, 2, 1, 5),
(1, 825, 2, 1, 6),
(1, 929, 2, 1, 6),
(1, 921, 2, 1, 7),
(1, 1537, 2, 1, 7),
(1, 1552, 2, 1, 7),
(1, 511, 2, 1, 8),
(1, 798, 2, 1, 8),
(1, 887, 2, 1, 8),
(1, 908, 2, 1, 8),
(1, 1486, 2, 1, 8),
(1, 1654, 2, 1, 8),
(1, 1725, 2, 1, 8),
(1, 765, 2, 1, 9),
(1, 457, 2, 1, 10),
(1, 972, 2, 1, 13),
(1, 973, 2, 1, 13),
(1, 2310, 2, 1, 14),
(1, 1875, 2, 1, 17),
(1, 1436, 2, 1, 18),
(1, 1876, 2, 1, 19),
(1, 1877, 2, 1, 20),
(1, 989, 2, 1, 21),
(1, 1583, 2, 1, 22),
(1, 1599, 2, 1, 22),
(1, 1363, 2, 1, 28),
(1, 1364, 2, 1, 28),
(1, 1437, 2, 1, 28),
(1, 759, 2, 1, 30),
(1, 1438, 2, 1, 30),
(1, 109, 2, 1, 34),
(1, 692, 2, 1, 34),
(1, 1329, 2, 1, 36),
(1, 1330, 2, 1, 36),
(1, 1331, 2, 1, 36),
(1, 510, 2, 1, 47),
(1, 1061, 2, 1, 49),
(1, 454, 2, 1, 56),
(1, 591, 2, 1, 61),
(1, 691, 2, 1, 64),
(1, 797, 2, 1, 72),
(1, 795, 2, 1, 73),
(1, 796, 2, 1, 73),
(1, 990, 2, 1, 139),
(1, 991, 2, 1, 139),
(1, 183, 2, 1, 202),
(1, 182, 2, 1, 244),
(2, 2417, 1, 1, 1),
(2, 2418, 1, 1, 1),
(2, 2697, 1, 1, 1),
(2, 2776, 1, 1, 1),
(2, 2777, 1, 1, 1),
(2, 2778, 1, 1, 1),
(2, 2902, 1, 1, 1),
(2, 2916, 1, 1, 1),
(2, 2918, 1, 1, 1),
(2, 2923, 1, 1, 1),
(2, 2930, 1, 1, 1),
(2, 2951, 1, 1, 1),
(2, 2952, 1, 1, 1),
(2, 2956, 1, 1, 1),
(2, 2972, 1, 1, 1),
(2, 2977, 1, 1, 1),
(2, 2997, 1, 1, 1),
(2, 3011, 1, 1, 1),
(2, 3033, 1, 1, 1),
(2, 3052, 1, 1, 1),
(2, 836, 1, 1, 2),
(2, 854, 1, 1, 2),
(2, 855, 1, 1, 2),
(2, 873, 1, 1, 2),
(2, 909, 1, 1, 2),
(2, 911, 1, 1, 2),
(2, 919, 1, 1, 2),
(2, 938, 1, 1, 2),
(2, 965, 1, 1, 2),
(2, 966, 1, 1, 2),
(2, 967, 1, 1, 2),
(2, 1658, 1, 1, 2),
(2, 2122, 1, 1, 2),
(2, 2131, 1, 1, 2),
(2, 2794, 1, 1, 2),
(2, 2795, 1, 1, 2),
(2, 2807, 1, 1, 2),
(2, 2888, 1, 1, 2),
(2, 690, 1, 1, 3),
(2, 794, 1, 1, 3),
(2, 810, 1, 1, 3),
(2, 928, 1, 1, 3),
(2, 1584, 1, 1, 3),
(2, 2003, 1, 1, 3),
(2, 2717, 1, 1, 3),
(2, 2718, 1, 1, 3),
(2, 848, 1, 1, 4),
(2, 1570, 1, 1, 4),
(2, 612, 1, 1, 5),
(2, 613, 1, 1, 5),
(2, 816, 1, 1, 5),
(2, 835, 1, 1, 5),
(2, 842, 1, 1, 5),
(2, 906, 1, 1, 5),
(2, 954, 1, 1, 5),
(2, 800, 1, 1, 7),
(2, 1536, 1, 1, 7),
(2, 509, 1, 1, 8),
(2, 824, 1, 1, 8),
(2, 865, 1, 1, 8),
(2, 885, 1, 1, 8),
(2, 1485, 1, 1, 8),
(2, 1569, 1, 1, 8),
(2, 1724, 1, 1, 8),
(2, 793, 1, 1, 9),
(2, 1566, 1, 1, 9),
(2, 1612, 1, 1, 11),
(2, 2283, 1, 1, 11),
(2, 2284, 1, 1, 11),
(2, 1571, 1, 1, 12),
(2, 801, 1, 1, 14),
(2, 2309, 1, 1, 14),
(2, 1540, 1, 1, 15),
(2, 1872, 1, 1, 17),
(2, 1873, 1, 1, 17),
(2, 763, 1, 1, 18),
(2, 1582, 1, 1, 19),
(2, 1874, 1, 1, 20),
(2, 864, 1, 1, 28),
(2, 1362, 1, 1, 28),
(2, 689, 1, 1, 36),
(2, 1327, 1, 1, 36),
(2, 1328, 1, 1, 36),
(2, 105, 1, 1, 37),
(2, 508, 1, 1, 47),
(2, 1060, 1, 1, 48),
(2, 448, 1, 1, 55),
(2, 589, 1, 1, 61),
(2, 688, 1, 1, 63),
(2, 792, 1, 1, 67),
(2, 791, 1, 1, 73),
(2, 968, 1, 1, 141),
(2, 969, 1, 1, 141),
(2, 181, 1, 1, 206),
(2, 180, 1, 1, 284),
(2, 2419, 2, 1, 1),
(2, 2420, 2, 1, 1),
(2, 2780, 2, 1, 1),
(2, 2903, 2, 1, 1),
(2, 2917, 2, 1, 1),
(2, 2919, 2, 1, 1),
(2, 2920, 2, 1, 1),
(2, 2924, 2, 1, 1),
(2, 2927, 2, 1, 1),
(2, 2931, 2, 1, 1),
(2, 2957, 2, 1, 1),
(2, 2958, 2, 1, 1),
(2, 2978, 2, 1, 1),
(2, 2998, 2, 1, 1),
(2, 3012, 2, 1, 1),
(2, 3014, 2, 1, 1),
(2, 3038, 2, 1, 1),
(2, 3039, 2, 1, 1),
(2, 3053, 2, 1, 1),
(2, 811, 2, 1, 2),
(2, 856, 2, 1, 2),
(2, 857, 2, 1, 2),
(2, 910, 2, 1, 2),
(2, 912, 2, 1, 2),
(2, 930, 2, 1, 2),
(2, 970, 2, 1, 2),
(2, 971, 2, 1, 2),
(2, 1574, 2, 1, 2),
(2, 1814, 2, 1, 2),
(2, 1906, 2, 1, 2),
(2, 1907, 2, 1, 2),
(2, 2132, 2, 1, 2),
(2, 2133, 2, 1, 2),
(2, 2796, 2, 1, 2),
(2, 2889, 2, 1, 2),
(2, 1585, 2, 1, 3),
(2, 2005, 2, 1, 3),
(2, 2008, 2, 1, 3),
(2, 2719, 2, 1, 3),
(2, 590, 2, 1, 4),
(2, 799, 2, 1, 4),
(2, 817, 2, 1, 4),
(2, 837, 2, 1, 4),
(2, 843, 2, 1, 4),
(2, 849, 2, 1, 4),
(2, 1572, 2, 1, 4),
(2, 614, 2, 1, 5),
(2, 615, 2, 1, 5),
(2, 907, 2, 1, 5),
(2, 955, 2, 1, 5),
(2, 825, 2, 1, 6),
(2, 929, 2, 1, 6),
(2, 921, 2, 1, 7),
(2, 1537, 2, 1, 7),
(2, 1552, 2, 1, 7),
(2, 511, 2, 1, 8),
(2, 798, 2, 1, 8),
(2, 887, 2, 1, 8),
(2, 908, 2, 1, 8),
(2, 1486, 2, 1, 8),
(2, 1654, 2, 1, 8),
(2, 1725, 2, 1, 8),
(2, 765, 2, 1, 9),
(2, 457, 2, 1, 10),
(2, 972, 2, 1, 13),
(2, 973, 2, 1, 13),
(2, 2310, 2, 1, 14),
(2, 1875, 2, 1, 17),
(2, 1436, 2, 1, 18),
(2, 1876, 2, 1, 19),
(2, 1877, 2, 1, 20),
(2, 989, 2, 1, 21),
(2, 1583, 2, 1, 22),
(2, 1599, 2, 1, 22),
(2, 1363, 2, 1, 28),
(2, 1364, 2, 1, 28),
(2, 1437, 2, 1, 28),
(2, 759, 2, 1, 30),
(2, 1438, 2, 1, 30),
(2, 109, 2, 1, 34),
(2, 692, 2, 1, 34),
(2, 1329, 2, 1, 36),
(2, 1330, 2, 1, 36),
(2, 1331, 2, 1, 36),
(2, 510, 2, 1, 47),
(2, 1061, 2, 1, 49),
(2, 454, 2, 1, 56),
(2, 591, 2, 1, 61),
(2, 691, 2, 1, 64),
(2, 797, 2, 1, 72),
(2, 795, 2, 1, 73),
(2, 796, 2, 1, 73),
(2, 990, 2, 1, 139),
(2, 991, 2, 1, 139),
(2, 183, 2, 1, 202),
(2, 182, 2, 1, 244),
(3, 2417, 1, 1, 1),
(3, 2418, 1, 1, 1),
(3, 2697, 1, 1, 1),
(3, 2776, 1, 1, 1),
(3, 2777, 1, 1, 1),
(3, 2778, 1, 1, 1),
(3, 2902, 1, 1, 1),
(3, 2916, 1, 1, 1),
(3, 2918, 1, 1, 1),
(3, 2923, 1, 1, 1),
(3, 2930, 1, 1, 1),
(3, 2951, 1, 1, 1),
(3, 2952, 1, 1, 1),
(3, 2956, 1, 1, 1),
(3, 2972, 1, 1, 1),
(3, 2977, 1, 1, 1),
(3, 2997, 1, 1, 1),
(3, 3011, 1, 1, 1),
(3, 3033, 1, 1, 1),
(3, 3052, 1, 1, 1),
(3, 836, 1, 1, 2),
(3, 854, 1, 1, 2),
(3, 855, 1, 1, 2),
(3, 873, 1, 1, 2),
(3, 909, 1, 1, 2),
(3, 911, 1, 1, 2),
(3, 919, 1, 1, 2),
(3, 938, 1, 1, 2),
(3, 965, 1, 1, 2),
(3, 966, 1, 1, 2),
(3, 967, 1, 1, 2),
(3, 1658, 1, 1, 2),
(3, 2122, 1, 1, 2),
(3, 2131, 1, 1, 2),
(3, 2794, 1, 1, 2),
(3, 2795, 1, 1, 2),
(3, 2807, 1, 1, 2),
(3, 2888, 1, 1, 2),
(3, 690, 1, 1, 3),
(3, 794, 1, 1, 3),
(3, 810, 1, 1, 3),
(3, 928, 1, 1, 3),
(3, 1584, 1, 1, 3),
(3, 2003, 1, 1, 3),
(3, 2717, 1, 1, 3),
(3, 2718, 1, 1, 3),
(3, 848, 1, 1, 4),
(3, 1570, 1, 1, 4),
(3, 612, 1, 1, 5),
(3, 613, 1, 1, 5),
(3, 816, 1, 1, 5),
(3, 835, 1, 1, 5),
(3, 842, 1, 1, 5),
(3, 906, 1, 1, 5),
(3, 954, 1, 1, 5),
(3, 800, 1, 1, 7),
(3, 1536, 1, 1, 7),
(3, 509, 1, 1, 8),
(3, 824, 1, 1, 8),
(3, 865, 1, 1, 8),
(3, 885, 1, 1, 8),
(3, 1485, 1, 1, 8),
(3, 1569, 1, 1, 8),
(3, 1724, 1, 1, 8),
(3, 793, 1, 1, 9),
(3, 1566, 1, 1, 9),
(3, 1612, 1, 1, 11),
(3, 2283, 1, 1, 11),
(3, 2284, 1, 1, 11),
(3, 1571, 1, 1, 12),
(3, 801, 1, 1, 14),
(3, 2309, 1, 1, 14),
(3, 1540, 1, 1, 15),
(3, 1872, 1, 1, 17),
(3, 1873, 1, 1, 17),
(3, 763, 1, 1, 18),
(3, 1582, 1, 1, 19),
(3, 1874, 1, 1, 20),
(3, 864, 1, 1, 28),
(3, 1362, 1, 1, 28),
(3, 689, 1, 1, 36),
(3, 1327, 1, 1, 36),
(3, 1328, 1, 1, 36),
(3, 105, 1, 1, 37),
(3, 508, 1, 1, 47),
(3, 1060, 1, 1, 48),
(3, 448, 1, 1, 55),
(3, 589, 1, 1, 61),
(3, 688, 1, 1, 63),
(3, 792, 1, 1, 67),
(3, 791, 1, 1, 73),
(3, 968, 1, 1, 141),
(3, 969, 1, 1, 141),
(3, 181, 1, 1, 206),
(3, 180, 1, 1, 284),
(3, 2419, 2, 1, 1),
(3, 2420, 2, 1, 1),
(3, 2780, 2, 1, 1),
(3, 2903, 2, 1, 1),
(3, 2917, 2, 1, 1),
(3, 2919, 2, 1, 1),
(3, 2920, 2, 1, 1),
(3, 2924, 2, 1, 1),
(3, 2927, 2, 1, 1),
(3, 2931, 2, 1, 1),
(3, 2957, 2, 1, 1),
(3, 2958, 2, 1, 1),
(3, 2978, 2, 1, 1),
(3, 2998, 2, 1, 1),
(3, 3012, 2, 1, 1),
(3, 3014, 2, 1, 1),
(3, 3038, 2, 1, 1),
(3, 3039, 2, 1, 1),
(3, 3053, 2, 1, 1),
(3, 811, 2, 1, 2),
(3, 856, 2, 1, 2),
(3, 857, 2, 1, 2),
(3, 910, 2, 1, 2),
(3, 912, 2, 1, 2),
(3, 930, 2, 1, 2),
(3, 970, 2, 1, 2),
(3, 971, 2, 1, 2),
(3, 1574, 2, 1, 2),
(3, 1814, 2, 1, 2),
(3, 1906, 2, 1, 2),
(3, 1907, 2, 1, 2),
(3, 2132, 2, 1, 2),
(3, 2133, 2, 1, 2),
(3, 2796, 2, 1, 2),
(3, 2889, 2, 1, 2),
(3, 1585, 2, 1, 3),
(3, 2005, 2, 1, 3),
(3, 2008, 2, 1, 3),
(3, 2719, 2, 1, 3),
(3, 590, 2, 1, 4),
(3, 799, 2, 1, 4),
(3, 817, 2, 1, 4),
(3, 837, 2, 1, 4),
(3, 843, 2, 1, 4),
(3, 849, 2, 1, 4),
(3, 1572, 2, 1, 4),
(3, 614, 2, 1, 5),
(3, 615, 2, 1, 5),
(3, 907, 2, 1, 5),
(3, 955, 2, 1, 5),
(3, 825, 2, 1, 6),
(3, 929, 2, 1, 6),
(3, 921, 2, 1, 7),
(3, 1537, 2, 1, 7),
(3, 1552, 2, 1, 7),
(3, 511, 2, 1, 8),
(3, 798, 2, 1, 8),
(3, 887, 2, 1, 8),
(3, 908, 2, 1, 8),
(3, 1486, 2, 1, 8),
(3, 1654, 2, 1, 8),
(3, 1725, 2, 1, 8),
(3, 765, 2, 1, 9),
(3, 457, 2, 1, 10),
(3, 972, 2, 1, 13),
(3, 973, 2, 1, 13),
(3, 2310, 2, 1, 14),
(3, 1875, 2, 1, 17),
(3, 1436, 2, 1, 18),
(3, 1876, 2, 1, 19),
(3, 1877, 2, 1, 20),
(3, 989, 2, 1, 21),
(3, 1583, 2, 1, 22),
(3, 1599, 2, 1, 22),
(3, 1363, 2, 1, 28),
(3, 1364, 2, 1, 28),
(3, 1437, 2, 1, 28),
(3, 759, 2, 1, 30),
(3, 1438, 2, 1, 30),
(3, 109, 2, 1, 34),
(3, 692, 2, 1, 34),
(3, 1329, 2, 1, 36),
(3, 1330, 2, 1, 36),
(3, 1331, 2, 1, 36),
(3, 510, 2, 1, 47),
(3, 1061, 2, 1, 49),
(3, 454, 2, 1, 56),
(3, 591, 2, 1, 61),
(3, 691, 2, 1, 64),
(3, 797, 2, 1, 72),
(3, 795, 2, 1, 73),
(3, 796, 2, 1, 73),
(3, 990, 2, 1, 139),
(3, 991, 2, 1, 139),
(3, 183, 2, 1, 202),
(3, 182, 2, 1, 244),
(4, 2003, 1, 1, 1),
(4, 2131, 1, 1, 1),
(4, 2697, 1, 1, 1),
(4, 2902, 1, 1, 1),
(4, 2916, 1, 1, 1),
(4, 2918, 1, 1, 1),
(4, 2923, 1, 1, 1),
(4, 2930, 1, 1, 1),
(4, 2951, 1, 1, 1),
(4, 2952, 1, 1, 1),
(4, 2956, 1, 1, 1),
(4, 2972, 1, 1, 1),
(4, 2977, 1, 1, 1),
(4, 2997, 1, 1, 1),
(4, 3011, 1, 1, 1),
(4, 3033, 1, 1, 1),
(4, 3052, 1, 1, 1),
(4, 836, 1, 1, 2),
(4, 854, 1, 1, 2),
(4, 855, 1, 1, 2),
(4, 873, 1, 1, 2),
(4, 909, 1, 1, 2),
(4, 911, 1, 1, 2),
(4, 919, 1, 1, 2),
(4, 938, 1, 1, 2),
(4, 965, 1, 1, 2),
(4, 966, 1, 1, 2),
(4, 967, 1, 1, 2),
(4, 1658, 1, 1, 2),
(4, 2122, 1, 1, 2),
(4, 2794, 1, 1, 2),
(4, 2795, 1, 1, 2),
(4, 2807, 1, 1, 2),
(4, 2888, 1, 1, 2),
(4, 690, 1, 1, 3),
(4, 794, 1, 1, 3),
(4, 810, 1, 1, 3),
(4, 928, 1, 1, 3),
(4, 1584, 1, 1, 3),
(4, 2717, 1, 1, 3),
(4, 2718, 1, 1, 3),
(4, 848, 1, 1, 4),
(4, 1570, 1, 1, 4),
(4, 612, 1, 1, 5),
(4, 613, 1, 1, 5),
(4, 816, 1, 1, 5),
(4, 835, 1, 1, 5),
(4, 842, 1, 1, 5),
(4, 906, 1, 1, 5),
(4, 954, 1, 1, 5),
(4, 800, 1, 1, 7),
(4, 1536, 1, 1, 7),
(4, 509, 1, 1, 8),
(4, 824, 1, 1, 8),
(4, 865, 1, 1, 8),
(4, 885, 1, 1, 8),
(4, 1485, 1, 1, 8),
(4, 1569, 1, 1, 8),
(4, 1724, 1, 1, 8),
(4, 793, 1, 1, 9),
(4, 1566, 1, 1, 9),
(4, 1612, 1, 1, 11),
(4, 2283, 1, 1, 11),
(4, 2284, 1, 1, 11),
(4, 1571, 1, 1, 12),
(4, 801, 1, 1, 14),
(4, 1540, 1, 1, 14),
(4, 2309, 1, 1, 14),
(4, 763, 1, 1, 17),
(4, 1872, 1, 1, 17),
(4, 1873, 1, 1, 17),
(4, 1874, 1, 1, 18),
(4, 1582, 1, 1, 19),
(4, 864, 1, 1, 28),
(4, 1362, 1, 1, 28),
(4, 689, 1, 1, 35),
(4, 105, 1, 1, 36),
(4, 1327, 1, 1, 36),
(4, 1328, 1, 1, 36),
(4, 508, 1, 1, 47),
(4, 1060, 1, 1, 48),
(4, 448, 1, 1, 55),
(4, 589, 1, 1, 61),
(4, 688, 1, 1, 63),
(4, 792, 1, 1, 67),
(4, 791, 1, 1, 73),
(4, 968, 1, 1, 141),
(4, 969, 1, 1, 141),
(4, 181, 1, 1, 205),
(4, 180, 1, 1, 283),
(4, 1814, 2, 1, 1),
(4, 2005, 2, 1, 1),
(4, 2008, 2, 1, 1),
(4, 2132, 2, 1, 1),
(4, 2133, 2, 1, 1),
(4, 2780, 2, 1, 1),
(4, 2903, 2, 1, 1),
(4, 2917, 2, 1, 1),
(4, 2919, 2, 1, 1),
(4, 2920, 2, 1, 1),
(4, 2924, 2, 1, 1),
(4, 2927, 2, 1, 1),
(4, 2931, 2, 1, 1),
(4, 2957, 2, 1, 1),
(4, 2958, 2, 1, 1),
(4, 2978, 2, 1, 1),
(4, 2998, 2, 1, 1),
(4, 3012, 2, 1, 1),
(4, 3014, 2, 1, 1),
(4, 3038, 2, 1, 1),
(4, 3039, 2, 1, 1),
(4, 3053, 2, 1, 1),
(4, 811, 2, 1, 2),
(4, 856, 2, 1, 2),
(4, 857, 2, 1, 2),
(4, 910, 2, 1, 2),
(4, 912, 2, 1, 2),
(4, 930, 2, 1, 2),
(4, 970, 2, 1, 2),
(4, 971, 2, 1, 2),
(4, 1574, 2, 1, 2),
(4, 1906, 2, 1, 2),
(4, 1907, 2, 1, 2),
(4, 2796, 2, 1, 2),
(4, 2889, 2, 1, 2),
(4, 1585, 2, 1, 3),
(4, 2719, 2, 1, 3),
(4, 590, 2, 1, 4),
(4, 799, 2, 1, 4),
(4, 817, 2, 1, 4),
(4, 837, 2, 1, 4),
(4, 843, 2, 1, 4),
(4, 849, 2, 1, 4),
(4, 1572, 2, 1, 4),
(4, 614, 2, 1, 5),
(4, 615, 2, 1, 5),
(4, 907, 2, 1, 5),
(4, 955, 2, 1, 5),
(4, 825, 2, 1, 6),
(4, 929, 2, 1, 6),
(4, 765, 2, 1, 7),
(4, 921, 2, 1, 7),
(4, 1537, 2, 1, 7),
(4, 1552, 2, 1, 7),
(4, 511, 2, 1, 8),
(4, 798, 2, 1, 8),
(4, 887, 2, 1, 8),
(4, 908, 2, 1, 8),
(4, 1486, 2, 1, 8),
(4, 1654, 2, 1, 8),
(4, 1725, 2, 1, 8),
(4, 457, 2, 1, 10),
(4, 972, 2, 1, 13),
(4, 973, 2, 1, 13),
(4, 2310, 2, 1, 14),
(4, 1875, 2, 1, 17),
(4, 1436, 2, 1, 18),
(4, 1876, 2, 1, 18),
(4, 1877, 2, 1, 18),
(4, 989, 2, 1, 21),
(4, 1583, 2, 1, 22),
(4, 1599, 2, 1, 22),
(4, 1363, 2, 1, 28),
(4, 1364, 2, 1, 28),
(4, 1437, 2, 1, 28),
(4, 759, 2, 1, 30),
(4, 1438, 2, 1, 30),
(4, 692, 2, 1, 33),
(4, 109, 2, 1, 34),
(4, 1329, 2, 1, 36),
(4, 1330, 2, 1, 36),
(4, 1331, 2, 1, 36),
(4, 510, 2, 1, 47),
(4, 1061, 2, 1, 49),
(4, 454, 2, 1, 56),
(4, 591, 2, 1, 61),
(4, 691, 2, 1, 64),
(4, 797, 2, 1, 72),
(4, 795, 2, 1, 73),
(4, 796, 2, 1, 73),
(4, 990, 2, 1, 139),
(4, 991, 2, 1, 139),
(4, 183, 2, 1, 201),
(4, 182, 2, 1, 243),
(5, 2003, 1, 1, 1),
(5, 2131, 1, 1, 1),
(5, 2902, 1, 1, 1),
(5, 2916, 1, 1, 1),
(5, 2918, 1, 1, 1),
(5, 2923, 1, 1, 1),
(5, 2930, 1, 1, 1),
(5, 2951, 1, 1, 1),
(5, 2952, 1, 1, 1),
(5, 2956, 1, 1, 1),
(5, 2972, 1, 1, 1),
(5, 2977, 1, 1, 1),
(5, 2997, 1, 1, 1),
(5, 3011, 1, 1, 1),
(5, 3033, 1, 1, 1),
(5, 3052, 1, 1, 1),
(5, 836, 1, 1, 2),
(5, 854, 1, 1, 2),
(5, 855, 1, 1, 2),
(5, 873, 1, 1, 2),
(5, 909, 1, 1, 2),
(5, 911, 1, 1, 2),
(5, 919, 1, 1, 2),
(5, 938, 1, 1, 2),
(5, 965, 1, 1, 2),
(5, 966, 1, 1, 2),
(5, 967, 1, 1, 2),
(5, 1658, 1, 1, 2),
(5, 2122, 1, 1, 2),
(5, 2794, 1, 1, 2),
(5, 2795, 1, 1, 2),
(5, 2807, 1, 1, 2),
(5, 2888, 1, 1, 2),
(5, 690, 1, 1, 3),
(5, 794, 1, 1, 3),
(5, 810, 1, 1, 3),
(5, 928, 1, 1, 3),
(5, 1584, 1, 1, 3),
(5, 2717, 1, 1, 3),
(5, 2718, 1, 1, 3),
(5, 848, 1, 1, 4),
(5, 1570, 1, 1, 4),
(5, 612, 1, 1, 5),
(5, 613, 1, 1, 5),
(5, 816, 1, 1, 5),
(5, 835, 1, 1, 5),
(5, 842, 1, 1, 5),
(5, 906, 1, 1, 5),
(5, 954, 1, 1, 5),
(5, 800, 1, 1, 7),
(5, 1536, 1, 1, 7),
(5, 509, 1, 1, 8),
(5, 824, 1, 1, 8),
(5, 865, 1, 1, 8),
(5, 885, 1, 1, 8),
(5, 1485, 1, 1, 8),
(5, 1569, 1, 1, 8),
(5, 1724, 1, 1, 8),
(5, 793, 1, 1, 9),
(5, 1566, 1, 1, 9),
(5, 1612, 1, 1, 11),
(5, 2283, 1, 1, 11),
(5, 2284, 1, 1, 11),
(5, 1571, 1, 1, 12),
(5, 801, 1, 1, 14),
(5, 1540, 1, 1, 14),
(5, 2309, 1, 1, 14),
(5, 763, 1, 1, 17),
(5, 1872, 1, 1, 17),
(5, 1873, 1, 1, 17),
(5, 1874, 1, 1, 18),
(5, 1582, 1, 1, 19),
(5, 864, 1, 1, 28),
(5, 1362, 1, 1, 28),
(5, 689, 1, 1, 35),
(5, 105, 1, 1, 36),
(5, 1327, 1, 1, 36),
(5, 1328, 1, 1, 36),
(5, 508, 1, 1, 47),
(5, 1060, 1, 1, 48),
(5, 448, 1, 1, 55),
(5, 589, 1, 1, 61),
(5, 688, 1, 1, 63),
(5, 792, 1, 1, 67),
(5, 791, 1, 1, 73),
(5, 968, 1, 1, 141),
(5, 969, 1, 1, 141),
(5, 181, 1, 1, 205),
(5, 180, 1, 1, 283),
(5, 1814, 2, 1, 1),
(5, 2005, 2, 1, 1),
(5, 2008, 2, 1, 1),
(5, 2132, 2, 1, 1),
(5, 2133, 2, 1, 1),
(5, 2780, 2, 1, 1),
(5, 2903, 2, 1, 1),
(5, 2917, 2, 1, 1),
(5, 2919, 2, 1, 1),
(5, 2920, 2, 1, 1),
(5, 2924, 2, 1, 1),
(5, 2927, 2, 1, 1),
(5, 2931, 2, 1, 1),
(5, 2957, 2, 1, 1),
(5, 2958, 2, 1, 1),
(5, 2978, 2, 1, 1),
(5, 2998, 2, 1, 1),
(5, 3012, 2, 1, 1),
(5, 3014, 2, 1, 1),
(5, 3038, 2, 1, 1),
(5, 3039, 2, 1, 1),
(5, 3053, 2, 1, 1),
(5, 811, 2, 1, 2),
(5, 856, 2, 1, 2),
(5, 857, 2, 1, 2),
(5, 910, 2, 1, 2),
(5, 912, 2, 1, 2),
(5, 930, 2, 1, 2),
(5, 970, 2, 1, 2),
(5, 971, 2, 1, 2),
(5, 1574, 2, 1, 2),
(5, 1906, 2, 1, 2),
(5, 1907, 2, 1, 2),
(5, 2796, 2, 1, 2),
(5, 2889, 2, 1, 2),
(5, 1585, 2, 1, 3),
(5, 2719, 2, 1, 3),
(5, 590, 2, 1, 4),
(5, 799, 2, 1, 4),
(5, 817, 2, 1, 4),
(5, 837, 2, 1, 4),
(5, 843, 2, 1, 4),
(5, 849, 2, 1, 4),
(5, 1572, 2, 1, 4),
(5, 614, 2, 1, 5),
(5, 615, 2, 1, 5),
(5, 907, 2, 1, 5),
(5, 955, 2, 1, 5),
(5, 825, 2, 1, 6),
(5, 929, 2, 1, 6),
(5, 765, 2, 1, 7),
(5, 921, 2, 1, 7),
(5, 1537, 2, 1, 7),
(5, 1552, 2, 1, 7),
(5, 511, 2, 1, 8),
(5, 798, 2, 1, 8),
(5, 887, 2, 1, 8),
(5, 908, 2, 1, 8),
(5, 1486, 2, 1, 8),
(5, 1654, 2, 1, 8),
(5, 1725, 2, 1, 8),
(5, 457, 2, 1, 10),
(5, 972, 2, 1, 13),
(5, 973, 2, 1, 13),
(5, 2310, 2, 1, 14),
(5, 1875, 2, 1, 17),
(5, 1436, 2, 1, 18),
(5, 1876, 2, 1, 18),
(5, 1877, 2, 1, 18),
(5, 989, 2, 1, 21),
(5, 1583, 2, 1, 22),
(5, 1599, 2, 1, 22),
(5, 1363, 2, 1, 28),
(5, 1364, 2, 1, 28),
(5, 1437, 2, 1, 28),
(5, 759, 2, 1, 30),
(5, 1438, 2, 1, 30),
(5, 692, 2, 1, 33),
(5, 109, 2, 1, 34),
(5, 1329, 2, 1, 36),
(5, 1330, 2, 1, 36),
(5, 1331, 2, 1, 36),
(5, 510, 2, 1, 47),
(5, 1061, 2, 1, 49),
(5, 454, 2, 1, 56),
(5, 591, 2, 1, 61),
(5, 691, 2, 1, 64),
(5, 797, 2, 1, 72),
(5, 795, 2, 1, 73),
(5, 796, 2, 1, 73),
(5, 990, 2, 1, 139),
(5, 991, 2, 1, 139),
(5, 183, 2, 1, 201),
(5, 182, 2, 1, 243),
(6, 2951, 1, 1, 1),
(6, 2952, 1, 1, 1),
(6, 2956, 1, 1, 1),
(6, 2972, 1, 1, 1),
(6, 2977, 1, 1, 1),
(6, 2997, 1, 1, 1),
(6, 3011, 1, 1, 1),
(6, 3033, 1, 1, 1),
(6, 3052, 1, 1, 1),
(6, 965, 1, 1, 2),
(6, 966, 1, 1, 2),
(6, 967, 1, 1, 2),
(6, 1658, 1, 1, 2),
(6, 2122, 1, 1, 2),
(6, 2794, 1, 1, 2),
(6, 2795, 1, 1, 2),
(6, 2888, 1, 1, 2),
(6, 690, 1, 1, 3),
(6, 1584, 1, 1, 3),
(6, 848, 1, 1, 4),
(6, 1570, 1, 1, 4),
(6, 612, 1, 1, 5),
(6, 613, 1, 1, 5),
(6, 906, 1, 1, 5),
(6, 954, 1, 1, 5),
(6, 800, 1, 1, 7),
(6, 509, 1, 1, 8),
(6, 885, 1, 1, 8),
(6, 1485, 1, 1, 8),
(6, 1569, 1, 1, 8),
(6, 1566, 1, 1, 9),
(6, 1612, 1, 1, 11),
(6, 1571, 1, 1, 12),
(6, 801, 1, 1, 14),
(6, 1540, 1, 1, 14),
(6, 763, 1, 1, 17),
(6, 1872, 1, 1, 17),
(6, 1873, 1, 1, 17),
(6, 1874, 1, 1, 18),
(6, 1582, 1, 1, 19),
(6, 864, 1, 1, 28),
(6, 689, 1, 1, 35),
(6, 105, 1, 1, 36),
(6, 508, 1, 1, 47),
(6, 448, 1, 1, 55),
(6, 589, 1, 1, 61),
(6, 688, 1, 1, 63),
(6, 792, 1, 1, 67),
(6, 791, 1, 1, 73),
(6, 968, 1, 1, 141),
(6, 969, 1, 1, 141),
(6, 181, 1, 1, 205),
(6, 180, 1, 1, 283),
(6, 2957, 2, 1, 1),
(6, 2958, 2, 1, 1),
(6, 2978, 2, 1, 1),
(6, 2998, 2, 1, 1),
(6, 3012, 2, 1, 1),
(6, 3014, 2, 1, 1),
(6, 3038, 2, 1, 1),
(6, 3039, 2, 1, 1),
(6, 3053, 2, 1, 1),
(6, 970, 2, 1, 2),
(6, 971, 2, 1, 2),
(6, 1574, 2, 1, 2),
(6, 1906, 2, 1, 2),
(6, 1907, 2, 1, 2),
(6, 2796, 2, 1, 2),
(6, 2889, 2, 1, 2),
(6, 1585, 2, 1, 3),
(6, 590, 2, 1, 4),
(6, 849, 2, 1, 4),
(6, 1572, 2, 1, 4),
(6, 614, 2, 1, 5),
(6, 615, 2, 1, 5),
(6, 907, 2, 1, 5),
(6, 955, 2, 1, 5),
(6, 765, 2, 1, 7),
(6, 1552, 2, 1, 7),
(6, 511, 2, 1, 8),
(6, 887, 2, 1, 8),
(6, 908, 2, 1, 8),
(6, 1486, 2, 1, 8),
(6, 1654, 2, 1, 8),
(6, 457, 2, 1, 10),
(6, 972, 2, 1, 13),
(6, 973, 2, 1, 13),
(6, 1875, 2, 1, 17),
(6, 1436, 2, 1, 18),
(6, 1876, 2, 1, 18),
(6, 1877, 2, 1, 18),
(6, 989, 2, 1, 21),
(6, 1583, 2, 1, 22),
(6, 1599, 2, 1, 22),
(6, 1437, 2, 1, 28),
(6, 759, 2, 1, 30),
(6, 1438, 2, 1, 30),
(6, 692, 2, 1, 33),
(6, 109, 2, 1, 34),
(6, 510, 2, 1, 47),
(6, 454, 2, 1, 56),
(6, 591, 2, 1, 61),
(6, 691, 2, 1, 64),
(6, 797, 2, 1, 72),
(6, 795, 2, 1, 73),
(6, 796, 2, 1, 73),
(6, 990, 2, 1, 139),
(6, 991, 2, 1, 139),
(6, 183, 2, 1, 201),
(6, 182, 2, 1, 243);

-- --------------------------------------------------------

--
-- Structure de la table `gcahdy_tax`
--

CREATE TABLE `gcahdy_tax` (
  `id_tax` int(10) UNSIGNED NOT NULL,
  `rate` decimal(10,3) NOT NULL,
  `active` tinyint(1) UNSIGNED NOT NULL DEFAULT '1',
  `deleted` tinyint(1) UNSIGNED NOT NULL DEFAULT '0'
) ENGINE=InnoDB DEFAULT CHARSET=utf8;

--
-- Déchargement des données de la table `gcahdy_tax`
--

INSERT INTO `gcahdy_tax` (`id_tax`, `rate`, `active`, `deleted`) VALUES
(1, '20.000', 1, 0),
(2, '10.000', 1, 0),
(3, '5.500', 1, 0),
(4, '2.100', 1, 0),
(5, '20.000', 1, 0),
(6, '21.000', 1, 0),
(7, '20.000', 1, 0),
(8, '19.000', 1, 0),
(9, '21.000', 1, 0),
(10, '19.000', 1, 0),
(11, '25.000', 1, 0),
(12, '20.000', 1, 0),
(13, '21.000', 1, 0),
(14, '24.000', 1, 0),
(15, '20.000', 1, 0),
(16, '23.000', 1, 0),
(17, '25.000', 1, 0),
(18, '27.000', 1, 0),
(19, '23.000', 1, 0),
(20, '22.000', 1, 0),
(21, '21.000', 1, 0),
(22, '17.000', 1, 0),
(23, '21.000', 1, 0),
(24, '18.000', 1, 0),
(25, '21.000', 1, 0),
(26, '23.000', 1, 0),
(27, '23.000', 1, 0),
(28, '20.000', 1, 0),
(29, '25.000', 1, 0),
(30, '22.000', 1, 0),
(31, '20.000', 1, 0);

-- --------------------------------------------------------

--
-- Structure de la table `gcahdy_tax_lang`
--

CREATE TABLE `gcahdy_tax_lang` (
  `id_tax` int(10) UNSIGNED NOT NULL,
  `id_lang` int(10) UNSIGNED NOT NULL,
  `name` varchar(32) NOT NULL
) ENGINE=InnoDB DEFAULT CHARSET=utf8;

--
-- Déchargement des données de la table `gcahdy_tax_lang`
--

INSERT INTO `gcahdy_tax_lang` (`id_tax`, `id_lang`, `name`) VALUES
(1, 1, 'TVA FR 20%'),
(1, 2, 'TVA FR 20%'),
(2, 1, 'TVA FR 10%'),
(2, 2, 'TVA FR 10%'),
(3, 1, 'TVA FR 5.5%'),
(3, 2, 'TVA FR 5.5%'),
(4, 1, 'TVA FR 2.1%'),
(4, 2, 'TVA FR 2.1%'),
(5, 1, 'USt. AT 20%'),
(5, 2, 'USt. AT 20%'),
(6, 1, 'TVA BE 21%'),
(6, 2, 'TVA BE 21%'),
(7, 1, 'ДДС BG 20%'),
(7, 2, 'ДДС BG 20%'),
(8, 1, 'ΦΠΑ CY 19%'),
(8, 2, 'ΦΠΑ CY 19%'),
(9, 1, 'DPH CZ 21%'),
(9, 2, 'DPH CZ 21%'),
(10, 1, 'MwSt. DE 19%'),
(10, 2, 'MwSt. DE 19%'),
(11, 1, 'moms DK 25%'),
(11, 2, 'moms DK 25%'),
(12, 1, 'km EE 20%'),
(12, 2, 'km EE 20%'),
(13, 1, 'IVA ES 21%'),
(13, 2, 'IVA ES 21%'),
(14, 1, 'ALV FI 24%'),
(14, 2, 'ALV FI 24%'),
(15, 1, 'VAT UK 20%'),
(15, 2, 'VAT UK 20%'),
(16, 1, 'ΦΠΑ GR 23%'),
(16, 2, 'ΦΠΑ GR 23%'),
(17, 1, 'Croatia PDV 25%'),
(17, 2, 'Croatia PDV 25%'),
(18, 1, 'ÁFA HU 27%'),
(18, 2, 'ÁFA HU 27%'),
(19, 1, 'VAT IE 23%'),
(19, 2, 'VAT IE 23%'),
(20, 1, 'IVA IT 22%'),
(20, 2, 'IVA IT 22%'),
(21, 1, 'PVM LT 21%'),
(21, 2, 'PVM LT 21%'),
(22, 1, 'TVA LU 17%'),
(22, 2, 'TVA LU 17%'),
(23, 1, 'PVN LV 21%'),
(23, 2, 'PVN LV 21%'),
(24, 1, 'VAT MT 18%'),
(24, 2, 'VAT MT 18%'),
(25, 1, 'BTW NL 21%'),
(25, 2, 'BTW NL 21%'),
(26, 1, 'PTU PL 23%'),
(26, 2, 'PTU PL 23%'),
(27, 1, 'IVA PT 23%'),
(27, 2, 'IVA PT 23%'),
(28, 1, 'TVA RO 20%'),
(28, 2, 'TVA RO 20%'),
(29, 1, 'Moms SE 25%'),
(29, 2, 'Moms SE 25%'),
(30, 1, 'DDV SI 22%'),
(30, 2, 'DDV SI 22%'),
(31, 1, 'DPH SK 20%'),
(31, 2, 'DPH SK 20%');

-- --------------------------------------------------------

--
-- Structure de la table `gcahdy_tax_rule`
--

CREATE TABLE `gcahdy_tax_rule` (
  `id_tax_rule` int(11) NOT NULL,
  `id_tax_rules_group` int(11) NOT NULL,
  `id_country` int(11) NOT NULL,
  `id_state` int(11) NOT NULL,
  `zipcode_from` varchar(12) NOT NULL,
  `zipcode_to` varchar(12) NOT NULL,
  `id_tax` int(11) NOT NULL,
  `behavior` int(11) NOT NULL,
  `description` varchar(100) NOT NULL
) ENGINE=InnoDB DEFAULT CHARSET=utf8;

--
-- Déchargement des données de la table `gcahdy_tax_rule`
--

INSERT INTO `gcahdy_tax_rule` (`id_tax_rule`, `id_tax_rules_group`, `id_country`, `id_state`, `zipcode_from`, `zipcode_to`, `id_tax`, `behavior`, `description`) VALUES
(1, 1, 3, 0, '0', '0', 1, 0, ''),
(2, 1, 236, 0, '0', '0', 1, 0, ''),
(3, 1, 16, 0, '0', '0', 1, 0, ''),
(4, 1, 20, 0, '0', '0', 1, 0, ''),
(5, 1, 1, 0, '0', '0', 1, 0, ''),
(6, 1, 86, 0, '0', '0', 1, 0, ''),
(7, 1, 9, 0, '0', '0', 1, 0, ''),
(8, 1, 6, 0, '0', '0', 1, 0, ''),
(9, 1, 8, 0, '0', '0', 1, 0, ''),
(10, 1, 26, 0, '0', '0', 1, 0, ''),
(11, 1, 10, 0, '0', '0', 1, 0, ''),
(12, 1, 76, 0, '0', '0', 1, 0, ''),
(13, 1, 125, 0, '0', '0', 1, 0, ''),
(14, 1, 131, 0, '0', '0', 1, 0, ''),
(15, 1, 12, 0, '0', '0', 1, 0, ''),
(16, 1, 143, 0, '0', '0', 1, 0, ''),
(17, 1, 139, 0, '0', '0', 1, 0, ''),
(18, 1, 13, 0, '0', '0', 1, 0, ''),
(19, 1, 2, 0, '0', '0', 1, 0, ''),
(20, 1, 14, 0, '0', '0', 1, 0, ''),
(21, 1, 15, 0, '0', '0', 1, 0, ''),
(22, 1, 36, 0, '0', '0', 1, 0, ''),
(23, 1, 193, 0, '0', '0', 1, 0, ''),
(24, 1, 37, 0, '0', '0', 1, 0, ''),
(25, 1, 7, 0, '0', '0', 1, 0, ''),
(26, 1, 18, 0, '0', '0', 1, 0, ''),
(27, 2, 3, 0, '0', '0', 2, 0, ''),
(28, 2, 236, 0, '0', '0', 2, 0, ''),
(29, 2, 16, 0, '0', '0', 2, 0, ''),
(30, 2, 20, 0, '0', '0', 2, 0, ''),
(31, 2, 1, 0, '0', '0', 2, 0, ''),
(32, 2, 86, 0, '0', '0', 2, 0, ''),
(33, 2, 9, 0, '0', '0', 2, 0, ''),
(34, 2, 6, 0, '0', '0', 2, 0, ''),
(35, 2, 8, 0, '0', '0', 2, 0, ''),
(36, 2, 26, 0, '0', '0', 2, 0, ''),
(37, 2, 10, 0, '0', '0', 2, 0, ''),
(38, 2, 76, 0, '0', '0', 2, 0, ''),
(39, 2, 125, 0, '0', '0', 2, 0, ''),
(40, 2, 131, 0, '0', '0', 2, 0, ''),
(41, 2, 12, 0, '0', '0', 2, 0, ''),
(42, 2, 143, 0, '0', '0', 2, 0, ''),
(43, 2, 139, 0, '0', '0', 2, 0, ''),
(44, 2, 13, 0, '0', '0', 2, 0, ''),
(45, 2, 2, 0, '0', '0', 2, 0, ''),
(46, 2, 14, 0, '0', '0', 2, 0, ''),
(47, 2, 15, 0, '0', '0', 2, 0, ''),
(48, 2, 36, 0, '0', '0', 2, 0, ''),
(49, 2, 193, 0, '0', '0', 2, 0, ''),
(50, 2, 37, 0, '0', '0', 2, 0, ''),
(51, 2, 7, 0, '0', '0', 2, 0, ''),
(52, 2, 18, 0, '0', '0', 2, 0, ''),
(53, 3, 3, 0, '0', '0', 3, 0, ''),
(54, 3, 236, 0, '0', '0', 3, 0, ''),
(55, 3, 16, 0, '0', '0', 3, 0, ''),
(56, 3, 20, 0, '0', '0', 3, 0, ''),
(57, 3, 1, 0, '0', '0', 3, 0, ''),
(58, 3, 86, 0, '0', '0', 3, 0, ''),
(59, 3, 9, 0, '0', '0', 3, 0, ''),
(60, 3, 6, 0, '0', '0', 3, 0, ''),
(61, 3, 8, 0, '0', '0', 3, 0, ''),
(62, 3, 26, 0, '0', '0', 3, 0, ''),
(63, 3, 10, 0, '0', '0', 3, 0, ''),
(64, 3, 76, 0, '0', '0', 3, 0, ''),
(65, 3, 125, 0, '0', '0', 3, 0, ''),
(66, 3, 131, 0, '0', '0', 3, 0, ''),
(67, 3, 12, 0, '0', '0', 3, 0, ''),
(68, 3, 143, 0, '0', '0', 3, 0, ''),
(69, 3, 139, 0, '0', '0', 3, 0, ''),
(70, 3, 13, 0, '0', '0', 3, 0, ''),
(71, 3, 2, 0, '0', '0', 3, 0, ''),
(72, 3, 14, 0, '0', '0', 3, 0, ''),
(73, 3, 15, 0, '0', '0', 3, 0, ''),
(74, 3, 36, 0, '0', '0', 3, 0, ''),
(75, 3, 193, 0, '0', '0', 3, 0, ''),
(76, 3, 37, 0, '0', '0', 3, 0, ''),
(77, 3, 7, 0, '0', '0', 3, 0, ''),
(78, 3, 18, 0, '0', '0', 3, 0, ''),
(79, 4, 3, 0, '0', '0', 4, 0, ''),
(80, 4, 236, 0, '0', '0', 4, 0, ''),
(81, 4, 16, 0, '0', '0', 4, 0, ''),
(82, 4, 20, 0, '0', '0', 4, 0, ''),
(83, 4, 1, 0, '0', '0', 4, 0, ''),
(84, 4, 86, 0, '0', '0', 4, 0, ''),
(85, 4, 9, 0, '0', '0', 4, 0, ''),
(86, 4, 6, 0, '0', '0', 4, 0, ''),
(87, 4, 8, 0, '0', '0', 4, 0, ''),
(88, 4, 26, 0, '0', '0', 4, 0, ''),
(89, 4, 10, 0, '0', '0', 4, 0, ''),
(90, 4, 76, 0, '0', '0', 4, 0, ''),
(91, 4, 125, 0, '0', '0', 4, 0, ''),
(92, 4, 131, 0, '0', '0', 4, 0, ''),
(93, 4, 12, 0, '0', '0', 4, 0, ''),
(94, 4, 143, 0, '0', '0', 4, 0, ''),
(95, 4, 139, 0, '0', '0', 4, 0, ''),
(96, 4, 13, 0, '0', '0', 4, 0, ''),
(97, 4, 2, 0, '0', '0', 4, 0, ''),
(98, 4, 14, 0, '0', '0', 4, 0, ''),
(99, 4, 15, 0, '0', '0', 4, 0, ''),
(100, 4, 36, 0, '0', '0', 4, 0, ''),
(101, 4, 193, 0, '0', '0', 4, 0, ''),
(102, 4, 37, 0, '0', '0', 4, 0, ''),
(103, 4, 7, 0, '0', '0', 4, 0, ''),
(104, 4, 18, 0, '0', '0', 4, 0, ''),
(105, 5, 8, 0, '0', '0', 1, 0, ''),
(106, 5, 2, 0, '0', '0', 5, 0, ''),
(107, 5, 3, 0, '0', '0', 6, 0, ''),
(108, 5, 236, 0, '0', '0', 7, 0, ''),
(109, 5, 76, 0, '0', '0', 8, 0, ''),
(110, 5, 16, 0, '0', '0', 9, 0, ''),
(111, 5, 1, 0, '0', '0', 10, 0, ''),
(112, 5, 20, 0, '0', '0', 11, 0, ''),
(113, 5, 86, 0, '0', '0', 12, 0, ''),
(114, 5, 6, 0, '0', '0', 13, 0, ''),
(115, 5, 7, 0, '0', '0', 14, 0, ''),
(116, 5, 17, 0, '0', '0', 15, 0, ''),
(117, 5, 9, 0, '0', '0', 16, 0, ''),
(118, 5, 74, 0, '0', '0', 17, 0, ''),
(119, 5, 143, 0, '0', '0', 18, 0, ''),
(120, 5, 26, 0, '0', '0', 19, 0, ''),
(121, 5, 10, 0, '0', '0', 20, 0, ''),
(122, 5, 131, 0, '0', '0', 21, 0, ''),
(123, 5, 12, 0, '0', '0', 22, 0, ''),
(124, 5, 125, 0, '0', '0', 23, 0, ''),
(125, 5, 139, 0, '0', '0', 24, 0, ''),
(126, 5, 13, 0, '0', '0', 25, 0, ''),
(127, 5, 14, 0, '0', '0', 26, 0, ''),
(128, 5, 15, 0, '0', '0', 27, 0, ''),
(129, 5, 36, 0, '0', '0', 28, 0, ''),
(130, 5, 18, 0, '0', '0', 29, 0, ''),
(131, 5, 193, 0, '0', '0', 30, 0, ''),
(132, 5, 37, 0, '0', '0', 31, 0, ''),
(133, 6, 3, 0, '0', '0', 1, 0, ''),
(134, 6, 236, 0, '0', '0', 1, 0, ''),
(135, 6, 16, 0, '0', '0', 1, 0, ''),
(136, 6, 20, 0, '0', '0', 1, 0, ''),
(137, 6, 1, 0, '0', '0', 1, 0, ''),
(138, 6, 86, 0, '0', '0', 1, 0, ''),
(139, 6, 9, 0, '0', '0', 1, 0, ''),
(140, 6, 6, 0, '0', '0', 1, 0, ''),
(141, 6, 8, 0, '0', '0', 1, 0, ''),
(142, 6, 26, 0, '0', '0', 1, 0, ''),
(143, 6, 10, 0, '0', '0', 1, 0, ''),
(144, 6, 76, 0, '0', '0', 1, 0, ''),
(145, 6, 125, 0, '0', '0', 1, 0, ''),
(146, 6, 131, 0, '0', '0', 1, 0, ''),
(147, 6, 12, 0, '0', '0', 1, 0, ''),
(148, 6, 143, 0, '0', '0', 1, 0, ''),
(149, 6, 139, 0, '0', '0', 1, 0, ''),
(150, 6, 13, 0, '0', '0', 1, 0, ''),
(151, 6, 2, 0, '0', '0', 1, 0, ''),
(152, 6, 14, 0, '0', '0', 1, 0, ''),
(153, 6, 15, 0, '0', '0', 1, 0, ''),
(154, 6, 36, 0, '0', '0', 1, 0, ''),
(155, 6, 193, 0, '0', '0', 1, 0, ''),
(156, 6, 37, 0, '0', '0', 1, 0, ''),
(157, 6, 7, 0, '0', '0', 1, 0, ''),
(164, 6, 74, 0, '0', '0', 1, 0, ''),
(166, 6, 17, 0, '0', '0', 1, 0, ''),
(167, 6, 18, 0, '0', '0', 1, 0, '');

-- --------------------------------------------------------

--
-- Structure de la table `gcahdy_tax_rules_group`
--

CREATE TABLE `gcahdy_tax_rules_group` (
  `id_tax_rules_group` int(11) NOT NULL,
  `name` varchar(50) NOT NULL,
  `active` int(11) NOT NULL,
  `deleted` tinyint(1) UNSIGNED NOT NULL,
  `date_add` datetime NOT NULL,
  `date_upd` datetime NOT NULL
) ENGINE=InnoDB DEFAULT CHARSET=utf8;

--
-- Déchargement des données de la table `gcahdy_tax_rules_group`
--

INSERT INTO `gcahdy_tax_rules_group` (`id_tax_rules_group`, `name`, `active`, `deleted`, `date_add`, `date_upd`) VALUES
(1, 'FR Taux standard (20%)', 1, 1, '2018-01-30 15:55:26', '2018-09-19 12:13:47'),
(2, 'FR Taux réduit (10%)', 0, 0, '2018-01-30 15:55:26', '2018-03-07 16:39:51'),
(3, 'FR Taux réduit (5.5%)', 0, 0, '2018-01-30 15:55:26', '2018-03-07 16:39:54'),
(4, 'FR Taux super réduit (2.1%)', 0, 0, '2018-01-30 15:55:26', '2018-03-07 16:39:57'),
(5, 'EU VAT For Virtual Products', 0, 0, '2018-01-30 15:55:27', '2018-03-07 16:40:12'),
(6, 'FR Taux standard (20%)', 1, 0, '2018-01-30 15:55:26', '2018-09-20 14:46:14');

-- --------------------------------------------------------

--
-- Structure de la table `gcahdy_tax_rules_group_shop`
--

CREATE TABLE `gcahdy_tax_rules_group_shop` (
  `id_tax_rules_group` int(11) UNSIGNED NOT NULL,
  `id_shop` int(11) UNSIGNED NOT NULL
) ENGINE=InnoDB DEFAULT CHARSET=utf8;

--
-- Déchargement des données de la table `gcahdy_tax_rules_group_shop`
--

INSERT INTO `gcahdy_tax_rules_group_shop` (`id_tax_rules_group`, `id_shop`) VALUES
(1, 1),
(2, 1),
(3, 1),
(4, 1),
(5, 1),
(6, 1);

-- --------------------------------------------------------

--
-- Structure de la table `gcahdy_temoignage`
--

CREATE TABLE `gcahdy_temoignage` (
  `id_temoignage` int(10) NOT NULL,
  `img` varchar(250) DEFAULT NULL,
  `active` tinyint(1) NOT NULL
) ENGINE=InnoDB DEFAULT CHARSET=utf8;

--
-- Déchargement des données de la table `gcahdy_temoignage`
--

INSERT INTO `gcahdy_temoignage` (`id_temoignage`, `img`, `active`) VALUES
(1, '89c0c5cbeaa0002adf9674300a7f8947.jpg', 1),
(2, 'dce8a32fa4f4d9802afc346ac9b26500.jpeg', 1),
(3, 'e88c8ca98a5a14fcff6e547ecbd1c0c1.jpg', 1),
(4, '', 1),
(5, '8354c6fdf172f64db9056c79477caae4.jpg', 1),
(6, 'cfaf177bc8e16036e8e435c7a1ef12a2.png', 1);

-- --------------------------------------------------------

--
-- Structure de la table `gcahdy_temoignage_lang`
--

CREATE TABLE `gcahdy_temoignage_lang` (
  `id_temoignage` int(10) UNSIGNED NOT NULL,
  `id_lang` int(10) UNSIGNED NOT NULL,
  `name` varchar(250) DEFAULT NULL,
  `poste` varchar(250) DEFAULT NULL,
  `texte` varchar(250) DEFAULT NULL
) ENGINE=InnoDB DEFAULT CHARSET=utf8;

--
-- Déchargement des données de la table `gcahdy_temoignage_lang`
--

INSERT INTO `gcahdy_temoignage_lang` (`id_temoignage`, `id_lang`, `name`, `poste`, `texte`) VALUES
(1, 1, 'L’Oustau de Baumanière', 'www.baumaniere.com', 'L’authenticité et la transmission du savoir-faire sont l’empreinte même de notre restaurant L’Oustau de Baumanière, ainsi nous mettons un point d’honneur à valoriser les artisans comme la Maison Goyon-Chazeau  en offrant le meilleur à nos clients. '),
(1, 2, 'L’Oustau de Baumanière', 'www.baumaniere.com', 'Authenticity and know-how transmission are basis of our restaurant L\'Oustau de Baumanière. So we make a point of honor to value the craftsmen like the House Goyon-Chazeau by offering the best to our customers.'),
(2, 1, 'Château de Codignat', 'www.codignat.com', 'J\'utilise tous les jours avec plaisir les couteaux GOYON-CHAZEAU en cuisine !\r\nLe Chef, Mathieu barbet, \r\nétoilé au guide Michelin'),
(2, 2, 'Château de Codignat', 'www.codignat.com', 'I daily use GOYON-CHAZEAU knives for cooking in my restaurant ! \r\nIt\'s always a pleasure ! \r\nMathieu Barbet, star Chef, in the Michelin guide'),
(3, 1, 'Papy 42', 'Enfin des couteaux qui coupent !', ' A la retraite, je me suis mis à occuper mon temps libre en cuisinant. Mon plaisir a été décuplé quand j\'ai acheté des couteaux Goyon-Chazeau : quel bonheur de cuisiner avec du matériel efficace !'),
(3, 2, 'Grandpa 42', 'Finally, knives that cut!', 'I started to spend my free time cooking when I retired. My pleasure was increased when I bought Goyon-Chazeau knives : cooking is easier and fun with efficient equipment!'),
(5, 1, 'Sophie C.', 'Avec une belle table, tout est meilleur', 'J\'ai acheté des couverts Laguiole Avantage pour accompagner la porcelaine que j\'ai eue à mon mariage.  Un achat que je ne regrette pas !'),
(5, 2, 'Sophie C.', 'With a beautiful table, everything is better', 'I bought Laguiole Avantage dinner sets to go with my wedding porcelain. A purchase that I do not regret!'),
(6, 1, 'Auberge du Vieux Puits - Gilles Goujon', 'www.aubergeduvieuxpuits.fr', 'Séduit par la ligne contemporaine et la qualité du Styl\'ver, j\'ai équipé la cuisine du restaurant avec ces couteaux, personnalisés à mon nom.'),
(6, 2, 'Auberge du Vieux Puits - Gilles Goujon', 'http://www.aubergeduvieuxpuits.fr/en', 'Seduced by the contemporary line and quality of Styl\'ver line, I equipped my restaurant\'s kitchen with these knives, personalized with my name.');

-- --------------------------------------------------------

--
-- Structure de la table `gcahdy_theme`
--

CREATE TABLE `gcahdy_theme` (
  `id_theme` int(11) NOT NULL,
  `name` varchar(64) NOT NULL,
  `directory` varchar(64) NOT NULL,
  `responsive` tinyint(1) NOT NULL DEFAULT '0',
  `default_left_column` tinyint(1) NOT NULL DEFAULT '0',
  `default_right_column` tinyint(1) NOT NULL DEFAULT '0',
  `product_per_page` int(10) UNSIGNED NOT NULL
) ENGINE=InnoDB DEFAULT CHARSET=utf8;

--
-- Déchargement des données de la table `gcahdy_theme`
--

INSERT INTO `gcahdy_theme` (`id_theme`, `name`, `directory`, `responsive`, `default_left_column`, `default_right_column`, `product_per_page`) VALUES
(1, 'default-bootstrap', 'default-bootstrap', 1, 1, 0, 12),
(2, 'leo_frozen', 'leo_frozen', 1, 0, 0, 1);

-- --------------------------------------------------------

--
-- Structure de la table `gcahdy_themeconfigurator`
--

CREATE TABLE `gcahdy_themeconfigurator` (
  `id_item` int(10) UNSIGNED NOT NULL,
  `id_shop` int(10) UNSIGNED NOT NULL,
  `id_lang` int(10) UNSIGNED NOT NULL,
  `item_order` int(10) UNSIGNED NOT NULL,
  `title` varchar(100) DEFAULT NULL,
  `title_use` tinyint(1) UNSIGNED NOT NULL DEFAULT '0',
  `hook` varchar(100) DEFAULT NULL,
  `url` text,
  `target` tinyint(1) UNSIGNED NOT NULL DEFAULT '0',
  `image` varchar(100) DEFAULT NULL,
  `image_w` varchar(10) DEFAULT NULL,
  `image_h` varchar(10) DEFAULT NULL,
  `html` text,
  `active` tinyint(1) UNSIGNED NOT NULL DEFAULT '1'
) ENGINE=InnoDB DEFAULT CHARSET=utf8;

--
-- Déchargement des données de la table `gcahdy_themeconfigurator`
--

INSERT INTO `gcahdy_themeconfigurator` (`id_item`, `id_shop`, `id_lang`, `item_order`, `title`, `title_use`, `hook`, `url`, `target`, `image`, `image_w`, `image_h`, `html`, `active`) VALUES
(1, 1, 1, 1, '', 0, 'home', 'http://www.prestashop.com/', 0, 'banner-img1.jpg', '383', '267', '', 1),
(2, 1, 1, 2, '', 0, 'home', 'http://www.prestashop.com/', 0, 'banner-img2.jpg', '383', '267', '', 1),
(3, 1, 1, 3, '', 0, 'home', 'http://www.prestashop.com/', 0, 'banner-img3.jpg', '383', '267', '', 1),
(4, 1, 1, 4, '', 0, 'home', 'http://www.prestashop.com/', 0, 'banner-img4.jpg', '383', '142', '', 1),
(5, 1, 1, 5, '', 0, 'home', 'http://www.prestashop.com/', 0, 'banner-img5.jpg', '777', '142', '', 1),
(6, 1, 1, 6, '', 0, 'top', 'http://www.prestashop.com/', 0, 'banner-img6.jpg', '381', '219', '', 1),
(7, 1, 1, 7, '', 0, 'top', 'http://www.prestashop.com/', 0, 'banner-img7.jpg', '381', '219', '', 1);

-- --------------------------------------------------------

--
-- Structure de la table `gcahdy_theme_meta`
--

CREATE TABLE `gcahdy_theme_meta` (
  `id_theme_meta` int(11) NOT NULL,
  `id_theme` int(11) NOT NULL,
  `id_meta` int(10) UNSIGNED NOT NULL,
  `left_column` tinyint(1) NOT NULL DEFAULT '1',
  `right_column` tinyint(1) NOT NULL DEFAULT '1'
) ENGINE=InnoDB DEFAULT CHARSET=utf8;

--
-- Déchargement des données de la table `gcahdy_theme_meta`
--

INSERT INTO `gcahdy_theme_meta` (`id_theme_meta`, `id_theme`, `id_meta`, `left_column`, `right_column`) VALUES
(1, 1, 1, 0, 0),
(2, 1, 2, 1, 0),
(3, 1, 3, 0, 0),
(4, 1, 4, 0, 0),
(5, 1, 5, 1, 0),
(6, 1, 6, 1, 0),
(7, 1, 7, 0, 0),
(9, 1, 9, 1, 0),
(10, 1, 10, 0, 0),
(11, 1, 11, 0, 0),
(12, 1, 12, 0, 0),
(13, 1, 13, 0, 0),
(14, 1, 14, 0, 0),
(15, 1, 15, 0, 0),
(16, 1, 16, 0, 0),
(17, 1, 17, 0, 0),
(18, 1, 18, 0, 0),
(19, 1, 19, 0, 0),
(20, 1, 20, 0, 0),
(21, 1, 21, 0, 0),
(22, 1, 22, 1, 0),
(23, 1, 23, 0, 0),
(24, 1, 24, 0, 0),
(25, 1, 25, 0, 0),
(26, 1, 26, 0, 0),
(27, 1, 28, 1, 0),
(28, 1, 29, 0, 0),
(29, 1, 27, 0, 0),
(30, 1, 30, 0, 0),
(31, 1, 31, 0, 0),
(32, 1, 32, 0, 0),
(33, 1, 33, 0, 0),
(34, 1, 34, 0, 0),
(35, 1, 36, 1, 0),
(36, 1, 37, 1, 0),
(37, 2, 1, 0, 0),
(38, 2, 2, 1, 0),
(39, 2, 3, 0, 0),
(40, 2, 4, 0, 0),
(41, 2, 5, 1, 0),
(42, 2, 6, 1, 0),
(43, 2, 7, 0, 0),
(45, 2, 9, 0, 0),
(46, 2, 10, 0, 0),
(47, 2, 11, 0, 0),
(48, 2, 12, 0, 0),
(49, 2, 13, 0, 0),
(50, 2, 14, 0, 0),
(51, 2, 15, 0, 0),
(52, 2, 16, 0, 0),
(53, 2, 17, 0, 0),
(54, 2, 18, 0, 0),
(55, 2, 19, 0, 0),
(56, 2, 20, 0, 0),
(57, 2, 21, 0, 0),
(58, 2, 22, 0, 0),
(59, 2, 23, 0, 0),
(60, 2, 24, 0, 0),
(61, 2, 25, 0, 0),
(62, 2, 26, 0, 0),
(63, 2, 27, 0, 0),
(64, 2, 28, 1, 0),
(65, 2, 29, 0, 0),
(66, 2, 30, 0, 0),
(67, 2, 31, 0, 0),
(68, 2, 32, 0, 0),
(69, 2, 33, 0, 0),
(70, 2, 34, 0, 0),
(71, 2, 35, 0, 0),
(72, 2, 36, 0, 0),
(73, 2, 37, 0, 0),
(74, 1, 38, 1, 0),
(75, 2, 38, 0, 0),
(76, 1, 39, 1, 0),
(77, 2, 39, 1, 0),
(78, 1, 40, 1, 0),
(79, 2, 40, 1, 0),
(80, 1, 41, 1, 0),
(81, 2, 41, 0, 0),
(82, 1, 42, 1, 0),
(83, 2, 42, 0, 0),
(84, 1, 43, 1, 0),
(85, 2, 43, 0, 0),
(94, 1, 45, 1, 0),
(95, 2, 45, 0, 0);

-- --------------------------------------------------------

--
-- Structure de la table `gcahdy_theme_specific`
--

CREATE TABLE `gcahdy_theme_specific` (
  `id_theme` int(11) UNSIGNED NOT NULL,
  `id_shop` int(11) UNSIGNED NOT NULL,
  `entity` int(11) UNSIGNED NOT NULL,
  `id_object` int(11) UNSIGNED NOT NULL
) ENGINE=InnoDB DEFAULT CHARSET=utf8;

-- --------------------------------------------------------

--
-- Structure de la table `gcahdy_timezone`
--

CREATE TABLE `gcahdy_timezone` (
  `id_timezone` int(10) UNSIGNED NOT NULL,
  `name` varchar(32) NOT NULL
) ENGINE=InnoDB DEFAULT CHARSET=utf8;

--
-- Déchargement des données de la table `gcahdy_timezone`
--

INSERT INTO `gcahdy_timezone` (`id_timezone`, `name`) VALUES
(1, 'Africa/Abidjan'),
(2, 'Africa/Accra'),
(3, 'Africa/Addis_Ababa'),
(4, 'Africa/Algiers'),
(5, 'Africa/Asmara'),
(6, 'Africa/Asmera'),
(7, 'Africa/Bamako'),
(8, 'Africa/Bangui'),
(9, 'Africa/Banjul'),
(10, 'Africa/Bissau'),
(11, 'Africa/Blantyre'),
(12, 'Africa/Brazzaville'),
(13, 'Africa/Bujumbura'),
(14, 'Africa/Cairo'),
(15, 'Africa/Casablanca'),
(16, 'Africa/Ceuta'),
(17, 'Africa/Conakry'),
(18, 'Africa/Dakar'),
(19, 'Africa/Dar_es_Salaam'),
(20, 'Africa/Djibouti'),
(21, 'Africa/Douala'),
(22, 'Africa/El_Aaiun'),
(23, 'Africa/Freetown'),
(24, 'Africa/Gaborone'),
(25, 'Africa/Harare'),
(26, 'Africa/Johannesburg'),
(27, 'Africa/Kampala'),
(28, 'Africa/Khartoum'),
(29, 'Africa/Kigali'),
(30, 'Africa/Kinshasa'),
(31, 'Africa/Lagos'),
(32, 'Africa/Libreville'),
(33, 'Africa/Lome'),
(34, 'Africa/Luanda'),
(35, 'Africa/Lubumbashi'),
(36, 'Africa/Lusaka'),
(37, 'Africa/Malabo'),
(38, 'Africa/Maputo'),
(39, 'Africa/Maseru'),
(40, 'Africa/Mbabane'),
(41, 'Africa/Mogadishu'),
(42, 'Africa/Monrovia'),
(43, 'Africa/Nairobi'),
(44, 'Africa/Ndjamena'),
(45, 'Africa/Niamey'),
(46, 'Africa/Nouakchott'),
(47, 'Africa/Ouagadougou'),
(48, 'Africa/Porto-Novo'),
(49, 'Africa/Sao_Tome'),
(50, 'Africa/Timbuktu'),
(51, 'Africa/Tripoli'),
(52, 'Africa/Tunis'),
(53, 'Africa/Windhoek'),
(54, 'America/Adak'),
(55, 'America/Anchorage '),
(56, 'America/Anguilla'),
(57, 'America/Antigua'),
(58, 'America/Araguaina'),
(59, 'America/Argentina/Buenos_Aires'),
(60, 'America/Argentina/Catamarca'),
(61, 'America/Argentina/ComodRivadavia'),
(62, 'America/Argentina/Cordoba'),
(63, 'America/Argentina/Jujuy'),
(64, 'America/Argentina/La_Rioja'),
(65, 'America/Argentina/Mendoza'),
(66, 'America/Argentina/Rio_Gallegos'),
(67, 'America/Argentina/Salta'),
(68, 'America/Argentina/San_Juan'),
(69, 'America/Argentina/San_Luis'),
(70, 'America/Argentina/Tucuman'),
(71, 'America/Argentina/Ushuaia'),
(72, 'America/Aruba'),
(73, 'America/Asuncion'),
(74, 'America/Atikokan'),
(75, 'America/Atka'),
(76, 'America/Bahia'),
(77, 'America/Barbados'),
(78, 'America/Belem'),
(79, 'America/Belize'),
(80, 'America/Blanc-Sablon'),
(81, 'America/Boa_Vista'),
(82, 'America/Bogota'),
(83, 'America/Boise'),
(84, 'America/Buenos_Aires'),
(85, 'America/Cambridge_Bay'),
(86, 'America/Campo_Grande'),
(87, 'America/Cancun'),
(88, 'America/Caracas'),
(89, 'America/Catamarca'),
(90, 'America/Cayenne'),
(91, 'America/Cayman'),
(92, 'America/Chicago'),
(93, 'America/Chihuahua'),
(94, 'America/Coral_Harbour'),
(95, 'America/Cordoba'),
(96, 'America/Costa_Rica'),
(97, 'America/Cuiaba'),
(98, 'America/Curacao'),
(99, 'America/Danmarkshavn'),
(100, 'America/Dawson'),
(101, 'America/Dawson_Creek'),
(102, 'America/Denver'),
(103, 'America/Detroit'),
(104, 'America/Dominica'),
(105, 'America/Edmonton'),
(106, 'America/Eirunepe'),
(107, 'America/El_Salvador'),
(108, 'America/Ensenada'),
(109, 'America/Fort_Wayne'),
(110, 'America/Fortaleza'),
(111, 'America/Glace_Bay'),
(112, 'America/Godthab'),
(113, 'America/Goose_Bay'),
(114, 'America/Grand_Turk'),
(115, 'America/Grenada'),
(116, 'America/Guadeloupe'),
(117, 'America/Guatemala'),
(118, 'America/Guayaquil'),
(119, 'America/Guyana'),
(120, 'America/Halifax'),
(121, 'America/Havana'),
(122, 'America/Hermosillo'),
(123, 'America/Indiana/Indianapolis'),
(124, 'America/Indiana/Knox'),
(125, 'America/Indiana/Marengo'),
(126, 'America/Indiana/Petersburg'),
(127, 'America/Indiana/Tell_City'),
(128, 'America/Indiana/Vevay'),
(129, 'America/Indiana/Vincennes'),
(130, 'America/Indiana/Winamac'),
(131, 'America/Indianapolis'),
(132, 'America/Inuvik'),
(133, 'America/Iqaluit'),
(134, 'America/Jamaica'),
(135, 'America/Jujuy'),
(136, 'America/Juneau'),
(137, 'America/Kentucky/Louisville'),
(138, 'America/Kentucky/Monticello'),
(139, 'America/Knox_IN'),
(140, 'America/La_Paz'),
(141, 'America/Lima'),
(142, 'America/Los_Angeles'),
(143, 'America/Louisville'),
(144, 'America/Maceio'),
(145, 'America/Managua'),
(146, 'America/Manaus'),
(147, 'America/Marigot'),
(148, 'America/Martinique'),
(149, 'America/Mazatlan'),
(150, 'America/Mendoza'),
(151, 'America/Menominee'),
(152, 'America/Merida'),
(153, 'America/Mexico_City'),
(154, 'America/Miquelon'),
(155, 'America/Moncton'),
(156, 'America/Monterrey'),
(157, 'America/Montevideo'),
(158, 'America/Montreal'),
(159, 'America/Montserrat'),
(160, 'America/Nassau'),
(161, 'America/New_York'),
(162, 'America/Nipigon'),
(163, 'America/Nome'),
(164, 'America/Noronha'),
(165, 'America/North_Dakota/Center'),
(166, 'America/North_Dakota/New_Salem'),
(167, 'America/Panama'),
(168, 'America/Pangnirtung'),
(169, 'America/Paramaribo'),
(170, 'America/Phoenix'),
(171, 'America/Port-au-Prince'),
(172, 'America/Port_of_Spain'),
(173, 'America/Porto_Acre'),
(174, 'America/Porto_Velho'),
(175, 'America/Puerto_Rico'),
(176, 'America/Rainy_River'),
(177, 'America/Rankin_Inlet'),
(178, 'America/Recife'),
(179, 'America/Regina'),
(180, 'America/Resolute'),
(181, 'America/Rio_Branco'),
(182, 'America/Rosario'),
(183, 'America/Santarem'),
(184, 'America/Santiago'),
(185, 'America/Santo_Domingo'),
(186, 'America/Sao_Paulo'),
(187, 'America/Scoresbysund'),
(188, 'America/Shiprock'),
(189, 'America/St_Barthelemy'),
(190, 'America/St_Johns'),
(191, 'America/St_Kitts'),
(192, 'America/St_Lucia'),
(193, 'America/St_Thomas'),
(194, 'America/St_Vincent'),
(195, 'America/Swift_Current'),
(196, 'America/Tegucigalpa'),
(197, 'America/Thule'),
(198, 'America/Thunder_Bay'),
(199, 'America/Tijuana'),
(200, 'America/Toronto'),
(201, 'America/Tortola'),
(202, 'America/Vancouver'),
(203, 'America/Virgin'),
(204, 'America/Whitehorse'),
(205, 'America/Winnipeg'),
(206, 'America/Yakutat'),
(207, 'America/Yellowknife'),
(208, 'Antarctica/Casey'),
(209, 'Antarctica/Davis'),
(210, 'Antarctica/DumontDUrville'),
(211, 'Antarctica/Mawson'),
(212, 'Antarctica/McMurdo'),
(213, 'Antarctica/Palmer'),
(214, 'Antarctica/Rothera'),
(215, 'Antarctica/South_Pole'),
(216, 'Antarctica/Syowa'),
(217, 'Antarctica/Vostok'),
(218, 'Arctic/Longyearbyen'),
(219, 'Asia/Aden'),
(220, 'Asia/Almaty'),
(221, 'Asia/Amman'),
(222, 'Asia/Anadyr'),
(223, 'Asia/Aqtau'),
(224, 'Asia/Aqtobe'),
(225, 'Asia/Ashgabat'),
(226, 'Asia/Ashkhabad'),
(227, 'Asia/Baghdad'),
(228, 'Asia/Bahrain'),
(229, 'Asia/Baku'),
(230, 'Asia/Bangkok'),
(231, 'Asia/Beirut'),
(232, 'Asia/Bishkek'),
(233, 'Asia/Brunei'),
(234, 'Asia/Calcutta'),
(235, 'Asia/Choibalsan'),
(236, 'Asia/Chongqing'),
(237, 'Asia/Chungking'),
(238, 'Asia/Colombo'),
(239, 'Asia/Dacca'),
(240, 'Asia/Damascus'),
(241, 'Asia/Dhaka'),
(242, 'Asia/Dili'),
(243, 'Asia/Dubai'),
(244, 'Asia/Dushanbe'),
(245, 'Asia/Gaza'),
(246, 'Asia/Harbin'),
(247, 'Asia/Ho_Chi_Minh'),
(248, 'Asia/Hong_Kong'),
(249, 'Asia/Hovd'),
(250, 'Asia/Irkutsk'),
(251, 'Asia/Istanbul'),
(252, 'Asia/Jakarta'),
(253, 'Asia/Jayapura'),
(254, 'Asia/Jerusalem'),
(255, 'Asia/Kabul'),
(256, 'Asia/Kamchatka'),
(257, 'Asia/Karachi'),
(258, 'Asia/Kashgar'),
(259, 'Asia/Kathmandu'),
(260, 'Asia/Katmandu'),
(261, 'Asia/Kolkata'),
(262, 'Asia/Krasnoyarsk'),
(263, 'Asia/Kuala_Lumpur'),
(264, 'Asia/Kuching'),
(265, 'Asia/Kuwait'),
(266, 'Asia/Macao'),
(267, 'Asia/Macau'),
(268, 'Asia/Magadan'),
(269, 'Asia/Makassar'),
(270, 'Asia/Manila'),
(271, 'Asia/Muscat'),
(272, 'Asia/Nicosia'),
(273, 'Asia/Novosibirsk'),
(274, 'Asia/Omsk'),
(275, 'Asia/Oral'),
(276, 'Asia/Phnom_Penh'),
(277, 'Asia/Pontianak'),
(278, 'Asia/Pyongyang'),
(279, 'Asia/Qatar'),
(280, 'Asia/Qyzylorda'),
(281, 'Asia/Rangoon'),
(282, 'Asia/Riyadh'),
(283, 'Asia/Saigon'),
(284, 'Asia/Sakhalin'),
(285, 'Asia/Samarkand'),
(286, 'Asia/Seoul'),
(287, 'Asia/Shanghai'),
(288, 'Asia/Singapore'),
(289, 'Asia/Taipei'),
(290, 'Asia/Tashkent'),
(291, 'Asia/Tbilisi'),
(292, 'Asia/Tehran'),
(293, 'Asia/Tel_Aviv'),
(294, 'Asia/Thimbu'),
(295, 'Asia/Thimphu'),
(296, 'Asia/Tokyo'),
(297, 'Asia/Ujung_Pandang'),
(298, 'Asia/Ulaanbaatar'),
(299, 'Asia/Ulan_Bator'),
(300, 'Asia/Urumqi'),
(301, 'Asia/Vientiane'),
(302, 'Asia/Vladivostok'),
(303, 'Asia/Yakutsk'),
(304, 'Asia/Yekaterinburg'),
(305, 'Asia/Yerevan'),
(306, 'Atlantic/Azores'),
(307, 'Atlantic/Bermuda'),
(308, 'Atlantic/Canary'),
(309, 'Atlantic/Cape_Verde'),
(310, 'Atlantic/Faeroe'),
(311, 'Atlantic/Faroe'),
(312, 'Atlantic/Jan_Mayen'),
(313, 'Atlantic/Madeira'),
(314, 'Atlantic/Reykjavik'),
(315, 'Atlantic/South_Georgia'),
(316, 'Atlantic/St_Helena'),
(317, 'Atlantic/Stanley'),
(318, 'Australia/ACT'),
(319, 'Australia/Adelaide'),
(320, 'Australia/Brisbane'),
(321, 'Australia/Broken_Hill'),
(322, 'Australia/Canberra'),
(323, 'Australia/Currie'),
(324, 'Australia/Darwin'),
(325, 'Australia/Eucla'),
(326, 'Australia/Hobart'),
(327, 'Australia/LHI'),
(328, 'Australia/Lindeman'),
(329, 'Australia/Lord_Howe'),
(330, 'Australia/Melbourne'),
(331, 'Australia/North'),
(332, 'Australia/NSW'),
(333, 'Australia/Perth'),
(334, 'Australia/Queensland'),
(335, 'Australia/South'),
(336, 'Australia/Sydney'),
(337, 'Australia/Tasmania'),
(338, 'Australia/Victoria'),
(339, 'Australia/West'),
(340, 'Australia/Yancowinna'),
(341, 'Europe/Amsterdam'),
(342, 'Europe/Andorra'),
(343, 'Europe/Athens'),
(344, 'Europe/Belfast'),
(345, 'Europe/Belgrade'),
(346, 'Europe/Berlin'),
(347, 'Europe/Bratislava'),
(348, 'Europe/Brussels'),
(349, 'Europe/Bucharest'),
(350, 'Europe/Budapest'),
(351, 'Europe/Chisinau'),
(352, 'Europe/Copenhagen'),
(353, 'Europe/Dublin'),
(354, 'Europe/Gibraltar'),
(355, 'Europe/Guernsey'),
(356, 'Europe/Helsinki'),
(357, 'Europe/Isle_of_Man'),
(358, 'Europe/Istanbul'),
(359, 'Europe/Jersey'),
(360, 'Europe/Kaliningrad'),
(361, 'Europe/Kiev'),
(362, 'Europe/Lisbon'),
(363, 'Europe/Ljubljana'),
(364, 'Europe/London'),
(365, 'Europe/Luxembourg'),
(366, 'Europe/Madrid'),
(367, 'Europe/Malta'),
(368, 'Europe/Mariehamn'),
(369, 'Europe/Minsk'),
(370, 'Europe/Monaco'),
(371, 'Europe/Moscow'),
(372, 'Europe/Nicosia'),
(373, 'Europe/Oslo'),
(374, 'Europe/Paris'),
(375, 'Europe/Podgorica'),
(376, 'Europe/Prague'),
(377, 'Europe/Riga'),
(378, 'Europe/Rome'),
(379, 'Europe/Samara'),
(380, 'Europe/San_Marino'),
(381, 'Europe/Sarajevo'),
(382, 'Europe/Simferopol'),
(383, 'Europe/Skopje'),
(384, 'Europe/Sofia'),
(385, 'Europe/Stockholm'),
(386, 'Europe/Tallinn'),
(387, 'Europe/Tirane'),
(388, 'Europe/Tiraspol'),
(389, 'Europe/Uzhgorod'),
(390, 'Europe/Vaduz'),
(391, 'Europe/Vatican'),
(392, 'Europe/Vienna'),
(393, 'Europe/Vilnius'),
(394, 'Europe/Volgograd'),
(395, 'Europe/Warsaw'),
(396, 'Europe/Zagreb'),
(397, 'Europe/Zaporozhye'),
(398, 'Europe/Zurich'),
(399, 'Indian/Antananarivo'),
(400, 'Indian/Chagos'),
(401, 'Indian/Christmas'),
(402, 'Indian/Cocos'),
(403, 'Indian/Comoro'),
(404, 'Indian/Kerguelen'),
(405, 'Indian/Mahe'),
(406, 'Indian/Maldives'),
(407, 'Indian/Mauritius'),
(408, 'Indian/Mayotte'),
(409, 'Indian/Reunion'),
(410, 'Pacific/Apia'),
(411, 'Pacific/Auckland'),
(412, 'Pacific/Chatham'),
(413, 'Pacific/Easter'),
(414, 'Pacific/Efate'),
(415, 'Pacific/Enderbury'),
(416, 'Pacific/Fakaofo'),
(417, 'Pacific/Fiji'),
(418, 'Pacific/Funafuti'),
(419, 'Pacific/Galapagos'),
(420, 'Pacific/Gambier'),
(421, 'Pacific/Guadalcanal'),
(422, 'Pacific/Guam'),
(423, 'Pacific/Honolulu'),
(424, 'Pacific/Johnston'),
(425, 'Pacific/Kiritimati'),
(426, 'Pacific/Kosrae'),
(427, 'Pacific/Kwajalein'),
(428, 'Pacific/Majuro'),
(429, 'Pacific/Marquesas'),
(430, 'Pacific/Midway'),
(431, 'Pacific/Nauru'),
(432, 'Pacific/Niue'),
(433, 'Pacific/Norfolk'),
(434, 'Pacific/Noumea'),
(435, 'Pacific/Pago_Pago'),
(436, 'Pacific/Palau'),
(437, 'Pacific/Pitcairn'),
(438, 'Pacific/Ponape'),
(439, 'Pacific/Port_Moresby'),
(440, 'Pacific/Rarotonga'),
(441, 'Pacific/Saipan'),
(442, 'Pacific/Samoa'),
(443, 'Pacific/Tahiti'),
(444, 'Pacific/Tarawa'),
(445, 'Pacific/Tongatapu'),
(446, 'Pacific/Truk'),
(447, 'Pacific/Wake'),
(448, 'Pacific/Wallis'),
(449, 'Pacific/Yap'),
(450, 'Brazil/Acre'),
(451, 'Brazil/DeNoronha'),
(452, 'Brazil/East'),
(453, 'Brazil/West'),
(454, 'Canada/Atlantic'),
(455, 'Canada/Central'),
(456, 'Canada/East-Saskatchewan'),
(457, 'Canada/Eastern'),
(458, 'Canada/Mountain'),
(459, 'Canada/Newfoundland'),
(460, 'Canada/Pacific'),
(461, 'Canada/Saskatchewan'),
(462, 'Canada/Yukon'),
(463, 'CET'),
(464, 'Chile/Continental'),
(465, 'Chile/EasterIsland'),
(466, 'CST6CDT'),
(467, 'Cuba'),
(468, 'EET'),
(469, 'Egypt'),
(470, 'Eire'),
(471, 'EST'),
(472, 'EST5EDT'),
(473, 'Etc/GMT'),
(474, 'Etc/GMT+0'),
(475, 'Etc/GMT+1'),
(476, 'Etc/GMT+10'),
(477, 'Etc/GMT+11'),
(478, 'Etc/GMT+12'),
(479, 'Etc/GMT+2'),
(480, 'Etc/GMT+3'),
(481, 'Etc/GMT+4'),
(482, 'Etc/GMT+5'),
(483, 'Etc/GMT+6'),
(484, 'Etc/GMT+7'),
(485, 'Etc/GMT+8'),
(486, 'Etc/GMT+9'),
(487, 'Etc/GMT-0'),
(488, 'Etc/GMT-1'),
(489, 'Etc/GMT-10'),
(490, 'Etc/GMT-11'),
(491, 'Etc/GMT-12'),
(492, 'Etc/GMT-13'),
(493, 'Etc/GMT-14'),
(494, 'Etc/GMT-2'),
(495, 'Etc/GMT-3'),
(496, 'Etc/GMT-4'),
(497, 'Etc/GMT-5'),
(498, 'Etc/GMT-6'),
(499, 'Etc/GMT-7'),
(500, 'Etc/GMT-8'),
(501, 'Etc/GMT-9'),
(502, 'Etc/GMT0'),
(503, 'Etc/Greenwich'),
(504, 'Etc/UCT'),
(505, 'Etc/Universal'),
(506, 'Etc/UTC'),
(507, 'Etc/Zulu'),
(508, 'Factory'),
(509, 'GB'),
(510, 'GB-Eire'),
(511, 'GMT'),
(512, 'GMT+0'),
(513, 'GMT-0'),
(514, 'GMT0'),
(515, 'Greenwich'),
(516, 'Hongkong'),
(517, 'HST'),
(518, 'Iceland'),
(519, 'Iran'),
(520, 'Israel'),
(521, 'Jamaica'),
(522, 'Japan'),
(523, 'Kwajalein'),
(524, 'Libya'),
(525, 'MET'),
(526, 'Mexico/BajaNorte'),
(527, 'Mexico/BajaSur'),
(528, 'Mexico/General'),
(529, 'MST'),
(530, 'MST7MDT'),
(531, 'Navajo'),
(532, 'NZ'),
(533, 'NZ-CHAT'),
(534, 'Poland'),
(535, 'Portugal'),
(536, 'PRC'),
(537, 'PST8PDT'),
(538, 'ROC'),
(539, 'ROK'),
(540, 'Singapore'),
(541, 'Turkey'),
(542, 'UCT'),
(543, 'Universal'),
(544, 'US/Alaska'),
(545, 'US/Aleutian'),
(546, 'US/Arizona'),
(547, 'US/Central'),
(548, 'US/East-Indiana'),
(549, 'US/Eastern'),
(550, 'US/Hawaii'),
(551, 'US/Indiana-Starke'),
(552, 'US/Michigan'),
(553, 'US/Mountain'),
(554, 'US/Pacific'),
(555, 'US/Pacific-New'),
(556, 'US/Samoa'),
(557, 'UTC'),
(558, 'W-SU'),
(559, 'WET'),
(560, 'Zulu');

-- --------------------------------------------------------

--
-- Structure de la table `gcahdy_warehouse`
--

CREATE TABLE `gcahdy_warehouse` (
  `id_warehouse` int(11) UNSIGNED NOT NULL,
  `id_currency` int(11) UNSIGNED NOT NULL,
  `id_address` int(11) UNSIGNED NOT NULL,
  `id_employee` int(11) UNSIGNED NOT NULL,
  `reference` varchar(32) DEFAULT NULL,
  `name` varchar(45) NOT NULL,
  `management_type` enum('WA','FIFO','LIFO') NOT NULL DEFAULT 'WA',
  `deleted` tinyint(1) UNSIGNED NOT NULL DEFAULT '0'
) ENGINE=InnoDB DEFAULT CHARSET=utf8;

-- --------------------------------------------------------

--
-- Structure de la table `gcahdy_warehouse_carrier`
--

CREATE TABLE `gcahdy_warehouse_carrier` (
  `id_carrier` int(11) UNSIGNED NOT NULL,
  `id_warehouse` int(11) UNSIGNED NOT NULL
) ENGINE=InnoDB DEFAULT CHARSET=utf8;

-- --------------------------------------------------------

--
-- Structure de la table `gcahdy_warehouse_product_location`
--

CREATE TABLE `gcahdy_warehouse_product_location` (
  `id_warehouse_product_location` int(11) UNSIGNED NOT NULL,
  `id_product` int(11) UNSIGNED NOT NULL,
  `id_product_attribute` int(11) UNSIGNED NOT NULL,
  `id_warehouse` int(11) UNSIGNED NOT NULL,
  `location` varchar(64) DEFAULT NULL
) ENGINE=InnoDB DEFAULT CHARSET=utf8;

-- --------------------------------------------------------

--
-- Structure de la table `gcahdy_warehouse_shop`
--

CREATE TABLE `gcahdy_warehouse_shop` (
  `id_shop` int(11) UNSIGNED NOT NULL,
  `id_warehouse` int(11) UNSIGNED NOT NULL
) ENGINE=InnoDB DEFAULT CHARSET=utf8;

-- --------------------------------------------------------

--
-- Structure de la table `gcahdy_webservice_account`
--

CREATE TABLE `gcahdy_webservice_account` (
  `id_webservice_account` int(11) NOT NULL,
  `key` varchar(32) NOT NULL,
  `description` text,
  `class_name` varchar(50) NOT NULL DEFAULT 'WebserviceRequest',
  `is_module` tinyint(2) NOT NULL DEFAULT '0',
  `module_name` varchar(50) DEFAULT NULL,
  `active` tinyint(2) NOT NULL
) ENGINE=InnoDB DEFAULT CHARSET=utf8;

-- --------------------------------------------------------

--
-- Structure de la table `gcahdy_webservice_account_shop`
--

CREATE TABLE `gcahdy_webservice_account_shop` (
  `id_webservice_account` int(11) UNSIGNED NOT NULL,
  `id_shop` int(11) UNSIGNED NOT NULL
) ENGINE=InnoDB DEFAULT CHARSET=utf8;

-- --------------------------------------------------------

--
-- Structure de la table `gcahdy_webservice_permission`
--

CREATE TABLE `gcahdy_webservice_permission` (
  `id_webservice_permission` int(11) NOT NULL,
  `resource` varchar(50) NOT NULL,
  `method` enum('GET','POST','PUT','DELETE','HEAD') NOT NULL,
  `id_webservice_account` int(11) NOT NULL
) ENGINE=InnoDB DEFAULT CHARSET=utf8;

-- --------------------------------------------------------

--
-- Structure de la table `gcahdy_web_browser`
--

CREATE TABLE `gcahdy_web_browser` (
  `id_web_browser` int(10) UNSIGNED NOT NULL,
  `name` varchar(64) DEFAULT NULL
) ENGINE=InnoDB DEFAULT CHARSET=utf8;

--
-- Déchargement des données de la table `gcahdy_web_browser`
--

INSERT INTO `gcahdy_web_browser` (`id_web_browser`, `name`) VALUES
(1, 'Safari'),
(2, 'Safari iPad'),
(3, 'Firefox'),
(4, 'Opera'),
(5, 'IE 6'),
(6, 'IE 7'),
(7, 'IE 8'),
(8, 'IE 9'),
(9, 'IE 10'),
(10, 'IE 11'),
(11, 'Chrome');

-- --------------------------------------------------------

--
-- Structure de la table `gcahdy_zone`
--

CREATE TABLE `gcahdy_zone` (
  `id_zone` int(10) UNSIGNED NOT NULL,
  `name` varchar(64) NOT NULL,
  `active` tinyint(1) UNSIGNED NOT NULL DEFAULT '0'
) ENGINE=InnoDB DEFAULT CHARSET=utf8;

--
-- Déchargement des données de la table `gcahdy_zone`
--

INSERT INTO `gcahdy_zone` (`id_zone`, `name`, `active`) VALUES
(1, 'Europe (Zone 1)', 1),
(9, 'France', 1),
(10, 'OM1 (Outre-Mer 1) ', 1),
(11, 'OM2 (Outre-Mer 2)', 1),
(12, 'Europe (Zone 2)', 1),
(13, 'Europe (Zone 3)', 1),
(14, 'Europe (Zone 4)', 1),
(15, 'Zone 5 (Europe 5 + Grand Export 1)', 1),
(16, 'Zone 6 (Grand Export 2)', 1),
(17, 'Zone 7 (Grand Export 3)', 1),
(20, 'Europe (Zone 2) - EEE - Pays assujettis à la TVA', 1),
(21, 'Europe (Zone 3) - EEE - Pays assujettis à la TVA', 1),
(22, 'Europe (Zone 4) - EEE - Pays assujettis à la TVA', 1);

-- --------------------------------------------------------

--
-- Structure de la table `gcahdy_zone_shop`
--

CREATE TABLE `gcahdy_zone_shop` (
  `id_zone` int(11) UNSIGNED NOT NULL,
  `id_shop` int(11) UNSIGNED NOT NULL
) ENGINE=InnoDB DEFAULT CHARSET=utf8;

--
-- Déchargement des données de la table `gcahdy_zone_shop`
--

INSERT INTO `gcahdy_zone_shop` (`id_zone`, `id_shop`) VALUES
(1, 1),
(9, 1),
(10, 1),
(11, 1),
(12, 1),
(13, 1),
(14, 1),
(15, 1),
(16, 1),
(17, 1),
(20, 1),
(21, 1),
(22, 1);

--
-- Index pour les tables déchargées
--

--
-- Index pour la table `gcahdy_access`
--
ALTER TABLE `gcahdy_access`
  ADD PRIMARY KEY (`id_profile`,`id_tab`);

--
-- Index pour la table `gcahdy_accessory`
--
ALTER TABLE `gcahdy_accessory`
  ADD KEY `accessory_product` (`id_product_1`,`id_product_2`);

--
-- Index pour la table `gcahdy_address`
--
ALTER TABLE `gcahdy_address`
  ADD PRIMARY KEY (`id_address`),
  ADD KEY `address_customer` (`id_customer`),
  ADD KEY `id_country` (`id_country`),
  ADD KEY `id_state` (`id_state`),
  ADD KEY `id_manufacturer` (`id_manufacturer`),
  ADD KEY `id_supplier` (`id_supplier`),
  ADD KEY `id_warehouse` (`id_warehouse`);

--
-- Index pour la table `gcahdy_address_format`
--
ALTER TABLE `gcahdy_address_format`
  ADD PRIMARY KEY (`id_country`);

--
-- Index pour la table `gcahdy_advice`
--
ALTER TABLE `gcahdy_advice`
  ADD PRIMARY KEY (`id_advice`);

--
-- Index pour la table `gcahdy_advice_lang`
--
ALTER TABLE `gcahdy_advice_lang`
  ADD PRIMARY KEY (`id_advice`,`id_lang`);

--
-- Index pour la table `gcahdy_alias`
--
ALTER TABLE `gcahdy_alias`
  ADD PRIMARY KEY (`id_alias`),
  ADD UNIQUE KEY `alias` (`alias`);

--
-- Index pour la table `gcahdy_appagebuilder`
--
ALTER TABLE `gcahdy_appagebuilder`
  ADD PRIMARY KEY (`id_appagebuilder`);

--
-- Index pour la table `gcahdy_appagebuilder_lang`
--
ALTER TABLE `gcahdy_appagebuilder_lang`
  ADD PRIMARY KEY (`id_appagebuilder`,`id_lang`);

--
-- Index pour la table `gcahdy_appagebuilder_positions`
--
ALTER TABLE `gcahdy_appagebuilder_positions`
  ADD PRIMARY KEY (`id_appagebuilder_positions`);

--
-- Index pour la table `gcahdy_appagebuilder_positions_shop`
--
ALTER TABLE `gcahdy_appagebuilder_positions_shop`
  ADD PRIMARY KEY (`id_appagebuilder_positions`,`id_shop`);

--
-- Index pour la table `gcahdy_appagebuilder_products`
--
ALTER TABLE `gcahdy_appagebuilder_products`
  ADD PRIMARY KEY (`id_appagebuilder_products`);

--
-- Index pour la table `gcahdy_appagebuilder_products_shop`
--
ALTER TABLE `gcahdy_appagebuilder_products_shop`
  ADD PRIMARY KEY (`id_appagebuilder_products`,`id_shop`);

--
-- Index pour la table `gcahdy_appagebuilder_profiles`
--
ALTER TABLE `gcahdy_appagebuilder_profiles`
  ADD PRIMARY KEY (`id_appagebuilder_profiles`);

--
-- Index pour la table `gcahdy_appagebuilder_profiles_lang`
--
ALTER TABLE `gcahdy_appagebuilder_profiles_lang`
  ADD PRIMARY KEY (`id_appagebuilder_profiles`,`id_lang`);

--
-- Index pour la table `gcahdy_appagebuilder_profiles_shop`
--
ALTER TABLE `gcahdy_appagebuilder_profiles_shop`
  ADD PRIMARY KEY (`id_appagebuilder_profiles`,`id_shop`);

--
-- Index pour la table `gcahdy_appagebuilder_shop`
--
ALTER TABLE `gcahdy_appagebuilder_shop`
  ADD PRIMARY KEY (`id_appagebuilder`,`id_shop`);

--
-- Index pour la table `gcahdy_attachment`
--
ALTER TABLE `gcahdy_attachment`
  ADD PRIMARY KEY (`id_attachment`);

--
-- Index pour la table `gcahdy_attachment_lang`
--
ALTER TABLE `gcahdy_attachment_lang`
  ADD PRIMARY KEY (`id_attachment`,`id_lang`);

--
-- Index pour la table `gcahdy_attribute`
--
ALTER TABLE `gcahdy_attribute`
  ADD PRIMARY KEY (`id_attribute`),
  ADD KEY `attribute_group` (`id_attribute_group`);

--
-- Index pour la table `gcahdy_attribute_group`
--
ALTER TABLE `gcahdy_attribute_group`
  ADD PRIMARY KEY (`id_attribute_group`);

--
-- Index pour la table `gcahdy_attribute_group_attribute_group_global`
--
ALTER TABLE `gcahdy_attribute_group_attribute_group_global`
  ADD PRIMARY KEY (`id_attribute_group`,`id_attribute_group_global`);

--
-- Index pour la table `gcahdy_attribute_group_global`
--
ALTER TABLE `gcahdy_attribute_group_global`
  ADD PRIMARY KEY (`id_attribute_group_global`);

--
-- Index pour la table `gcahdy_attribute_group_global_lang`
--
ALTER TABLE `gcahdy_attribute_group_global_lang`
  ADD PRIMARY KEY (`id_attribute_group_global`,`id_lang`);

--
-- Index pour la table `gcahdy_attribute_group_lang`
--
ALTER TABLE `gcahdy_attribute_group_lang`
  ADD PRIMARY KEY (`id_attribute_group`,`id_lang`);

--
-- Index pour la table `gcahdy_attribute_group_shop`
--
ALTER TABLE `gcahdy_attribute_group_shop`
  ADD PRIMARY KEY (`id_attribute_group`,`id_shop`),
  ADD KEY `id_shop` (`id_shop`);

--
-- Index pour la table `gcahdy_attribute_impact`
--
ALTER TABLE `gcahdy_attribute_impact`
  ADD PRIMARY KEY (`id_attribute_impact`),
  ADD UNIQUE KEY `id_product` (`id_product`,`id_attribute`);

--
-- Index pour la table `gcahdy_attribute_lang`
--
ALTER TABLE `gcahdy_attribute_lang`
  ADD PRIMARY KEY (`id_attribute`,`id_lang`),
  ADD KEY `id_lang` (`id_lang`,`name`);

--
-- Index pour la table `gcahdy_attribute_shop`
--
ALTER TABLE `gcahdy_attribute_shop`
  ADD PRIMARY KEY (`id_attribute`,`id_shop`),
  ADD KEY `id_shop` (`id_shop`);

--
-- Index pour la table `gcahdy_badge`
--
ALTER TABLE `gcahdy_badge`
  ADD PRIMARY KEY (`id_badge`);

--
-- Index pour la table `gcahdy_badge_lang`
--
ALTER TABLE `gcahdy_badge_lang`
  ADD PRIMARY KEY (`id_badge`,`id_lang`);

--
-- Index pour la table `gcahdy_btmegamenu`
--
ALTER TABLE `gcahdy_btmegamenu`
  ADD PRIMARY KEY (`id_btmegamenu`);

--
-- Index pour la table `gcahdy_btmegamenu_lang`
--
ALTER TABLE `gcahdy_btmegamenu_lang`
  ADD PRIMARY KEY (`id_btmegamenu`,`id_lang`);

--
-- Index pour la table `gcahdy_btmegamenu_shop`
--
ALTER TABLE `gcahdy_btmegamenu_shop`
  ADD PRIMARY KEY (`id_btmegamenu`,`id_shop`);

--
-- Index pour la table `gcahdy_carrier`
--
ALTER TABLE `gcahdy_carrier`
  ADD PRIMARY KEY (`id_carrier`),
  ADD KEY `deleted` (`deleted`,`active`),
  ADD KEY `id_tax_rules_group` (`id_tax_rules_group`),
  ADD KEY `reference` (`id_reference`,`deleted`,`active`);

--
-- Index pour la table `gcahdy_carrier_group`
--
ALTER TABLE `gcahdy_carrier_group`
  ADD PRIMARY KEY (`id_carrier`,`id_group`);

--
-- Index pour la table `gcahdy_carrier_lang`
--
ALTER TABLE `gcahdy_carrier_lang`
  ADD PRIMARY KEY (`id_lang`,`id_shop`,`id_carrier`);

--
-- Index pour la table `gcahdy_carrier_shop`
--
ALTER TABLE `gcahdy_carrier_shop`
  ADD PRIMARY KEY (`id_carrier`,`id_shop`),
  ADD KEY `id_shop` (`id_shop`);

--
-- Index pour la table `gcahdy_carrier_tax_rules_group_shop`
--
ALTER TABLE `gcahdy_carrier_tax_rules_group_shop`
  ADD PRIMARY KEY (`id_carrier`,`id_tax_rules_group`,`id_shop`);

--
-- Index pour la table `gcahdy_carrier_zone`
--
ALTER TABLE `gcahdy_carrier_zone`
  ADD PRIMARY KEY (`id_carrier`,`id_zone`);

--
-- Index pour la table `gcahdy_cart`
--
ALTER TABLE `gcahdy_cart`
  ADD PRIMARY KEY (`id_cart`),
  ADD KEY `cart_customer` (`id_customer`),
  ADD KEY `id_address_delivery` (`id_address_delivery`),
  ADD KEY `id_address_invoice` (`id_address_invoice`),
  ADD KEY `id_carrier` (`id_carrier`),
  ADD KEY `id_lang` (`id_lang`),
  ADD KEY `id_currency` (`id_currency`),
  ADD KEY `id_guest` (`id_guest`),
  ADD KEY `id_shop_group` (`id_shop_group`),
  ADD KEY `id_shop_2` (`id_shop`,`date_upd`),
  ADD KEY `id_shop` (`id_shop`,`date_add`);

--
-- Index pour la table `gcahdy_cartabandonmentpro_cartrule`
--
ALTER TABLE `gcahdy_cartabandonmentpro_cartrule`
  ADD PRIMARY KEY (`id`);

--
-- Index pour la table `gcahdy_cartabandonment_remind`
--
ALTER TABLE `gcahdy_cartabandonment_remind`
  ADD PRIMARY KEY (`id`);

--
-- Index pour la table `gcahdy_cartabandonment_remind_config`
--
ALTER TABLE `gcahdy_cartabandonment_remind_config`
  ADD PRIMARY KEY (`wich_remind`);

--
-- Index pour la table `gcahdy_cartabandonment_remind_lang`
--
ALTER TABLE `gcahdy_cartabandonment_remind_lang`
  ADD PRIMARY KEY (`wich_remind`,`id_lang`,`id_template`);

--
-- Index pour la table `gcahdy_cartabandonment_template`
--
ALTER TABLE `gcahdy_cartabandonment_template`
  ADD PRIMARY KEY (`id_template`);

--
-- Index pour la table `gcahdy_cartabandonment_template_color`
--
ALTER TABLE `gcahdy_cartabandonment_template_color`
  ADD PRIMARY KEY (`id`);

--
-- Index pour la table `gcahdy_cartabandonment_template_field`
--
ALTER TABLE `gcahdy_cartabandonment_template_field`
  ADD PRIMARY KEY (`id`);

--
-- Index pour la table `gcahdy_cartabandonment_unsubscribe`
--
ALTER TABLE `gcahdy_cartabandonment_unsubscribe`
  ADD PRIMARY KEY (`id_customer`);

--
-- Index pour la table `gcahdy_cart_cart_rule`
--
ALTER TABLE `gcahdy_cart_cart_rule`
  ADD PRIMARY KEY (`id_cart`,`id_cart_rule`),
  ADD KEY `id_cart_rule` (`id_cart_rule`);

--
-- Index pour la table `gcahdy_cart_product`
--
ALTER TABLE `gcahdy_cart_product`
  ADD PRIMARY KEY (`id_cart`,`id_product`,`id_product_attribute`,`id_address_delivery`),
  ADD KEY `id_product_attribute` (`id_product_attribute`),
  ADD KEY `id_cart_order` (`id_cart`,`date_add`,`id_product`,`id_product_attribute`);

--
-- Index pour la table `gcahdy_cart_rule`
--
ALTER TABLE `gcahdy_cart_rule`
  ADD PRIMARY KEY (`id_cart_rule`),
  ADD KEY `id_customer` (`id_customer`,`active`,`date_to`),
  ADD KEY `group_restriction` (`group_restriction`,`active`,`date_to`),
  ADD KEY `id_customer_2` (`id_customer`,`active`,`highlight`,`date_to`),
  ADD KEY `group_restriction_2` (`group_restriction`,`active`,`highlight`,`date_to`);

--
-- Index pour la table `gcahdy_cart_rule_carrier`
--
ALTER TABLE `gcahdy_cart_rule_carrier`
  ADD PRIMARY KEY (`id_cart_rule`,`id_carrier`);

--
-- Index pour la table `gcahdy_cart_rule_combination`
--
ALTER TABLE `gcahdy_cart_rule_combination`
  ADD PRIMARY KEY (`id_cart_rule_1`,`id_cart_rule_2`),
  ADD KEY `id_cart_rule_1` (`id_cart_rule_1`),
  ADD KEY `id_cart_rule_2` (`id_cart_rule_2`);

--
-- Index pour la table `gcahdy_cart_rule_country`
--
ALTER TABLE `gcahdy_cart_rule_country`
  ADD PRIMARY KEY (`id_cart_rule`,`id_country`);

--
-- Index pour la table `gcahdy_cart_rule_group`
--
ALTER TABLE `gcahdy_cart_rule_group`
  ADD PRIMARY KEY (`id_cart_rule`,`id_group`);

--
-- Index pour la table `gcahdy_cart_rule_lang`
--
ALTER TABLE `gcahdy_cart_rule_lang`
  ADD PRIMARY KEY (`id_cart_rule`,`id_lang`);

--
-- Index pour la table `gcahdy_cart_rule_product_rule`
--
ALTER TABLE `gcahdy_cart_rule_product_rule`
  ADD PRIMARY KEY (`id_product_rule`);

--
-- Index pour la table `gcahdy_cart_rule_product_rule_group`
--
ALTER TABLE `gcahdy_cart_rule_product_rule_group`
  ADD PRIMARY KEY (`id_product_rule_group`);

--
-- Index pour la table `gcahdy_cart_rule_product_rule_value`
--
ALTER TABLE `gcahdy_cart_rule_product_rule_value`
  ADD PRIMARY KEY (`id_product_rule`,`id_item`);

--
-- Index pour la table `gcahdy_cart_rule_shop`
--
ALTER TABLE `gcahdy_cart_rule_shop`
  ADD PRIMARY KEY (`id_cart_rule`,`id_shop`);

--
-- Index pour la table `gcahdy_category`
--
ALTER TABLE `gcahdy_category`
  ADD PRIMARY KEY (`id_category`),
  ADD KEY `category_parent` (`id_parent`),
  ADD KEY `nleftrightactive` (`nleft`,`nright`,`active`),
  ADD KEY `level_depth` (`level_depth`),
  ADD KEY `nright` (`nright`),
  ADD KEY `activenleft` (`active`,`nleft`),
  ADD KEY `activenright` (`active`,`nright`);

--
-- Index pour la table `gcahdy_category_group`
--
ALTER TABLE `gcahdy_category_group`
  ADD PRIMARY KEY (`id_category`,`id_group`),
  ADD KEY `id_category` (`id_category`),
  ADD KEY `id_group` (`id_group`);

--
-- Index pour la table `gcahdy_category_lang`
--
ALTER TABLE `gcahdy_category_lang`
  ADD PRIMARY KEY (`id_category`,`id_shop`,`id_lang`),
  ADD KEY `category_name` (`name`);

--
-- Index pour la table `gcahdy_category_product`
--
ALTER TABLE `gcahdy_category_product`
  ADD PRIMARY KEY (`id_category`,`id_product`),
  ADD KEY `id_product` (`id_product`),
  ADD KEY `id_category` (`id_category`,`position`);

--
-- Index pour la table `gcahdy_category_shop`
--
ALTER TABLE `gcahdy_category_shop`
  ADD PRIMARY KEY (`id_category`,`id_shop`);

--
-- Index pour la table `gcahdy_cms`
--
ALTER TABLE `gcahdy_cms`
  ADD PRIMARY KEY (`id_cms`);

--
-- Index pour la table `gcahdy_cms_block`
--
ALTER TABLE `gcahdy_cms_block`
  ADD PRIMARY KEY (`id_cms_block`);

--
-- Index pour la table `gcahdy_cms_block_lang`
--
ALTER TABLE `gcahdy_cms_block_lang`
  ADD PRIMARY KEY (`id_cms_block`,`id_lang`);

--
-- Index pour la table `gcahdy_cms_block_page`
--
ALTER TABLE `gcahdy_cms_block_page`
  ADD PRIMARY KEY (`id_cms_block_page`);

--
-- Index pour la table `gcahdy_cms_block_shop`
--
ALTER TABLE `gcahdy_cms_block_shop`
  ADD PRIMARY KEY (`id_cms_block`,`id_shop`);

--
-- Index pour la table `gcahdy_cms_category`
--
ALTER TABLE `gcahdy_cms_category`
  ADD PRIMARY KEY (`id_cms_category`),
  ADD KEY `category_parent` (`id_parent`);

--
-- Index pour la table `gcahdy_cms_category_lang`
--
ALTER TABLE `gcahdy_cms_category_lang`
  ADD PRIMARY KEY (`id_cms_category`,`id_shop`,`id_lang`),
  ADD KEY `category_name` (`name`);

--
-- Index pour la table `gcahdy_cms_category_shop`
--
ALTER TABLE `gcahdy_cms_category_shop`
  ADD PRIMARY KEY (`id_cms_category`,`id_shop`),
  ADD KEY `id_shop` (`id_shop`);

--
-- Index pour la table `gcahdy_cms_lang`
--
ALTER TABLE `gcahdy_cms_lang`
  ADD PRIMARY KEY (`id_cms`,`id_shop`,`id_lang`);

--
-- Index pour la table `gcahdy_cms_role`
--
ALTER TABLE `gcahdy_cms_role`
  ADD PRIMARY KEY (`id_cms_role`,`id_cms`),
  ADD UNIQUE KEY `name` (`name`);

--
-- Index pour la table `gcahdy_cms_role_lang`
--
ALTER TABLE `gcahdy_cms_role_lang`
  ADD PRIMARY KEY (`id_cms_role`,`id_lang`,`id_shop`);

--
-- Index pour la table `gcahdy_cms_shop`
--
ALTER TABLE `gcahdy_cms_shop`
  ADD PRIMARY KEY (`id_cms`,`id_shop`),
  ADD KEY `id_shop` (`id_shop`);

--
-- Index pour la table `gcahdy_compare`
--
ALTER TABLE `gcahdy_compare`
  ADD PRIMARY KEY (`id_compare`);

--
-- Index pour la table `gcahdy_compare_product`
--
ALTER TABLE `gcahdy_compare_product`
  ADD PRIMARY KEY (`id_compare`,`id_product`);

--
-- Index pour la table `gcahdy_condition`
--
ALTER TABLE `gcahdy_condition`
  ADD PRIMARY KEY (`id_condition`,`id_ps_condition`);

--
-- Index pour la table `gcahdy_condition_advice`
--
ALTER TABLE `gcahdy_condition_advice`
  ADD PRIMARY KEY (`id_condition`,`id_advice`);

--
-- Index pour la table `gcahdy_condition_badge`
--
ALTER TABLE `gcahdy_condition_badge`
  ADD PRIMARY KEY (`id_condition`,`id_badge`);

--
-- Index pour la table `gcahdy_configuration`
--
ALTER TABLE `gcahdy_configuration`
  ADD PRIMARY KEY (`id_configuration`),
  ADD KEY `name` (`name`),
  ADD KEY `id_shop` (`id_shop`),
  ADD KEY `id_shop_group` (`id_shop_group`);

--
-- Index pour la table `gcahdy_configuration_kpi`
--
ALTER TABLE `gcahdy_configuration_kpi`
  ADD PRIMARY KEY (`id_configuration_kpi`),
  ADD KEY `name` (`name`),
  ADD KEY `id_shop` (`id_shop`),
  ADD KEY `id_shop_group` (`id_shop_group`);

--
-- Index pour la table `gcahdy_configuration_kpi_lang`
--
ALTER TABLE `gcahdy_configuration_kpi_lang`
  ADD PRIMARY KEY (`id_configuration_kpi`,`id_lang`);

--
-- Index pour la table `gcahdy_configuration_lang`
--
ALTER TABLE `gcahdy_configuration_lang`
  ADD PRIMARY KEY (`id_configuration`,`id_lang`);

--
-- Index pour la table `gcahdy_connections`
--
ALTER TABLE `gcahdy_connections`
  ADD PRIMARY KEY (`id_connections`),
  ADD KEY `id_guest` (`id_guest`),
  ADD KEY `date_add` (`date_add`),
  ADD KEY `id_page` (`id_page`);

--
-- Index pour la table `gcahdy_connections_page`
--
ALTER TABLE `gcahdy_connections_page`
  ADD PRIMARY KEY (`id_connections`,`id_page`,`time_start`);

--
-- Index pour la table `gcahdy_connections_source`
--
ALTER TABLE `gcahdy_connections_source`
  ADD PRIMARY KEY (`id_connections_source`),
  ADD KEY `connections` (`id_connections`),
  ADD KEY `orderby` (`date_add`),
  ADD KEY `http_referer` (`http_referer`),
  ADD KEY `request_uri` (`request_uri`);

--
-- Index pour la table `gcahdy_contact`
--
ALTER TABLE `gcahdy_contact`
  ADD PRIMARY KEY (`id_contact`);

--
-- Index pour la table `gcahdy_contact_lang`
--
ALTER TABLE `gcahdy_contact_lang`
  ADD PRIMARY KEY (`id_contact`,`id_lang`);

--
-- Index pour la table `gcahdy_contact_shop`
--
ALTER TABLE `gcahdy_contact_shop`
  ADD PRIMARY KEY (`id_contact`,`id_shop`),
  ADD KEY `id_shop` (`id_shop`);

--
-- Index pour la table `gcahdy_country`
--
ALTER TABLE `gcahdy_country`
  ADD PRIMARY KEY (`id_country`),
  ADD KEY `country_iso_code` (`iso_code`),
  ADD KEY `country_` (`id_zone`);

--
-- Index pour la table `gcahdy_country_lang`
--
ALTER TABLE `gcahdy_country_lang`
  ADD PRIMARY KEY (`id_country`,`id_lang`);

--
-- Index pour la table `gcahdy_country_shop`
--
ALTER TABLE `gcahdy_country_shop`
  ADD PRIMARY KEY (`id_country`,`id_shop`),
  ADD KEY `id_shop` (`id_shop`);

--
-- Index pour la table `gcahdy_cronjobs`
--
ALTER TABLE `gcahdy_cronjobs`
  ADD PRIMARY KEY (`id_cronjob`),
  ADD KEY `id_module` (`id_module`);

--
-- Index pour la table `gcahdy_currency`
--
ALTER TABLE `gcahdy_currency`
  ADD PRIMARY KEY (`id_currency`);

--
-- Index pour la table `gcahdy_currency_shop`
--
ALTER TABLE `gcahdy_currency_shop`
  ADD PRIMARY KEY (`id_currency`,`id_shop`),
  ADD KEY `id_shop` (`id_shop`);

--
-- Index pour la table `gcahdy_customer`
--
ALTER TABLE `gcahdy_customer`
  ADD PRIMARY KEY (`id_customer`),
  ADD KEY `customer_email` (`email`),
  ADD KEY `customer_login` (`email`,`passwd`),
  ADD KEY `id_customer_passwd` (`id_customer`,`passwd`),
  ADD KEY `id_gender` (`id_gender`),
  ADD KEY `id_shop_group` (`id_shop_group`),
  ADD KEY `id_shop` (`id_shop`,`date_add`);

--
-- Index pour la table `gcahdy_customer_group`
--
ALTER TABLE `gcahdy_customer_group`
  ADD PRIMARY KEY (`id_customer`,`id_group`),
  ADD KEY `customer_login` (`id_group`),
  ADD KEY `id_customer` (`id_customer`);

--
-- Index pour la table `gcahdy_customer_message`
--
ALTER TABLE `gcahdy_customer_message`
  ADD PRIMARY KEY (`id_customer_message`),
  ADD KEY `id_customer_thread` (`id_customer_thread`),
  ADD KEY `id_employee` (`id_employee`);

--
-- Index pour la table `gcahdy_customer_message_sync_imap`
--
ALTER TABLE `gcahdy_customer_message_sync_imap`
  ADD KEY `md5_header_index` (`md5_header`(4));

--
-- Index pour la table `gcahdy_customer_thread`
--
ALTER TABLE `gcahdy_customer_thread`
  ADD PRIMARY KEY (`id_customer_thread`),
  ADD KEY `id_shop` (`id_shop`),
  ADD KEY `id_lang` (`id_lang`),
  ADD KEY `id_contact` (`id_contact`),
  ADD KEY `id_customer` (`id_customer`),
  ADD KEY `id_order` (`id_order`),
  ADD KEY `id_product` (`id_product`);

--
-- Index pour la table `gcahdy_customization`
--
ALTER TABLE `gcahdy_customization`
  ADD PRIMARY KEY (`id_customization`,`id_cart`,`id_product`,`id_address_delivery`),
  ADD KEY `id_product_attribute` (`id_product_attribute`),
  ADD KEY `id_cart_product` (`id_cart`,`id_product`,`id_product_attribute`);

--
-- Index pour la table `gcahdy_customization_field`
--
ALTER TABLE `gcahdy_customization_field`
  ADD PRIMARY KEY (`id_customization_field`),
  ADD KEY `id_product` (`id_product`);

--
-- Index pour la table `gcahdy_customization_field_lang`
--
ALTER TABLE `gcahdy_customization_field_lang`
  ADD PRIMARY KEY (`id_customization_field`,`id_lang`,`id_shop`);

--
-- Index pour la table `gcahdy_customized_data`
--
ALTER TABLE `gcahdy_customized_data`
  ADD PRIMARY KEY (`id_customization`,`type`,`index`);

--
-- Index pour la table `gcahdy_date_range`
--
ALTER TABLE `gcahdy_date_range`
  ADD PRIMARY KEY (`id_date_range`);

--
-- Index pour la table `gcahdy_delivery`
--
ALTER TABLE `gcahdy_delivery`
  ADD PRIMARY KEY (`id_delivery`),
  ADD KEY `id_zone` (`id_zone`),
  ADD KEY `id_carrier` (`id_carrier`,`id_zone`),
  ADD KEY `id_range_price` (`id_range_price`),
  ADD KEY `id_range_weight` (`id_range_weight`);

--
-- Index pour la table `gcahdy_employee`
--
ALTER TABLE `gcahdy_employee`
  ADD PRIMARY KEY (`id_employee`),
  ADD KEY `employee_login` (`email`,`passwd`),
  ADD KEY `id_employee_passwd` (`id_employee`,`passwd`),
  ADD KEY `id_profile` (`id_profile`);

--
-- Index pour la table `gcahdy_employee_shop`
--
ALTER TABLE `gcahdy_employee_shop`
  ADD PRIMARY KEY (`id_employee`,`id_shop`),
  ADD KEY `id_shop` (`id_shop`);

--
-- Index pour la table `gcahdy_ets_mls_layer`
--
ALTER TABLE `gcahdy_ets_mls_layer`
  ADD PRIMARY KEY (`id_layer`);

--
-- Index pour la table `gcahdy_ets_mls_slide`
--
ALTER TABLE `gcahdy_ets_mls_slide`
  ADD PRIMARY KEY (`id_slide`);

--
-- Index pour la table `gcahdy_feature`
--
ALTER TABLE `gcahdy_feature`
  ADD PRIMARY KEY (`id_feature`);

--
-- Index pour la table `gcahdy_feature_lang`
--
ALTER TABLE `gcahdy_feature_lang`
  ADD PRIMARY KEY (`id_feature`,`id_lang`),
  ADD KEY `id_lang` (`id_lang`,`name`);

--
-- Index pour la table `gcahdy_feature_product`
--
ALTER TABLE `gcahdy_feature_product`
  ADD PRIMARY KEY (`id_feature`,`id_product`),
  ADD KEY `id_feature_value` (`id_feature_value`),
  ADD KEY `id_product` (`id_product`);

--
-- Index pour la table `gcahdy_feature_shop`
--
ALTER TABLE `gcahdy_feature_shop`
  ADD PRIMARY KEY (`id_feature`,`id_shop`),
  ADD KEY `id_shop` (`id_shop`);

--
-- Index pour la table `gcahdy_feature_value`
--
ALTER TABLE `gcahdy_feature_value`
  ADD PRIMARY KEY (`id_feature_value`),
  ADD KEY `feature` (`id_feature`);

--
-- Index pour la table `gcahdy_feature_value_lang`
--
ALTER TABLE `gcahdy_feature_value_lang`
  ADD PRIMARY KEY (`id_feature_value`,`id_lang`);

--
-- Index pour la table `gcahdy_gender`
--
ALTER TABLE `gcahdy_gender`
  ADD PRIMARY KEY (`id_gender`);

--
-- Index pour la table `gcahdy_gender_lang`
--
ALTER TABLE `gcahdy_gender_lang`
  ADD PRIMARY KEY (`id_gender`,`id_lang`),
  ADD KEY `id_gender` (`id_gender`);

--
-- Index pour la table `gcahdy_group`
--
ALTER TABLE `gcahdy_group`
  ADD PRIMARY KEY (`id_group`);

--
-- Index pour la table `gcahdy_group_lang`
--
ALTER TABLE `gcahdy_group_lang`
  ADD PRIMARY KEY (`id_group`,`id_lang`);

--
-- Index pour la table `gcahdy_group_reduction`
--
ALTER TABLE `gcahdy_group_reduction`
  ADD PRIMARY KEY (`id_group_reduction`),
  ADD UNIQUE KEY `id_group` (`id_group`,`id_category`);

--
-- Index pour la table `gcahdy_group_shop`
--
ALTER TABLE `gcahdy_group_shop`
  ADD PRIMARY KEY (`id_group`,`id_shop`),
  ADD KEY `id_shop` (`id_shop`);

--
-- Index pour la table `gcahdy_guest`
--
ALTER TABLE `gcahdy_guest`
  ADD PRIMARY KEY (`id_guest`),
  ADD KEY `id_customer` (`id_customer`),
  ADD KEY `id_operating_system` (`id_operating_system`),
  ADD KEY `id_web_browser` (`id_web_browser`);

--
-- Index pour la table `gcahdy_homeslider`
--
ALTER TABLE `gcahdy_homeslider`
  ADD PRIMARY KEY (`id_homeslider_slides`,`id_shop`);

--
-- Index pour la table `gcahdy_homeslider_slides`
--
ALTER TABLE `gcahdy_homeslider_slides`
  ADD PRIMARY KEY (`id_homeslider_slides`);

--
-- Index pour la table `gcahdy_homeslider_slides_lang`
--
ALTER TABLE `gcahdy_homeslider_slides_lang`
  ADD PRIMARY KEY (`id_homeslider_slides`,`id_lang`);

--
-- Index pour la table `gcahdy_hook`
--
ALTER TABLE `gcahdy_hook`
  ADD PRIMARY KEY (`id_hook`),
  ADD UNIQUE KEY `hook_name` (`name`);

--
-- Index pour la table `gcahdy_hook_alias`
--
ALTER TABLE `gcahdy_hook_alias`
  ADD PRIMARY KEY (`id_hook_alias`),
  ADD UNIQUE KEY `alias` (`alias`);

--
-- Index pour la table `gcahdy_hook_module`
--
ALTER TABLE `gcahdy_hook_module`
  ADD PRIMARY KEY (`id_module`,`id_hook`,`id_shop`),
  ADD KEY `id_hook` (`id_hook`),
  ADD KEY `id_module` (`id_module`),
  ADD KEY `position` (`id_shop`,`position`);

--
-- Index pour la table `gcahdy_hook_module_exceptions`
--
ALTER TABLE `gcahdy_hook_module_exceptions`
  ADD PRIMARY KEY (`id_hook_module_exceptions`),
  ADD KEY `id_module` (`id_module`),
  ADD KEY `id_hook` (`id_hook`);

--
-- Index pour la table `gcahdy_image`
--
ALTER TABLE `gcahdy_image`
  ADD PRIMARY KEY (`id_image`),
  ADD UNIQUE KEY `id_product_cover` (`id_product`,`cover`),
  ADD UNIQUE KEY `idx_product_image` (`id_image`,`id_product`,`cover`),
  ADD KEY `image_product` (`id_product`);

--
-- Index pour la table `gcahdy_image_lang`
--
ALTER TABLE `gcahdy_image_lang`
  ADD PRIMARY KEY (`id_image`,`id_lang`),
  ADD KEY `id_image` (`id_image`);

--
-- Index pour la table `gcahdy_image_shop`
--
ALTER TABLE `gcahdy_image_shop`
  ADD PRIMARY KEY (`id_image`,`id_shop`),
  ADD UNIQUE KEY `id_product` (`id_product`,`id_shop`,`cover`),
  ADD KEY `id_shop` (`id_shop`);

--
-- Index pour la table `gcahdy_image_type`
--
ALTER TABLE `gcahdy_image_type`
  ADD PRIMARY KEY (`id_image_type`),
  ADD KEY `image_type_name` (`name`);

--
-- Index pour la table `gcahdy_import_match`
--
ALTER TABLE `gcahdy_import_match`
  ADD PRIMARY KEY (`id_import_match`);

--
-- Index pour la table `gcahdy_info`
--
ALTER TABLE `gcahdy_info`
  ADD PRIMARY KEY (`id_info`);

--
-- Index pour la table `gcahdy_info_lang`
--
ALTER TABLE `gcahdy_info_lang`
  ADD PRIMARY KEY (`id_info`,`id_lang`);

--
-- Index pour la table `gcahdy_lang`
--
ALTER TABLE `gcahdy_lang`
  ADD PRIMARY KEY (`id_lang`),
  ADD KEY `lang_iso_code` (`iso_code`);

--
-- Index pour la table `gcahdy_lang_shop`
--
ALTER TABLE `gcahdy_lang_shop`
  ADD PRIMARY KEY (`id_lang`,`id_shop`),
  ADD KEY `id_shop` (`id_shop`);

--
-- Index pour la table `gcahdy_layered_category`
--
ALTER TABLE `gcahdy_layered_category`
  ADD PRIMARY KEY (`id_layered_category`),
  ADD KEY `id_category` (`id_category`,`type`);

--
-- Index pour la table `gcahdy_layered_filter`
--
ALTER TABLE `gcahdy_layered_filter`
  ADD PRIMARY KEY (`id_layered_filter`);

--
-- Index pour la table `gcahdy_layered_filter_shop`
--
ALTER TABLE `gcahdy_layered_filter_shop`
  ADD PRIMARY KEY (`id_layered_filter`,`id_shop`),
  ADD KEY `id_shop` (`id_shop`);

--
-- Index pour la table `gcahdy_layered_friendly_url`
--
ALTER TABLE `gcahdy_layered_friendly_url`
  ADD PRIMARY KEY (`id_layered_friendly_url`),
  ADD KEY `id_lang` (`id_lang`),
  ADD KEY `url_key` (`url_key`(5));

--
-- Index pour la table `gcahdy_layered_indexable_attribute_group`
--
ALTER TABLE `gcahdy_layered_indexable_attribute_group`
  ADD PRIMARY KEY (`id_attribute_group`);

--
-- Index pour la table `gcahdy_layered_indexable_attribute_group_lang_value`
--
ALTER TABLE `gcahdy_layered_indexable_attribute_group_lang_value`
  ADD PRIMARY KEY (`id_attribute_group`,`id_lang`);

--
-- Index pour la table `gcahdy_layered_indexable_attribute_lang_value`
--
ALTER TABLE `gcahdy_layered_indexable_attribute_lang_value`
  ADD PRIMARY KEY (`id_attribute`,`id_lang`);

--
-- Index pour la table `gcahdy_layered_indexable_feature`
--
ALTER TABLE `gcahdy_layered_indexable_feature`
  ADD PRIMARY KEY (`id_feature`);

--
-- Index pour la table `gcahdy_layered_indexable_feature_lang_value`
--
ALTER TABLE `gcahdy_layered_indexable_feature_lang_value`
  ADD PRIMARY KEY (`id_feature`,`id_lang`);

--
-- Index pour la table `gcahdy_layered_indexable_feature_value_lang_value`
--
ALTER TABLE `gcahdy_layered_indexable_feature_value_lang_value`
  ADD PRIMARY KEY (`id_feature_value`,`id_lang`);

--
-- Index pour la table `gcahdy_layered_price_index`
--
ALTER TABLE `gcahdy_layered_price_index`
  ADD PRIMARY KEY (`id_product`,`id_currency`,`id_shop`),
  ADD KEY `id_currency` (`id_currency`),
  ADD KEY `price_min` (`price_min`),
  ADD KEY `price_max` (`price_max`);

--
-- Index pour la table `gcahdy_layered_product_attribute`
--
ALTER TABLE `gcahdy_layered_product_attribute`
  ADD PRIMARY KEY (`id_attribute`,`id_product`,`id_shop`),
  ADD UNIQUE KEY `id_attribute_group` (`id_attribute_group`,`id_attribute`,`id_product`,`id_shop`);

--
-- Index pour la table `gcahdy_leoblogcat`
--
ALTER TABLE `gcahdy_leoblogcat`
  ADD PRIMARY KEY (`id_leoblogcat`);

--
-- Index pour la table `gcahdy_leoblogcat_lang`
--
ALTER TABLE `gcahdy_leoblogcat_lang`
  ADD PRIMARY KEY (`id_leoblogcat`,`id_lang`);

--
-- Index pour la table `gcahdy_leoblogcat_shop`
--
ALTER TABLE `gcahdy_leoblogcat_shop`
  ADD PRIMARY KEY (`id_leoblogcat`,`id_shop`);

--
-- Index pour la table `gcahdy_leoblog_blog`
--
ALTER TABLE `gcahdy_leoblog_blog`
  ADD PRIMARY KEY (`id_leoblog_blog`);

--
-- Index pour la table `gcahdy_leoblog_blog_lang`
--
ALTER TABLE `gcahdy_leoblog_blog_lang`
  ADD PRIMARY KEY (`id_leoblog_blog`,`id_lang`);

--
-- Index pour la table `gcahdy_leoblog_blog_shop`
--
ALTER TABLE `gcahdy_leoblog_blog_shop`
  ADD PRIMARY KEY (`id_leoblog_blog`,`id_shop`);

--
-- Index pour la table `gcahdy_leoblog_comment`
--
ALTER TABLE `gcahdy_leoblog_comment`
  ADD PRIMARY KEY (`id_comment`,`id_shop`),
  ADD KEY `FK_blog_comment` (`id_leoblog_blog`);

--
-- Index pour la table `gcahdy_leohook`
--
ALTER TABLE `gcahdy_leohook`
  ADD PRIMARY KEY (`id_hook`,`id_module`,`id_shop`);

--
-- Index pour la table `gcahdy_leoslideshow_groups`
--
ALTER TABLE `gcahdy_leoslideshow_groups`
  ADD PRIMARY KEY (`id_leoslideshow_groups`,`id_shop`);

--
-- Index pour la table `gcahdy_leoslideshow_slides`
--
ALTER TABLE `gcahdy_leoslideshow_slides`
  ADD PRIMARY KEY (`id_leoslideshow_slides`);

--
-- Index pour la table `gcahdy_leoslideshow_slides_lang`
--
ALTER TABLE `gcahdy_leoslideshow_slides_lang`
  ADD PRIMARY KEY (`id_leoslideshow_slides`,`id_lang`);

--
-- Index pour la table `gcahdy_leowidgets`
--
ALTER TABLE `gcahdy_leowidgets`
  ADD PRIMARY KEY (`id_leowidgets`,`id_shop`);

--
-- Index pour la table `gcahdy_linksmenutop`
--
ALTER TABLE `gcahdy_linksmenutop`
  ADD PRIMARY KEY (`id_linksmenutop`),
  ADD KEY `id_shop` (`id_shop`);

--
-- Index pour la table `gcahdy_linksmenutop_lang`
--
ALTER TABLE `gcahdy_linksmenutop_lang`
  ADD KEY `id_linksmenutop` (`id_linksmenutop`,`id_lang`,`id_shop`);

--
-- Index pour la table `gcahdy_lmmessagebanner`
--
ALTER TABLE `gcahdy_lmmessagebanner`
  ADD PRIMARY KEY (`id_message`);

--
-- Index pour la table `gcahdy_lmmessagebanner_lang`
--
ALTER TABLE `gcahdy_lmmessagebanner_lang`
  ADD PRIMARY KEY (`id_message`,`id_lang`);

--
-- Index pour la table `gcahdy_log`
--
ALTER TABLE `gcahdy_log`
  ADD PRIMARY KEY (`id_log`);

--
-- Index pour la table `gcahdy_mail`
--
ALTER TABLE `gcahdy_mail`
  ADD PRIMARY KEY (`id_mail`),
  ADD KEY `recipient` (`recipient`(10));

--
-- Index pour la table `gcahdy_manufacturer`
--
ALTER TABLE `gcahdy_manufacturer`
  ADD PRIMARY KEY (`id_manufacturer`);

--
-- Index pour la table `gcahdy_manufacturer_lang`
--
ALTER TABLE `gcahdy_manufacturer_lang`
  ADD PRIMARY KEY (`id_manufacturer`,`id_lang`);

--
-- Index pour la table `gcahdy_manufacturer_shop`
--
ALTER TABLE `gcahdy_manufacturer_shop`
  ADD PRIMARY KEY (`id_manufacturer`,`id_shop`),
  ADD KEY `id_shop` (`id_shop`);

--
-- Index pour la table `gcahdy_memcached_servers`
--
ALTER TABLE `gcahdy_memcached_servers`
  ADD PRIMARY KEY (`id_memcached_server`);

--
-- Index pour la table `gcahdy_message`
--
ALTER TABLE `gcahdy_message`
  ADD PRIMARY KEY (`id_message`),
  ADD KEY `message_order` (`id_order`),
  ADD KEY `id_cart` (`id_cart`),
  ADD KEY `id_customer` (`id_customer`),
  ADD KEY `id_employee` (`id_employee`);

--
-- Index pour la table `gcahdy_message_readed`
--
ALTER TABLE `gcahdy_message_readed`
  ADD PRIMARY KEY (`id_message`,`id_employee`);

--
-- Index pour la table `gcahdy_meta`
--
ALTER TABLE `gcahdy_meta`
  ADD PRIMARY KEY (`id_meta`),
  ADD UNIQUE KEY `page` (`page`);

--
-- Index pour la table `gcahdy_meta_lang`
--
ALTER TABLE `gcahdy_meta_lang`
  ADD PRIMARY KEY (`id_meta`,`id_shop`,`id_lang`),
  ADD KEY `id_shop` (`id_shop`),
  ADD KEY `id_lang` (`id_lang`);

--
-- Index pour la table `gcahdy_module`
--
ALTER TABLE `gcahdy_module`
  ADD PRIMARY KEY (`id_module`),
  ADD KEY `name` (`name`);

--
-- Index pour la table `gcahdy_modules_perfs`
--
ALTER TABLE `gcahdy_modules_perfs`
  ADD PRIMARY KEY (`id_modules_perfs`),
  ADD KEY `session` (`session`);

--
-- Index pour la table `gcahdy_module_access`
--
ALTER TABLE `gcahdy_module_access`
  ADD PRIMARY KEY (`id_profile`,`id_module`);

--
-- Index pour la table `gcahdy_module_country`
--
ALTER TABLE `gcahdy_module_country`
  ADD PRIMARY KEY (`id_module`,`id_shop`,`id_country`);

--
-- Index pour la table `gcahdy_module_currency`
--
ALTER TABLE `gcahdy_module_currency`
  ADD PRIMARY KEY (`id_module`,`id_shop`,`id_currency`),
  ADD KEY `id_module` (`id_module`);

--
-- Index pour la table `gcahdy_module_group`
--
ALTER TABLE `gcahdy_module_group`
  ADD PRIMARY KEY (`id_module`,`id_shop`,`id_group`);

--
-- Index pour la table `gcahdy_module_preference`
--
ALTER TABLE `gcahdy_module_preference`
  ADD PRIMARY KEY (`id_module_preference`),
  ADD UNIQUE KEY `employee_module` (`id_employee`,`module`);

--
-- Index pour la table `gcahdy_module_shop`
--
ALTER TABLE `gcahdy_module_shop`
  ADD PRIMARY KEY (`id_module`,`id_shop`),
  ADD KEY `id_shop` (`id_shop`);

--
-- Index pour la table `gcahdy_newsletter`
--
ALTER TABLE `gcahdy_newsletter`
  ADD PRIMARY KEY (`id`);

--
-- Index pour la table `gcahdy_operating_system`
--
ALTER TABLE `gcahdy_operating_system`
  ADD PRIMARY KEY (`id_operating_system`);

--
-- Index pour la table `gcahdy_orders`
--
ALTER TABLE `gcahdy_orders`
  ADD PRIMARY KEY (`id_order`),
  ADD KEY `reference` (`reference`),
  ADD KEY `id_customer` (`id_customer`),
  ADD KEY `id_cart` (`id_cart`),
  ADD KEY `invoice_number` (`invoice_number`),
  ADD KEY `id_carrier` (`id_carrier`),
  ADD KEY `id_lang` (`id_lang`),
  ADD KEY `id_currency` (`id_currency`),
  ADD KEY `id_address_delivery` (`id_address_delivery`),
  ADD KEY `id_address_invoice` (`id_address_invoice`),
  ADD KEY `id_shop_group` (`id_shop_group`),
  ADD KEY `current_state` (`current_state`),
  ADD KEY `id_shop` (`id_shop`),
  ADD KEY `date_add` (`date_add`);

--
-- Index pour la table `gcahdy_order_carrier`
--
ALTER TABLE `gcahdy_order_carrier`
  ADD PRIMARY KEY (`id_order_carrier`),
  ADD KEY `id_order` (`id_order`),
  ADD KEY `id_carrier` (`id_carrier`),
  ADD KEY `id_order_invoice` (`id_order_invoice`);

--
-- Index pour la table `gcahdy_order_cart_rule`
--
ALTER TABLE `gcahdy_order_cart_rule`
  ADD PRIMARY KEY (`id_order_cart_rule`),
  ADD KEY `id_order` (`id_order`),
  ADD KEY `id_cart_rule` (`id_cart_rule`);

--
-- Index pour la table `gcahdy_order_detail`
--
ALTER TABLE `gcahdy_order_detail`
  ADD PRIMARY KEY (`id_order_detail`),
  ADD KEY `order_detail_order` (`id_order`),
  ADD KEY `product_id` (`product_id`),
  ADD KEY `product_attribute_id` (`product_attribute_id`),
  ADD KEY `id_tax_rules_group` (`id_tax_rules_group`),
  ADD KEY `id_order_id_order_detail` (`id_order`,`id_order_detail`);

--
-- Index pour la table `gcahdy_order_detail_tax`
--
ALTER TABLE `gcahdy_order_detail_tax`
  ADD KEY `id_order_detail` (`id_order_detail`),
  ADD KEY `id_tax` (`id_tax`);

--
-- Index pour la table `gcahdy_order_history`
--
ALTER TABLE `gcahdy_order_history`
  ADD PRIMARY KEY (`id_order_history`),
  ADD KEY `order_history_order` (`id_order`),
  ADD KEY `id_employee` (`id_employee`),
  ADD KEY `id_order_state` (`id_order_state`);

--
-- Index pour la table `gcahdy_order_invoice`
--
ALTER TABLE `gcahdy_order_invoice`
  ADD PRIMARY KEY (`id_order_invoice`),
  ADD KEY `id_order` (`id_order`);

--
-- Index pour la table `gcahdy_order_invoice_payment`
--
ALTER TABLE `gcahdy_order_invoice_payment`
  ADD PRIMARY KEY (`id_order_invoice`,`id_order_payment`),
  ADD KEY `order_payment` (`id_order_payment`),
  ADD KEY `id_order` (`id_order`);

--
-- Index pour la table `gcahdy_order_invoice_tax`
--
ALTER TABLE `gcahdy_order_invoice_tax`
  ADD KEY `id_tax` (`id_tax`);

--
-- Index pour la table `gcahdy_order_message`
--
ALTER TABLE `gcahdy_order_message`
  ADD PRIMARY KEY (`id_order_message`);

--
-- Index pour la table `gcahdy_order_message_lang`
--
ALTER TABLE `gcahdy_order_message_lang`
  ADD PRIMARY KEY (`id_order_message`,`id_lang`);

--
-- Index pour la table `gcahdy_order_payment`
--
ALTER TABLE `gcahdy_order_payment`
  ADD PRIMARY KEY (`id_order_payment`),
  ADD KEY `order_reference` (`order_reference`);

--
-- Index pour la table `gcahdy_order_return`
--
ALTER TABLE `gcahdy_order_return`
  ADD PRIMARY KEY (`id_order_return`),
  ADD KEY `order_return_customer` (`id_customer`),
  ADD KEY `id_order` (`id_order`);

--
-- Index pour la table `gcahdy_order_return_detail`
--
ALTER TABLE `gcahdy_order_return_detail`
  ADD PRIMARY KEY (`id_order_return`,`id_order_detail`,`id_customization`);

--
-- Index pour la table `gcahdy_order_return_state`
--
ALTER TABLE `gcahdy_order_return_state`
  ADD PRIMARY KEY (`id_order_return_state`);

--
-- Index pour la table `gcahdy_order_return_state_lang`
--
ALTER TABLE `gcahdy_order_return_state_lang`
  ADD PRIMARY KEY (`id_order_return_state`,`id_lang`);

--
-- Index pour la table `gcahdy_order_slip`
--
ALTER TABLE `gcahdy_order_slip`
  ADD PRIMARY KEY (`id_order_slip`),
  ADD KEY `order_slip_customer` (`id_customer`),
  ADD KEY `id_order` (`id_order`);

--
-- Index pour la table `gcahdy_order_slip_detail`
--
ALTER TABLE `gcahdy_order_slip_detail`
  ADD PRIMARY KEY (`id_order_slip`,`id_order_detail`);

--
-- Index pour la table `gcahdy_order_slip_detail_tax`
--
ALTER TABLE `gcahdy_order_slip_detail_tax`
  ADD KEY `id_order_slip_detail` (`id_order_slip_detail`),
  ADD KEY `id_tax` (`id_tax`);

--
-- Index pour la table `gcahdy_order_state`
--
ALTER TABLE `gcahdy_order_state`
  ADD PRIMARY KEY (`id_order_state`),
  ADD KEY `module_name` (`module_name`);

--
-- Index pour la table `gcahdy_order_state_lang`
--
ALTER TABLE `gcahdy_order_state_lang`
  ADD PRIMARY KEY (`id_order_state`,`id_lang`);

--
-- Index pour la table `gcahdy_pack`
--
ALTER TABLE `gcahdy_pack`
  ADD PRIMARY KEY (`id_product_pack`,`id_product_item`,`id_product_attribute_item`),
  ADD KEY `product_item` (`id_product_item`,`id_product_attribute_item`);

--
-- Index pour la table `gcahdy_page`
--
ALTER TABLE `gcahdy_page`
  ADD PRIMARY KEY (`id_page`),
  ADD KEY `id_page_type` (`id_page_type`),
  ADD KEY `id_object` (`id_object`);

--
-- Index pour la table `gcahdy_pagenotfound`
--
ALTER TABLE `gcahdy_pagenotfound`
  ADD PRIMARY KEY (`id_pagenotfound`),
  ADD KEY `date_add` (`date_add`);

--
-- Index pour la table `gcahdy_page_type`
--
ALTER TABLE `gcahdy_page_type`
  ADD PRIMARY KEY (`id_page_type`),
  ADD KEY `name` (`name`);

--
-- Index pour la table `gcahdy_page_viewed`
--
ALTER TABLE `gcahdy_page_viewed`
  ADD PRIMARY KEY (`id_page`,`id_date_range`,`id_shop`);

--
-- Index pour la table `gcahdy_paypal_braintree`
--
ALTER TABLE `gcahdy_paypal_braintree`
  ADD PRIMARY KEY (`id_paypal_braintree`);

--
-- Index pour la table `gcahdy_paypal_capture`
--
ALTER TABLE `gcahdy_paypal_capture`
  ADD PRIMARY KEY (`id_paypal_capture`);

--
-- Index pour la table `gcahdy_paypal_customer`
--
ALTER TABLE `gcahdy_paypal_customer`
  ADD PRIMARY KEY (`id_paypal_customer`);

--
-- Index pour la table `gcahdy_paypal_login_user`
--
ALTER TABLE `gcahdy_paypal_login_user`
  ADD PRIMARY KEY (`id_paypal_login_user`);

--
-- Index pour la table `gcahdy_paypal_order`
--
ALTER TABLE `gcahdy_paypal_order`
  ADD PRIMARY KEY (`id_order`);

--
-- Index pour la table `gcahdy_paypal_plus_pui`
--
ALTER TABLE `gcahdy_paypal_plus_pui`
  ADD PRIMARY KEY (`id_paypal_plus_pui`);

--
-- Index pour la table `gcahdy_product`
--
ALTER TABLE `gcahdy_product`
  ADD PRIMARY KEY (`id_product`),
  ADD KEY `product_supplier` (`id_supplier`),
  ADD KEY `product_manufacturer` (`id_manufacturer`,`id_product`),
  ADD KEY `id_category_default` (`id_category_default`),
  ADD KEY `indexed` (`indexed`),
  ADD KEY `date_add` (`date_add`);

--
-- Index pour la table `gcahdy_product_attachment`
--
ALTER TABLE `gcahdy_product_attachment`
  ADD PRIMARY KEY (`id_product`,`id_attachment`);

--
-- Index pour la table `gcahdy_product_attribute`
--
ALTER TABLE `gcahdy_product_attribute`
  ADD PRIMARY KEY (`id_product_attribute`),
  ADD UNIQUE KEY `product_default` (`id_product`,`default_on`),
  ADD KEY `product_attribute_product` (`id_product`),
  ADD KEY `reference` (`reference`),
  ADD KEY `supplier_reference` (`supplier_reference`),
  ADD KEY `id_product_id_product_attribute` (`id_product_attribute`,`id_product`);

--
-- Index pour la table `gcahdy_product_attribute_combination`
--
ALTER TABLE `gcahdy_product_attribute_combination`
  ADD PRIMARY KEY (`id_attribute`,`id_product_attribute`),
  ADD KEY `id_product_attribute` (`id_product_attribute`);

--
-- Index pour la table `gcahdy_product_attribute_image`
--
ALTER TABLE `gcahdy_product_attribute_image`
  ADD PRIMARY KEY (`id_product_attribute`,`id_image`),
  ADD KEY `id_image` (`id_image`);

--
-- Index pour la table `gcahdy_product_attribute_shop`
--
ALTER TABLE `gcahdy_product_attribute_shop`
  ADD PRIMARY KEY (`id_product_attribute`,`id_shop`),
  ADD UNIQUE KEY `id_product` (`id_product`,`id_shop`,`default_on`);

--
-- Index pour la table `gcahdy_product_carrier`
--
ALTER TABLE `gcahdy_product_carrier`
  ADD PRIMARY KEY (`id_product`,`id_carrier_reference`,`id_shop`);

--
-- Index pour la table `gcahdy_product_country_tax`
--
ALTER TABLE `gcahdy_product_country_tax`
  ADD PRIMARY KEY (`id_product`,`id_country`);

--
-- Index pour la table `gcahdy_product_download`
--
ALTER TABLE `gcahdy_product_download`
  ADD PRIMARY KEY (`id_product_download`),
  ADD UNIQUE KEY `id_product` (`id_product`),
  ADD KEY `product_active` (`id_product`,`active`);

--
-- Index pour la table `gcahdy_product_group_reduction_cache`
--
ALTER TABLE `gcahdy_product_group_reduction_cache`
  ADD PRIMARY KEY (`id_product`,`id_group`);

--
-- Index pour la table `gcahdy_product_lang`
--
ALTER TABLE `gcahdy_product_lang`
  ADD PRIMARY KEY (`id_product`,`id_shop`,`id_lang`),
  ADD KEY `id_lang` (`id_lang`),
  ADD KEY `name` (`name`);

--
-- Index pour la table `gcahdy_product_sale`
--
ALTER TABLE `gcahdy_product_sale`
  ADD PRIMARY KEY (`id_product`),
  ADD KEY `quantity` (`quantity`);

--
-- Index pour la table `gcahdy_product_shop`
--
ALTER TABLE `gcahdy_product_shop`
  ADD PRIMARY KEY (`id_product`,`id_shop`),
  ADD KEY `id_category_default` (`id_category_default`),
  ADD KEY `date_add` (`date_add`,`active`,`visibility`),
  ADD KEY `indexed` (`indexed`,`active`,`id_product`);

--
-- Index pour la table `gcahdy_product_supplier`
--
ALTER TABLE `gcahdy_product_supplier`
  ADD PRIMARY KEY (`id_product_supplier`),
  ADD UNIQUE KEY `id_product` (`id_product`,`id_product_attribute`,`id_supplier`),
  ADD KEY `id_supplier` (`id_supplier`,`id_product`);

--
-- Index pour la table `gcahdy_product_tag`
--
ALTER TABLE `gcahdy_product_tag`
  ADD PRIMARY KEY (`id_product`,`id_tag`),
  ADD KEY `id_tag` (`id_tag`),
  ADD KEY `id_lang` (`id_lang`,`id_tag`);

--
-- Index pour la table `gcahdy_profile`
--
ALTER TABLE `gcahdy_profile`
  ADD PRIMARY KEY (`id_profile`);

--
-- Index pour la table `gcahdy_profile_lang`
--
ALTER TABLE `gcahdy_profile_lang`
  ADD PRIMARY KEY (`id_profile`,`id_lang`);

--
-- Index pour la table `gcahdy_quick_access`
--
ALTER TABLE `gcahdy_quick_access`
  ADD PRIMARY KEY (`id_quick_access`);

--
-- Index pour la table `gcahdy_quick_access_lang`
--
ALTER TABLE `gcahdy_quick_access_lang`
  ADD PRIMARY KEY (`id_quick_access`,`id_lang`);

--
-- Index pour la table `gcahdy_range_price`
--
ALTER TABLE `gcahdy_range_price`
  ADD PRIMARY KEY (`id_range_price`),
  ADD UNIQUE KEY `id_carrier` (`id_carrier`,`delimiter1`,`delimiter2`);

--
-- Index pour la table `gcahdy_range_weight`
--
ALTER TABLE `gcahdy_range_weight`
  ADD PRIMARY KEY (`id_range_weight`),
  ADD UNIQUE KEY `id_carrier` (`id_carrier`,`delimiter1`,`delimiter2`);

--
-- Index pour la table `gcahdy_referrer`
--
ALTER TABLE `gcahdy_referrer`
  ADD PRIMARY KEY (`id_referrer`);

--
-- Index pour la table `gcahdy_referrer_cache`
--
ALTER TABLE `gcahdy_referrer_cache`
  ADD PRIMARY KEY (`id_connections_source`,`id_referrer`);

--
-- Index pour la table `gcahdy_referrer_shop`
--
ALTER TABLE `gcahdy_referrer_shop`
  ADD PRIMARY KEY (`id_referrer`,`id_shop`);

--
-- Index pour la table `gcahdy_request_sql`
--
ALTER TABLE `gcahdy_request_sql`
  ADD PRIMARY KEY (`id_request_sql`);

--
-- Index pour la table `gcahdy_required_field`
--
ALTER TABLE `gcahdy_required_field`
  ADD PRIMARY KEY (`id_required_field`),
  ADD KEY `object_name` (`object_name`);

--
-- Index pour la table `gcahdy_risk`
--
ALTER TABLE `gcahdy_risk`
  ADD PRIMARY KEY (`id_risk`);

--
-- Index pour la table `gcahdy_risk_lang`
--
ALTER TABLE `gcahdy_risk_lang`
  ADD PRIMARY KEY (`id_risk`,`id_lang`),
  ADD KEY `id_risk` (`id_risk`);

--
-- Index pour la table `gcahdy_sbmegamenu`
--
ALTER TABLE `gcahdy_sbmegamenu`
  ADD PRIMARY KEY (`id_sbmegamenu`);

--
-- Index pour la table `gcahdy_sbmegamenu_lang`
--
ALTER TABLE `gcahdy_sbmegamenu_lang`
  ADD PRIMARY KEY (`id_sbmegamenu`,`id_lang`);

--
-- Index pour la table `gcahdy_sbmegamenu_shop`
--
ALTER TABLE `gcahdy_sbmegamenu_shop`
  ADD PRIMARY KEY (`id_sbmegamenu`,`id_shop`);

--
-- Index pour la table `gcahdy_scene`
--
ALTER TABLE `gcahdy_scene`
  ADD PRIMARY KEY (`id_scene`);

--
-- Index pour la table `gcahdy_scene_category`
--
ALTER TABLE `gcahdy_scene_category`
  ADD PRIMARY KEY (`id_scene`,`id_category`);

--
-- Index pour la table `gcahdy_scene_lang`
--
ALTER TABLE `gcahdy_scene_lang`
  ADD PRIMARY KEY (`id_scene`,`id_lang`);

--
-- Index pour la table `gcahdy_scene_products`
--
ALTER TABLE `gcahdy_scene_products`
  ADD PRIMARY KEY (`id_scene`,`id_product`,`x_axis`,`y_axis`);

--
-- Index pour la table `gcahdy_scene_shop`
--
ALTER TABLE `gcahdy_scene_shop`
  ADD PRIMARY KEY (`id_scene`,`id_shop`),
  ADD KEY `id_shop` (`id_shop`);

--
-- Index pour la table `gcahdy_search_engine`
--
ALTER TABLE `gcahdy_search_engine`
  ADD PRIMARY KEY (`id_search_engine`);

--
-- Index pour la table `gcahdy_search_index`
--
ALTER TABLE `gcahdy_search_index`
  ADD PRIMARY KEY (`id_word`,`id_product`),
  ADD KEY `id_product` (`id_product`,`weight`);

--
-- Index pour la table `gcahdy_search_word`
--
ALTER TABLE `gcahdy_search_word`
  ADD PRIMARY KEY (`id_word`),
  ADD UNIQUE KEY `id_lang` (`id_lang`,`id_shop`,`word`);

--
-- Index pour la table `gcahdy_sekeyword`
--
ALTER TABLE `gcahdy_sekeyword`
  ADD PRIMARY KEY (`id_sekeyword`);

--
-- Index pour la table `gcahdy_shop`
--
ALTER TABLE `gcahdy_shop`
  ADD PRIMARY KEY (`id_shop`),
  ADD KEY `id_shop_group` (`id_shop_group`,`deleted`),
  ADD KEY `id_category` (`id_category`),
  ADD KEY `id_theme` (`id_theme`);

--
-- Index pour la table `gcahdy_shop_group`
--
ALTER TABLE `gcahdy_shop_group`
  ADD PRIMARY KEY (`id_shop_group`),
  ADD KEY `deleted` (`deleted`,`name`);

--
-- Index pour la table `gcahdy_shop_url`
--
ALTER TABLE `gcahdy_shop_url`
  ADD PRIMARY KEY (`id_shop_url`),
  ADD UNIQUE KEY `full_shop_url` (`domain`,`physical_uri`,`virtual_uri`),
  ADD UNIQUE KEY `full_shop_url_ssl` (`domain_ssl`,`physical_uri`,`virtual_uri`),
  ADD KEY `id_shop` (`id_shop`,`main`);

--
-- Index pour la table `gcahdy_smarty_cache`
--
ALTER TABLE `gcahdy_smarty_cache`
  ADD PRIMARY KEY (`id_smarty_cache`),
  ADD KEY `name` (`name`),
  ADD KEY `cache_id` (`cache_id`),
  ADD KEY `modified` (`modified`);

--
-- Index pour la table `gcahdy_smarty_last_flush`
--
ALTER TABLE `gcahdy_smarty_last_flush`
  ADD PRIMARY KEY (`type`);

--
-- Index pour la table `gcahdy_smarty_lazy_cache`
--
ALTER TABLE `gcahdy_smarty_lazy_cache`
  ADD PRIMARY KEY (`template_hash`,`cache_id`,`compile_id`);

--
-- Index pour la table `gcahdy_socolissimo_delivery_info`
--
ALTER TABLE `gcahdy_socolissimo_delivery_info`
  ADD PRIMARY KEY (`id_cart`,`id_customer`);

--
-- Index pour la table `gcahdy_socolissimo_delivery_point`
--
ALTER TABLE `gcahdy_socolissimo_delivery_point`
  ADD PRIMARY KEY (`id_socolissimo_delivery_point`);

--
-- Index pour la table `gcahdy_specific_price`
--
ALTER TABLE `gcahdy_specific_price`
  ADD PRIMARY KEY (`id_specific_price`),
  ADD UNIQUE KEY `id_product_2` (`id_product`,`id_product_attribute`,`id_customer`,`id_cart`,`from`,`to`,`id_shop`,`id_shop_group`,`id_currency`,`id_country`,`id_group`,`from_quantity`,`id_specific_price_rule`),
  ADD KEY `id_product` (`id_product`,`id_shop`,`id_currency`,`id_country`,`id_group`,`id_customer`,`from_quantity`,`from`,`to`),
  ADD KEY `from_quantity` (`from_quantity`),
  ADD KEY `id_specific_price_rule` (`id_specific_price_rule`),
  ADD KEY `id_cart` (`id_cart`),
  ADD KEY `id_product_attribute` (`id_product_attribute`),
  ADD KEY `id_shop` (`id_shop`),
  ADD KEY `id_customer` (`id_customer`),
  ADD KEY `from` (`from`),
  ADD KEY `to` (`to`);

--
-- Index pour la table `gcahdy_specific_price_priority`
--
ALTER TABLE `gcahdy_specific_price_priority`
  ADD PRIMARY KEY (`id_specific_price_priority`,`id_product`),
  ADD UNIQUE KEY `id_product` (`id_product`);

--
-- Index pour la table `gcahdy_specific_price_rule`
--
ALTER TABLE `gcahdy_specific_price_rule`
  ADD PRIMARY KEY (`id_specific_price_rule`),
  ADD KEY `id_product` (`id_shop`,`id_currency`,`id_country`,`id_group`,`from_quantity`,`from`,`to`);

--
-- Index pour la table `gcahdy_specific_price_rule_condition`
--
ALTER TABLE `gcahdy_specific_price_rule_condition`
  ADD PRIMARY KEY (`id_specific_price_rule_condition`),
  ADD KEY `id_specific_price_rule_condition_group` (`id_specific_price_rule_condition_group`);

--
-- Index pour la table `gcahdy_specific_price_rule_condition_group`
--
ALTER TABLE `gcahdy_specific_price_rule_condition_group`
  ADD PRIMARY KEY (`id_specific_price_rule_condition_group`,`id_specific_price_rule`);

--
-- Index pour la table `gcahdy_state`
--
ALTER TABLE `gcahdy_state`
  ADD PRIMARY KEY (`id_state`),
  ADD KEY `id_country` (`id_country`),
  ADD KEY `name` (`name`),
  ADD KEY `id_zone` (`id_zone`);

--
-- Index pour la table `gcahdy_statssearch`
--
ALTER TABLE `gcahdy_statssearch`
  ADD PRIMARY KEY (`id_statssearch`);

--
-- Index pour la table `gcahdy_stock`
--
ALTER TABLE `gcahdy_stock`
  ADD PRIMARY KEY (`id_stock`),
  ADD KEY `id_warehouse` (`id_warehouse`),
  ADD KEY `id_product` (`id_product`),
  ADD KEY `id_product_attribute` (`id_product_attribute`);

--
-- Index pour la table `gcahdy_stock_available`
--
ALTER TABLE `gcahdy_stock_available`
  ADD PRIMARY KEY (`id_stock_available`),
  ADD UNIQUE KEY `product_sqlstock` (`id_product`,`id_product_attribute`,`id_shop`,`id_shop_group`),
  ADD KEY `id_shop` (`id_shop`),
  ADD KEY `id_shop_group` (`id_shop_group`),
  ADD KEY `id_product` (`id_product`),
  ADD KEY `id_product_attribute` (`id_product_attribute`);

--
-- Index pour la table `gcahdy_stock_mvt`
--
ALTER TABLE `gcahdy_stock_mvt`
  ADD PRIMARY KEY (`id_stock_mvt`),
  ADD KEY `id_stock` (`id_stock`),
  ADD KEY `id_stock_mvt_reason` (`id_stock_mvt_reason`);

--
-- Index pour la table `gcahdy_stock_mvt_reason`
--
ALTER TABLE `gcahdy_stock_mvt_reason`
  ADD PRIMARY KEY (`id_stock_mvt_reason`);

--
-- Index pour la table `gcahdy_stock_mvt_reason_lang`
--
ALTER TABLE `gcahdy_stock_mvt_reason_lang`
  ADD PRIMARY KEY (`id_stock_mvt_reason`,`id_lang`);

--
-- Index pour la table `gcahdy_store`
--
ALTER TABLE `gcahdy_store`
  ADD PRIMARY KEY (`id_store`);

--
-- Index pour la table `gcahdy_store_shop`
--
ALTER TABLE `gcahdy_store_shop`
  ADD PRIMARY KEY (`id_store`,`id_shop`),
  ADD KEY `id_shop` (`id_shop`);

--
-- Index pour la table `gcahdy_supplier`
--
ALTER TABLE `gcahdy_supplier`
  ADD PRIMARY KEY (`id_supplier`);

--
-- Index pour la table `gcahdy_supplier_lang`
--
ALTER TABLE `gcahdy_supplier_lang`
  ADD PRIMARY KEY (`id_supplier`,`id_lang`);

--
-- Index pour la table `gcahdy_supplier_shop`
--
ALTER TABLE `gcahdy_supplier_shop`
  ADD PRIMARY KEY (`id_supplier`,`id_shop`),
  ADD KEY `id_shop` (`id_shop`);

--
-- Index pour la table `gcahdy_supply_order`
--
ALTER TABLE `gcahdy_supply_order`
  ADD PRIMARY KEY (`id_supply_order`),
  ADD KEY `id_supplier` (`id_supplier`),
  ADD KEY `id_warehouse` (`id_warehouse`),
  ADD KEY `reference` (`reference`);

--
-- Index pour la table `gcahdy_supply_order_detail`
--
ALTER TABLE `gcahdy_supply_order_detail`
  ADD PRIMARY KEY (`id_supply_order_detail`),
  ADD KEY `id_supply_order` (`id_supply_order`,`id_product`),
  ADD KEY `id_product_attribute` (`id_product_attribute`),
  ADD KEY `id_product_product_attribute` (`id_product`,`id_product_attribute`);

--
-- Index pour la table `gcahdy_supply_order_history`
--
ALTER TABLE `gcahdy_supply_order_history`
  ADD PRIMARY KEY (`id_supply_order_history`),
  ADD KEY `id_supply_order` (`id_supply_order`),
  ADD KEY `id_employee` (`id_employee`),
  ADD KEY `id_state` (`id_state`);

--
-- Index pour la table `gcahdy_supply_order_receipt_history`
--
ALTER TABLE `gcahdy_supply_order_receipt_history`
  ADD PRIMARY KEY (`id_supply_order_receipt_history`),
  ADD KEY `id_supply_order_detail` (`id_supply_order_detail`),
  ADD KEY `id_supply_order_state` (`id_supply_order_state`);

--
-- Index pour la table `gcahdy_supply_order_state`
--
ALTER TABLE `gcahdy_supply_order_state`
  ADD PRIMARY KEY (`id_supply_order_state`);

--
-- Index pour la table `gcahdy_supply_order_state_lang`
--
ALTER TABLE `gcahdy_supply_order_state_lang`
  ADD PRIMARY KEY (`id_supply_order_state`,`id_lang`);

--
-- Index pour la table `gcahdy_tab`
--
ALTER TABLE `gcahdy_tab`
  ADD PRIMARY KEY (`id_tab`),
  ADD KEY `class_name` (`class_name`),
  ADD KEY `id_parent` (`id_parent`);

--
-- Index pour la table `gcahdy_tab_advice`
--
ALTER TABLE `gcahdy_tab_advice`
  ADD PRIMARY KEY (`id_tab`,`id_advice`);

--
-- Index pour la table `gcahdy_tab_lang`
--
ALTER TABLE `gcahdy_tab_lang`
  ADD PRIMARY KEY (`id_tab`,`id_lang`);

--
-- Index pour la table `gcahdy_tab_module_preference`
--
ALTER TABLE `gcahdy_tab_module_preference`
  ADD PRIMARY KEY (`id_tab_module_preference`),
  ADD UNIQUE KEY `employee_module` (`id_employee`,`id_tab`,`module`);

--
-- Index pour la table `gcahdy_tag`
--
ALTER TABLE `gcahdy_tag`
  ADD PRIMARY KEY (`id_tag`),
  ADD KEY `tag_name` (`name`),
  ADD KEY `id_lang` (`id_lang`);

--
-- Index pour la table `gcahdy_tag_count`
--
ALTER TABLE `gcahdy_tag_count`
  ADD PRIMARY KEY (`id_group`,`id_tag`),
  ADD KEY `id_group` (`id_group`,`id_lang`,`id_shop`,`counter`);

--
-- Index pour la table `gcahdy_tax`
--
ALTER TABLE `gcahdy_tax`
  ADD PRIMARY KEY (`id_tax`);

--
-- Index pour la table `gcahdy_tax_lang`
--
ALTER TABLE `gcahdy_tax_lang`
  ADD PRIMARY KEY (`id_tax`,`id_lang`);

--
-- Index pour la table `gcahdy_tax_rule`
--
ALTER TABLE `gcahdy_tax_rule`
  ADD PRIMARY KEY (`id_tax_rule`),
  ADD KEY `id_tax_rules_group` (`id_tax_rules_group`),
  ADD KEY `id_tax` (`id_tax`),
  ADD KEY `category_getproducts` (`id_tax_rules_group`,`id_country`,`id_state`,`zipcode_from`);

--
-- Index pour la table `gcahdy_tax_rules_group`
--
ALTER TABLE `gcahdy_tax_rules_group`
  ADD PRIMARY KEY (`id_tax_rules_group`);

--
-- Index pour la table `gcahdy_tax_rules_group_shop`
--
ALTER TABLE `gcahdy_tax_rules_group_shop`
  ADD PRIMARY KEY (`id_tax_rules_group`,`id_shop`),
  ADD KEY `id_shop` (`id_shop`);

--
-- Index pour la table `gcahdy_temoignage`
--
ALTER TABLE `gcahdy_temoignage`
  ADD PRIMARY KEY (`id_temoignage`);

--
-- Index pour la table `gcahdy_temoignage_lang`
--
ALTER TABLE `gcahdy_temoignage_lang`
  ADD PRIMARY KEY (`id_temoignage`,`id_lang`);

--
-- Index pour la table `gcahdy_theme`
--
ALTER TABLE `gcahdy_theme`
  ADD PRIMARY KEY (`id_theme`);

--
-- Index pour la table `gcahdy_themeconfigurator`
--
ALTER TABLE `gcahdy_themeconfigurator`
  ADD PRIMARY KEY (`id_item`);

--
-- Index pour la table `gcahdy_theme_meta`
--
ALTER TABLE `gcahdy_theme_meta`
  ADD PRIMARY KEY (`id_theme_meta`),
  ADD UNIQUE KEY `id_theme_2` (`id_theme`,`id_meta`),
  ADD KEY `id_theme` (`id_theme`),
  ADD KEY `id_meta` (`id_meta`);

--
-- Index pour la table `gcahdy_theme_specific`
--
ALTER TABLE `gcahdy_theme_specific`
  ADD PRIMARY KEY (`id_theme`,`id_shop`,`entity`,`id_object`);

--
-- Index pour la table `gcahdy_timezone`
--
ALTER TABLE `gcahdy_timezone`
  ADD PRIMARY KEY (`id_timezone`);

--
-- Index pour la table `gcahdy_warehouse`
--
ALTER TABLE `gcahdy_warehouse`
  ADD PRIMARY KEY (`id_warehouse`);

--
-- Index pour la table `gcahdy_warehouse_carrier`
--
ALTER TABLE `gcahdy_warehouse_carrier`
  ADD PRIMARY KEY (`id_warehouse`,`id_carrier`),
  ADD KEY `id_warehouse` (`id_warehouse`),
  ADD KEY `id_carrier` (`id_carrier`);

--
-- Index pour la table `gcahdy_warehouse_product_location`
--
ALTER TABLE `gcahdy_warehouse_product_location`
  ADD PRIMARY KEY (`id_warehouse_product_location`),
  ADD UNIQUE KEY `id_product` (`id_product`,`id_product_attribute`,`id_warehouse`);

--
-- Index pour la table `gcahdy_warehouse_shop`
--
ALTER TABLE `gcahdy_warehouse_shop`
  ADD PRIMARY KEY (`id_warehouse`,`id_shop`),
  ADD KEY `id_warehouse` (`id_warehouse`),
  ADD KEY `id_shop` (`id_shop`);

--
-- Index pour la table `gcahdy_webservice_account`
--
ALTER TABLE `gcahdy_webservice_account`
  ADD PRIMARY KEY (`id_webservice_account`),
  ADD KEY `key` (`key`);

--
-- Index pour la table `gcahdy_webservice_account_shop`
--
ALTER TABLE `gcahdy_webservice_account_shop`
  ADD PRIMARY KEY (`id_webservice_account`,`id_shop`),
  ADD KEY `id_shop` (`id_shop`);

--
-- Index pour la table `gcahdy_webservice_permission`
--
ALTER TABLE `gcahdy_webservice_permission`
  ADD PRIMARY KEY (`id_webservice_permission`),
  ADD UNIQUE KEY `resource_2` (`resource`,`method`,`id_webservice_account`),
  ADD KEY `resource` (`resource`),
  ADD KEY `method` (`method`),
  ADD KEY `id_webservice_account` (`id_webservice_account`);

--
-- Index pour la table `gcahdy_web_browser`
--
ALTER TABLE `gcahdy_web_browser`
  ADD PRIMARY KEY (`id_web_browser`);

--
-- Index pour la table `gcahdy_zone`
--
ALTER TABLE `gcahdy_zone`
  ADD PRIMARY KEY (`id_zone`);

--
-- Index pour la table `gcahdy_zone_shop`
--
ALTER TABLE `gcahdy_zone_shop`
  ADD PRIMARY KEY (`id_zone`,`id_shop`),
  ADD KEY `id_shop` (`id_shop`);

--
-- AUTO_INCREMENT pour les tables déchargées
--

--
-- AUTO_INCREMENT pour la table `gcahdy_address`
--
ALTER TABLE `gcahdy_address`
  MODIFY `id_address` int(10) UNSIGNED NOT NULL AUTO_INCREMENT, AUTO_INCREMENT=288;
--
-- AUTO_INCREMENT pour la table `gcahdy_advice`
--
ALTER TABLE `gcahdy_advice`
  MODIFY `id_advice` int(11) NOT NULL AUTO_INCREMENT, AUTO_INCREMENT=7685;
--
-- AUTO_INCREMENT pour la table `gcahdy_alias`
--
ALTER TABLE `gcahdy_alias`
  MODIFY `id_alias` int(10) UNSIGNED NOT NULL AUTO_INCREMENT, AUTO_INCREMENT=3;
--
-- AUTO_INCREMENT pour la table `gcahdy_appagebuilder`
--
ALTER TABLE `gcahdy_appagebuilder`
  MODIFY `id_appagebuilder` int(11) NOT NULL AUTO_INCREMENT, AUTO_INCREMENT=141;
--
-- AUTO_INCREMENT pour la table `gcahdy_appagebuilder_lang`
--
ALTER TABLE `gcahdy_appagebuilder_lang`
  MODIFY `id_appagebuilder` int(11) NOT NULL AUTO_INCREMENT, AUTO_INCREMENT=141;
--
-- AUTO_INCREMENT pour la table `gcahdy_appagebuilder_positions`
--
ALTER TABLE `gcahdy_appagebuilder_positions`
  MODIFY `id_appagebuilder_positions` int(11) NOT NULL AUTO_INCREMENT, AUTO_INCREMENT=86;
--
-- AUTO_INCREMENT pour la table `gcahdy_appagebuilder_positions_shop`
--
ALTER TABLE `gcahdy_appagebuilder_positions_shop`
  MODIFY `id_appagebuilder_positions` int(11) NOT NULL AUTO_INCREMENT, AUTO_INCREMENT=86;
--
-- AUTO_INCREMENT pour la table `gcahdy_appagebuilder_products`
--
ALTER TABLE `gcahdy_appagebuilder_products`
  MODIFY `id_appagebuilder_products` int(11) NOT NULL AUTO_INCREMENT, AUTO_INCREMENT=5;
--
-- AUTO_INCREMENT pour la table `gcahdy_appagebuilder_products_shop`
--
ALTER TABLE `gcahdy_appagebuilder_products_shop`
  MODIFY `id_appagebuilder_products` int(11) NOT NULL AUTO_INCREMENT, AUTO_INCREMENT=5;
--
-- AUTO_INCREMENT pour la table `gcahdy_appagebuilder_profiles`
--
ALTER TABLE `gcahdy_appagebuilder_profiles`
  MODIFY `id_appagebuilder_profiles` int(11) NOT NULL AUTO_INCREMENT, AUTO_INCREMENT=14;
--
-- AUTO_INCREMENT pour la table `gcahdy_appagebuilder_profiles_lang`
--
ALTER TABLE `gcahdy_appagebuilder_profiles_lang`
  MODIFY `id_appagebuilder_profiles` int(11) NOT NULL AUTO_INCREMENT, AUTO_INCREMENT=14;
--
-- AUTO_INCREMENT pour la table `gcahdy_appagebuilder_profiles_shop`
--
ALTER TABLE `gcahdy_appagebuilder_profiles_shop`
  MODIFY `id_appagebuilder_profiles` int(11) NOT NULL AUTO_INCREMENT, AUTO_INCREMENT=14;
--
-- AUTO_INCREMENT pour la table `gcahdy_appagebuilder_shop`
--
ALTER TABLE `gcahdy_appagebuilder_shop`
  MODIFY `id_appagebuilder` int(11) NOT NULL AUTO_INCREMENT, AUTO_INCREMENT=141;
--
-- AUTO_INCREMENT pour la table `gcahdy_attachment`
--
ALTER TABLE `gcahdy_attachment`
  MODIFY `id_attachment` int(10) UNSIGNED NOT NULL AUTO_INCREMENT, AUTO_INCREMENT=4;
--
-- AUTO_INCREMENT pour la table `gcahdy_attachment_lang`
--
ALTER TABLE `gcahdy_attachment_lang`
  MODIFY `id_attachment` int(10) UNSIGNED NOT NULL AUTO_INCREMENT, AUTO_INCREMENT=4;
--
-- AUTO_INCREMENT pour la table `gcahdy_attribute`
--
ALTER TABLE `gcahdy_attribute`
  MODIFY `id_attribute` int(10) UNSIGNED NOT NULL AUTO_INCREMENT, AUTO_INCREMENT=110;
--
-- AUTO_INCREMENT pour la table `gcahdy_attribute_group`
--
ALTER TABLE `gcahdy_attribute_group`
  MODIFY `id_attribute_group` int(10) UNSIGNED NOT NULL AUTO_INCREMENT, AUTO_INCREMENT=11;
--
-- AUTO_INCREMENT pour la table `gcahdy_attribute_group_global`
--
ALTER TABLE `gcahdy_attribute_group_global`
  MODIFY `id_attribute_group_global` int(10) NOT NULL AUTO_INCREMENT, AUTO_INCREMENT=5;
--
-- AUTO_INCREMENT pour la table `gcahdy_attribute_impact`
--
ALTER TABLE `gcahdy_attribute_impact`
  MODIFY `id_attribute_impact` int(10) UNSIGNED NOT NULL AUTO_INCREMENT;
--
-- AUTO_INCREMENT pour la table `gcahdy_badge`
--
ALTER TABLE `gcahdy_badge`
  MODIFY `id_badge` int(11) NOT NULL AUTO_INCREMENT, AUTO_INCREMENT=310;
--
-- AUTO_INCREMENT pour la table `gcahdy_btmegamenu`
--
ALTER TABLE `gcahdy_btmegamenu`
  MODIFY `id_btmegamenu` int(11) NOT NULL AUTO_INCREMENT, AUTO_INCREMENT=224;
--
-- AUTO_INCREMENT pour la table `gcahdy_carrier`
--
ALTER TABLE `gcahdy_carrier`
  MODIFY `id_carrier` int(10) UNSIGNED NOT NULL AUTO_INCREMENT, AUTO_INCREMENT=106;
--
-- AUTO_INCREMENT pour la table `gcahdy_cart`
--
ALTER TABLE `gcahdy_cart`
  MODIFY `id_cart` int(10) UNSIGNED NOT NULL AUTO_INCREMENT, AUTO_INCREMENT=1299;
--
-- AUTO_INCREMENT pour la table `gcahdy_cartabandonmentpro_cartrule`
--
ALTER TABLE `gcahdy_cartabandonmentpro_cartrule`
  MODIFY `id` int(11) NOT NULL AUTO_INCREMENT;
--
-- AUTO_INCREMENT pour la table `gcahdy_cartabandonment_remind`
--
ALTER TABLE `gcahdy_cartabandonment_remind`
  MODIFY `id` int(11) NOT NULL AUTO_INCREMENT, AUTO_INCREMENT=208;
--
-- AUTO_INCREMENT pour la table `gcahdy_cartabandonment_template`
--
ALTER TABLE `gcahdy_cartabandonment_template`
  MODIFY `id_template` int(11) NOT NULL AUTO_INCREMENT, AUTO_INCREMENT=7;
--
-- AUTO_INCREMENT pour la table `gcahdy_cartabandonment_template_color`
--
ALTER TABLE `gcahdy_cartabandonment_template_color`
  MODIFY `id` int(11) NOT NULL AUTO_INCREMENT, AUTO_INCREMENT=1201;
--
-- AUTO_INCREMENT pour la table `gcahdy_cartabandonment_template_field`
--
ALTER TABLE `gcahdy_cartabandonment_template_field`
  MODIFY `id` int(11) NOT NULL AUTO_INCREMENT, AUTO_INCREMENT=601;
--
-- AUTO_INCREMENT pour la table `gcahdy_cart_rule`
--
ALTER TABLE `gcahdy_cart_rule`
  MODIFY `id_cart_rule` int(10) UNSIGNED NOT NULL AUTO_INCREMENT, AUTO_INCREMENT=14;
--
-- AUTO_INCREMENT pour la table `gcahdy_cart_rule_product_rule`
--
ALTER TABLE `gcahdy_cart_rule_product_rule`
  MODIFY `id_product_rule` int(10) UNSIGNED NOT NULL AUTO_INCREMENT, AUTO_INCREMENT=8;
--
-- AUTO_INCREMENT pour la table `gcahdy_cart_rule_product_rule_group`
--
ALTER TABLE `gcahdy_cart_rule_product_rule_group`
  MODIFY `id_product_rule_group` int(10) UNSIGNED NOT NULL AUTO_INCREMENT, AUTO_INCREMENT=8;
--
-- AUTO_INCREMENT pour la table `gcahdy_category`
--
ALTER TABLE `gcahdy_category`
  MODIFY `id_category` int(10) UNSIGNED NOT NULL AUTO_INCREMENT, AUTO_INCREMENT=57;
--
-- AUTO_INCREMENT pour la table `gcahdy_cms`
--
ALTER TABLE `gcahdy_cms`
  MODIFY `id_cms` int(10) UNSIGNED NOT NULL AUTO_INCREMENT, AUTO_INCREMENT=18;
--
-- AUTO_INCREMENT pour la table `gcahdy_cms_block`
--
ALTER TABLE `gcahdy_cms_block`
  MODIFY `id_cms_block` int(10) UNSIGNED NOT NULL AUTO_INCREMENT, AUTO_INCREMENT=2;
--
-- AUTO_INCREMENT pour la table `gcahdy_cms_block_page`
--
ALTER TABLE `gcahdy_cms_block_page`
  MODIFY `id_cms_block_page` int(10) UNSIGNED NOT NULL AUTO_INCREMENT, AUTO_INCREMENT=7;
--
-- AUTO_INCREMENT pour la table `gcahdy_cms_block_shop`
--
ALTER TABLE `gcahdy_cms_block_shop`
  MODIFY `id_cms_block` int(10) UNSIGNED NOT NULL AUTO_INCREMENT, AUTO_INCREMENT=2;
--
-- AUTO_INCREMENT pour la table `gcahdy_cms_category`
--
ALTER TABLE `gcahdy_cms_category`
  MODIFY `id_cms_category` int(10) UNSIGNED NOT NULL AUTO_INCREMENT, AUTO_INCREMENT=2;
--
-- AUTO_INCREMENT pour la table `gcahdy_cms_category_shop`
--
ALTER TABLE `gcahdy_cms_category_shop`
  MODIFY `id_cms_category` int(10) UNSIGNED NOT NULL AUTO_INCREMENT, AUTO_INCREMENT=2;
--
-- AUTO_INCREMENT pour la table `gcahdy_cms_role`
--
ALTER TABLE `gcahdy_cms_role`
  MODIFY `id_cms_role` int(11) UNSIGNED NOT NULL AUTO_INCREMENT;
--
-- AUTO_INCREMENT pour la table `gcahdy_compare`
--
ALTER TABLE `gcahdy_compare`
  MODIFY `id_compare` int(10) UNSIGNED NOT NULL AUTO_INCREMENT;
--
-- AUTO_INCREMENT pour la table `gcahdy_condition`
--
ALTER TABLE `gcahdy_condition`
  MODIFY `id_condition` int(11) NOT NULL AUTO_INCREMENT, AUTO_INCREMENT=326;
--
-- AUTO_INCREMENT pour la table `gcahdy_configuration`
--
ALTER TABLE `gcahdy_configuration`
  MODIFY `id_configuration` int(10) UNSIGNED NOT NULL AUTO_INCREMENT, AUTO_INCREMENT=811;
--
-- AUTO_INCREMENT pour la table `gcahdy_configuration_kpi`
--
ALTER TABLE `gcahdy_configuration_kpi`
  MODIFY `id_configuration_kpi` int(10) UNSIGNED NOT NULL AUTO_INCREMENT, AUTO_INCREMENT=72;
--
-- AUTO_INCREMENT pour la table `gcahdy_connections`
--
ALTER TABLE `gcahdy_connections`
  MODIFY `id_connections` int(10) UNSIGNED NOT NULL AUTO_INCREMENT, AUTO_INCREMENT=257290;
--
-- AUTO_INCREMENT pour la table `gcahdy_connections_source`
--
ALTER TABLE `gcahdy_connections_source`
  MODIFY `id_connections_source` int(10) UNSIGNED NOT NULL AUTO_INCREMENT, AUTO_INCREMENT=19062;
--
-- AUTO_INCREMENT pour la table `gcahdy_contact`
--
ALTER TABLE `gcahdy_contact`
  MODIFY `id_contact` int(10) UNSIGNED NOT NULL AUTO_INCREMENT, AUTO_INCREMENT=3;
--
-- AUTO_INCREMENT pour la table `gcahdy_country`
--
ALTER TABLE `gcahdy_country`
  MODIFY `id_country` int(10) UNSIGNED NOT NULL AUTO_INCREMENT, AUTO_INCREMENT=249;
--
-- AUTO_INCREMENT pour la table `gcahdy_cronjobs`
--
ALTER TABLE `gcahdy_cronjobs`
  MODIFY `id_cronjob` int(10) NOT NULL AUTO_INCREMENT;
--
-- AUTO_INCREMENT pour la table `gcahdy_currency`
--
ALTER TABLE `gcahdy_currency`
  MODIFY `id_currency` int(10) UNSIGNED NOT NULL AUTO_INCREMENT, AUTO_INCREMENT=2;
--
-- AUTO_INCREMENT pour la table `gcahdy_customer`
--
ALTER TABLE `gcahdy_customer`
  MODIFY `id_customer` int(10) UNSIGNED NOT NULL AUTO_INCREMENT, AUTO_INCREMENT=1561;
--
-- AUTO_INCREMENT pour la table `gcahdy_customer_message`
--
ALTER TABLE `gcahdy_customer_message`
  MODIFY `id_customer_message` int(10) UNSIGNED NOT NULL AUTO_INCREMENT, AUTO_INCREMENT=225;
--
-- AUTO_INCREMENT pour la table `gcahdy_customer_thread`
--
ALTER TABLE `gcahdy_customer_thread`
  MODIFY `id_customer_thread` int(11) UNSIGNED NOT NULL AUTO_INCREMENT, AUTO_INCREMENT=124;
--
-- AUTO_INCREMENT pour la table `gcahdy_customization`
--
ALTER TABLE `gcahdy_customization`
  MODIFY `id_customization` int(10) UNSIGNED NOT NULL AUTO_INCREMENT;
--
-- AUTO_INCREMENT pour la table `gcahdy_customization_field`
--
ALTER TABLE `gcahdy_customization_field`
  MODIFY `id_customization_field` int(10) UNSIGNED NOT NULL AUTO_INCREMENT;
--
-- AUTO_INCREMENT pour la table `gcahdy_date_range`
--
ALTER TABLE `gcahdy_date_range`
  MODIFY `id_date_range` int(10) UNSIGNED NOT NULL AUTO_INCREMENT;
--
-- AUTO_INCREMENT pour la table `gcahdy_delivery`
--
ALTER TABLE `gcahdy_delivery`
  MODIFY `id_delivery` int(10) UNSIGNED NOT NULL AUTO_INCREMENT, AUTO_INCREMENT=11074;
--
-- AUTO_INCREMENT pour la table `gcahdy_employee`
--
ALTER TABLE `gcahdy_employee`
  MODIFY `id_employee` int(10) UNSIGNED NOT NULL AUTO_INCREMENT, AUTO_INCREMENT=6;
--
-- AUTO_INCREMENT pour la table `gcahdy_ets_mls_layer`
--
ALTER TABLE `gcahdy_ets_mls_layer`
  MODIFY `id_layer` int(11) NOT NULL AUTO_INCREMENT, AUTO_INCREMENT=100;
--
-- AUTO_INCREMENT pour la table `gcahdy_ets_mls_slide`
--
ALTER TABLE `gcahdy_ets_mls_slide`
  MODIFY `id_slide` int(11) NOT NULL AUTO_INCREMENT, AUTO_INCREMENT=20;
--
-- AUTO_INCREMENT pour la table `gcahdy_feature`
--
ALTER TABLE `gcahdy_feature`
  MODIFY `id_feature` int(10) UNSIGNED NOT NULL AUTO_INCREMENT, AUTO_INCREMENT=3;
--
-- AUTO_INCREMENT pour la table `gcahdy_feature_value`
--
ALTER TABLE `gcahdy_feature_value`
  MODIFY `id_feature_value` int(10) UNSIGNED NOT NULL AUTO_INCREMENT, AUTO_INCREMENT=9;
--
-- AUTO_INCREMENT pour la table `gcahdy_gender`
--
ALTER TABLE `gcahdy_gender`
  MODIFY `id_gender` int(11) NOT NULL AUTO_INCREMENT, AUTO_INCREMENT=3;
--
-- AUTO_INCREMENT pour la table `gcahdy_group`
--
ALTER TABLE `gcahdy_group`
  MODIFY `id_group` int(10) UNSIGNED NOT NULL AUTO_INCREMENT, AUTO_INCREMENT=7;
--
-- AUTO_INCREMENT pour la table `gcahdy_group_reduction`
--
ALTER TABLE `gcahdy_group_reduction`
  MODIFY `id_group_reduction` mediumint(8) UNSIGNED NOT NULL AUTO_INCREMENT;
--
-- AUTO_INCREMENT pour la table `gcahdy_guest`
--
ALTER TABLE `gcahdy_guest`
  MODIFY `id_guest` int(10) UNSIGNED NOT NULL AUTO_INCREMENT, AUTO_INCREMENT=266232;
--
-- AUTO_INCREMENT pour la table `gcahdy_homeslider`
--
ALTER TABLE `gcahdy_homeslider`
  MODIFY `id_homeslider_slides` int(10) UNSIGNED NOT NULL AUTO_INCREMENT, AUTO_INCREMENT=4;
--
-- AUTO_INCREMENT pour la table `gcahdy_homeslider_slides`
--
ALTER TABLE `gcahdy_homeslider_slides`
  MODIFY `id_homeslider_slides` int(10) UNSIGNED NOT NULL AUTO_INCREMENT, AUTO_INCREMENT=4;
--
-- AUTO_INCREMENT pour la table `gcahdy_hook`
--
ALTER TABLE `gcahdy_hook`
  MODIFY `id_hook` int(10) UNSIGNED NOT NULL AUTO_INCREMENT, AUTO_INCREMENT=193;
--
-- AUTO_INCREMENT pour la table `gcahdy_hook_alias`
--
ALTER TABLE `gcahdy_hook_alias`
  MODIFY `id_hook_alias` int(10) UNSIGNED NOT NULL AUTO_INCREMENT, AUTO_INCREMENT=87;
--
-- AUTO_INCREMENT pour la table `gcahdy_hook_module_exceptions`
--
ALTER TABLE `gcahdy_hook_module_exceptions`
  MODIFY `id_hook_module_exceptions` int(10) UNSIGNED NOT NULL AUTO_INCREMENT, AUTO_INCREMENT=10;
--
-- AUTO_INCREMENT pour la table `gcahdy_image`
--
ALTER TABLE `gcahdy_image`
  MODIFY `id_image` int(10) UNSIGNED NOT NULL AUTO_INCREMENT, AUTO_INCREMENT=6140;
--
-- AUTO_INCREMENT pour la table `gcahdy_image_type`
--
ALTER TABLE `gcahdy_image_type`
  MODIFY `id_image_type` int(10) UNSIGNED NOT NULL AUTO_INCREMENT, AUTO_INCREMENT=21;
--
-- AUTO_INCREMENT pour la table `gcahdy_import_match`
--
ALTER TABLE `gcahdy_import_match`
  MODIFY `id_import_match` int(10) NOT NULL AUTO_INCREMENT;
--
-- AUTO_INCREMENT pour la table `gcahdy_info`
--
ALTER TABLE `gcahdy_info`
  MODIFY `id_info` int(10) UNSIGNED NOT NULL AUTO_INCREMENT, AUTO_INCREMENT=3;
--
-- AUTO_INCREMENT pour la table `gcahdy_lang`
--
ALTER TABLE `gcahdy_lang`
  MODIFY `id_lang` int(10) UNSIGNED NOT NULL AUTO_INCREMENT, AUTO_INCREMENT=3;
--
-- AUTO_INCREMENT pour la table `gcahdy_layered_category`
--
ALTER TABLE `gcahdy_layered_category`
  MODIFY `id_layered_category` int(10) UNSIGNED NOT NULL AUTO_INCREMENT, AUTO_INCREMENT=345;
--
-- AUTO_INCREMENT pour la table `gcahdy_layered_filter`
--
ALTER TABLE `gcahdy_layered_filter`
  MODIFY `id_layered_filter` int(10) UNSIGNED NOT NULL AUTO_INCREMENT, AUTO_INCREMENT=2;
--
-- AUTO_INCREMENT pour la table `gcahdy_layered_friendly_url`
--
ALTER TABLE `gcahdy_layered_friendly_url`
  MODIFY `id_layered_friendly_url` int(11) NOT NULL AUTO_INCREMENT, AUTO_INCREMENT=179;
--
-- AUTO_INCREMENT pour la table `gcahdy_leoblogcat`
--
ALTER TABLE `gcahdy_leoblogcat`
  MODIFY `id_leoblogcat` int(11) NOT NULL AUTO_INCREMENT, AUTO_INCREMENT=72;
--
-- AUTO_INCREMENT pour la table `gcahdy_leoblog_blog`
--
ALTER TABLE `gcahdy_leoblog_blog`
  MODIFY `id_leoblog_blog` int(11) NOT NULL AUTO_INCREMENT, AUTO_INCREMENT=83;
--
-- AUTO_INCREMENT pour la table `gcahdy_leoblog_comment`
--
ALTER TABLE `gcahdy_leoblog_comment`
  MODIFY `id_comment` int(11) UNSIGNED NOT NULL AUTO_INCREMENT;
--
-- AUTO_INCREMENT pour la table `gcahdy_leoslideshow_groups`
--
ALTER TABLE `gcahdy_leoslideshow_groups`
  MODIFY `id_leoslideshow_groups` int(10) UNSIGNED NOT NULL AUTO_INCREMENT, AUTO_INCREMENT=30;
--
-- AUTO_INCREMENT pour la table `gcahdy_leoslideshow_slides`
--
ALTER TABLE `gcahdy_leoslideshow_slides`
  MODIFY `id_leoslideshow_slides` int(10) UNSIGNED NOT NULL AUTO_INCREMENT, AUTO_INCREMENT=135;
--
-- AUTO_INCREMENT pour la table `gcahdy_leowidgets`
--
ALTER TABLE `gcahdy_leowidgets`
  MODIFY `id_leowidgets` int(11) NOT NULL AUTO_INCREMENT, AUTO_INCREMENT=72;
--
-- AUTO_INCREMENT pour la table `gcahdy_linksmenutop`
--
ALTER TABLE `gcahdy_linksmenutop`
  MODIFY `id_linksmenutop` int(10) UNSIGNED NOT NULL AUTO_INCREMENT;
--
-- AUTO_INCREMENT pour la table `gcahdy_lmmessagebanner`
--
ALTER TABLE `gcahdy_lmmessagebanner`
  MODIFY `id_message` int(10) NOT NULL AUTO_INCREMENT, AUTO_INCREMENT=2;
--
-- AUTO_INCREMENT pour la table `gcahdy_log`
--
ALTER TABLE `gcahdy_log`
  MODIFY `id_log` int(10) UNSIGNED NOT NULL AUTO_INCREMENT, AUTO_INCREMENT=16843;
--
-- AUTO_INCREMENT pour la table `gcahdy_mail`
--
ALTER TABLE `gcahdy_mail`
  MODIFY `id_mail` int(11) UNSIGNED NOT NULL AUTO_INCREMENT, AUTO_INCREMENT=2855;
--
-- AUTO_INCREMENT pour la table `gcahdy_manufacturer`
--
ALTER TABLE `gcahdy_manufacturer`
  MODIFY `id_manufacturer` int(10) UNSIGNED NOT NULL AUTO_INCREMENT;
--
-- AUTO_INCREMENT pour la table `gcahdy_memcached_servers`
--
ALTER TABLE `gcahdy_memcached_servers`
  MODIFY `id_memcached_server` int(11) UNSIGNED NOT NULL AUTO_INCREMENT;
--
-- AUTO_INCREMENT pour la table `gcahdy_message`
--
ALTER TABLE `gcahdy_message`
  MODIFY `id_message` int(10) UNSIGNED NOT NULL AUTO_INCREMENT, AUTO_INCREMENT=174;
--
-- AUTO_INCREMENT pour la table `gcahdy_meta`
--
ALTER TABLE `gcahdy_meta`
  MODIFY `id_meta` int(10) UNSIGNED NOT NULL AUTO_INCREMENT, AUTO_INCREMENT=46;
--
-- AUTO_INCREMENT pour la table `gcahdy_module`
--
ALTER TABLE `gcahdy_module`
  MODIFY `id_module` int(10) UNSIGNED NOT NULL AUTO_INCREMENT, AUTO_INCREMENT=94;
--
-- AUTO_INCREMENT pour la table `gcahdy_modules_perfs`
--
ALTER TABLE `gcahdy_modules_perfs`
  MODIFY `id_modules_perfs` int(11) UNSIGNED NOT NULL AUTO_INCREMENT, AUTO_INCREMENT=429;
--
-- AUTO_INCREMENT pour la table `gcahdy_module_preference`
--
ALTER TABLE `gcahdy_module_preference`
  MODIFY `id_module_preference` int(11) NOT NULL AUTO_INCREMENT, AUTO_INCREMENT=3;
--
-- AUTO_INCREMENT pour la table `gcahdy_newsletter`
--
ALTER TABLE `gcahdy_newsletter`
  MODIFY `id` int(6) NOT NULL AUTO_INCREMENT;
--
-- AUTO_INCREMENT pour la table `gcahdy_operating_system`
--
ALTER TABLE `gcahdy_operating_system`
  MODIFY `id_operating_system` int(10) UNSIGNED NOT NULL AUTO_INCREMENT, AUTO_INCREMENT=8;
--
-- AUTO_INCREMENT pour la table `gcahdy_orders`
--
ALTER TABLE `gcahdy_orders`
  MODIFY `id_order` int(10) UNSIGNED NOT NULL AUTO_INCREMENT, AUTO_INCREMENT=162;
--
-- AUTO_INCREMENT pour la table `gcahdy_order_carrier`
--
ALTER TABLE `gcahdy_order_carrier`
  MODIFY `id_order_carrier` int(11) NOT NULL AUTO_INCREMENT, AUTO_INCREMENT=162;
--
-- AUTO_INCREMENT pour la table `gcahdy_order_cart_rule`
--
ALTER TABLE `gcahdy_order_cart_rule`
  MODIFY `id_order_cart_rule` int(10) UNSIGNED NOT NULL AUTO_INCREMENT, AUTO_INCREMENT=71;
--
-- AUTO_INCREMENT pour la table `gcahdy_order_detail`
--
ALTER TABLE `gcahdy_order_detail`
  MODIFY `id_order_detail` int(10) UNSIGNED NOT NULL AUTO_INCREMENT, AUTO_INCREMENT=250;
--
-- AUTO_INCREMENT pour la table `gcahdy_order_history`
--
ALTER TABLE `gcahdy_order_history`
  MODIFY `id_order_history` int(10) UNSIGNED NOT NULL AUTO_INCREMENT, AUTO_INCREMENT=643;
--
-- AUTO_INCREMENT pour la table `gcahdy_order_invoice`
--
ALTER TABLE `gcahdy_order_invoice`
  MODIFY `id_order_invoice` int(11) UNSIGNED NOT NULL AUTO_INCREMENT, AUTO_INCREMENT=162;
--
-- AUTO_INCREMENT pour la table `gcahdy_order_message`
--
ALTER TABLE `gcahdy_order_message`
  MODIFY `id_order_message` int(10) UNSIGNED NOT NULL AUTO_INCREMENT, AUTO_INCREMENT=3;
--
-- AUTO_INCREMENT pour la table `gcahdy_order_payment`
--
ALTER TABLE `gcahdy_order_payment`
  MODIFY `id_order_payment` int(11) NOT NULL AUTO_INCREMENT, AUTO_INCREMENT=260;
--
-- AUTO_INCREMENT pour la table `gcahdy_order_return`
--
ALTER TABLE `gcahdy_order_return`
  MODIFY `id_order_return` int(10) UNSIGNED NOT NULL AUTO_INCREMENT, AUTO_INCREMENT=7;
--
-- AUTO_INCREMENT pour la table `gcahdy_order_return_state`
--
ALTER TABLE `gcahdy_order_return_state`
  MODIFY `id_order_return_state` int(10) UNSIGNED NOT NULL AUTO_INCREMENT, AUTO_INCREMENT=6;
--
-- AUTO_INCREMENT pour la table `gcahdy_order_slip`
--
ALTER TABLE `gcahdy_order_slip`
  MODIFY `id_order_slip` int(10) UNSIGNED NOT NULL AUTO_INCREMENT, AUTO_INCREMENT=14;
--
-- AUTO_INCREMENT pour la table `gcahdy_order_state`
--
ALTER TABLE `gcahdy_order_state`
  MODIFY `id_order_state` int(10) UNSIGNED NOT NULL AUTO_INCREMENT, AUTO_INCREMENT=22;
--
-- AUTO_INCREMENT pour la table `gcahdy_page`
--
ALTER TABLE `gcahdy_page`
  MODIFY `id_page` int(10) UNSIGNED NOT NULL AUTO_INCREMENT, AUTO_INCREMENT=451;
--
-- AUTO_INCREMENT pour la table `gcahdy_pagenotfound`
--
ALTER TABLE `gcahdy_pagenotfound`
  MODIFY `id_pagenotfound` int(10) UNSIGNED NOT NULL AUTO_INCREMENT, AUTO_INCREMENT=264257;
--
-- AUTO_INCREMENT pour la table `gcahdy_page_type`
--
ALTER TABLE `gcahdy_page_type`
  MODIFY `id_page_type` int(10) UNSIGNED NOT NULL AUTO_INCREMENT, AUTO_INCREMENT=30;
--
-- AUTO_INCREMENT pour la table `gcahdy_paypal_braintree`
--
ALTER TABLE `gcahdy_paypal_braintree`
  MODIFY `id_paypal_braintree` int(11) NOT NULL AUTO_INCREMENT;
--
-- AUTO_INCREMENT pour la table `gcahdy_paypal_capture`
--
ALTER TABLE `gcahdy_paypal_capture`
  MODIFY `id_paypal_capture` int(11) NOT NULL AUTO_INCREMENT;
--
-- AUTO_INCREMENT pour la table `gcahdy_paypal_customer`
--
ALTER TABLE `gcahdy_paypal_customer`
  MODIFY `id_paypal_customer` int(10) UNSIGNED NOT NULL AUTO_INCREMENT, AUTO_INCREMENT=42;
--
-- AUTO_INCREMENT pour la table `gcahdy_paypal_login_user`
--
ALTER TABLE `gcahdy_paypal_login_user`
  MODIFY `id_paypal_login_user` int(11) NOT NULL AUTO_INCREMENT;
--
-- AUTO_INCREMENT pour la table `gcahdy_paypal_plus_pui`
--
ALTER TABLE `gcahdy_paypal_plus_pui`
  MODIFY `id_paypal_plus_pui` int(11) NOT NULL AUTO_INCREMENT;
--
-- AUTO_INCREMENT pour la table `gcahdy_product`
--
ALTER TABLE `gcahdy_product`
  MODIFY `id_product` int(10) UNSIGNED NOT NULL AUTO_INCREMENT, AUTO_INCREMENT=425;
--
-- AUTO_INCREMENT pour la table `gcahdy_product_attribute`
--
ALTER TABLE `gcahdy_product_attribute`
  MODIFY `id_product_attribute` int(10) UNSIGNED NOT NULL AUTO_INCREMENT, AUTO_INCREMENT=1975;
--
-- AUTO_INCREMENT pour la table `gcahdy_product_download`
--
ALTER TABLE `gcahdy_product_download`
  MODIFY `id_product_download` int(10) UNSIGNED NOT NULL AUTO_INCREMENT;
--
-- AUTO_INCREMENT pour la table `gcahdy_product_supplier`
--
ALTER TABLE `gcahdy_product_supplier`
  MODIFY `id_product_supplier` int(11) UNSIGNED NOT NULL AUTO_INCREMENT;
--
-- AUTO_INCREMENT pour la table `gcahdy_profile`
--
ALTER TABLE `gcahdy_profile`
  MODIFY `id_profile` int(10) UNSIGNED NOT NULL AUTO_INCREMENT, AUTO_INCREMENT=5;
--
-- AUTO_INCREMENT pour la table `gcahdy_quick_access`
--
ALTER TABLE `gcahdy_quick_access`
  MODIFY `id_quick_access` int(10) UNSIGNED NOT NULL AUTO_INCREMENT, AUTO_INCREMENT=10;
--
-- AUTO_INCREMENT pour la table `gcahdy_range_price`
--
ALTER TABLE `gcahdy_range_price`
  MODIFY `id_range_price` int(10) UNSIGNED NOT NULL AUTO_INCREMENT, AUTO_INCREMENT=4;
--
-- AUTO_INCREMENT pour la table `gcahdy_range_weight`
--
ALTER TABLE `gcahdy_range_weight`
  MODIFY `id_range_weight` int(10) UNSIGNED NOT NULL AUTO_INCREMENT, AUTO_INCREMENT=125;
--
-- AUTO_INCREMENT pour la table `gcahdy_referrer`
--
ALTER TABLE `gcahdy_referrer`
  MODIFY `id_referrer` int(10) UNSIGNED NOT NULL AUTO_INCREMENT;
--
-- AUTO_INCREMENT pour la table `gcahdy_referrer_shop`
--
ALTER TABLE `gcahdy_referrer_shop`
  MODIFY `id_referrer` int(10) UNSIGNED NOT NULL AUTO_INCREMENT;
--
-- AUTO_INCREMENT pour la table `gcahdy_request_sql`
--
ALTER TABLE `gcahdy_request_sql`
  MODIFY `id_request_sql` int(11) NOT NULL AUTO_INCREMENT;
--
-- AUTO_INCREMENT pour la table `gcahdy_required_field`
--
ALTER TABLE `gcahdy_required_field`
  MODIFY `id_required_field` int(11) NOT NULL AUTO_INCREMENT;
--
-- AUTO_INCREMENT pour la table `gcahdy_risk`
--
ALTER TABLE `gcahdy_risk`
  MODIFY `id_risk` int(11) UNSIGNED NOT NULL AUTO_INCREMENT, AUTO_INCREMENT=5;
--
-- AUTO_INCREMENT pour la table `gcahdy_sbmegamenu`
--
ALTER TABLE `gcahdy_sbmegamenu`
  MODIFY `id_sbmegamenu` int(11) NOT NULL AUTO_INCREMENT, AUTO_INCREMENT=88;
--
-- AUTO_INCREMENT pour la table `gcahdy_scene`
--
ALTER TABLE `gcahdy_scene`
  MODIFY `id_scene` int(10) UNSIGNED NOT NULL AUTO_INCREMENT;
--
-- AUTO_INCREMENT pour la table `gcahdy_search_engine`
--
ALTER TABLE `gcahdy_search_engine`
  MODIFY `id_search_engine` int(10) UNSIGNED NOT NULL AUTO_INCREMENT, AUTO_INCREMENT=39;
--
-- AUTO_INCREMENT pour la table `gcahdy_search_word`
--
ALTER TABLE `gcahdy_search_word`
  MODIFY `id_word` int(10) UNSIGNED NOT NULL AUTO_INCREMENT, AUTO_INCREMENT=1446438;
--
-- AUTO_INCREMENT pour la table `gcahdy_sekeyword`
--
ALTER TABLE `gcahdy_sekeyword`
  MODIFY `id_sekeyword` int(10) UNSIGNED NOT NULL AUTO_INCREMENT, AUTO_INCREMENT=697;
--
-- AUTO_INCREMENT pour la table `gcahdy_shop`
--
ALTER TABLE `gcahdy_shop`
  MODIFY `id_shop` int(11) UNSIGNED NOT NULL AUTO_INCREMENT, AUTO_INCREMENT=2;
--
-- AUTO_INCREMENT pour la table `gcahdy_shop_group`
--
ALTER TABLE `gcahdy_shop_group`
  MODIFY `id_shop_group` int(11) UNSIGNED NOT NULL AUTO_INCREMENT, AUTO_INCREMENT=2;
--
-- AUTO_INCREMENT pour la table `gcahdy_shop_url`
--
ALTER TABLE `gcahdy_shop_url`
  MODIFY `id_shop_url` int(11) UNSIGNED NOT NULL AUTO_INCREMENT, AUTO_INCREMENT=2;
--
-- AUTO_INCREMENT pour la table `gcahdy_socolissimo_delivery_point`
--
ALTER TABLE `gcahdy_socolissimo_delivery_point`
  MODIFY `id_socolissimo_delivery_point` int(11) NOT NULL AUTO_INCREMENT;
--
-- AUTO_INCREMENT pour la table `gcahdy_specific_price`
--
ALTER TABLE `gcahdy_specific_price`
  MODIFY `id_specific_price` int(10) UNSIGNED NOT NULL AUTO_INCREMENT, AUTO_INCREMENT=5;
--
-- AUTO_INCREMENT pour la table `gcahdy_specific_price_priority`
--
ALTER TABLE `gcahdy_specific_price_priority`
  MODIFY `id_specific_price_priority` int(11) NOT NULL AUTO_INCREMENT, AUTO_INCREMENT=9926;
--
-- AUTO_INCREMENT pour la table `gcahdy_specific_price_rule`
--
ALTER TABLE `gcahdy_specific_price_rule`
  MODIFY `id_specific_price_rule` int(10) UNSIGNED NOT NULL AUTO_INCREMENT;
--
-- AUTO_INCREMENT pour la table `gcahdy_specific_price_rule_condition`
--
ALTER TABLE `gcahdy_specific_price_rule_condition`
  MODIFY `id_specific_price_rule_condition` int(11) UNSIGNED NOT NULL AUTO_INCREMENT;
--
-- AUTO_INCREMENT pour la table `gcahdy_specific_price_rule_condition_group`
--
ALTER TABLE `gcahdy_specific_price_rule_condition_group`
  MODIFY `id_specific_price_rule_condition_group` int(11) UNSIGNED NOT NULL AUTO_INCREMENT;
--
-- AUTO_INCREMENT pour la table `gcahdy_state`
--
ALTER TABLE `gcahdy_state`
  MODIFY `id_state` int(10) UNSIGNED NOT NULL AUTO_INCREMENT, AUTO_INCREMENT=313;
--
-- AUTO_INCREMENT pour la table `gcahdy_statssearch`
--
ALTER TABLE `gcahdy_statssearch`
  MODIFY `id_statssearch` int(10) UNSIGNED NOT NULL AUTO_INCREMENT, AUTO_INCREMENT=6758;
--
-- AUTO_INCREMENT pour la table `gcahdy_stock`
--
ALTER TABLE `gcahdy_stock`
  MODIFY `id_stock` int(11) UNSIGNED NOT NULL AUTO_INCREMENT;
--
-- AUTO_INCREMENT pour la table `gcahdy_stock_available`
--
ALTER TABLE `gcahdy_stock_available`
  MODIFY `id_stock_available` int(11) UNSIGNED NOT NULL AUTO_INCREMENT, AUTO_INCREMENT=2542;
--
-- AUTO_INCREMENT pour la table `gcahdy_stock_mvt`
--
ALTER TABLE `gcahdy_stock_mvt`
  MODIFY `id_stock_mvt` bigint(20) UNSIGNED NOT NULL AUTO_INCREMENT;
--
-- AUTO_INCREMENT pour la table `gcahdy_stock_mvt_reason`
--
ALTER TABLE `gcahdy_stock_mvt_reason`
  MODIFY `id_stock_mvt_reason` int(11) UNSIGNED NOT NULL AUTO_INCREMENT, AUTO_INCREMENT=9;
--
-- AUTO_INCREMENT pour la table `gcahdy_store`
--
ALTER TABLE `gcahdy_store`
  MODIFY `id_store` int(10) UNSIGNED NOT NULL AUTO_INCREMENT, AUTO_INCREMENT=283;
--
-- AUTO_INCREMENT pour la table `gcahdy_supplier`
--
ALTER TABLE `gcahdy_supplier`
  MODIFY `id_supplier` int(10) UNSIGNED NOT NULL AUTO_INCREMENT;
--
-- AUTO_INCREMENT pour la table `gcahdy_supply_order`
--
ALTER TABLE `gcahdy_supply_order`
  MODIFY `id_supply_order` int(11) UNSIGNED NOT NULL AUTO_INCREMENT;
--
-- AUTO_INCREMENT pour la table `gcahdy_supply_order_detail`
--
ALTER TABLE `gcahdy_supply_order_detail`
  MODIFY `id_supply_order_detail` int(11) UNSIGNED NOT NULL AUTO_INCREMENT;
--
-- AUTO_INCREMENT pour la table `gcahdy_supply_order_history`
--
ALTER TABLE `gcahdy_supply_order_history`
  MODIFY `id_supply_order_history` int(11) UNSIGNED NOT NULL AUTO_INCREMENT;
--
-- AUTO_INCREMENT pour la table `gcahdy_supply_order_receipt_history`
--
ALTER TABLE `gcahdy_supply_order_receipt_history`
  MODIFY `id_supply_order_receipt_history` int(11) UNSIGNED NOT NULL AUTO_INCREMENT;
--
-- AUTO_INCREMENT pour la table `gcahdy_supply_order_state`
--
ALTER TABLE `gcahdy_supply_order_state`
  MODIFY `id_supply_order_state` int(11) UNSIGNED NOT NULL AUTO_INCREMENT, AUTO_INCREMENT=7;
--
-- AUTO_INCREMENT pour la table `gcahdy_tab`
--
ALTER TABLE `gcahdy_tab`
  MODIFY `id_tab` int(10) UNSIGNED NOT NULL AUTO_INCREMENT, AUTO_INCREMENT=130;
--
-- AUTO_INCREMENT pour la table `gcahdy_tab_module_preference`
--
ALTER TABLE `gcahdy_tab_module_preference`
  MODIFY `id_tab_module_preference` int(11) NOT NULL AUTO_INCREMENT;
--
-- AUTO_INCREMENT pour la table `gcahdy_tag`
--
ALTER TABLE `gcahdy_tag`
  MODIFY `id_tag` int(10) UNSIGNED NOT NULL AUTO_INCREMENT, AUTO_INCREMENT=3054;
--
-- AUTO_INCREMENT pour la table `gcahdy_tax`
--
ALTER TABLE `gcahdy_tax`
  MODIFY `id_tax` int(10) UNSIGNED NOT NULL AUTO_INCREMENT, AUTO_INCREMENT=32;
--
-- AUTO_INCREMENT pour la table `gcahdy_tax_rule`
--
ALTER TABLE `gcahdy_tax_rule`
  MODIFY `id_tax_rule` int(11) NOT NULL AUTO_INCREMENT, AUTO_INCREMENT=168;
--
-- AUTO_INCREMENT pour la table `gcahdy_tax_rules_group`
--
ALTER TABLE `gcahdy_tax_rules_group`
  MODIFY `id_tax_rules_group` int(11) NOT NULL AUTO_INCREMENT, AUTO_INCREMENT=7;
--
-- AUTO_INCREMENT pour la table `gcahdy_temoignage`
--
ALTER TABLE `gcahdy_temoignage`
  MODIFY `id_temoignage` int(10) NOT NULL AUTO_INCREMENT, AUTO_INCREMENT=7;
--
-- AUTO_INCREMENT pour la table `gcahdy_theme`
--
ALTER TABLE `gcahdy_theme`
  MODIFY `id_theme` int(11) NOT NULL AUTO_INCREMENT, AUTO_INCREMENT=3;
--
-- AUTO_INCREMENT pour la table `gcahdy_themeconfigurator`
--
ALTER TABLE `gcahdy_themeconfigurator`
  MODIFY `id_item` int(10) UNSIGNED NOT NULL AUTO_INCREMENT, AUTO_INCREMENT=8;
--
-- AUTO_INCREMENT pour la table `gcahdy_theme_meta`
--
ALTER TABLE `gcahdy_theme_meta`
  MODIFY `id_theme_meta` int(11) NOT NULL AUTO_INCREMENT, AUTO_INCREMENT=96;
--
-- AUTO_INCREMENT pour la table `gcahdy_timezone`
--
ALTER TABLE `gcahdy_timezone`
  MODIFY `id_timezone` int(10) UNSIGNED NOT NULL AUTO_INCREMENT, AUTO_INCREMENT=561;
--
-- AUTO_INCREMENT pour la table `gcahdy_warehouse`
--
ALTER TABLE `gcahdy_warehouse`
  MODIFY `id_warehouse` int(11) UNSIGNED NOT NULL AUTO_INCREMENT;
--
-- AUTO_INCREMENT pour la table `gcahdy_warehouse_product_location`
--
ALTER TABLE `gcahdy_warehouse_product_location`
  MODIFY `id_warehouse_product_location` int(11) UNSIGNED NOT NULL AUTO_INCREMENT;
--
-- AUTO_INCREMENT pour la table `gcahdy_webservice_account`
--
ALTER TABLE `gcahdy_webservice_account`
  MODIFY `id_webservice_account` int(11) NOT NULL AUTO_INCREMENT;
--
-- AUTO_INCREMENT pour la table `gcahdy_webservice_permission`
--
ALTER TABLE `gcahdy_webservice_permission`
  MODIFY `id_webservice_permission` int(11) NOT NULL AUTO_INCREMENT;
--
-- AUTO_INCREMENT pour la table `gcahdy_web_browser`
--
ALTER TABLE `gcahdy_web_browser`
  MODIFY `id_web_browser` int(10) UNSIGNED NOT NULL AUTO_INCREMENT, AUTO_INCREMENT=12;
--
-- AUTO_INCREMENT pour la table `gcahdy_zone`
--
ALTER TABLE `gcahdy_zone`
  MODIFY `id_zone` int(10) UNSIGNED NOT NULL AUTO_INCREMENT, AUTO_INCREMENT=23;COMMIT;

